DROP TABLE account_transactions;

CREATE TABLE `account_transactions` (
  `id` bigint(20) NOT NULL AUTO_INCREMENT,
  `contact_id` bigint(20) NOT NULL,
  `safe_id` bigint(20) NOT NULL,
  `transaction_type` tinyint(4) NOT NULL,
  `accountant_id` bigint(20) NOT NULL,
  `amount` decimal(20,5) NOT NULL,
  `base_amount` int(11) NOT NULL,
  `currency_id` int(11) NOT NULL,
  `exchange_rate` decimal(20,5) DEFAULT 0.00000,
  `transaction_date` datetime NOT NULL,
  `notes` text DEFAULT NULL,
  `created` int(11) DEFAULT NULL,
  `created_by` bigint(20) DEFAULT NULL,
  `modified` int(11) DEFAULT NULL,
  `modified_by` bigint(20) DEFAULT NULL,
  `deleted` int(11) NOT NULL DEFAULT 0,
  PRIMARY KEY (`id`)
) ENGINE=InnoDB DEFAULT CHARSET=utf8mb3 COLLATE=utf8mb3_general_ci;

DROP TABLE accountbalances;

CREATE TABLE `accountbalances` (
  `AccountBalanceId` bigint(20) NOT NULL AUTO_INCREMENT,
  `AccountId` bigint(20) DEFAULT NULL,
  `CurrencyId` bigint(20) DEFAULT NULL,
  `Debit` decimal(19,4) DEFAULT NULL,
  `Credit` decimal(19,4) DEFAULT NULL,
  `Balance` decimal(19,4) DEFAULT NULL,
  PRIMARY KEY (`AccountBalanceId`),
  KEY `FK_AccountBalances_Accounts` (`AccountId`),
  KEY `FK_AccountBalances_Currencies` (`CurrencyId`),
  CONSTRAINT `accountbalances_ibfk_2` FOREIGN KEY (`CurrencyId`) REFERENCES `currencies` (`CurrencyId`) ON DELETE NO ACTION ON UPDATE NO ACTION
) ENGINE=InnoDB AUTO_INCREMENT=204 DEFAULT CHARSET=utf8mb3 COLLATE=utf8mb3_general_ci;

INSERT INTO accountbalances VALUES
(1,1,2,1389441.53,1605669.35,216227.82),
(2,2,2,2078248.0955,1186778.5723,891469.5232),
(3,3,2,0,0,0),
(4,4,2,0,0,0),
(5,5,2,0,0,0),
(6,6,2,0,0,0),
(7,7,2,0,0,0),
(8,8,2,0,0,0),
(9,9,2,0,0,0),
(10,10,2,0,0,0),
(11,11,2,0,0,0),
(12,12,2,0,0,0),
(13,13,2,0,0,0),
(14,14,2,0,0,0),
(15,15,2,0,0,0),
(16,16,2,0,0,0),
(17,17,2,0,0,0),
(18,18,2,0,0,0),
(19,19,2,0,0,0),
(20,20,2,9847654315.7476,9846049713.0647,1604602.6829),
(21,21,2,0,0,0),
(22,22,2,0,0,0),
(23,23,2,0,0,0),
(24,24,2,0,0,0),
(25,25,2,0,0,0),
(26,26,2,0,0,0),
(27,27,2,0,0,0),
(28,28,2,0,0,0),
(29,29,2,0,0,0),
(30,30,2,0,0,0),
(31,31,2,0,0,0),
(32,32,2,0,0,0),
(33,33,2,1072569.5722,1507522.53,-434952.9578),
(34,34,2,0,0,0),
(35,35,2,0,0,0),
(36,36,2,0,0,0),
(37,37,2,0,0,0),
(38,38,2,0,0,0),
(39,39,2,0,0,0),
(40,40,2,0,0,0),
(41,41,2,0,0,0),
(42,42,2,0,0,0),
(43,43,2,0,0,0),
(44,44,2,0,0,0),
(45,45,2,0,0,0),
(46,46,2,0,0,0),
(47,47,2,0,0,0),
(48,48,2,0,0,0),
(49,49,2,0,0,0),
(50,50,2,0,0,0),
(51,51,2,0,0,0),
(52,52,2,0,0,0),
(53,53,2,0,0,0),
(54,54,2,0,0,0),
(55,55,2,0,0,0),
(56,56,2,0,0,0),
(57,57,2,0,0,0),
(58,58,2,0,0,0),
(59,59,2,0,0,0),
(60,60,2,0,0,0),
(61,61,2,725992.3484,0,725992.3484),
(62,62,2,0,0,0),
(63,63,2,0,0,0),
(64,64,2,0,0,0),
(65,65,2,0,0,0),
(66,66,2,0,0,0),
(67,67,2,0,0,0),
(68,68,2,0,0,0),
(69,69,2,0,0,0),
(70,70,2,0,0,0),
(71,71,2,0,0,0),
(72,72,2,0,0,0),
(73,73,2,0,0,0),
(74,74,2,0,0,0),
(75,75,2,0,0,0),
(76,76,2,0,0,0),
(77,77,2,0,0,0),
(78,78,2,0,0,0),
(79,79,2,0,0,0),
(80,80,2,0,0,0),
(81,81,2,0,0,0),
(82,82,2,0,0,0),
(83,83,2,0,0,0),
(84,84,2,0,0,0),
(85,85,2,0,0,0),
(86,86,2,0,0,0),
(87,87,2,0,0,0),
(88,88,2,0,0,0),
(89,89,2,0,0,0),
(90,90,2,0,0,0),
(91,91,2,0,0,0),
(92,92,2,0,0,0),
(93,93,2,0,0,0),
(94,94,2,0,0,0),
(95,95,2,0,0,0),
(96,96,2,383119.6317,0,383119.6317),
(97,97,2,0,0,0),
(98,98,2,0,0,0),
(99,99,2,0,0,0),
(100,100,2,0,0,0),
(101,101,2,0,0,0),
(102,102,2,0,0,0),
(103,103,2,0,0,0),
(104,104,2,0,0,0),
(105,105,2,0,0,0),
(106,106,2,0,0,0),
(107,107,2,0,0,0),
(108,108,2,0,0,0),
(109,109,2,0,0,0),
(110,110,2,0,0,0),
(111,111,2,0,0,0),
(112,112,2,0,0,0),
(113,113,2,0,0,0),
(114,114,2,0,0,0),
(115,115,2,0,0,0),
(116,116,2,0,0,0),
(117,117,2,0,0,0),
(118,118,2,0,0,0),
(119,119,2,0,0,0),
(120,120,2,0,0,0),
(121,121,2,0,0,0),
(122,122,2,0,0,0),
(123,123,2,0,1934956.8554,1934956.8554),
(124,124,2,0,0,0),
(125,125,2,0,0,0),
(126,126,2,0,0,0),
(127,127,2,0,0,0),
(128,128,2,0,0,0),
(129,129,2,0,0,0),
(130,130,2,0,0,0),
(131,131,2,0,0,0),
(132,132,2,0,0,0),
(133,133,2,0,0,0),
(134,134,2,0,0,0),
(135,135,3,0,0,0),
(136,135,1,0,0,0),
(137,135,2,0,0,0),
(138,136,3,0,0,0),
(139,136,1,0,0,0),
(140,136,2,0,0,0),
(141,137,3,0,0,0),
(142,137,1,0,0,0),
(143,137,2,0,0,0),
(144,138,3,0,0,0),
(145,138,1,0,0,0),
(146,138,2,0,0,0),
(147,139,3,0,0,0),
(148,139,1,0,0,0),
(149,139,2,0,0,0),
(150,140,3,0,0,0),
(151,140,1,0,0,0),
(152,140,2,0,0,0),
(153,141,3,0,0,0),
(154,141,1,0,0,0),
(155,141,2,0,0,0),
(156,142,3,0,0,0),
(157,142,1,0,0,0),
(158,142,2,0,0,0),
(159,143,3,0,0,0),
(160,143,1,0,0,0),
(161,143,2,0,0,0),
(162,144,3,0,0,0),
(163,144,1,0,0,0),
(164,144,2,0,0,0),
(165,145,3,0,0,0),
(166,145,1,0,0,0),
(167,145,2,0,0,0),
(168,146,3,0,0,0),
(169,146,1,0,0,0),
(170,146,2,0,0,0),
(171,147,3,0,0,0),
(172,147,1,0,0,0),
(173,147,2,0,0,0),
(174,148,3,0,0,0),
(175,148,1,0,0,0),
(176,148,2,0,0,0),
(177,149,3,0,0,0),
(178,149,1,0,0,0),
(179,149,2,0,0,0),
(180,150,3,0,0,0),
(181,150,1,0,0,0),
(182,150,2,0,0,0),
(183,151,3,0,0,0),
(184,151,1,0,0,0),
(185,151,2,0,0,0),
(186,152,3,0,0,0),
(187,152,1,0,0,0),
(188,152,2,0,0,0),
(189,153,3,0,0,0),
(190,153,1,0,0,0),
(191,153,2,0,0,0),
(192,154,3,0,0,0),
(193,154,1,0,0,0),
(194,154,2,0,0,0),
(195,155,3,0,0,0),
(196,155,1,0,0,0),
(197,155,2,0,0,0),
(198,156,3,0,0,0),
(199,156,1,0,0,0),
(200,156,2,0,0,0),
(201,157,3,0,0,0),
(202,157,1,0,0,0),
(203,157,2,0,0,0);


DROP TABLE accountbalances_backup;

CREATE TABLE `accountbalances_backup` (
  `AccountBalanceId` bigint(20) NOT NULL AUTO_INCREMENT,
  `AccountId` bigint(20) DEFAULT NULL,
  `CurrencyId` bigint(20) DEFAULT NULL,
  `Debit` decimal(19,4) DEFAULT NULL,
  `Credit` decimal(19,4) DEFAULT NULL,
  `Balance` decimal(19,4) DEFAULT NULL,
  PRIMARY KEY (`AccountBalanceId`),
  KEY `FK_AccountBalances_Accounts` (`AccountId`),
  KEY `FK_AccountBalances_Currencies` (`CurrencyId`),
  CONSTRAINT `FK_AccountBalances_Accounts` FOREIGN KEY (`AccountId`) REFERENCES `accounts_backup` (`AccountId`) ON DELETE NO ACTION ON UPDATE NO ACTION,
  CONSTRAINT `FK_AccountBalances_Currencies` FOREIGN KEY (`CurrencyId`) REFERENCES `currencies` (`CurrencyId`) ON DELETE NO ACTION ON UPDATE NO ACTION
) ENGINE=InnoDB AUTO_INCREMENT=25 DEFAULT CHARSET=utf8mb3 COLLATE=utf8mb3_general_ci;

INSERT INTO accountbalances_backup VALUES
(14,5,2,0,0,0),
(15,6,2,0,0,0),
(16,7,3,0,0,0),
(17,7,1,0,0,0),
(18,7,2,0,0,0),
(19,8,3,0,0,0),
(20,8,1,0,0,0),
(21,8,2,0,0,0),
(22,9,3,0,0,0),
(23,9,1,0,0,0),
(24,9,2,0,0,0);


DROP TABLE accountgroups;

CREATE TABLE `accountgroups` (
  `AccountGroupId` bigint(20) NOT NULL AUTO_INCREMENT,
  `Name` varchar(500) DEFAULT NULL,
  PRIMARY KEY (`AccountGroupId`)
) ENGINE=InnoDB AUTO_INCREMENT=6 DEFAULT CHARSET=utf8mb3 COLLATE=utf8mb3_general_ci;

INSERT INTO accountgroups VALUES
(1,"ASSETS"),
(2,"EQUITY"),
(3,"EXPENSES"),
(4,"LIABILITIES"),
(5,"REVENUE");


DROP TABLE accounts;

CREATE TABLE `accounts` (
  `AccountId` bigint(20) NOT NULL AUTO_INCREMENT,
  `Code` varchar(500) DEFAULT NULL,
  `Name` varchar(500) DEFAULT NULL,
  `AccountTypeId` bigint(20) DEFAULT NULL,
  `SystemAccount` tinyint(1) DEFAULT NULL,
  `CreateDate` datetime DEFAULT current_timestamp(),
  `ModificationDate` datetime DEFAULT current_timestamp(),
  `Deleted` tinyint(1) DEFAULT 0,
  `Notes` longtext DEFAULT NULL,
  `CreateByUserId` bigint(20) DEFAULT NULL,
  `ModifiedByUserId` bigint(20) DEFAULT NULL,
  `Description` varchar(500) DEFAULT NULL,
  `AcceptPayments` tinyint(1) DEFAULT 1,
  `IncreaseOnDebit` tinyint(1) DEFAULT NULL,
  `CurrencyId` bigint(20) DEFAULT NULL,
  `ParentAccountId` bigint(20) DEFAULT NULL,
  PRIMARY KEY (`AccountId`),
  KEY `FK_Accounts_Accounts1` (`ParentAccountId`),
  KEY `FK_Accounts_AccountTypes` (`AccountTypeId`),
  KEY `FK_Accounts_Currencies` (`CurrencyId`),
  CONSTRAINT `accounts_ibfk_1` FOREIGN KEY (`AccountTypeId`) REFERENCES `accounttypes` (`AccountTypeId`) ON DELETE NO ACTION ON UPDATE NO ACTION,
  CONSTRAINT `accounts_ibfk_3` FOREIGN KEY (`CurrencyId`) REFERENCES `currencies` (`CurrencyId`) ON DELETE NO ACTION ON UPDATE NO ACTION
) ENGINE=InnoDB AUTO_INCREMENT=158 DEFAULT CHARSET=utf8mb3 COLLATE=utf8mb3_general_ci;

INSERT INTO accounts VALUES
(1,261000,"Account Payable",11,1,"2016-10-29 12:35:18","2016-10-29 12:35:18",0,NULL,NULL,NULL,NULL,NULL,1,2,NULL),
(2,161000,"Account Receivable",1,1,"2016-10-29 12:35:18","2016-10-29 12:35:18",0,NULL,NULL,NULL,NULL,NULL,1,2,NULL),
(3,111000,"Liabilities",12,1,"2018-03-10 03:15:08","2018-03-10 03:15:08",0,NULL,NULL,NULL,NULL,1,1,2,NULL),
(4,113001,"Assets",2,1,"2018-03-10 03:15:08","2018-03-10 03:15:08",0,NULL,NULL,NULL,NULL,1,1,2,NULL),
(5,113002,"Equity",6,1,"2018-03-10 03:15:08","2018-03-10 03:15:08",0,NULL,NULL,NULL,NULL,1,1,2,NULL),
(6,116002,"Air Conditioner",2,1,"2018-03-10 03:15:08","2018-03-10 03:15:08",0,NULL,NULL,NULL,NULL,1,1,2,NULL),
(7,113001,"Machines and equipment",2,1,"2018-03-10 03:15:08","2018-03-10 03:15:08",0,NULL,NULL,NULL,NULL,1,1,2,NULL),
(8,113002,"Generators",2,1,"2018-03-10 03:15:08","2018-03-10 03:15:08",0,NULL,NULL,NULL,NULL,1,1,2,NULL),
(9,114000,"Vehicles",2,1,"2018-03-10 03:15:08","2018-03-10 03:15:08",0,NULL,NULL,NULL,NULL,1,1,2,NULL),
(10,115000,"Tools",2,1,"2018-03-10 03:15:08","2018-03-10 03:15:08",0,NULL,NULL,NULL,NULL,1,1,2,NULL),
(11,116001,"Furniture",2,1,"2018-03-10 03:15:08","2018-03-10 03:15:08",0,NULL,NULL,NULL,NULL,1,1,2,NULL),
(12,116002,"Lands",2,1,"2018-03-10 03:15:08","2018-03-10 03:15:08",0,NULL,NULL,NULL,NULL,1,1,2,NULL),
(13,116003,"Computers",2,1,"2018-03-10 03:15:08","2018-03-10 03:15:08",0,NULL,NULL,NULL,NULL,1,1,2,NULL),
(14,116004,"Printers",2,1,"2018-03-10 03:15:08","2018-03-10 03:15:08",0,NULL,NULL,NULL,NULL,1,1,2,NULL),
(15,116005,"Office equipment & Mobiles",2,1,"2018-03-10 03:15:08","2018-03-10 03:15:08",0,NULL,NULL,NULL,NULL,1,1,2,NULL),
(16,116006,"Curtain and carpets",2,1,"2018-03-10 03:15:08","2018-03-10 03:15:08",0,NULL,NULL,NULL,NULL,1,1,2,NULL),
(17,122001,"Plant Construction",2,1,"2018-03-10 03:15:08","2018-03-10 03:15:08",0,NULL,NULL,NULL,NULL,1,1,2,NULL),
(18,122002,"Work in Progress Fixes Assets",2,1,"2018-03-10 03:15:08","2018-03-10 03:15:08",0,NULL,NULL,NULL,"   -  ",1,1,2,NULL),
(19,131001,"Raw Materials Store",1,1,"2018-03-10 03:15:08","2018-03-10 03:15:08",0,NULL,NULL,NULL,NULL,1,1,2,NULL),
(20,131002,"WIP - inventory",1,1,"2018-03-10 03:15:08","2018-03-10 03:15:08",0,NULL,NULL,NULL,"   - ",1,1,2,NULL),
(21,131003,"Finished Goods Store",1,1,"2018-03-10 03:15:08","2018-03-10 03:15:08",0,NULL,NULL,NULL,NULL,1,1,2,NULL),
(22,131004,"Wastage Store",1,1,"2018-03-10 03:15:08","2018-03-10 03:15:08",0,NULL,NULL,NULL,NULL,1,1,2,NULL),
(23,151002,"Partners Finance Investment",1,1,"2018-03-10 03:15:08","2018-03-10 03:15:08",0,NULL,NULL,NULL,NULL,1,1,2,NULL),
(24,161000,"------",1,1,"2018-03-10 03:15:08","2018-03-10 03:15:08",0,"Accounts Receivables - Customers",NULL,NULL,"   - ",NULL,1,2,NULL),
(25,163001,"Advances Cash Employees - Operation",1,1,"2018-03-10 03:15:08","2018-03-10 03:15:08",0,NULL,NULL,NULL,"   - ",1,1,2,NULL),
(26,163003,"Advances Salaries - Employees",1,1,"2018-03-10 03:15:08","2018-03-10 03:15:08",0,NULL,NULL,NULL,"  - ",1,1,2,NULL),
(27,163004,"Employees Loans",1,1,"2018-03-10 03:15:08","2018-03-10 03:15:08",0,NULL,NULL,NULL,NULL,1,1,2,NULL),
(28,163005,"Differences in Cash and Store",1,1,"2018-03-10 03:15:08","2018-03-10 03:15:08",0,NULL,NULL,NULL,NULL,1,1,2,NULL),
(29,166000,"Other Debit Accounts",1,1,"2018-03-10 03:15:08","2018-03-10 03:15:08",0,NULL,NULL,NULL,NULL,1,1,2,NULL),
(30,171003,"Prepaid Rental",1,1,"2018-03-10 03:15:08","2018-03-10 03:15:08",0,NULL,NULL,NULL,NULL,1,1,2,NULL),
(31,171004,"Prepaid Expences",1,1,"2018-03-10 03:15:08","2018-03-10 03:15:08",0,NULL,NULL,NULL,NULL,1,1,2,NULL),
(32,181001,"Cash / USD",1,1,"2018-03-10 03:15:08","2018-03-10 03:15:08",0,NULL,NULL,NULL," / ",1,1,2,NULL),
(33,181002,"Cash/ IQD",1,1,"2018-03-10 03:15:08","2018-03-10 03:15:08",0,NULL,NULL,NULL," / ",1,1,2,NULL),
(34,182001,"Bank / USD",1,1,"2018-03-10 03:15:08","2018-03-10 03:15:08",0,NULL,NULL,NULL," / ",1,1,2,NULL),
(35,182002,"Bank / IQD",1,1,"2018-03-10 03:15:08","2018-03-10 03:15:08",0,NULL,NULL,NULL," / ",1,1,2,NULL),
(36,183001,"Money Exchange companies - USD",1,1,"2018-03-10 03:15:08","2018-03-10 03:15:08",0,NULL,NULL,NULL,"  - ",1,1,2,NULL),
(37,183002,"Money Exchange companies - IQD",1,1,"2018-03-10 03:15:08","2018-03-10 03:15:08",0,NULL,NULL,NULL,"  - ",1,1,2,NULL),
(38,210000,"Paid In Capital",6,1,"2018-03-10 03:15:08","2018-03-10 03:15:08",0,NULL,NULL,NULL,NULL,1,0,2,NULL),
(39,211000,"Partner Account",6,1,"2018-03-10 03:15:08","2018-03-10 03:15:08",0,NULL,NULL,NULL,NULL,1,0,2,NULL),
(40,212000,"Retained Earnings",6,1,"2018-03-10 03:15:08","2018-03-10 03:15:08",0,NULL,NULL,NULL,NULL,1,0,2,NULL),
(41,221001,"Income Tax Provision",6,1,"2018-03-10 03:15:08","2018-03-10 03:15:08",0,NULL,NULL,NULL,NULL,1,0,2,NULL),
(42,221002,"Other Provision",6,1,"2018-03-10 03:15:08","2018-03-10 03:15:08",0,NULL,NULL,NULL,NULL,1,0,2,NULL),
(43,231000,"Accumulated Depreciation lands",11,1,"2018-03-10 03:15:08","2018-03-10 03:15:08",0,NULL,NULL,NULL,NULL,1,0,2,NULL),
(44,232000,"Accumulated Depreciation Plant Construction",11,1,"2018-03-10 03:15:08","2018-03-10 03:15:08",0,NULL,NULL,NULL,NULL,1,0,2,NULL),
(45,233001,"Accumulated Depreciation Machines and equipment",11,1,"2018-03-10 03:15:08","2018-03-10 03:15:08",0,NULL,NULL,NULL,NULL,1,0,2,NULL),
(46,233002,"Accumulated Depreciation Generators",11,1,"2018-03-10 03:15:08","2018-03-10 03:15:08",0,NULL,NULL,NULL,NULL,1,0,2,NULL),
(47,234000,"Accumulated Depreciation Vehicles",11,1,"2018-03-10 03:15:08","2018-03-10 03:15:08",0,NULL,NULL,NULL,"    ",1,0,2,NULL),
(48,235000,"Accumulated Depreciation Tools",11,1,"2018-03-10 03:15:08","2018-03-10 03:15:08",0,NULL,NULL,NULL,NULL,1,0,2,NULL),
(49,236001,"Accumulated Depreciation Furniture",11,1,"2018-03-10 03:15:08","2018-03-10 03:15:08",0,NULL,NULL,NULL,NULL,1,0,2,NULL),
(50,236002,"Accumulated Depreciation Air Conditioner",11,1,"2018-03-10 03:15:08","2018-03-10 03:15:08",0,NULL,NULL,NULL,NULL,1,0,2,NULL),
(51,236003,"Accumulated Depreciation computers",11,1,"2018-03-10 03:15:08","2018-03-10 03:15:08",0,NULL,NULL,NULL,NULL,1,0,2,NULL),
(52,236004,"Accumulated Depreciation printers",11,1,"2018-03-10 03:15:08","2018-03-10 03:15:08",0,NULL,NULL,NULL,NULL,1,0,2,NULL),
(53,236005,"Accumulated Depreciation office equipment",11,1,"2018-03-10 03:15:08","2018-03-10 03:15:08",0,NULL,NULL,NULL,NULL,1,0,2,NULL),
(54,236006,"Accumulated Depreciation curtain and carpets",11,1,"2018-03-10 03:15:08","2018-03-10 03:15:08",0,NULL,NULL,NULL,NULL,1,0,2,NULL),
(55,261000,"------",11,1,"2018-03-10 03:15:08","2018-03-10 03:15:08",0,"Accounts Payable",NULL,NULL,NULL,NULL,0,2,NULL),
(56,263000,"Credit Current Accounts",11,1,"2018-03-10 03:15:08","2018-03-10 03:15:08",0,NULL,NULL,NULL,NULL,1,0,2,NULL),
(57,266000,"Other Credit Accounts",11,1,"2018-03-10 03:15:08","2018-03-10 03:15:08",0,NULL,NULL,NULL,NULL,1,0,2,NULL),
(58,271001,"Accrued Expences",11,1,"2018-03-10 03:15:08","2018-03-10 03:15:08",0,NULL,NULL,NULL,NULL,1,0,2,NULL),
(59,271003,"Other Accrued",11,1,"2018-03-10 03:15:08","2018-03-10 03:15:08",0,NULL,NULL,NULL,NULL,1,0,2,NULL),
(60,271004,"Social Security",11,1,"2018-03-10 03:15:08","2018-03-10 03:15:08",0,NULL,NULL,NULL,NULL,1,0,2,NULL),
(61,301001,"Cost of Goods Sold",9,1,"2018-03-10 03:15:08","2018-03-10 03:15:08",0,NULL,NULL,NULL,NULL,1,1,2,NULL),
(62,301002,"Other Cost of sales",9,1,"2018-03-10 03:15:08","2018-03-10 03:15:08",0,NULL,NULL,NULL,NULL,1,1,2,NULL),
(63,301003,"Damaged & Wastage",9,1,"2018-03-10 03:15:08","2018-03-10 03:15:08",0,NULL,NULL,NULL," & ",1,1,2,NULL),
(64,301004,"Expired",9,1,"2018-03-10 03:15:08","2018-03-10 03:15:08",0,NULL,NULL,NULL,NULL,1,1,2,NULL),
(65,302001,"Materials & Equipment transportation",9,1,"2018-03-10 03:15:08","2018-03-10 03:15:08",0,NULL,NULL,NULL,NULL,1,1,2,NULL),
(66,302002,"Custom Fees",9,1,"2018-03-10 03:15:08","2018-03-10 03:15:08",0,NULL,NULL,NULL,NULL,1,1,2,NULL),
(67,302004,"Machine and Equipment Maintenance",9,1,"2018-03-10 03:15:08","2018-03-10 03:15:08",0,NULL,NULL,NULL,NULL,1,1,2,NULL),
(68,302048,"Canteen Food Expenses",9,1,"2018-03-10 03:15:08","2018-03-10 03:15:08",0,NULL,NULL,NULL,NULL,NULL,1,2,NULL),
(69,302006,"Salaries of Administration Dep",9,1,"2018-03-10 03:15:08","2018-03-10 03:15:08",0,NULL,NULL,NULL,NULL,NULL,1,2,NULL),
(70,302007,"Overtime",9,1,"2018-03-10 03:15:08","2018-03-10 03:15:08",0,NULL,NULL,NULL,NULL,1,1,2,NULL),
(71,302008,"Travel allowance",9,1,"2018-03-10 03:15:08","2018-03-10 03:15:08",0,NULL,NULL,NULL,NULL,1,1,2,NULL),
(72,302009,"Transportation Expenses",9,1,"2018-03-10 03:15:08","2018-03-10 03:15:08",0,NULL,NULL,NULL,NULL,1,1,2,NULL),
(73,302010,"Food Allowances",9,1,"2018-03-10 03:15:08","2018-03-10 03:15:08",0,NULL,NULL,NULL,NULL,1,1,2,NULL),
(74,302011,"Other allowances",9,1,"2018-03-10 03:15:08","2018-03-10 03:15:08",0,NULL,NULL,NULL,NULL,1,1,2,NULL),
(75,302012,"Employees Social Security expenses",9,1,"2018-03-10 03:15:08","2018-03-10 03:15:08",0,NULL,NULL,NULL,NULL,1,1,2,NULL),
(76,302014,"Governmental Fees",9,1,"2018-03-10 03:15:08","2018-03-10 03:15:08",0,NULL,NULL,NULL,NULL,1,1,2,NULL),
(77,302015,"Insurance expenses",9,1,"2018-03-10 03:15:08","2018-03-10 03:15:08",0,NULL,NULL,NULL,NULL,1,1,2,NULL),
(78,302016,"Uniform expenses",9,1,"2018-03-10 03:15:08","2018-03-10 03:15:08",0,NULL,NULL,NULL,NULL,1,1,2,NULL),
(79,302017,"Oil and Gas",9,1,"2018-03-10 03:15:08","2018-03-10 03:15:08",0,NULL,NULL,NULL,NULL,1,1,2,NULL),
(80,302018,"Plant & Building maintenance",9,1,"2018-03-10 03:15:08","2018-03-10 03:15:08",0,NULL,NULL,NULL,NULL,1,1,2,NULL),
(81,302019,"Office Supplies",9,1,"2018-03-10 03:15:08","2018-03-10 03:15:08",0,NULL,NULL,NULL,NULL,1,1,2,NULL),
(82,302020,"Stationery",9,1,"2018-03-10 03:15:08","2018-03-10 03:15:08",0,NULL,NULL,NULL,NULL,1,1,2,NULL),
(83,302021,"Electricity & Water",9,1,"2018-03-10 03:15:08","2018-03-10 03:15:08",0,NULL,NULL,NULL,NULL,1,1,2,NULL),
(84,302023,"Advertisement",9,1,"2018-03-10 03:15:08","2018-03-10 03:15:08",0,NULL,NULL,NULL,NULL,1,1,2,NULL),
(85,302026,"Translation Expenses",9,1,"2018-03-10 03:15:08","2018-03-10 03:15:08",0,NULL,NULL,NULL,NULL,1,1,2,NULL),
(86,302027,"Internet Expenses",9,1,"2018-03-10 03:15:08","2018-03-10 03:15:08",0,NULL,NULL,NULL,NULL,1,1,2,NULL),
(87,302028,"Communication Expenses",9,1,"2018-03-10 03:15:08","2018-03-10 03:15:08",0,NULL,NULL,NULL,NULL,1,1,2,NULL),
(88,302029,"Lawyer Fees",9,1,"2018-03-10 03:15:08","2018-03-10 03:15:08",0,NULL,NULL,NULL,NULL,1,1,2,NULL),
(89,302030,"Other expenses",9,1,"2018-03-10 03:15:08","2018-03-10 03:15:08",0,NULL,NULL,NULL,NULL,1,1,2,NULL),
(90,302031,"Compensation and Fines",9,1,"2018-03-10 03:15:08","2018-03-10 03:15:08",0,NULL,NULL,NULL,NULL,1,1,2,NULL),
(91,302032,"Gifts",9,1,"2018-03-10 03:15:08","2018-03-10 03:15:08",0,NULL,NULL,NULL,NULL,1,1,2,NULL),
(92,302033,"Audit fees",9,1,"2018-03-10 03:15:08","2018-03-10 03:15:08",0,NULL,NULL,NULL,NULL,1,1,2,NULL),
(93,302036,"External Staff",9,1,"2018-03-10 03:15:08","2018-03-10 03:15:08",0,NULL,NULL,NULL,NULL,1,1,2,NULL),
(94,302038,"Maintenance Vehicles",9,1,"2018-03-10 03:15:08","2018-03-10 03:15:08",0,NULL,NULL,NULL,NULL,1,1,2,NULL),
(95,302039,"Hospitality & banquets",9,1,"2018-03-10 03:15:08","2018-03-10 03:15:08",0,NULL,NULL,NULL,NULL,1,1,2,NULL),
(96,302040,"Sales Discount",9,1,"2018-03-10 03:15:08","2018-03-10 03:15:08",0,NULL,NULL,NULL,NULL,1,1,2,NULL),
(97,302041,"Transport and shipment sales",9,1,"2018-03-10 03:15:08","2018-03-10 03:15:08",0,NULL,NULL,NULL,NULL,1,1,2,NULL),
(98,302042,"Cleaning Expences",9,1,"2018-03-10 03:15:08","2018-03-10 03:15:08",0,NULL,NULL,NULL,NULL,1,1,2,NULL),
(99,302043,"Equipment and supplies Expenses",9,1,"2018-03-10 03:15:08","2018-03-10 03:15:08",0,NULL,NULL,NULL,NULL,1,1,2,NULL),
(100,302044,"Fuel Vehicles",9,1,"2018-03-10 03:15:08","2018-03-10 03:15:08",0,NULL,NULL,NULL,NULL,1,1,2,NULL),
(101,302045,"Postage & Delivery",9,1,"2018-03-10 03:15:08","2018-03-10 03:15:08",0,NULL,NULL,NULL,NULL,1,1,2,NULL),
(102,302046,"Commission remittances",9,1,"2018-03-10 03:15:08","2018-03-10 03:15:08",0,NULL,NULL,NULL,NULL,1,1,2,NULL),
(103,302047,"Travel expenses and residencies",9,1,"2018-03-10 03:15:08","2018-03-10 03:15:08",0,NULL,NULL,NULL,NULL,1,1,2,NULL),
(104,302049,"Rent Expences",9,1,"2018-03-10 03:15:08","2018-03-10 03:15:08",0,NULL,NULL,NULL,NULL,1,1,2,NULL),
(105,302051,"Fire expense",9,1,"2018-03-10 03:15:08","2018-03-10 03:15:08",0,NULL,NULL,NULL,NULL,1,1,2,NULL),
(106,302052,"Sales Commission",9,1,"2018-03-10 03:15:08","2018-03-10 03:15:08",0,NULL,NULL,NULL,NULL,1,1,2,NULL),
(107,304001,"Bank Charges",9,1,"2018-03-10 03:15:08","2018-03-10 03:15:08",0,NULL,NULL,NULL,NULL,1,1,2,NULL),
(108,304002,"Bank Loan Interests",9,1,"2018-03-10 03:15:08","2018-03-10 03:15:08",0,NULL,NULL,NULL,NULL,1,1,2,NULL),
(109,304003,"Exchange Rate",9,1,"2018-03-10 03:15:08","2018-03-10 03:15:08",0,NULL,NULL,NULL,NULL,1,1,2,NULL),
(110,305001,"Income Tax expenses",9,1,"2018-03-10 03:15:08","2018-03-10 03:15:08",0,NULL,NULL,NULL,NULL,1,1,2,NULL),
(111,306001,"Depreciation Machines and equipment",9,1,"2018-03-10 03:15:08","2018-03-10 03:15:08",0,NULL,NULL,NULL,NULL,1,1,2,NULL),
(112,306002,"Depreciation Plant Construction",9,1,"2018-03-10 03:15:08","2018-03-10 03:15:08",0,NULL,NULL,NULL,NULL,1,1,2,NULL),
(113,306003,"Depreciation lands",9,1,"2018-03-10 03:15:08","2018-03-10 03:15:08",0,NULL,NULL,NULL,NULL,1,1,2,NULL),
(114,306004,"Depreciation Vehicles",9,1,"2018-03-10 03:15:08","2018-03-10 03:15:08",0,NULL,NULL,NULL,NULL,1,1,2,NULL),
(115,306005,"Depreciation Tools",9,1,"2018-03-10 03:15:08","2018-03-10 03:15:08",0,NULL,NULL,NULL,NULL,1,1,2,NULL),
(116,306006,"Depreciation Furniture",9,1,"2018-03-10 03:15:08","2018-03-10 03:15:08",0,NULL,NULL,NULL,NULL,1,1,2,NULL),
(117,306007,"Depreciation Air Conditioner",9,1,"2018-03-10 03:15:08","2018-03-10 03:15:08",0,NULL,NULL,NULL,NULL,1,1,2,NULL),
(118,306008,"Depreciation computers",9,1,"2018-03-10 03:15:08","2018-03-10 03:15:08",0,NULL,NULL,NULL,NULL,1,1,2,NULL),
(119,306009,"Depreciation printers",9,1,"2018-03-10 03:15:08","2018-03-10 03:15:08",0,NULL,NULL,NULL,NULL,1,1,2,NULL),
(120,306010,"Depreciation office equipment",9,1,"2018-03-10 03:15:08","2018-03-10 03:15:08",0,NULL,NULL,NULL,NULL,1,1,2,NULL),
(121,306011,"Depreciation curtain and carpets",9,1,"2018-03-10 03:15:08","2018-03-10 03:15:08",0,NULL,NULL,NULL,NULL,1,1,2,NULL),
(122,306012,"Depreciation Generators",9,1,"2018-03-10 03:15:08","2018-03-10 03:15:08",0,NULL,NULL,NULL,NULL,1,1,2,NULL),
(123,401001,"Sales Revenue",15,1,"2018-03-10 03:15:08","2018-03-10 03:15:08",0,NULL,NULL,NULL,NULL,1,0,2,NULL),
(124,401002,"Sales Revenue - Services",15,1,"2018-03-10 03:15:08","2018-03-10 03:15:08",0,NULL,NULL,NULL,"  - ",1,0,2,NULL),
(125,117001,"Defferred Revenue Expenditure",2,NULL,"2018-04-22 04:38:34","2018-04-22 04:38:34",0,NULL,NULL,NULL,NULL,NULL,NULL,2,NULL),
(126,302003,"Daily Base workers fees",9,NULL,"2018-04-22 08:09:02","2018-04-22 08:09:02",0,"wages",NULL,NULL,NULL,NULL,NULL,2,NULL),
(127,302022,"Adminstration Expenses",9,NULL,"2018-04-22 08:25:13","2018-04-22 08:25:13",0,NULL,NULL,NULL,NULL,NULL,NULL,2,NULL),
(128,302024,"Tips & Bouns",9,NULL,"2018-04-22 08:42:43","2018-04-22 08:42:43",0,NULL,NULL,NULL,NULL,NULL,NULL,2,NULL),
(129,302025,"Support Contract",9,NULL,"2018-05-02 09:07:54","2018-05-02 09:07:54",0,NULL,NULL,NULL,NULL,NULL,NULL,2,NULL),
(130,302034,"Previous year expenses",9,NULL,"2018-05-02 09:18:23","2018-05-02 09:18:23",0,NULL,NULL,NULL,NULL,NULL,NULL,2,NULL),
(131,302035,"End Of Services",9,NULL,"2018-05-02 09:19:14","2018-05-02 09:19:14",0,NULL,NULL,NULL,NULL,NULL,NULL,2,NULL),
(132,162000,"Advance to suppliers",1,NULL,"2018-05-07 09:02:33","2018-05-07 09:02:33",0,NULL,NULL,NULL,NULL,NULL,NULL,2,NULL),
(133,401003,"Sales revenues - Wastege",15,NULL,"2018-05-14 09:39:03","2018-05-14 09:39:03",0,NULL,NULL,NULL,NULL,NULL,NULL,2,NULL),
(134,161001,"Unapplied Receipts",1,NULL,"2018-05-31 07:12:11","2018-05-31 07:12:11",0,NULL,NULL,NULL,NULL,NULL,NULL,2,NULL),
(135,131005,"Stock Warehouse",1,NULL,"2019-11-11 12:11:31","2019-11-11 12:11:31",0,"Stocks in warehouses",NULL,NULL,NULL,NULL,NULL,2,NULL),
(136,131006,"Stock in Shops",1,NULL,"2019-11-11 12:12:52","2019-11-11 12:12:52",0,"Stocks in shops",NULL,NULL,NULL,NULL,NULL,2,NULL),
(137,181003,"Cash in Hand ",1,NULL,"2019-11-11 12:23:19","2019-11-11 12:23:19",0,NULL,NULL,NULL,NULL,NULL,NULL,2,NULL),
(138,131007,"EIA Warehouse",1,NULL,"2019-11-17 14:45:15","2019-11-17 14:45:15",1,"Erbil International Airport Warehouse",NULL,NULL,NULL,NULL,NULL,2,NULL),
(139,131008,"EIA Arrival Shop",1,NULL,"2019-11-17 14:46:25","2019-11-17 14:46:25",1,NULL,NULL,NULL,NULL,NULL,NULL,2,NULL),
(140,131009,"EIA Departure Shop",1,NULL,"2019-11-17 14:47:11","2019-11-17 14:47:11",1,NULL,NULL,NULL,NULL,NULL,NULL,2,NULL),
(141,181004,"Cash in Hand - USD - EIA Arrival Shop",1,NULL,"2019-11-17 14:52:41","2019-11-17 14:52:41",1,NULL,NULL,NULL,NULL,NULL,NULL,2,NULL),
(142,181005,"Cash in Hand - USD - EIA Departure Shop",1,NULL,"2019-11-17 14:55:12","2019-11-17 14:55:12",1,NULL,NULL,NULL,NULL,NULL,NULL,2,NULL),
(143,181006,"Cash in Hand - USD - EIA Main",1,NULL,"2019-11-17 14:55:56","2019-11-17 14:55:56",0,NULL,NULL,NULL,NULL,NULL,NULL,2,NULL),
(144,181007,"Cash in hand - Ibrahim Khalil - Shop1",1,NULL,"2019-11-27 13:27:36","2019-11-27 13:27:36",1,NULL,NULL,NULL,NULL,NULL,NULL,2,NULL),
(145,181008,"Cash in hand - Ibrahim Khalil - Shop2",1,NULL,"2019-11-27 13:28:05","2019-11-27 13:28:05",0,NULL,NULL,NULL,NULL,NULL,NULL,2,NULL),
(146,181009,"Cash in hand - Ibrahim Khalil - Shop3",1,NULL,"2019-11-27 13:28:25","2019-11-27 13:28:25",1,NULL,NULL,NULL,NULL,NULL,NULL,2,NULL),
(147,181010,"Cash in hand - Haji Omeran - Shop ",1,NULL,"2019-11-27 13:30:04","2019-11-27 13:30:04",0,NULL,NULL,NULL,NULL,NULL,NULL,2,NULL),
(148,131010,"Ibrahim Khalil Shop1",1,NULL,"2019-11-27 13:31:21","2019-11-27 13:31:21",1,NULL,NULL,NULL,NULL,NULL,NULL,2,NULL),
(149,131011,"Ibrahim Khalil Shop2",1,NULL,"2019-11-27 13:31:40","2019-11-27 13:31:40",1,NULL,NULL,NULL,NULL,NULL,NULL,2,NULL),
(150,131012,"Ibrahim Khalil Shop3",1,NULL,"2019-11-27 13:32:01","2019-11-27 13:32:01",1,NULL,NULL,NULL,NULL,NULL,NULL,2,NULL),
(151,131013,"Ibrahim Khalil Warehouse",1,NULL,"2019-11-27 13:32:23","2019-11-27 13:32:23",1,NULL,NULL,NULL,NULL,NULL,NULL,2,NULL),
(152,131014,"Duhok Warehouse",1,NULL,"2019-11-27 13:33:02","2019-11-27 13:33:02",1,NULL,NULL,NULL,NULL,NULL,NULL,2,NULL),
(153,131015,"Haji Omeran Shop",1,NULL,"2019-11-27 13:34:01","2019-11-27 13:34:01",1,NULL,NULL,NULL,NULL,NULL,NULL,2,NULL),
(154,131016,"Haji Omeran Warehouse",1,NULL,"2019-11-27 13:34:30","2019-11-27 13:34:30",1,NULL,NULL,NULL,NULL,NULL,NULL,2,NULL),
(155,181011,"Cash in hand - Duhok Office",1,NULL,"2019-11-27 13:35:19","2019-11-27 13:35:19",0,NULL,NULL,NULL,NULL,NULL,NULL,2,NULL),
(156,"me","Medical Equipment - الاجهزة الطبية",2,NULL,"2020-11-18 19:13:38","2020-11-18 19:13:38",0,NULL,NULL,NULL,NULL,NULL,NULL,2,4),
(157,"m","Medical Equipment",2,NULL,"2020-11-18 19:16:28","2020-11-18 19:16:28",1,NULL,NULL,NULL,NULL,NULL,NULL,2,7);


DROP TABLE accounts_backup;

CREATE TABLE `accounts_backup` (
  `AccountId` bigint(20) NOT NULL AUTO_INCREMENT,
  `Code` varchar(500) DEFAULT NULL,
  `Name` varchar(500) DEFAULT NULL,
  `AccountTypeId` bigint(20) DEFAULT NULL,
  `SystemAccount` tinyint(1) DEFAULT NULL,
  `CreateDate` datetime DEFAULT current_timestamp(),
  `ModificationDate` datetime DEFAULT current_timestamp(),
  `Deleted` tinyint(1) DEFAULT 0,
  `Notes` longtext DEFAULT NULL,
  `CreateByUserId` bigint(20) DEFAULT NULL,
  `ModifiedByUserId` bigint(20) DEFAULT NULL,
  `Description` varchar(500) DEFAULT NULL,
  `AcceptPayments` tinyint(1) DEFAULT 1,
  `IncreaseOnDebit` tinyint(1) DEFAULT NULL,
  `CurrencyId` bigint(20) DEFAULT NULL,
  `ParentAccountId` bigint(20) DEFAULT NULL,
  PRIMARY KEY (`AccountId`),
  KEY `FK_Accounts_Accounts1` (`ParentAccountId`),
  KEY `FK_Accounts_AccountTypes` (`AccountTypeId`),
  KEY `FK_Accounts_Currencies` (`CurrencyId`),
  CONSTRAINT `FK_Accounts_AccountTypes` FOREIGN KEY (`AccountTypeId`) REFERENCES `accounttypes` (`AccountTypeId`) ON DELETE NO ACTION ON UPDATE NO ACTION,
  CONSTRAINT `FK_Accounts_Accounts1` FOREIGN KEY (`ParentAccountId`) REFERENCES `accounts_backup` (`AccountId`) ON DELETE NO ACTION ON UPDATE NO ACTION,
  CONSTRAINT `FK_Accounts_Currencies` FOREIGN KEY (`CurrencyId`) REFERENCES `currencies` (`CurrencyId`) ON DELETE NO ACTION ON UPDATE NO ACTION
) ENGINE=InnoDB AUTO_INCREMENT=221 DEFAULT CHARSET=utf8mb3 COLLATE=utf8mb3_general_ci;

INSERT INTO accounts_backup VALUES
(5,2,"liabilities",12,1,"2016-10-29 12:35:18","2016-10-29 12:35:18",0,NULL,NULL,NULL,NULL,NULL,1,2,NULL),
(6,3,"Equity",6,1,"2016-10-29 12:35:18","2016-10-29 12:35:18",0,NULL,NULL,NULL,NULL,NULL,1,2,NULL),
(7,1,"Asset ",2,NULL,"2019-08-27 06:12:58","2019-08-27 06:12:58",0,NULL,NULL,NULL,"Asset",NULL,NULL,2,NULL),
(8,111,"Lands",2,NULL,"2019-08-27 06:17:32","2019-08-27 06:17:32",1,NULL,NULL,NULL,"lands",NULL,NULL,2,7),
(9,4,"Revenue  ",15,NULL,"2019-08-27 06:37:07","2019-08-27 06:37:07",0,NULL,NULL,NULL,NULL,NULL,NULL,2,NULL),
(76,261000,"Account Payable",11,1,"2016-10-29 12:35:18","2016-10-29 12:35:18",0,NULL,NULL,NULL,NULL,NULL,1,2,NULL),
(77,161000,"Account Receivable",1,1,"2016-10-29 12:35:18","2016-10-29 12:35:18",0,NULL,NULL,NULL,NULL,NULL,1,2,NULL),
(78,111000,"Land",2,1,"2018-03-10 03:15:08","2018-03-10 03:15:08",0,NULL,NULL,NULL,"?????",1,1,2,NULL),
(79,113001,"Machines and equipment",2,1,"2018-03-10 03:15:08","2018-03-10 03:15:08",0,NULL,NULL,NULL,"???? ??????",1,1,2,NULL),
(80,113002,"Generators",2,1,"2018-03-10 03:15:08","2018-03-10 03:15:08",0,NULL,NULL,NULL,"??????",1,1,2,NULL),
(81,114000,"Vehicles",2,1,"2018-03-10 03:15:08","2018-03-10 03:15:08",0,NULL,NULL,NULL,"????? ??? ???????",1,1,2,NULL),
(82,115000,"Tools",2,1,"2018-03-10 03:15:08","2018-03-10 03:15:08",0,NULL,NULL,NULL,"???",1,1,2,NULL),
(83,116001,"Furniture",2,1,"2018-03-10 03:15:08","2018-03-10 03:15:08",0,NULL,NULL,NULL,"??????",1,1,2,NULL),
(84,116002,"Air Conditioner",2,1,"2018-03-10 03:15:08","2018-03-10 03:15:08",0,NULL,NULL,NULL,"????? ????? ??????",1,1,2,NULL),
(85,116003,"Computers",2,1,"2018-03-10 03:15:08","2018-03-10 03:15:08",0,NULL,NULL,NULL,"?????? ?????????",1,1,2,NULL),
(86,116004,"Printers",2,1,"2018-03-10 03:15:08","2018-03-10 03:15:08",0,NULL,NULL,NULL,"??????",1,1,2,NULL),
(87,116005,"Office equipment & Mobiles",2,1,"2018-03-10 03:15:08","2018-03-10 03:15:08",0,NULL,NULL,NULL,"????? ?????? ? ?????",1,1,2,NULL),
(88,116006,"Curtain and carpets",2,1,"2018-03-10 03:15:08","2018-03-10 03:15:08",0,NULL,NULL,NULL,"????? ????????",1,1,2,NULL),
(89,122001,"Plant Construction",2,1,"2018-03-10 03:15:08","2018-03-10 03:15:08",0,NULL,NULL,NULL,"???? ??????",1,1,2,NULL),
(90,122002,"Work in Progress Fixes Assets",2,1,"2018-03-10 03:15:08","2018-03-10 03:15:08",0,NULL,NULL,NULL,"??????? ??? ??????? - ???? ?????",1,1,2,NULL),
(91,131001,"Raw Materials Store",1,1,"2018-03-10 03:15:08","2018-03-10 03:15:08",0,NULL,NULL,NULL,"???? ?????? ???????",1,1,2,NULL),
(92,131002,"WIP - inventory",1,1,"2018-03-10 03:15:08","2018-03-10 03:15:08",0,NULL,NULL,NULL,"???? ??? ??????? - ?????",1,1,2,NULL),
(93,131003,"Finished Goods Store",1,1,"2018-03-10 03:15:08","2018-03-10 03:15:08",0,NULL,NULL,NULL,"???? ??????? ???????",1,1,2,NULL),
(94,131004,"Wastage Store",1,1,"2018-03-10 03:15:08","2018-03-10 03:15:08",0,NULL,NULL,NULL,"???? ????? ?????",1,1,2,NULL),
(95,151002,"Partners Finance Investment",1,1,"2018-03-10 03:15:08","2018-03-10 03:15:08",0,NULL,NULL,NULL,"????????? ??????? ???????",1,1,2,NULL),
(96,161000,"------",1,1,"2018-03-10 03:15:08","2018-03-10 03:15:08",0,"Accounts Receivables - Customers",NULL,NULL,"?????? ????? ??????? - ???????",NULL,1,2,NULL),
(97,163001,"Advances Cash Employees - Operation",1,1,"2018-03-10 03:15:08","2018-03-10 03:15:08",0,NULL,NULL,NULL,"??? ???????? ??????? - ???????",1,1,2,NULL),
(98,163002,"Debit Current Accounts - Joto Tank Steel Company",1,1,"2018-03-10 03:15:08","2018-03-10 03:15:08",0,NULL,NULL,NULL,"?????? ????? ????? - ????? ?????",NULL,1,2,NULL),
(99,163003,"Advances Salaries - Employees",1,1,"2018-03-10 03:15:08","2018-03-10 03:15:08",0,NULL,NULL,NULL,"??? ??????? - ????????",1,1,2,NULL),
(100,163004,"Employees Loans",1,1,"2018-03-10 03:15:08","2018-03-10 03:15:08",0,NULL,NULL,NULL,"???? ????????",1,1,2,NULL),
(101,163005,"Differences in Cash and Store",1,1,"2018-03-10 03:15:08","2018-03-10 03:15:08",0,NULL,NULL,NULL,"?????? ????? ???????",1,1,2,NULL),
(102,166000,"Other Debit Accounts",1,1,"2018-03-10 03:15:08","2018-03-10 03:15:08",0,NULL,NULL,NULL,"?????? ????? ????",1,1,2,NULL),
(103,171003,"Prepaid Rental",1,1,"2018-03-10 03:15:08","2018-03-10 03:15:08",0,NULL,NULL,NULL,"??????? ?????? ??????",1,1,2,NULL),
(104,171004,"Prepaid Expences",1,1,"2018-03-10 03:15:08","2018-03-10 03:15:08",0,NULL,NULL,NULL,"?????? ?????? ??????",1,1,2,NULL),
(105,181001,"Cash / USD",1,1,"2018-03-10 03:15:08","2018-03-10 03:15:08",0,NULL,NULL,NULL,"????? / ???????",1,1,2,NULL),
(106,181002,"Cash/ IQD",1,1,"2018-03-10 03:15:08","2018-03-10 03:15:08",0,NULL,NULL,NULL,"????? / ???????",1,1,2,NULL),
(107,182001,"Bank / USD",1,1,"2018-03-10 03:15:08","2018-03-10 03:15:08",0,NULL,NULL,NULL,"??? / ???????",1,1,2,NULL),
(108,182002,"Bank / IQD",1,1,"2018-03-10 03:15:08","2018-03-10 03:15:08",0,NULL,NULL,NULL,"??? / ???????",1,1,2,NULL),
(109,183001,"Money Exchange companies - USD",1,1,"2018-03-10 03:15:08","2018-03-10 03:15:08",0,NULL,NULL,NULL,"????? ??????? - ?????",1,1,2,NULL),
(110,183002,"Money Exchange companies - IQD",1,1,"2018-03-10 03:15:08","2018-03-10 03:15:08",0,NULL,NULL,NULL,"????? ??????? - ?????",1,1,2,NULL),
(111,210000,"Paid In Capital",6,1,"2018-03-10 03:15:08","2018-03-10 03:15:08",0,NULL,NULL,NULL,"??? ????? ???????",1,0,2,NULL),
(112,211000,"Partner Account",6,1,"2018-03-10 03:15:08","2018-03-10 03:15:08",0,NULL,NULL,NULL,"???? ???????",1,0,2,NULL),
(113,212000,"Retained Earnings",6,1,"2018-03-10 03:15:08","2018-03-10 03:15:08",0,NULL,NULL,NULL,"??????? ????????",1,0,2,NULL),
(114,221001,"Income Tax Provision",6,1,"2018-03-10 03:15:08","2018-03-10 03:15:08",0,NULL,NULL,NULL,"??????? ????? ??? ??????",1,0,2,NULL),
(115,221002,"Other Provision",6,1,"2018-03-10 03:15:08","2018-03-10 03:15:08",0,NULL,NULL,NULL,"????????? ????",1,0,2,NULL),
(116,231000,"Accumulated Depreciation lands",11,1,"2018-03-10 03:15:08","2018-03-10 03:15:08",0,NULL,NULL,NULL,"???? ?????? ???????",1,0,2,NULL),
(117,232000,"Accumulated Depreciation Plant Construction",11,1,"2018-03-10 03:15:08","2018-03-10 03:15:08",0,NULL,NULL,NULL,"???? ?????? ???? ??????",1,0,2,NULL),
(118,233001,"Accumulated Depreciation Machines and equipment",11,1,"2018-03-10 03:15:08","2018-03-10 03:15:08",0,NULL,NULL,NULL,"???? ?????? ?????? ????????",1,0,2,NULL),
(119,233002,"Accumulated Depreciation Generators",11,1,"2018-03-10 03:15:08","2018-03-10 03:15:08",0,NULL,NULL,NULL,"???? ?????? ????????",1,0,2,NULL),
(120,234000,"Accumulated Depreciation Vehicles",11,1,"2018-03-10 03:15:08","2018-03-10 03:15:08",0,NULL,NULL,NULL,"???? ?????? ????? ????? ???????",1,0,2,NULL),
(121,235000,"Accumulated Depreciation Tools",11,1,"2018-03-10 03:15:08","2018-03-10 03:15:08",0,NULL,NULL,NULL,"???? ?????? ?????",1,0,2,NULL),
(122,236001,"Accumulated Depreciation Furniture",11,1,"2018-03-10 03:15:08","2018-03-10 03:15:08",0,NULL,NULL,NULL,"???? ?????? ??????",1,0,2,NULL),
(123,236002,"Accumulated Depreciation Air Conditioner",11,1,"2018-03-10 03:15:08","2018-03-10 03:15:08",0,NULL,NULL,NULL,"???? ?????? ??????? ???????",1,0,2,NULL),
(124,236003,"Accumulated Depreciation computers",11,1,"2018-03-10 03:15:08","2018-03-10 03:15:08",0,NULL,NULL,NULL,"???? ?????? ???????? ???????????",1,0,2,NULL),
(125,236004,"Accumulated Depreciation printers",11,1,"2018-03-10 03:15:08","2018-03-10 03:15:08",0,NULL,NULL,NULL,"???? ?????? ????????",1,0,2,NULL),
(126,236005,"Accumulated Depreciation office equipment",11,1,"2018-03-10 03:15:08","2018-03-10 03:15:08",0,NULL,NULL,NULL,"???? ?????? ??????? ????????",1,0,2,NULL),
(127,236006,"Accumulated Depreciation curtain and carpets",11,1,"2018-03-10 03:15:08","2018-03-10 03:15:08",0,NULL,NULL,NULL,"???? ?????? ??????? ??????????",1,0,2,NULL),
(128,261000,"------",11,1,"2018-03-10 03:15:08","2018-03-10 03:15:08",0,"Accounts Payable",NULL,NULL,"?????? ???????",NULL,0,2,NULL),
(129,263000,"Credit Current Accounts",11,1,"2018-03-10 03:15:08","2018-03-10 03:15:08",0,NULL,NULL,NULL,"?????? ????? ?????",1,0,2,NULL),
(130,266000,"Other Credit Accounts",11,1,"2018-03-10 03:15:08","2018-03-10 03:15:08",0,NULL,NULL,NULL,"?????? ????? ????",1,0,2,NULL),
(131,271001,"Accrued Expences",11,1,"2018-03-10 03:15:08","2018-03-10 03:15:08",0,NULL,NULL,NULL,"???????? ????????",1,0,2,NULL),
(132,271003,"Other Accrued",11,1,"2018-03-10 03:15:08","2018-03-10 03:15:08",0,NULL,NULL,NULL,"?????? ?????? ????",1,0,2,NULL),
(133,271004,"Social Security",11,1,"2018-03-10 03:15:08","2018-03-10 03:15:08",0,NULL,NULL,NULL,"???? ??????? ???????? ? ??????",1,0,2,NULL),
(134,301001,"Cost of Goods Sold",9,1,"2018-03-10 03:15:08","2018-03-10 03:15:08",0,NULL,NULL,NULL,"????? ??????? ???????",1,1,2,NULL),
(135,301002,"Other Cost of sales",9,1,"2018-03-10 03:15:08","2018-03-10 03:15:08",0,NULL,NULL,NULL,"????? ????? ????? ????",1,1,2,NULL),
(136,301003,"Damaged & Wastage",9,1,"2018-03-10 03:15:08","2018-03-10 03:15:08",0,NULL,NULL,NULL,"????? & ?????",1,1,2,NULL),
(137,301004,"Expired",9,1,"2018-03-10 03:15:08","2018-03-10 03:15:08",0,NULL,NULL,NULL,"????? ????????",1,1,2,NULL),
(138,302001,"Materials & Equipment transportation",9,1,"2018-03-10 03:15:08","2018-03-10 03:15:08",0,NULL,NULL,NULL,"??? ???? ??????",1,1,2,NULL),
(139,302002,"Custom Fees",9,1,"2018-03-10 03:15:08","2018-03-10 03:15:08",0,NULL,NULL,NULL,"???? ??????",1,1,2,NULL),
(140,302004,"Machine and Equipment Maintenance",9,1,"2018-03-10 03:15:08","2018-03-10 03:15:08",0,NULL,NULL,NULL,"????? ???? ??????",1,1,2,NULL),
(141,302048,"Canteen Food Expenses",9,1,"2018-03-10 03:15:08","2018-03-10 03:15:08",0,NULL,NULL,NULL,"????? ???? ??????",NULL,1,2,NULL),
(142,302006,"Salaries of Administration Dep",9,1,"2018-03-10 03:15:08","2018-03-10 03:15:08",0," ",NULL,NULL,"????? ?????????",NULL,1,2,NULL),
(143,302007,"Overtime",9,1,"2018-03-10 03:15:08","2018-03-10 03:15:08",0,NULL,NULL,NULL,"?????",1,1,2,NULL),
(144,302008,"Travel allowance",9,1,"2018-03-10 03:15:08","2018-03-10 03:15:08",0,NULL,NULL,NULL,"??? ???",1,1,2,NULL),
(145,302009,"Transportation Expenses",9,1,"2018-03-10 03:15:08","2018-03-10 03:15:08",0,NULL,NULL,NULL,"?????? ???",1,1,2,NULL),
(146,302010,"Food Allowances",9,1,"2018-03-10 03:15:08","2018-03-10 03:15:08",0,NULL,NULL,NULL,"??? ????",1,1,2,NULL),
(147,302011,"Other allowances",9,1,"2018-03-10 03:15:08","2018-03-10 03:15:08",0,NULL,NULL,NULL,"????? ????",1,1,2,NULL),
(148,302012,"Employees Social Security expenses",9,1,"2018-03-10 03:15:08","2018-03-10 03:15:08",0,NULL,NULL,NULL,"????? ???? ?????????",1,1,2,NULL),
(149,302014,"Governmental Fees",9,1,"2018-03-10 03:15:08","2018-03-10 03:15:08",0,NULL,NULL,NULL,"???? ??????",1,1,2,NULL),
(150,302015,"Insurance expenses",9,1,"2018-03-10 03:15:08","2018-03-10 03:15:08",0,NULL,NULL,NULL,"????? ?????",1,1,2,NULL),
(151,302016,"Uniform expenses",9,1,"2018-03-10 03:15:08","2018-03-10 03:15:08",0,NULL,NULL,NULL,"????? ???? ??????",1,1,2,NULL),
(152,302017,"Oil and Gas",9,1,"2018-03-10 03:15:08","2018-03-10 03:15:08",0,NULL,NULL,NULL,"??? ????",1,1,2,NULL),
(153,302018,"Plant & Building maintenance",9,1,"2018-03-10 03:15:08","2018-03-10 03:15:08",0,NULL,NULL,NULL,"????? ???? ??????",1,1,2,NULL),
(154,302019,"Office Supplies",9,1,"2018-03-10 03:15:08","2018-03-10 03:15:08",0,NULL,NULL,NULL,"??????? ??????",1,1,2,NULL),
(155,302020,"Stationery",9,1,"2018-03-10 03:15:08","2018-03-10 03:15:08",0,NULL,NULL,NULL,"???????",1,1,2,NULL),
(156,302021,"Electricity & Water",9,1,"2018-03-10 03:15:08","2018-03-10 03:15:08",0,NULL,NULL,NULL,"?????? ?????",1,1,2,NULL),
(157,302023,"Advertisement",9,1,"2018-03-10 03:15:08","2018-03-10 03:15:08",0,NULL,NULL,NULL,"?????",1,1,2,NULL),
(158,302026,"Translation Expenses",9,1,"2018-03-10 03:15:08","2018-03-10 03:15:08",0,NULL,NULL,NULL,"????? ?????",1,1,2,NULL),
(159,302027,"Internet Expenses",9,1,"2018-03-10 03:15:08","2018-03-10 03:15:08",0,NULL,NULL,NULL,"????? ??????",1,1,2,NULL),
(160,302028,"Communication Expenses",9,1,"2018-03-10 03:15:08","2018-03-10 03:15:08",0,NULL,NULL,NULL,"????? ???????",1,1,2,NULL),
(161,302029,"Lawyer Fees",9,1,"2018-03-10 03:15:08","2018-03-10 03:15:08",0,NULL,NULL,NULL,"???? ??????",1,1,2,NULL),
(162,302030,"Other expenses",9,1,"2018-03-10 03:15:08","2018-03-10 03:15:08",0,NULL,NULL,NULL,"?????? ????",1,1,2,NULL),
(163,302031,"Compensation and Fines",9,1,"2018-03-10 03:15:08","2018-03-10 03:15:08",0,NULL,NULL,NULL,"????????? ?????????",1,1,2,NULL),
(164,302032,"Gifts",9,1,"2018-03-10 03:15:08","2018-03-10 03:15:08",0,NULL,NULL,NULL,"?????",1,1,2,NULL),
(165,302033,"Audit fees",9,1,"2018-03-10 03:15:08","2018-03-10 03:15:08",0,NULL,NULL,NULL,"???? ?????",1,1,2,NULL),
(166,302036,"External Staff",9,1,"2018-03-10 03:15:08","2018-03-10 03:15:08",0,NULL,NULL,NULL,"???? ???? ???????",1,1,2,NULL),
(167,302038,"Maintenance Vehicles",9,1,"2018-03-10 03:15:08","2018-03-10 03:15:08",0,NULL,NULL,NULL,"????? ?????? ?????? ?????",1,1,2,NULL),
(168,302039,"Hospitality & banquets",9,1,"2018-03-10 03:15:08","2018-03-10 03:15:08",0,NULL,NULL,NULL,"????? ? ?????",1,1,2,NULL),
(169,302040,"Sales Discount",9,1,"2018-03-10 03:15:08","2018-03-10 03:15:08",0,NULL,NULL,NULL,"??? ??????",1,1,2,NULL),
(170,302041,"Transport and shipment sales",9,1,"2018-03-10 03:15:08","2018-03-10 03:15:08",0,NULL,NULL,NULL,"??? ???? ??????",1,1,2,NULL),
(171,302042,"Cleaning Expences",9,1,"2018-03-10 03:15:08","2018-03-10 03:15:08",0,NULL,NULL,NULL,"????? ?????",1,1,2,NULL),
(172,302043,"Equipment and supplies Expenses",9,1,"2018-03-10 03:15:08","2018-03-10 03:15:08",0,NULL,NULL,NULL,"????? ??????? ??????",1,1,2,NULL),
(173,302044,"Fuel Vehicles",9,1,"2018-03-10 03:15:08","2018-03-10 03:15:08",0,NULL,NULL,NULL,"???? ??????",1,1,2,NULL),
(174,302045,"Postage & Delivery",9,1,"2018-03-10 03:15:08","2018-03-10 03:15:08",0,NULL,NULL,NULL,"?????? ? ?????",1,1,2,NULL),
(175,302046,"Commission remittances",9,1,"2018-03-10 03:15:08","2018-03-10 03:15:08",0,NULL,NULL,NULL,"????? ??????",1,1,2,NULL),
(176,302047,"Travel expenses and residencies",9,1,"2018-03-10 03:15:08","2018-03-10 03:15:08",0,NULL,NULL,NULL,"?????? ??? ???????",1,1,2,NULL),
(177,302049,"Rent Expences",9,1,"2018-03-10 03:15:08","2018-03-10 03:15:08",0,NULL,NULL,NULL,"????? ????",1,1,2,NULL),
(178,302051,"Fire expense",9,1,"2018-03-10 03:15:08","2018-03-10 03:15:08",0,NULL,NULL,NULL,"????? ????",1,1,2,NULL),
(179,302052,"Sales Commission",9,1,"2018-03-10 03:15:08","2018-03-10 03:15:08",0,NULL,NULL,NULL,"????? ??????",1,1,2,NULL),
(180,302053,"Hajar Group Zakho Office Expences",9,1,"2018-03-10 03:15:08","2018-03-10 03:15:08",0,NULL,NULL,NULL,"?????? ???? ???? ???? ?? ????",1,1,2,NULL),
(181,304001,"Bank Charges",9,1,"2018-03-10 03:15:08","2018-03-10 03:15:08",0,NULL,NULL,NULL,"?????? ?????",1,1,2,NULL),
(182,304002,"Bank Loan Interests",9,1,"2018-03-10 03:15:08","2018-03-10 03:15:08",0,NULL,NULL,NULL,"????? ???? ?????",1,1,2,NULL),
(183,304003,"Exchange Rate",9,1,"2018-03-10 03:15:08","2018-03-10 03:15:08",0,NULL,NULL,NULL,"?????? ???? ????? ?????",1,1,2,NULL),
(184,305001,"Income Tax expenses",9,1,"2018-03-10 03:15:08","2018-03-10 03:15:08",0,NULL,NULL,NULL,"????? ????? ?????",1,1,2,NULL),
(185,306001,"Depreciation Machines and equipment",9,1,"2018-03-10 03:15:08","2018-03-10 03:15:08",0,NULL,NULL,NULL,"????? ?????? ???? ??????",1,1,2,NULL),
(186,306002,"Depreciation Plant Construction",9,1,"2018-03-10 03:15:08","2018-03-10 03:15:08",0,NULL,NULL,NULL,"?????",1,1,2,NULL),
(187,306003,"Depreciation lands",9,1,"2018-03-10 03:15:08","2018-03-10 03:15:08",0,NULL,NULL,NULL,"????? ?????? ?????",1,1,2,NULL),
(188,306004,"Depreciation Vehicles",9,1,"2018-03-10 03:15:08","2018-03-10 03:15:08",0,NULL,NULL,NULL,"????? ?????? ????? ???",1,1,2,NULL),
(189,306005,"Depreciation Tools",9,1,"2018-03-10 03:15:08","2018-03-10 03:15:08",0,NULL,NULL,NULL,"????? ?????? ???",1,1,2,NULL),
(190,306006,"Depreciation Furniture",9,1,"2018-03-10 03:15:08","2018-03-10 03:15:08",0,NULL,NULL,NULL,"????? ?????? ????",1,1,2,NULL),
(191,306007,"Depreciation Air Conditioner",9,1,"2018-03-10 03:15:08","2018-03-10 03:15:08",0,NULL,NULL,NULL,"????? ?????? ??????? ???????",1,1,2,NULL),
(192,306008,"Depreciation computers",9,1,"2018-03-10 03:15:08","2018-03-10 03:15:08",0,NULL,NULL,NULL,"????? ?????? ?????? ?????????",1,1,2,NULL),
(193,306009,"Depreciation printers",9,1,"2018-03-10 03:15:08","2018-03-10 03:15:08",0,NULL,NULL,NULL,"????? ?????? ??????",1,1,2,NULL),
(194,306010,"Depreciation office equipment",9,1,"2018-03-10 03:15:08","2018-03-10 03:15:08",0,NULL,NULL,NULL,"????? ?????? ??????? ??????",1,1,2,NULL),
(195,306011,"Depreciation curtain and carpets",9,1,"2018-03-10 03:15:08","2018-03-10 03:15:08",0,NULL,NULL,NULL,"????? ?????? ??????? ??????????",1,1,2,NULL),
(196,306012,"Depreciation Generators",9,1,"2018-03-10 03:15:08","2018-03-10 03:15:08",0,NULL,NULL,NULL,"????? ?????? ????????",1,1,2,NULL),
(197,401001,"Sales Revenue",15,1,"2018-03-10 03:15:08","2018-03-10 03:15:08",0,NULL,NULL,NULL,"??????? ??????",1,0,2,NULL),
(198,401002,"Sales Revenue - Services",15,1,"2018-03-10 03:15:08","2018-03-10 03:15:08",0,NULL,NULL,NULL,"??????? ?????? - ?????",1,0,2,NULL),
(199,403001,"Other revenue",15,1,"2018-03-10 03:15:08","2018-03-10 03:15:08",0,NULL,NULL,NULL,"??????? ????",1,0,2,NULL),
(203,117001,"Defferred Revenue Expenditure",2,NULL,"2018-04-22 04:38:34","2018-04-22 04:38:34",0,NULL,NULL,NULL,"Ù?ØµØ§Ø±Ù?Ù Ø§Ù?Ø±Ø§Ø¯Ø§Ù?Ø© Ù?Ø¤Ø¬Ù?Ø©",NULL,NULL,2,NULL),
(204,302003,"Daily Base workers fees",9,NULL,"2018-04-22 08:09:02","2018-04-22 08:09:02",0,"wages",NULL,NULL,NULL,NULL,NULL,2,NULL),
(205,302005,"Salaries of Operation Dep",9,NULL,"2018-04-22 08:10:09","2018-04-22 08:10:09",0,"Overhead",NULL,NULL,NULL,NULL,NULL,2,NULL),
(206,302013,"Salaries of Marketing Dep",9,NULL,"2018-04-22 08:12:46","2018-04-22 08:12:46",0,NULL,NULL,NULL,NULL,NULL,NULL,2,NULL),
(207,302022,"Adminstration Expenses",9,NULL,"2018-04-22 08:25:13","2018-04-22 08:25:13",0,NULL,NULL,NULL,NULL,NULL,NULL,2,NULL),
(208,302024,"Tips & Bouns",9,NULL,"2018-04-22 08:42:43","2018-04-22 08:42:43",0,NULL,NULL,NULL,NULL,NULL,NULL,2,NULL),
(209,403002,"Shared Expenses From Joto - Other Revenues",15,NULL,"2018-04-22 09:03:39","2018-04-22 09:03:39",0,NULL,NULL,NULL,NULL,NULL,NULL,2,NULL),
(210,263002,"Credit Current Account - Joto Tank Steel Company",11,NULL,"2018-04-23 07:14:58","2018-04-23 07:14:58",0,NULL,NULL,NULL,NULL,NULL,NULL,2,NULL),
(211,302025,"Support Contract",9,NULL,"2018-05-02 09:07:54","2018-05-02 09:07:54",0,NULL,NULL,NULL,NULL,NULL,NULL,2,NULL),
(212,302034,"Previous year expenses",9,NULL,"2018-05-02 09:18:23","2018-05-02 09:18:23",0,NULL,NULL,NULL,NULL,NULL,NULL,2,NULL),
(213,302035,"End Of Services",9,NULL,"2018-05-02 09:19:14","2018-05-02 09:19:14",0,NULL,NULL,NULL,NULL,NULL,NULL,2,NULL),
(214,403003,"Shared Profit & Loss with Joto Still",15,NULL,"2018-05-05 21:04:53","2018-05-05 21:04:53",0,NULL,NULL,NULL,NULL,NULL,NULL,2,NULL),
(215,263001,"Credit Current Account - Salah Addin Holding",11,NULL,"2018-05-07 08:53:20","2018-05-07 08:53:20",0,NULL,NULL,NULL,NULL,NULL,NULL,2,NULL),
(216,163006,"Debit Current Accounts - Salah Addin Holding",1,NULL,"2018-05-07 08:55:23","2018-05-07 08:55:23",0,NULL,NULL,NULL,NULL,NULL,NULL,2,NULL),
(217,162000,"Advance to suppliers",1,NULL,"2018-05-07 09:02:33","2018-05-07 09:02:33",0,NULL,NULL,NULL,NULL,NULL,NULL,2,NULL),
(218,401003,"Sales revenues - Wastege",15,NULL,"2018-05-14 09:39:03","2018-05-14 09:39:03",0,NULL,NULL,NULL,NULL,NULL,NULL,2,NULL),
(219,161001,"Unapplied Receipts",1,NULL,"2018-05-31 07:12:11","2018-05-31 07:12:11",0,NULL,NULL,NULL,NULL,NULL,NULL,2,NULL),
(220,18200001,"RT Bank ",1,NULL,"2018-08-02 04:02:34","2018-08-02 04:02:34",0,NULL,NULL,NULL,NULL,NULL,NULL,2,107);


DROP TABLE accounttypes;

CREATE TABLE `accounttypes` (
  `AccountTypeId` bigint(20) NOT NULL AUTO_INCREMENT,
  `Name` varchar(500) DEFAULT NULL,
  `AccountGroupId` bigint(20) DEFAULT NULL,
  `IncreaseOnDebit` tinyint(1) DEFAULT NULL,
  PRIMARY KEY (`AccountTypeId`),
  KEY `FK_AccountTypes_AccountGroups` (`AccountGroupId`),
  CONSTRAINT `FK_AccountTypes_AccountGroups` FOREIGN KEY (`AccountGroupId`) REFERENCES `accountgroups` (`AccountGroupId`) ON DELETE NO ACTION ON UPDATE NO ACTION
) ENGINE=InnoDB AUTO_INCREMENT=18 DEFAULT CHARSET=utf8mb3 COLLATE=utf8mb3_general_ci;

INSERT INTO accounttypes VALUES
(1,"CurrentAsset",1,1),
(2,"FixedAsset",1,1),
(3,"Inventory",1,1),
(4,"NonCurrentAsset",1,1),
(5,"Prepayments",1,1),
(6,"Equity",2,0),
(7,"Depreciation",3,1),
(8,"DirectCosts",3,1),
(9,"Expenses",3,1),
(10,"Overhead",3,1),
(11,"CurrentLiability",4,0),
(12,"Liability",4,0),
(13,"NonCurrentLiability",4,0),
(14,"OtherIncome",5,0),
(15,"Revenue",5,0),
(17,"Sale",5,0);


DROP TABLE attendance_actual_logs;

CREATE TABLE `attendance_actual_logs` (
  `LogId` bigint(20) NOT NULL AUTO_INCREMENT,
  `empId` int(11) DEFAULT NULL,
  `LogDate` datetime DEFAULT NULL,
  `Temp` tinyint(1) DEFAULT NULL,
  `Status` tinyint(1) DEFAULT NULL,
  `Mode` tinyint(1) DEFAULT NULL,
  `Lt` varchar(250) DEFAULT NULL,
  `Lng` varchar(250) DEFAULT NULL,
  `Processed` int(1) DEFAULT 0 COMMENT '0: not Processed, 1: Processed',
  PRIMARY KEY (`LogId`)
) ENGINE=InnoDB DEFAULT CHARSET=utf8mb3 COLLATE=utf8mb3_general_ci;

DROP TABLE attendance_inout_logs;

CREATE TABLE `attendance_inout_logs` (
  `logId` int(11) NOT NULL AUTO_INCREMENT,
  `checkin` datetime DEFAULT NULL,
  `creationDate` datetime DEFAULT NULL,
  `inlat` varchar(120) DEFAULT NULL,
  `outlat` varchar(120) DEFAULT NULL,
  `inlng` varchar(120) DEFAULT NULL,
  `outlng` varchar(120) DEFAULT NULL,
  `checkout` datetime DEFAULT NULL,
  `empId` int(11) DEFAULT NULL,
  `generatedlogId` int(11) DEFAULT -1,
  PRIMARY KEY (`logId`),
  KEY `Employee` (`empId`)
) ENGINE=InnoDB DEFAULT CHARSET=utf8mb3 COLLATE=utf8mb3_general_ci;

DROP TABLE attendance_log_details;

CREATE TABLE `attendance_log_details` (
  `detailsId` int(11) NOT NULL AUTO_INCREMENT,
  `timesheet_id` int(11) DEFAULT -1,
  `generatedLogId` int(11) DEFAULT NULL,
  `empId` int(11) DEFAULT -1,
  `inoutDate` date DEFAULT NULL,
  `late` int(11) DEFAULT NULL,
  `overtime` int(11) DEFAULT NULL,
  `earlyleave` int(11) DEFAULT NULL,
  `minutesworked` int(11) DEFAULT 0,
  `leave_minutes` int(11) DEFAULT NULL,
  `leave_early` int(11) DEFAULT NULL,
  `leave_late` int(11) DEFAULT NULL,
  `leave_overtime` int(11) DEFAULT NULL,
  `check_in` time DEFAULT NULL,
  `check_out` time DEFAULT NULL,
  `is_absent` int(1) DEFAULT NULL,
  `is_fullday_leave` int(1) DEFAULT NULL,
  `is_holiday` int(1) DEFAULT NULL,
  `has_check_in` int(1) DEFAULT NULL,
  `has_check_out` int(1) DEFAULT NULL,
  `has_leave` int(1) DEFAULT NULL,
  `check_logs` varchar(350) DEFAULT NULL,
  `leave_logs` varchar(350) DEFAULT NULL,
  `logcomment` varchar(500) DEFAULT NULL,
  PRIMARY KEY (`detailsId`),
  KEY `LogId` (`generatedLogId`)
) ENGINE=InnoDB DEFAULT CHARSET=utf8mb3 COLLATE=utf8mb3_general_ci;

DROP TABLE attendance_logs;

CREATE TABLE `attendance_logs` (
  `logId` int(11) NOT NULL AUTO_INCREMENT,
  `creationDate` datetime DEFAULT current_timestamp(),
  `from` datetime DEFAULT NULL,
  `to` datetime DEFAULT NULL,
  `Deleted` tinyint(1) NOT NULL DEFAULT 0,
  PRIMARY KEY (`logId`)
) ENGINE=InnoDB DEFAULT CHARSET=utf8mb3 COLLATE=utf8mb3_general_ci;

DROP TABLE attendance_shifts;

CREATE TABLE `attendance_shifts` (
  `shiftId` int(11) NOT NULL AUTO_INCREMENT,
  `shiftName` varchar(50) NOT NULL,
  `cycleNo` int(3) DEFAULT 1,
  `unitCycle` enum('Week','Day','Month') DEFAULT NULL,
  `data` mediumtext NOT NULL,
  `beginningDate` date DEFAULT NULL,
  `Deleted` tinyint(1) NOT NULL,
  PRIMARY KEY (`shiftId`)
) ENGINE=InnoDB DEFAULT CHARSET=utf8mb3 COLLATE=utf8mb3_general_ci COMMENT='\r\n';

DROP TABLE attendance_timesheet;

CREATE TABLE `attendance_timesheet` (
  `timesheetId` int(11) NOT NULL AUTO_INCREMENT,
  `timetableName` varchar(50) NOT NULL DEFAULT '0',
  `onDuty` varchar(10) DEFAULT '0',
  `offDuty` varchar(10) DEFAULT '0',
  `late` varchar(10) DEFAULT '0',
  `leaveEarly` varchar(10) DEFAULT '0',
  `beginningIn` varchar(10) DEFAULT '0',
  `endingIn` varchar(10) DEFAULT '0',
  `beginningOut` varchar(10) DEFAULT '0',
  `endingOut` varchar(10) DEFAULT '0',
  `workday` varchar(10) DEFAULT '0',
  `minute` varchar(10) DEFAULT '0',
  `shiftTimeId` int(11) DEFAULT 0,
  `Deleted` tinyint(1) DEFAULT 0,
  PRIMARY KEY (`timesheetId`)
) ENGINE=InnoDB DEFAULT CHARSET=utf8mb3 COLLATE=utf8mb3_general_ci;

DROP TABLE bankaccounts;

CREATE TABLE `bankaccounts` (
  `BankAccountId` bigint(20) NOT NULL AUTO_INCREMENT,
  `BankId` bigint(20) DEFAULT NULL,
  `Name` varchar(500) DEFAULT NULL,
  `AccountNo` varchar(500) DEFAULT NULL,
  `IBAN` varchar(500) DEFAULT NULL,
  `AccountId` bigint(20) DEFAULT NULL,
  `CurrencyId` bigint(20) DEFAULT NULL,
  `Deleted` tinyint(1) DEFAULT 0,
  PRIMARY KEY (`BankAccountId`),
  KEY `FK_BankAccounts_Accounts` (`AccountId`),
  KEY `FK_BankID_idx` (`BankId`),
  KEY `FK_CurrencyId_idx` (`CurrencyId`),
  CONSTRAINT `FK_BankAccounts_Accounts` FOREIGN KEY (`AccountId`) REFERENCES `accounts_backup` (`AccountId`) ON DELETE NO ACTION ON UPDATE NO ACTION,
  CONSTRAINT `FK_BankID` FOREIGN KEY (`BankId`) REFERENCES `banks` (`BankId`) ON DELETE NO ACTION ON UPDATE NO ACTION,
  CONSTRAINT `FK_Currencies` FOREIGN KEY (`CurrencyId`) REFERENCES `currencies` (`CurrencyId`) ON DELETE NO ACTION ON UPDATE NO ACTION
) ENGINE=InnoDB DEFAULT CHARSET=utf8mb3 COLLATE=utf8mb3_general_ci;

DROP TABLE banks;

CREATE TABLE `banks` (
  `BankId` bigint(20) NOT NULL AUTO_INCREMENT,
  `Name` varchar(500) DEFAULT NULL,
  `Branch` varchar(500) DEFAULT NULL,
  `BranchNo` varchar(500) DEFAULT NULL,
  `Deleted` tinyint(1) DEFAULT 0,
  `CreateDate` datetime DEFAULT NULL,
  `ModificationDate` datetime DEFAULT NULL,
  `CreatedByUserId` bigint(20) DEFAULT NULL,
  `ModifiedByUserId` bigint(20) DEFAULT NULL,
  `Notes` longtext DEFAULT NULL,
  PRIMARY KEY (`BankId`)
) ENGINE=InnoDB DEFAULT CHARSET=utf8mb3 COLLATE=utf8mb3_general_ci;

DROP TABLE categorybrands;

CREATE TABLE `categorybrands` (
  `id` int(11) NOT NULL AUTO_INCREMENT,
  `CategoryId` int(11) NOT NULL,
  `ManufacturerId` int(11) NOT NULL,
  PRIMARY KEY (`id`)
) ENGINE=InnoDB DEFAULT CHARSET=utf8mb3 COLLATE=utf8mb3_general_ci;

DROP TABLE cities;

CREATE TABLE `cities` (
  `CityId` bigint(20) NOT NULL AUTO_INCREMENT,
  `Name` varchar(500) DEFAULT NULL,
  `CreateDate` datetime DEFAULT NULL,
  `ModificationDate` datetime DEFAULT NULL,
  `Deleted` tinyint(1) DEFAULT NULL,
  `Notes` longtext DEFAULT NULL,
  `CreatedByUserId` bigint(20) DEFAULT NULL,
  `ModifiedByUserId` bigint(20) DEFAULT NULL,
  `CountryId` bigint(20) DEFAULT NULL,
  PRIMARY KEY (`CityId`),
  KEY `FK_Cities_Countries` (`CountryId`),
  CONSTRAINT `FK_Cities_Countries` FOREIGN KEY (`CountryId`) REFERENCES `countries` (`CountryId`) ON DELETE NO ACTION ON UPDATE NO ACTION
) ENGINE=InnoDB AUTO_INCREMENT=4 DEFAULT CHARSET=utf8mb3 COLLATE=utf8mb3_general_ci;

INSERT INTO cities VALUES
(2,"Irbil",NULL,NULL,NULL,NULL,NULL,NULL,273),
(3,"IRAQ",NULL,NULL,NULL,NULL,NULL,NULL,108);


DROP TABLE citiesandtowns;

CREATE TABLE `citiesandtowns` (
  `CityAndTownId` bigint(20) NOT NULL AUTO_INCREMENT,
  `Name` varchar(500) DEFAULT NULL,
  `CityId` bigint(20) DEFAULT NULL,
  `Notes` text DEFAULT NULL,
  PRIMARY KEY (`CityAndTownId`),
  KEY `city id_idx` (`CityId`)
) ENGINE=InnoDB AUTO_INCREMENT=28 DEFAULT CHARSET=utf8mb3 COLLATE=utf8mb3_general_ci;

INSERT INTO citiesandtowns VALUES
(1,"Erbil",1,NULL),
(2,"Sulaymanieh",2,NULL),
(3,"Duhok",1,NULL),
(4,"Kirkuk",2,NULL),
(5,"Halabja",2,NULL),
(6,"Baghdad",2,NULL),
(7,"Mosel",2,NULL),
(8,"Samara",2,NULL),
(9,"Rumadi",2,NULL),
(10,"Karbala",1,NULL),
(11,"Najaf",1,NULL),
(12,"Basrah",1,NULL),
(13,"Talafar",2,NULL),
(14,"Qaim",2,NULL),
(15,"Rutba",1,NULL),
(16,"Nasiryah",1,NULL),
(17,"Umm Qasr",2,NULL),
(18,"Other",2,NULL),
(25,"Town1",8,NULL),
(26,NULL,3,NULL),
(27,"ERBIL",3,NULL);


DROP TABLE clinic_visit_items;

CREATE TABLE `clinic_visit_items` (
  `ItemTransactionItemId` bigint(20) NOT NULL AUTO_INCREMENT,
  `ItemTransactionId` bigint(20) DEFAULT NULL,
  `ItemId` bigint(20) DEFAULT NULL,
  `InventoryId` bigint(20) DEFAULT NULL,
  `SecondInventoryId` bigint(20) DEFAULT NULL,
  `Quantity` decimal(18,6) DEFAULT NULL,
  `Price` decimal(19,4) DEFAULT NULL,
  `StockPrice` decimal(19,4) DEFAULT NULL,
  `SellPrice` decimal(19,4) DEFAULT NULL,
  `Deleted` tinyint(1) DEFAULT 0,
  `InventoryTransactionDate` date DEFAULT NULL,
  `ItemTransactionTypeId` bigint(20) DEFAULT NULL,
  `LotNumber` varchar(500) DEFAULT NULL,
  `InventoryMovementTypeId` bigint(20) DEFAULT NULL,
  `ExpireDate` date DEFAULT NULL,
  `TransactionId` bigint(20) DEFAULT NULL,
  `ItemUnitId` bigint(20) DEFAULT NULL,
  `ContactId` bigint(20) DEFAULT NULL,
  `Total` decimal(19,4) DEFAULT NULL,
  `CreateDate` datetime DEFAULT current_timestamp(),
  `ServiceType` int(11) DEFAULT NULL,
  `ItemTypeId` bigint(20) DEFAULT NULL,
  `SerialNo` varchar(100) DEFAULT NULL,
  `EffectsItemTransactionItemId` bigint(20) DEFAULT NULL,
  `note` varchar(250) NOT NULL,
  PRIMARY KEY (`ItemTransactionItemId`),
  KEY `FK_InventoryTransactionItems_Contacts` (`ContactId`),
  KEY `FK_InventoryTransactionItems_Inventories` (`InventoryId`),
  KEY `FK_InventoryTransactionItems_Inventories1` (`SecondInventoryId`),
  KEY `FK_InventoryTransactionItems_InventoryItemUnits` (`ItemUnitId`),
  KEY `FK_InventoryTransactionItems_InventoryMovementTypes` (`InventoryMovementTypeId`),
  KEY `FK_InventoryTransactionItems_Transactions` (`TransactionId`),
  KEY `FK_ItemTransactionItems_Items` (`ItemId`),
  KEY `FK_ItemTransactionItems_ItemTransactions` (`ItemTransactionId`),
  KEY `FK_ItemTransactionItems_ItemTransactionTypes` (`ItemTransactionTypeId`),
  KEY `FK_ItemTransactionItems_ItemTypes` (`ItemTypeId`),
  KEY `FK_SELF` (`EffectsItemTransactionItemId`)
) ENGINE=InnoDB DEFAULT CHARSET=utf8mb3 COLLATE=utf8mb3_general_ci;

DROP TABLE clinic_visits;

CREATE TABLE `clinic_visits` (
  `ClinicVisitId` int(11) NOT NULL AUTO_INCREMENT,
  `VisitDate` date NOT NULL,
  `PatientId` int(11) NOT NULL,
  `DoctorId` int(11) DEFAULT NULL,
  `CreateDate` date NOT NULL,
  `CreatedByUserId` int(11) NOT NULL,
  `ModificationDate` date DEFAULT NULL,
  `ModifiedByUserId` int(11) DEFAULT NULL,
  `Deleted` tinyint(1) NOT NULL DEFAULT 0,
  `DocumentReference` int(25) DEFAULT NULL,
  `Notes` text DEFAULT NULL,
  `Attachment` varchar(512) DEFAULT NULL,
  PRIMARY KEY (`ClinicVisitId`)
) ENGINE=InnoDB DEFAULT CHARSET=utf8mb3 COLLATE=utf8mb3_general_ci;

DROP TABLE contacts;

CREATE TABLE `contacts` (
  `ContactId` bigint(20) NOT NULL AUTO_INCREMENT,
  `CreateDate` datetime DEFAULT NULL,
  `ModificationDate` datetime DEFAULT NULL,
  `Notes` text DEFAULT NULL,
  `Deleted` tinyint(1) DEFAULT 0,
  `CreatedByUserId` bigint(20) DEFAULT NULL,
  `ModifiedByUserId` bigint(20) DEFAULT NULL,
  `ContactTypeId` bigint(20) DEFAULT NULL,
  `Name` varchar(128) DEFAULT NULL,
  `Address` text DEFAULT NULL,
  `ContactPerson` text DEFAULT NULL,
  `ContactImage` text DEFAULT NULL,
  `Surname` varchar(128) DEFAULT NULL,
  `LocationId` bigint(20) DEFAULT NULL,
  `ContactNo` varchar(128) DEFAULT NULL,
  `AccountId` bigint(20) DEFAULT NULL,
  `Email` varchar(500) DEFAULT NULL,
  `CityAndTownId` bigint(20) DEFAULT NULL,
  `CountryId` bigint(20) DEFAULT NULL,
  `CityId` bigint(20) DEFAULT NULL,
  `AdvancedPaymentAccountId` int(11) DEFAULT NULL,
  `Type` tinyint(1) DEFAULT NULL COMMENT 'PatientType: 1: normal, 2:VIP',
  `NameKurdish` varchar(128) DEFAULT NULL,
  `MotherName` varchar(128) DEFAULT NULL,
  `FatherName` varchar(128) DEFAULT NULL,
  `Birthdate` date DEFAULT NULL,
  `Age` tinyint(4) DEFAULT NULL,
  `Gender` tinyint(1) DEFAULT NULL,
  `OrganizationId` int(20) DEFAULT NULL,
  `NationalityId` int(11) DEFAULT NULL,
  `Identity` varchar(64) DEFAULT NULL,
  `PassportNo` varchar(64) DEFAULT NULL,
  `BloodGroupId` tinyint(4) DEFAULT NULL,
  `Balance` text DEFAULT NULL,
  PRIMARY KEY (`ContactId`),
  KEY `FK_Contacts_Accounts` (`AccountId`),
  KEY `FK_Contacts_CitiesAndTowns` (`CityAndTownId`),
  KEY `FK_Contacts_ContactTypes` (`ContactTypeId`),
  KEY `FK_Contacts_Locations` (`LocationId`),
  KEY `city ID_idx` (`CityId`),
  KEY `country ID_idx` (`CountryId`)
) ENGINE=InnoDB AUTO_INCREMENT=165 DEFAULT CHARSET=utf8mb3 COLLATE=utf8mb3_general_ci;

INSERT INTO contacts VALUES
(1,NULL,NULL,NULL,0,NULL,NULL,8,"Kiton",NULL,NULL,"public/contacts/blank_profile.png",NULL,NULL,7505210007,NULL,NULL,NULL,NULL,NULL,NULL,NULL,NULL,NULL,NULL,NULL,NULL,NULL,NULL,NULL,NULL,NULL,NULL,"{\"group\":{\"1\":{\"a\":0,\"b\":0,\"s\":\"IQD\"},\"2\":{\"a\":0,\"b\":0,\"s\":\"$\"}},\"balance\":{\"APTotal\":3244779.0600000000558793544769287109375,\"APRemaining\":389180,\"ARTotal\":82670.300000000002910383045673370361328125,\"ARRemaining\":-73561}}"),
(2,NULL,NULL,NULL,1,NULL,NULL,1,"test first customer",NULL,NULL,"public/contacts/blank_profile.png",NULL,NULL,96400000000,NULL,NULL,NULL,NULL,NULL,NULL,NULL,NULL,NULL,NULL,NULL,NULL,NULL,NULL,NULL,NULL,NULL,NULL,"{\"group\":{\"1\":{\"a\":0,\"b\":0,\"s\":\"IQD\"},\"2\":{\"a\":0,\"b\":0,\"s\":\"$\"}},\"balance\":{\"APTotal\":0,\"APRemaining\":0,\"ARTotal\":0,\"ARRemaining\":0}}"),
(3,NULL,NULL,NULL,0,NULL,NULL,1,"bahzad",NULL,NULL,"public/contacts/1617181652.png",NULL,NULL,9647506889999,NULL,NULL,NULL,NULL,NULL,NULL,NULL,NULL,NULL,NULL,NULL,NULL,NULL,NULL,NULL,NULL,NULL,NULL,"{\"group\":{\"1\":{\"a\":0,\"b\":0,\"s\":\"IQD\"},\"2\":{\"a\":0,\"b\":0,\"s\":\"$\"}},\"balance\":{\"APTotal\":0,\"APRemaining\":0,\"ARTotal\":1658.5,\"ARRemaining\":-2.5}}"),
(4,NULL,NULL,NULL,0,NULL,NULL,1,"JKHSI","ERBIL IRAQ",NULL,"public/contacts/blank_profile.png","HOSTANI",NULL,7505210007,NULL,"-------@GMAIL.COM",NULL,108,NULL,NULL,NULL,NULL,NULL,NULL,NULL,NULL,NULL,NULL,NULL,NULL,NULL,NULL,"{\"group\":{\"1\":{\"a\":0,\"b\":0,\"s\":\"IQD\"},\"2\":{\"a\":0,\"b\":0,\"s\":\"$\"}},\"balance\":{\"APTotal\":23280,\"APRemaining\":0,\"ARTotal\":54661.5,\"ARRemaining\":12721.5}}"),
(5,NULL,NULL,NULL,0,NULL,NULL,1,"SERGEI","MOSKO","DANA","public/contacts/blank_profile.png","SERGEI",NULL,"0750 6889999",NULL,"......@GMAIL.COM",27,108,3,NULL,NULL,NULL,NULL,NULL,NULL,NULL,NULL,NULL,NULL,NULL,NULL,NULL,"{\"group\":{\"1\":{\"a\":0,\"b\":0,\"s\":\"IQD\"},\"2\":{\"a\":0,\"b\":0,\"s\":\"$\"}},\"balance\":{\"APTotal\":1190,\"APRemaining\":0,\"ARTotal\":24827,\"ARRemaining\":7387}}"),
(6,NULL,NULL,NULL,0,NULL,NULL,1,"Hawraz",NULL,NULL,"public/contacts/blank_profile.png",NULL,NULL,67856785678,NULL,NULL,NULL,NULL,NULL,NULL,NULL,NULL,NULL,NULL,NULL,NULL,NULL,NULL,NULL,NULL,NULL,NULL,"{\"group\":{\"1\":{\"a\":0,\"b\":0,\"s\":\"IQD\"},\"2\":{\"a\":0,\"b\":0,\"s\":\"$\"}},\"balance\":{\"APTotal\":0,\"APRemaining\":0,\"ARTotal\":1230,\"ARRemaining\":1120}}"),
(7,NULL,NULL,NULL,0,NULL,NULL,1,"LAVA",NULL,NULL,"public/contacts/blank_profile.png",NULL,NULL,9647505210007,NULL,NULL,NULL,NULL,NULL,NULL,NULL,NULL,NULL,NULL,NULL,NULL,NULL,NULL,NULL,NULL,NULL,NULL,"{\"group\":{\"1\":{\"a\":0,\"b\":0,\"s\":\"IQD\"},\"2\":{\"a\":0,\"b\":0,\"s\":\"$\"}},\"balance\":{\"APTotal\":0,\"APRemaining\":0,\"ARTotal\":0,\"ARRemaining\":0}}"),
(8,NULL,NULL,NULL,0,NULL,NULL,1,"RAGIB SEN",NULL,NULL,"public/contacts/blank_profile.png",NULL,NULL,9647503126555,NULL,NULL,NULL,NULL,NULL,NULL,NULL,NULL,NULL,NULL,NULL,NULL,NULL,NULL,NULL,NULL,NULL,NULL,"{\"group\":{\"1\":{\"a\":0,\"b\":0,\"s\":\"IQD\"},\"2\":{\"a\":0,\"b\":0,\"s\":\"$\"}},\"balance\":{\"APTotal\":0,\"APRemaining\":0,\"ARTotal\":47608.25,\"ARRemaining\":897.25}}"),
(9,NULL,NULL,NULL,0,NULL,NULL,1,"BAGHDAD SHOWROOM",NULL,NULL,"public/contacts/blank_profile.png",NULL,NULL,9647811116000,NULL,NULL,NULL,NULL,NULL,NULL,NULL,NULL,NULL,NULL,NULL,NULL,NULL,NULL,NULL,NULL,NULL,NULL,"{\"group\":{\"1\":{\"a\":0,\"b\":0,\"s\":\"IQD\"},\"2\":{\"a\":0,\"b\":0,\"s\":\"$\"}},\"balance\":{\"APTotal\":0,\"APRemaining\":0,\"ARTotal\":40765,\"ARRemaining\":39765}}"),
(10,NULL,NULL,NULL,0,NULL,NULL,1,"ALI (KHOSHNAW-GROUP)",NULL,NULL,"public/contacts/blank_profile.png",NULL,NULL,9647500000000,NULL,NULL,NULL,NULL,NULL,NULL,NULL,NULL,NULL,NULL,NULL,NULL,NULL,NULL,NULL,NULL,NULL,NULL,"{\"group\":{\"1\":{\"a\":0,\"b\":0,\"s\":\"IQD\"},\"2\":{\"a\":0,\"b\":0,\"s\":\"$\"}},\"balance\":{\"APTotal\":9105,\"APRemaining\":0,\"ARTotal\":58718.5,\"ARRemaining\":-2134.5}}"),
(11,NULL,NULL,NULL,0,NULL,NULL,1,"BAGHDAD SHOW ROOM",NULL,NULL,"public/contacts/blank_profile.png",NULL,NULL,9647500000001,NULL,NULL,NULL,NULL,NULL,NULL,NULL,NULL,NULL,NULL,NULL,NULL,NULL,NULL,NULL,NULL,NULL,NULL,"{\"group\":{\"1\":{\"a\":0,\"b\":0,\"s\":\"IQD\"},\"2\":{\"a\":0,\"b\":0,\"s\":\"$\"}},\"balance\":{\"APTotal\":0,\"APRemaining\":0,\"ARTotal\":740,\"ARRemaining\":740}}"),
(12,NULL,NULL,NULL,0,NULL,NULL,1,"ALI(MUHAMAD KHOSHNAW)",NULL,NULL,"public/contacts/blank_profile.png",NULL,NULL,9647504779999,NULL,NULL,NULL,NULL,NULL,NULL,NULL,NULL,NULL,NULL,NULL,NULL,NULL,NULL,NULL,NULL,NULL,NULL,"{\"group\":{\"1\":{\"a\":0,\"b\":0,\"s\":\"IQD\"},\"2\":{\"a\":0,\"b\":0,\"s\":\"$\"}},\"balance\":{\"APTotal\":0,\"APRemaining\":0,\"ARTotal\":47076,\"ARRemaining\":27454}}"),
(13,NULL,NULL,NULL,0,NULL,NULL,1,"SARMAT(ABDULLA KHOSHNAW)",NULL,NULL,"public/contacts/blank_profile.png",NULL,NULL,9647502400440,NULL,NULL,NULL,NULL,NULL,NULL,NULL,NULL,NULL,NULL,NULL,NULL,NULL,NULL,NULL,NULL,NULL,NULL,"{\"group\":{\"1\":{\"a\":0,\"b\":0,\"s\":\"IQD\"},\"2\":{\"a\":0,\"b\":0,\"s\":\"$\"}},\"balance\":{\"APTotal\":0,\"APRemaining\":0,\"ARTotal\":3420.5500000000001818989403545856475830078125,\"ARRemaining\":530.049999999999954525264911353588104248046875}}"),
(14,NULL,NULL,NULL,0,NULL,NULL,1,"Abu Ali",NULL,NULL,"public/contacts/blank_profile.png",NULL,NULL,9647500000002,NULL,NULL,NULL,NULL,NULL,NULL,NULL,NULL,NULL,NULL,NULL,NULL,NULL,NULL,NULL,NULL,NULL,NULL,"{\"group\":{\"1\":{\"a\":0,\"b\":0,\"s\":\"IQD\"},\"2\":{\"a\":0,\"b\":0,\"s\":\"$\"}},\"balance\":{\"APTotal\":0,\"APRemaining\":0,\"ARTotal\":15437.5,\"ARRemaining\":0}}"),
(15,NULL,NULL,NULL,0,NULL,NULL,1,"SABRI OZEL",NULL,NULL,"public/contacts/blank_profile.png",NULL,NULL,7505210006,NULL,NULL,NULL,NULL,NULL,NULL,NULL,NULL,NULL,NULL,NULL,NULL,NULL,NULL,NULL,NULL,NULL,NULL,"{\"group\":{\"1\":{\"a\":0,\"b\":0,\"s\":\"IQD\"},\"2\":{\"a\":0,\"b\":0,\"s\":\"$\"}},\"balance\":{\"APTotal\":0,\"APRemaining\":0,\"ARTotal\":57023,\"ARRemaining\":14760}}"),
(16,NULL,NULL,NULL,0,NULL,NULL,1,"SMAN HALI",NULL,NULL,"public/contacts/blank_profile.png",NULL,NULL,9647500002,NULL,NULL,NULL,NULL,NULL,NULL,NULL,NULL,NULL,NULL,NULL,NULL,NULL,NULL,NULL,NULL,NULL,NULL,"{\"group\":{\"1\":{\"a\":0,\"b\":0,\"s\":\"IQD\"},\"2\":{\"a\":0,\"b\":0,\"s\":\"$\"}},\"balance\":{\"APTotal\":985,\"APRemaining\":0,\"ARTotal\":100,\"ARRemaining\":-985}}"),
(17,NULL,NULL,NULL,0,NULL,NULL,1,"mayar",NULL,NULL,"public/contacts/blank_profile.png",NULL,NULL,12345,NULL,NULL,NULL,NULL,NULL,NULL,NULL,NULL,NULL,NULL,NULL,NULL,NULL,NULL,NULL,NULL,NULL,NULL,"{\"group\":{\"1\":{\"a\":0,\"b\":0,\"s\":\"IQD\"},\"2\":{\"a\":0,\"b\":0,\"s\":\"$\"}},\"balance\":{\"APTotal\":0,\"APRemaining\":0,\"ARTotal\":0,\"ARRemaining\":0}}"),
(18,NULL,NULL,NULL,1,NULL,NULL,1,"test customer jut for test",NULL,NULL,"public/contacts/blank_profile.png",NULL,NULL,0,NULL,NULL,NULL,NULL,NULL,NULL,NULL,NULL,NULL,NULL,NULL,NULL,NULL,NULL,NULL,NULL,NULL,NULL,NULL),
(19,NULL,NULL,NULL,0,NULL,NULL,1,"Blind Bazad",NULL,NULL,"public/contacts/blank_profile.png",NULL,NULL,9647505210003,NULL,NULL,NULL,NULL,NULL,NULL,NULL,NULL,NULL,NULL,NULL,NULL,NULL,NULL,NULL,NULL,NULL,NULL,"{\"group\":{\"1\":{\"a\":0,\"b\":0,\"s\":\"IQD\"},\"2\":{\"a\":0,\"b\":0,\"s\":\"$\"}},\"balance\":{\"APTotal\":0,\"APRemaining\":0,\"ARTotal\":5575,\"ARRemaining\":2380}}"),
(20,NULL,NULL,NULL,0,NULL,NULL,1,"MR.QASM (B.H)",NULL,NULL,"public/contacts/blank_profile.png",NULL,NULL,7514030054,NULL,NULL,NULL,NULL,NULL,NULL,NULL,NULL,NULL,NULL,NULL,NULL,NULL,NULL,NULL,NULL,NULL,NULL,"{\"group\":{\"1\":{\"a\":0,\"b\":0,\"s\":\"IQD\"},\"2\":{\"a\":0,\"b\":0,\"s\":\"$\"}},\"balance\":{\"APTotal\":0,\"APRemaining\":0,\"ARTotal\":595.5,\"ARRemaining\":0}}"),
(21,NULL,NULL,NULL,0,NULL,NULL,1,"MR. MUTLU ",NULL,NULL,"public/contacts/blank_profile.png",NULL,NULL,9647507001010,NULL,NULL,NULL,NULL,NULL,NULL,NULL,NULL,NULL,NULL,NULL,NULL,NULL,NULL,NULL,NULL,NULL,NULL,"{\"group\":{\"1\":{\"a\":0,\"b\":0,\"s\":\"IQD\"},\"2\":{\"a\":0,\"b\":0,\"s\":\"$\"}},\"balance\":{\"APTotal\":0,\"APRemaining\":0,\"ARTotal\":6349,\"ARRemaining\":880}}"),
(22,NULL,NULL,NULL,0,NULL,NULL,1,"Mr.Omer",NULL,NULL,"public/contacts/blank_profile.png",NULL,NULL,9647504901958,NULL,NULL,NULL,NULL,NULL,NULL,NULL,NULL,NULL,NULL,NULL,NULL,NULL,NULL,NULL,NULL,NULL,NULL,"{\"group\":{\"1\":{\"a\":0,\"b\":0,\"s\":\"IQD\"},\"2\":{\"a\":0,\"b\":0,\"s\":\"$\"}},\"balance\":{\"APTotal\":0,\"APRemaining\":0,\"ARTotal\":11684.5,\"ARRemaining\":3247.5}}"),
(23,NULL,NULL,NULL,0,NULL,NULL,1,"ZYAD ",NULL,NULL,"public/contacts/blank_profile.png",NULL,NULL,964750777777,NULL,NULL,NULL,NULL,NULL,NULL,NULL,NULL,NULL,NULL,NULL,NULL,NULL,NULL,NULL,NULL,NULL,NULL,"{\"group\":{\"1\":{\"a\":0,\"b\":0,\"s\":\"IQD\"},\"2\":{\"a\":0,\"b\":0,\"s\":\"$\"}},\"balance\":{\"APTotal\":0,\"APRemaining\":0,\"ARTotal\":0,\"ARRemaining\":0}}"),
(24,NULL,NULL,NULL,0,NULL,NULL,1,"MR.ONOR ",NULL,NULL,"public/contacts/blank_profile.png",NULL,NULL,905304879070,NULL,NULL,NULL,NULL,NULL,NULL,NULL,NULL,NULL,NULL,NULL,NULL,NULL,NULL,NULL,NULL,NULL,NULL,"{\"group\":{\"1\":{\"a\":0,\"b\":0,\"s\":\"IQD\"},\"2\":{\"a\":0,\"b\":0,\"s\":\"$\"}},\"balance\":{\"APTotal\":0,\"APRemaining\":0,\"ARTotal\":1402.5,\"ARRemaining\":0}}"),
(25,NULL,NULL,NULL,0,NULL,NULL,1,"fanar ",NULL,NULL,"public/contacts/blank_profile.png",NULL,NULL,9647702993992,NULL,NULL,NULL,NULL,NULL,NULL,NULL,NULL,NULL,NULL,NULL,NULL,NULL,NULL,NULL,NULL,NULL,NULL,"{\"group\":{\"1\":{\"a\":0,\"b\":0,\"s\":\"IQD\"},\"2\":{\"a\":0,\"b\":0,\"s\":\"$\"}},\"balance\":{\"APTotal\":0,\"APRemaining\":0,\"ARTotal\":0,\"ARRemaining\":0}}"),
(26,NULL,NULL,NULL,0,NULL,NULL,1,"MR.SHERWAN",NULL,NULL,"public/contacts/blank_profile.png",NULL,NULL,9647507961515,NULL,NULL,NULL,NULL,NULL,NULL,NULL,NULL,NULL,NULL,NULL,NULL,NULL,NULL,NULL,NULL,NULL,NULL,"{\"group\":{\"1\":{\"a\":0,\"b\":0,\"s\":\"IQD\"},\"2\":{\"a\":0,\"b\":0,\"s\":\"$\"}},\"balance\":{\"APTotal\":0,\"APRemaining\":0,\"ARTotal\":11554.75,\"ARRemaining\":2454.75}}"),
(27,NULL,NULL,NULL,0,NULL,NULL,1,"MR.SHABAN HASAN",NULL,NULL,"public/contacts/blank_profile.png",NULL,NULL,9647504497999,NULL,NULL,NULL,NULL,NULL,NULL,NULL,NULL,NULL,NULL,NULL,NULL,NULL,NULL,NULL,NULL,NULL,NULL,"{\"group\":{\"1\":{\"a\":0,\"b\":0,\"s\":\"IQD\"},\"2\":{\"a\":0,\"b\":0,\"s\":\"$\"}},\"balance\":{\"APTotal\":0,\"APRemaining\":0,\"ARTotal\":17376.5,\"ARRemaining\":7010}}"),
(28,NULL,NULL,NULL,0,NULL,NULL,1,"MR.HAWRO (AMIN)",NULL,NULL,"public/contacts/blank_profile.png",NULL,NULL,9647504864243,NULL,NULL,NULL,NULL,NULL,NULL,NULL,NULL,NULL,NULL,NULL,NULL,NULL,NULL,NULL,NULL,NULL,NULL,"{\"group\":{\"1\":{\"a\":0,\"b\":0,\"s\":\"IQD\"},\"2\":{\"a\":0,\"b\":0,\"s\":\"$\"}},\"balance\":{\"APTotal\":0,\"APRemaining\":0,\"ARTotal\":1113.5,\"ARRemaining\":13.5}}"),
(29,NULL,NULL,NULL,0,NULL,NULL,1,"MR.HUNAR H&H SURCHI",NULL,NULL,"public/contacts/blank_profile.png",NULL,NULL,9647505210001,NULL,NULL,NULL,NULL,NULL,NULL,NULL,NULL,NULL,NULL,NULL,NULL,NULL,NULL,NULL,NULL,NULL,NULL,"{\"group\":{\"1\":{\"a\":0,\"b\":0,\"s\":\"IQD\"},\"2\":{\"a\":0,\"b\":0,\"s\":\"$\"}},\"balance\":{\"APTotal\":0,\"APRemaining\":0,\"ARTotal\":44250.7062999999980092979967594146728515625,\"ARRemaining\":14940.100000000000363797880709171295166015625}}"),
(30,NULL,NULL,NULL,0,NULL,NULL,1,"MR.YOUNIS ",NULL,NULL,"public/contacts/blank_profile.png",NULL,NULL,9647504484887,NULL,NULL,NULL,NULL,NULL,NULL,NULL,NULL,NULL,NULL,NULL,NULL,NULL,NULL,NULL,NULL,NULL,NULL,"{\"group\":{\"1\":{\"a\":0,\"b\":0,\"s\":\"IQD\"},\"2\":{\"a\":0,\"b\":0,\"s\":\"$\"}},\"balance\":{\"APTotal\":0,\"APRemaining\":0,\"ARTotal\":1530,\"ARRemaining\":0}}"),
(31,NULL,NULL,NULL,0,NULL,NULL,1,"ahmad Abdou",NULL,NULL,"public/contacts/blank_profile.png",NULL,NULL,7500727202,NULL,NULL,NULL,NULL,NULL,NULL,NULL,NULL,NULL,NULL,NULL,NULL,NULL,NULL,NULL,NULL,NULL,NULL,"{\"group\":{\"1\":{\"a\":0,\"b\":0,\"s\":\"IQD\"},\"2\":{\"a\":0,\"b\":0,\"s\":\"$\"}},\"balance\":{\"APTotal\":0,\"APRemaining\":0,\"ARTotal\":322.5,\"ARRemaining\":0}}"),
(32,NULL,NULL,NULL,0,NULL,NULL,1,"ALAN K,MAHMOOD",NULL,NULL,"public/contacts/blank_profile.png",NULL,NULL,7505210005,NULL,NULL,NULL,NULL,NULL,NULL,NULL,NULL,NULL,NULL,NULL,NULL,NULL,NULL,NULL,NULL,NULL,NULL,"{\"group\":{\"1\":{\"a\":0,\"b\":0,\"s\":\"IQD\"},\"2\":{\"a\":0,\"b\":0,\"s\":\"$\"}},\"balance\":{\"APTotal\":0,\"APRemaining\":0,\"ARTotal\":18497.5,\"ARRemaining\":5267.5}}"),
(33,NULL,NULL,NULL,0,NULL,NULL,1,"MR.AHMAD LAWYER",NULL,NULL,"public/contacts/blank_profile.png",NULL,NULL,9647504459705,NULL,NULL,NULL,NULL,NULL,NULL,NULL,NULL,NULL,NULL,NULL,NULL,NULL,NULL,NULL,NULL,NULL,NULL,"{\"group\":{\"1\":{\"a\":0,\"b\":0,\"s\":\"IQD\"},\"2\":{\"a\":0,\"b\":0,\"s\":\"$\"}},\"balance\":{\"APTotal\":0,\"APRemaining\":0,\"ARTotal\":700,\"ARRemaining\":0}}"),
(34,NULL,NULL,NULL,0,NULL,NULL,1,"KAK AYAD HUSEN",NULL,NULL,"public/contacts/blank_profile.png",NULL,NULL,9647504452426,NULL,NULL,NULL,NULL,NULL,NULL,NULL,NULL,NULL,NULL,NULL,NULL,NULL,NULL,NULL,NULL,NULL,NULL,"{\"group\":{\"1\":{\"a\":0,\"b\":0,\"s\":\"IQD\"},\"2\":{\"a\":0,\"b\":0,\"s\":\"$\"}},\"balance\":{\"APTotal\":0,\"APRemaining\":0,\"ARTotal\":378,\"ARRemaining\":0}}"),
(35,NULL,NULL,NULL,0,NULL,NULL,1,"Mr.Sahand Abdulahmid Abdula","ERBIL",NULL,"public/contacts/blank_profile.png","Hamid",NULL,9647515505050,NULL,NULL,27,108,3,NULL,NULL,NULL,NULL,NULL,NULL,NULL,NULL,NULL,NULL,NULL,NULL,NULL,"{\"group\":{\"1\":{\"a\":0,\"b\":0,\"s\":\"IQD\"},\"2\":{\"a\":0,\"b\":0,\"s\":\"$\"}},\"balance\":{\"APTotal\":0,\"APRemaining\":0,\"ARTotal\":33572.300000000002910383045673370361328125,\"ARRemaining\":-7.45000000000000017763568394002504646778106689453125}}"),
(36,NULL,NULL,NULL,0,NULL,NULL,1,"MR.MUHAMAD AKO",NULL,NULL,"public/contacts/blank_profile.png",NULL,NULL,9647705000005,NULL,NULL,NULL,NULL,NULL,NULL,NULL,NULL,NULL,NULL,NULL,NULL,NULL,NULL,NULL,NULL,NULL,NULL,"{\"group\":{\"1\":{\"a\":0,\"b\":0,\"s\":\"IQD\"},\"2\":{\"a\":0,\"b\":0,\"s\":\"$\"}},\"balance\":{\"APTotal\":0,\"APRemaining\":0,\"ARTotal\":0,\"ARRemaining\":0}}"),
(37,NULL,NULL,NULL,0,NULL,NULL,1,"MR.ZAGROS",NULL,NULL,"public/contacts/blank_profile.png",NULL,NULL,9647504923604,NULL,NULL,NULL,NULL,NULL,NULL,NULL,NULL,NULL,NULL,NULL,NULL,NULL,NULL,NULL,NULL,NULL,NULL,"{\"group\":{\"1\":{\"a\":0,\"b\":0,\"s\":\"IQD\"},\"2\":{\"a\":0,\"b\":0,\"s\":\"$\"}},\"balance\":{\"APTotal\":0,\"APRemaining\":0,\"ARTotal\":5860,\"ARRemaining\":135}}"),
(38,NULL,NULL,NULL,0,NULL,NULL,1,"MR.HERSH",NULL,NULL,"public/contacts/blank_profile.png",NULL,NULL,964,NULL,NULL,NULL,NULL,NULL,NULL,NULL,NULL,NULL,NULL,NULL,NULL,NULL,NULL,NULL,NULL,NULL,NULL,"{\"group\":{\"1\":{\"a\":0,\"b\":0,\"s\":\"IQD\"},\"2\":{\"a\":0,\"b\":0,\"s\":\"$\"}},\"balance\":{\"APTotal\":0,\"APRemaining\":0,\"ARTotal\":0,\"ARRemaining\":0}}"),
(39,NULL,NULL,NULL,0,NULL,NULL,1,"MR.HERSH",NULL,NULL,"public/contacts/blank_profile.png",NULL,NULL,9647504477864,NULL,NULL,NULL,NULL,NULL,NULL,NULL,NULL,NULL,NULL,NULL,NULL,NULL,NULL,NULL,NULL,NULL,NULL,"{\"group\":{\"1\":{\"a\":0,\"b\":0,\"s\":\"IQD\"},\"2\":{\"a\":0,\"b\":0,\"s\":\"$\"}},\"balance\":{\"APTotal\":0,\"APRemaining\":0,\"ARTotal\":1900,\"ARRemaining\":0}}"),
(40,NULL,NULL,NULL,0,NULL,NULL,1,"MR.SAWRI ",NULL,NULL,"public/contacts/blank_profile.png",NULL,NULL,9647504497708,NULL,NULL,NULL,NULL,NULL,NULL,NULL,NULL,NULL,NULL,NULL,NULL,NULL,NULL,NULL,NULL,NULL,NULL,"{\"group\":{\"1\":{\"a\":0,\"b\":0,\"s\":\"IQD\"},\"2\":{\"a\":0,\"b\":0,\"s\":\"$\"}},\"balance\":{\"APTotal\":0,\"APRemaining\":0,\"ARTotal\":1000,\"ARRemaining\":0}}"),
(41,NULL,NULL,NULL,0,NULL,NULL,1,"MR.FUAD",NULL,NULL,"public/contacts/blank_profile.png",NULL,NULL,9647504453130,NULL,NULL,NULL,NULL,NULL,NULL,NULL,NULL,NULL,NULL,NULL,NULL,NULL,NULL,NULL,NULL,NULL,NULL,"{\"group\":{\"1\":{\"a\":0,\"b\":0,\"s\":\"IQD\"},\"2\":{\"a\":0,\"b\":0,\"s\":\"$\"}},\"balance\":{\"APTotal\":0,\"APRemaining\":0,\"ARTotal\":2250,\"ARRemaining\":0}}"),
(42,NULL,NULL,NULL,0,NULL,NULL,1,"Dana",NULL,NULL,"public/contacts/blank_profile.png",NULL,NULL,7504522489,NULL,NULL,NULL,NULL,NULL,NULL,NULL,NULL,NULL,NULL,NULL,NULL,NULL,NULL,NULL,NULL,NULL,NULL,"{\"group\":{\"1\":{\"a\":0,\"b\":0,\"s\":\"IQD\"},\"2\":{\"a\":0,\"b\":0,\"s\":\"$\"}},\"balance\":{\"APTotal\":0,\"APRemaining\":0,\"ARTotal\":52277,\"ARRemaining\":6832}}"),
(43,NULL,NULL,NULL,0,NULL,NULL,1,"MR.KARIM",NULL,NULL,"public/contacts/blank_profile.png",NULL,NULL,9647504451892,NULL,NULL,NULL,NULL,NULL,NULL,NULL,NULL,NULL,NULL,NULL,NULL,NULL,NULL,NULL,NULL,NULL,NULL,"{\"group\":{\"1\":{\"a\":0,\"b\":0,\"s\":\"IQD\"},\"2\":{\"a\":0,\"b\":0,\"s\":\"$\"}},\"balance\":{\"APTotal\":0,\"APRemaining\":0,\"ARTotal\":12090.25,\"ARRemaining\":0}}"),
(44,NULL,NULL,NULL,0,NULL,NULL,1,"MR.RASHID NORI",NULL,NULL,"public/contacts/blank_profile.png",NULL,NULL,9647511302565,NULL,NULL,NULL,NULL,NULL,NULL,NULL,NULL,NULL,NULL,NULL,NULL,NULL,NULL,NULL,NULL,NULL,NULL,"{\"group\":{\"1\":{\"a\":0,\"b\":0,\"s\":\"IQD\"},\"2\":{\"a\":0,\"b\":0,\"s\":\"$\"}},\"balance\":{\"APTotal\":0,\"APRemaining\":0,\"ARTotal\":1500,\"ARRemaining\":0}}"),
(45,NULL,NULL,NULL,0,NULL,NULL,1,"DR.MAHMOOD",NULL,NULL,"public/contacts/blank_profile.png",NULL,NULL,9647504459570,NULL,NULL,NULL,NULL,NULL,NULL,NULL,NULL,NULL,NULL,NULL,NULL,NULL,NULL,NULL,NULL,NULL,NULL,"{\"group\":{\"1\":{\"a\":0,\"b\":0,\"s\":\"IQD\"},\"2\":{\"a\":0,\"b\":0,\"s\":\"$\"}},\"balance\":{\"APTotal\":0,\"APRemaining\":0,\"ARTotal\":10486,\"ARRemaining\":10286}}"),
(46,NULL,NULL,NULL,0,NULL,NULL,1,"KAK SABER",NULL,NULL,"public/contacts/blank_profile.png",NULL,NULL,7512057568,NULL,NULL,NULL,NULL,NULL,NULL,NULL,NULL,NULL,NULL,NULL,NULL,NULL,NULL,NULL,NULL,NULL,NULL,"{\"group\":{\"1\":{\"a\":0,\"b\":0,\"s\":\"IQD\"},\"2\":{\"a\":0,\"b\":0,\"s\":\"$\"}},\"balance\":{\"APTotal\":0,\"APRemaining\":0,\"ARTotal\":6371.75,\"ARRemaining\":-18.25}}"),
(47,NULL,NULL,NULL,0,NULL,NULL,1,"KITON ERBIL MODIFICATION",NULL,NULL,"public/contacts/blank_profile.png",NULL,NULL,9646889999,NULL,NULL,NULL,NULL,NULL,NULL,NULL,NULL,NULL,NULL,NULL,NULL,NULL,NULL,NULL,NULL,NULL,NULL,"{\"group\":{\"1\":{\"a\":0,\"b\":0,\"s\":\"IQD\"},\"2\":{\"a\":0,\"b\":0,\"s\":\"$\"}},\"balance\":{\"APTotal\":0,\"APRemaining\":0,\"ARTotal\":0,\"ARRemaining\":0}}"),
(48,NULL,NULL,NULL,0,NULL,NULL,1,"G.F.",NULL,NULL,"public/contacts/blank_profile.png",NULL,NULL,9647506889998,NULL,NULL,NULL,NULL,NULL,NULL,NULL,NULL,NULL,NULL,NULL,NULL,NULL,NULL,NULL,NULL,NULL,NULL,"{\"group\":{\"1\":{\"a\":0,\"b\":0,\"s\":\"IQD\"},\"2\":{\"a\":0,\"b\":0,\"s\":\"$\"}},\"balance\":{\"APTotal\":0,\"APRemaining\":0,\"ARTotal\":0,\"ARRemaining\":0}}"),
(49,NULL,NULL,NULL,0,NULL,NULL,1,"GR.FA",NULL,NULL,"public/contacts/blank_profile.png",NULL,NULL,9647504794902,NULL,NULL,NULL,NULL,NULL,NULL,NULL,NULL,NULL,NULL,NULL,NULL,NULL,NULL,NULL,NULL,NULL,NULL,"{\"group\":{\"1\":{\"a\":0,\"b\":0,\"s\":\"IQD\"},\"2\":{\"a\":0,\"b\":0,\"s\":\"$\"}},\"balance\":{\"APTotal\":0,\"APRemaining\":0,\"ARTotal\":70439.058000000004540197551250457763671875,\"ARRemaining\":6085.5579999999999927240423858165740966796875}}"),
(50,NULL,NULL,NULL,0,NULL,NULL,1,"MR.MAHMOOD HSHIAR MAHMOOD",NULL,NULL,"public/contacts/blank_profile.png",NULL,NULL,9647504512626,NULL,NULL,NULL,NULL,NULL,NULL,NULL,NULL,NULL,NULL,NULL,NULL,NULL,NULL,NULL,NULL,NULL,NULL,"{\"group\":{\"1\":{\"a\":0,\"b\":0,\"s\":\"IQD\"},\"2\":{\"a\":0,\"b\":0,\"s\":\"$\"}},\"balance\":{\"APTotal\":0,\"APRemaining\":0,\"ARTotal\":3800,\"ARRemaining\":0}}"),
(51,NULL,NULL,NULL,0,NULL,NULL,1,"MR.YELMAS",NULL,NULL,"public/contacts/blank_profile.png",NULL,NULL,9647508598546,NULL,NULL,NULL,NULL,NULL,NULL,NULL,NULL,NULL,NULL,NULL,NULL,NULL,NULL,NULL,NULL,NULL,NULL,"{\"group\":{\"1\":{\"a\":0,\"b\":0,\"s\":\"IQD\"},\"2\":{\"a\":0,\"b\":0,\"s\":\"$\"}},\"balance\":{\"APTotal\":0,\"APRemaining\":0,\"ARTotal\":1451.25,\"ARRemaining\":-48.75}}"),
(53,NULL,NULL,NULL,0,NULL,NULL,1,"Ilyas Celen",NULL,NULL,"public/contacts/blank_profile.png",NULL,NULL,7501770078,NULL,NULL,NULL,NULL,NULL,NULL,NULL,NULL,NULL,NULL,NULL,NULL,NULL,NULL,NULL,NULL,NULL,NULL,"{\"group\":{\"1\":{\"a\":0,\"b\":0,\"s\":\"IQD\"},\"2\":{\"a\":0,\"b\":0,\"s\":\"$\"}},\"balance\":{\"APTotal\":0,\"APRemaining\":0,\"ARTotal\":2720,\"ARRemaining\":-0.5}}"),
(54,NULL,NULL,NULL,0,NULL,NULL,1,"ILYAS CELEN",NULL,NULL,"public/contacts/blank_profile.png",NULL,NULL,9647501770078,NULL,NULL,NULL,NULL,NULL,NULL,NULL,NULL,NULL,NULL,NULL,NULL,NULL,NULL,NULL,NULL,NULL,NULL,"{\"group\":{\"1\":{\"a\":0,\"b\":0,\"s\":\"IQD\"},\"2\":{\"a\":0,\"b\":0,\"s\":\"$\"}},\"balance\":{\"APTotal\":0,\"APRemaining\":0,\"ARTotal\":3507,\"ARRemaining\":0.5}}"),
(55,NULL,NULL,NULL,0,NULL,NULL,1,"OKAN GROUP",NULL,NULL,"public/contacts/blank_profile.png",NULL,NULL,9647504043957,NULL,NULL,NULL,NULL,NULL,NULL,NULL,NULL,NULL,NULL,NULL,NULL,NULL,NULL,NULL,NULL,NULL,NULL,"{\"group\":{\"1\":{\"a\":0,\"b\":0,\"s\":\"IQD\"},\"2\":{\"a\":0,\"b\":0,\"s\":\"$\"}},\"balance\":{\"APTotal\":0,\"APRemaining\":0,\"ARTotal\":10805.20000000000072759576141834259033203125,\"ARRemaining\":-50}}"),
(56,NULL,NULL,NULL,0,NULL,NULL,1,"MR.KURDO JAFF",NULL,NULL,"public/contacts/blank_profile.png",NULL,NULL,96407512345678,NULL,NULL,NULL,NULL,NULL,NULL,NULL,NULL,NULL,NULL,NULL,NULL,NULL,NULL,NULL,NULL,NULL,NULL,"{\"group\":{\"1\":{\"a\":0,\"b\":0,\"s\":\"IQD\"},\"2\":{\"a\":0,\"b\":0,\"s\":\"$\"}},\"balance\":{\"APTotal\":0,\"APRemaining\":0,\"ARTotal\":1129,\"ARRemaining\":0}}"),
(57,NULL,NULL,NULL,0,NULL,NULL,1,"Bnas Doski",NULL,NULL,"public/contacts/blank_profile.png",NULL,NULL,9647504455044,NULL,NULL,NULL,NULL,NULL,NULL,NULL,NULL,NULL,NULL,NULL,NULL,NULL,NULL,NULL,NULL,NULL,NULL,"{\"group\":{\"1\":{\"a\":0,\"b\":0,\"s\":\"IQD\"},\"2\":{\"a\":0,\"b\":0,\"s\":\"$\"}},\"balance\":{\"APTotal\":0,\"APRemaining\":0,\"ARTotal\":22681,\"ARRemaining\":681}}"),
(58,NULL,NULL,NULL,0,NULL,NULL,1,"FATIH USTEMEL",NULL,NULL,"public/contacts/blank_profile.png",NULL,NULL,905332013428,NULL,NULL,NULL,NULL,NULL,NULL,NULL,NULL,NULL,NULL,NULL,NULL,NULL,NULL,NULL,NULL,NULL,NULL,"{\"group\":{\"1\":{\"a\":0,\"b\":0,\"s\":\"IQD\"},\"2\":{\"a\":0,\"b\":0,\"s\":\"$\"}},\"balance\":{\"APTotal\":0,\"APRemaining\":0,\"ARTotal\":100,\"ARRemaining\":0}}"),
(59,NULL,NULL,NULL,0,NULL,NULL,1,"Seymus ",NULL,NULL,"public/contacts/blank_profile.png",NULL,NULL,96475000000,NULL,NULL,NULL,NULL,NULL,NULL,NULL,NULL,NULL,NULL,NULL,NULL,NULL,NULL,NULL,NULL,NULL,NULL,"{\"group\":{\"1\":{\"a\":0,\"b\":0,\"s\":\"IQD\"},\"2\":{\"a\":0,\"b\":0,\"s\":\"$\"}},\"balance\":{\"APTotal\":0,\"APRemaining\":0,\"ARTotal\":4880,\"ARRemaining\":25}}"),
(60,NULL,NULL,NULL,0,NULL,NULL,1,"SHIVAN BARZANI",NULL,NULL,"public/contacts/blank_profile.png",NULL,NULL,9647500000000,NULL,NULL,NULL,NULL,NULL,NULL,NULL,NULL,NULL,NULL,NULL,NULL,NULL,NULL,NULL,NULL,NULL,NULL,"{\"group\":{\"1\":{\"a\":0,\"b\":0,\"s\":\"IQD\"},\"2\":{\"a\":0,\"b\":0,\"s\":\"$\"}},\"balance\":{\"APTotal\":0,\"APRemaining\":0,\"ARTotal\":15199.9971000000005005858838558197021484375,\"ARRemaining\":-0.00289999999999999980015985556747182272374629974365234375}}"),
(61,NULL,NULL,NULL,0,NULL,NULL,1,"Fadi Ramzi ",NULL,NULL,"public/contacts/blank_profile.png",NULL,NULL,9647508913330,NULL,NULL,NULL,NULL,NULL,NULL,NULL,NULL,NULL,NULL,NULL,NULL,NULL,NULL,NULL,NULL,NULL,NULL,"{\"group\":{\"1\":{\"a\":0,\"b\":0,\"s\":\"IQD\"},\"2\":{\"a\":0,\"b\":0,\"s\":\"$\"}},\"balance\":{\"APTotal\":0,\"APRemaining\":0,\"ARTotal\":400,\"ARRemaining\":0}}"),
(62,NULL,NULL,NULL,0,NULL,NULL,1,"NAWAZ",NULL,NULL,"public/contacts/blank_profile.png",NULL,NULL,7503120101,NULL,NULL,NULL,NULL,NULL,NULL,NULL,NULL,NULL,NULL,NULL,NULL,NULL,NULL,NULL,NULL,NULL,NULL,"{\"group\":{\"1\":{\"a\":0,\"b\":0,\"s\":\"IQD\"},\"2\":{\"a\":0,\"b\":0,\"s\":\"$\"}},\"balance\":{\"APTotal\":0,\"APRemaining\":0,\"ARTotal\":100,\"ARRemaining\":0}}"),
(63,NULL,NULL,NULL,0,NULL,NULL,1,"Masoud Kochar",NULL,NULL,"public/contacts/blank_profile.png",NULL,NULL,7504249402,NULL,NULL,NULL,NULL,NULL,NULL,NULL,NULL,NULL,NULL,NULL,NULL,NULL,NULL,NULL,NULL,NULL,NULL,"{\"group\":{\"1\":{\"a\":0,\"b\":0,\"s\":\"IQD\"},\"2\":{\"a\":0,\"b\":0,\"s\":\"$\"}},\"balance\":{\"APTotal\":0,\"APRemaining\":0,\"ARTotal\":6630.466000000000349245965480804443359375,\"ARRemaining\":1670}}"),
(64,NULL,NULL,NULL,0,NULL,NULL,1,"Huzan H.Z.",NULL,NULL,"public/contacts/blank_profile.png",NULL,NULL,9647504459065,NULL,NULL,NULL,NULL,NULL,NULL,NULL,NULL,NULL,NULL,NULL,NULL,NULL,NULL,NULL,NULL,NULL,NULL,"{\"group\":{\"1\":{\"a\":0,\"b\":0,\"s\":\"IQD\"},\"2\":{\"a\":0,\"b\":0,\"s\":\"$\"}},\"balance\":{\"APTotal\":0,\"APRemaining\":0,\"ARTotal\":0,\"ARRemaining\":0}}"),
(65,NULL,NULL,NULL,0,NULL,NULL,1,"HEDI KITON",NULL,NULL,"public/contacts/blank_profile.png",NULL,NULL,9647501214847,NULL,NULL,NULL,NULL,NULL,NULL,NULL,NULL,NULL,NULL,NULL,NULL,NULL,NULL,NULL,NULL,NULL,NULL,"{\"group\":{\"1\":{\"a\":0,\"b\":0,\"s\":\"IQD\"},\"2\":{\"a\":0,\"b\":0,\"s\":\"$\"}},\"balance\":{\"APTotal\":0,\"APRemaining\":0,\"ARTotal\":0,\"ARRemaining\":0}}"),
(66,NULL,NULL,NULL,0,NULL,NULL,1,"4BRIDGES",NULL,NULL,"public/contacts/blank_profile.png",NULL,NULL,9647503298043,NULL,NULL,NULL,NULL,NULL,NULL,NULL,NULL,NULL,NULL,NULL,NULL,NULL,NULL,NULL,NULL,NULL,NULL,"{\"group\":{\"1\":{\"a\":0,\"b\":0,\"s\":\"IQD\"},\"2\":{\"a\":0,\"b\":0,\"s\":\"$\"}},\"balance\":{\"APTotal\":0,\"APRemaining\":0,\"ARTotal\":30677.75,\"ARRemaining\":0}}"),
(67,NULL,NULL,NULL,0,NULL,NULL,1,"KAK TALAT AHMAD",NULL,NULL,"public/contacts/blank_profile.png",NULL,NULL,9647504481828,NULL,NULL,NULL,NULL,NULL,NULL,NULL,NULL,NULL,NULL,NULL,NULL,NULL,NULL,NULL,NULL,NULL,NULL,"{\"group\":{\"1\":{\"a\":0,\"b\":0,\"s\":\"IQD\"},\"2\":{\"a\":0,\"b\":0,\"s\":\"$\"}},\"balance\":{\"APTotal\":0,\"APRemaining\":0,\"ARTotal\":7288,\"ARRemaining\":7288}}"),
(68,NULL,NULL,NULL,0,NULL,NULL,1,"MOSSA",NULL,NULL,"public/contacts/blank_profile.png",NULL,NULL,9647504459280,NULL,NULL,NULL,NULL,NULL,NULL,NULL,NULL,NULL,NULL,NULL,NULL,NULL,NULL,NULL,NULL,NULL,NULL,"{\"group\":{\"1\":{\"a\":0,\"b\":0,\"s\":\"IQD\"},\"2\":{\"a\":0,\"b\":0,\"s\":\"$\"}},\"balance\":{\"APTotal\":3735,\"APRemaining\":0,\"ARTotal\":4268,\"ARRemaining\":-3735}}"),
(69,NULL,NULL,NULL,0,NULL,NULL,1,"MR.FARUK GUR",NULL,NULL,"public/contacts/blank_profile.png",NULL,NULL,7502054949,NULL,NULL,NULL,NULL,NULL,NULL,NULL,NULL,NULL,NULL,NULL,NULL,NULL,NULL,NULL,NULL,NULL,NULL,"{\"group\":{\"1\":{\"a\":0,\"b\":0,\"s\":\"IQD\"},\"2\":{\"a\":0,\"b\":0,\"s\":\"$\"}},\"balance\":{\"APTotal\":0,\"APRemaining\":0,\"ARTotal\":288,\"ARRemaining\":0}}"),
(70,NULL,NULL,NULL,0,NULL,NULL,1,"bahman karim",NULL,NULL,"public/contacts/blank_profile.png",NULL,NULL,96407504456778,NULL,NULL,NULL,NULL,NULL,NULL,NULL,NULL,NULL,NULL,NULL,NULL,NULL,NULL,NULL,NULL,NULL,NULL,"{\"group\":{\"1\":{\"a\":0,\"b\":0,\"s\":\"IQD\"},\"2\":{\"a\":0,\"b\":0,\"s\":\"$\"}},\"balance\":{\"APTotal\":0,\"APRemaining\":0,\"ARTotal\":75,\"ARRemaining\":0}}"),
(71,NULL,NULL,NULL,0,NULL,NULL,1,"FIRAZ SALIH",NULL,NULL,"public/contacts/blank_profile.png",NULL,NULL,754460405,NULL,NULL,NULL,NULL,NULL,NULL,NULL,NULL,NULL,NULL,NULL,NULL,NULL,NULL,NULL,NULL,NULL,NULL,"{\"group\":{\"1\":{\"a\":0,\"b\":0,\"s\":\"IQD\"},\"2\":{\"a\":0,\"b\":0,\"s\":\"$\"}},\"balance\":{\"APTotal\":0,\"APRemaining\":0,\"ARTotal\":1500,\"ARRemaining\":0}}"),
(72,NULL,NULL,NULL,0,NULL,NULL,1,"Hedi ",NULL,NULL,"public/contacts/blank_profile.png",NULL,NULL,7501214847,NULL,NULL,NULL,NULL,NULL,NULL,NULL,NULL,NULL,NULL,NULL,NULL,NULL,NULL,NULL,NULL,NULL,NULL,"{\"group\":{\"1\":{\"a\":0,\"b\":0,\"s\":\"IQD\"},\"2\":{\"a\":0,\"b\":0,\"s\":\"$\"}},\"balance\":{\"APTotal\":0,\"APRemaining\":0,\"ARTotal\":1900,\"ARRemaining\":0}}"),
(73,NULL,NULL,NULL,0,NULL,NULL,1,"zaid",NULL,NULL,"public/contacts/blank_profile.png",NULL,NULL,9647511684700,NULL,NULL,NULL,NULL,NULL,NULL,NULL,NULL,NULL,NULL,NULL,NULL,NULL,NULL,NULL,NULL,NULL,NULL,"{\"group\":{\"1\":{\"a\":0,\"b\":0,\"s\":\"IQD\"},\"2\":{\"a\":0,\"b\":0,\"s\":\"$\"}},\"balance\":{\"APTotal\":0,\"APRemaining\":0,\"ARTotal\":0,\"ARRemaining\":0}}"),
(74,NULL,NULL,NULL,0,NULL,NULL,1,"kak hemin",NULL,NULL,"public/contacts/blank_profile.png",NULL,NULL,7701520524,NULL,NULL,NULL,NULL,NULL,NULL,NULL,NULL,NULL,NULL,NULL,NULL,NULL,NULL,NULL,NULL,NULL,NULL,"{\"group\":{\"1\":{\"a\":0,\"b\":0,\"s\":\"IQD\"},\"2\":{\"a\":0,\"b\":0,\"s\":\"$\"}},\"balance\":{\"APTotal\":0,\"APRemaining\":0,\"ARTotal\":3900,\"ARRemaining\":0}}"),
(75,NULL,NULL,NULL,0,NULL,NULL,1,"NAWAR AL-MULLA",NULL,NULL,"public/contacts/blank_profile.png",NULL,NULL,9647715040004,NULL,NULL,NULL,NULL,NULL,NULL,NULL,NULL,NULL,NULL,NULL,NULL,NULL,NULL,NULL,NULL,NULL,NULL,"{\"group\":{\"1\":{\"a\":0,\"b\":0,\"s\":\"IQD\"},\"2\":{\"a\":0,\"b\":0,\"s\":\"$\"}},\"balance\":{\"APTotal\":0,\"APRemaining\":0,\"ARTotal\":120,\"ARRemaining\":0}}"),
(76,NULL,NULL,NULL,0,NULL,NULL,1,"Rashid Hasko",NULL,NULL,"public/contacts/blank_profile.png",NULL,NULL,7504448886,NULL,NULL,NULL,NULL,NULL,NULL,NULL,NULL,NULL,NULL,NULL,NULL,NULL,NULL,NULL,NULL,NULL,NULL,"{\"group\":{\"1\":{\"a\":0,\"b\":0,\"s\":\"IQD\"},\"2\":{\"a\":0,\"b\":0,\"s\":\"$\"}},\"balance\":{\"APTotal\":0,\"APRemaining\":0,\"ARTotal\":371,\"ARRemaining\":0}}"),
(77,NULL,NULL,NULL,0,NULL,NULL,1,"himn majdi mall",NULL,NULL,"public/contacts/blank_profile.png",NULL,NULL,7504499304,NULL,NULL,NULL,NULL,NULL,NULL,NULL,NULL,NULL,NULL,NULL,NULL,NULL,NULL,NULL,NULL,NULL,NULL,"{\"group\":{\"1\":{\"a\":0,\"b\":0,\"s\":\"IQD\"},\"2\":{\"a\":0,\"b\":0,\"s\":\"$\"}},\"balance\":{\"APTotal\":0,\"APRemaining\":0,\"ARTotal\":388,\"ARRemaining\":0}}"),
(78,NULL,NULL,NULL,0,NULL,NULL,1,"Mr.Ahmad Taib Hasan",NULL,NULL,"public/contacts/blank_profile.png",NULL,NULL,9647700238484,NULL,NULL,NULL,NULL,NULL,NULL,NULL,NULL,NULL,NULL,NULL,NULL,NULL,NULL,NULL,NULL,NULL,NULL,"{\"group\":{\"1\":{\"a\":0,\"b\":0,\"s\":\"IQD\"},\"2\":{\"a\":0,\"b\":0,\"s\":\"$\"}},\"balance\":{\"APTotal\":0,\"APRemaining\":0,\"ARTotal\":3650.5,\"ARRemaining\":4454.5}}"),
(79,NULL,NULL,NULL,0,NULL,NULL,1,"ALI NAJI",NULL,NULL,"public/contacts/blank_profile.png",NULL,NULL,7710600428,NULL,NULL,NULL,NULL,NULL,NULL,NULL,NULL,NULL,NULL,NULL,NULL,NULL,NULL,NULL,NULL,NULL,NULL,"{\"group\":{\"1\":{\"a\":0,\"b\":0,\"s\":\"IQD\"},\"2\":{\"a\":0,\"b\":0,\"s\":\"$\"}},\"balance\":{\"APTotal\":0,\"APRemaining\":0,\"ARTotal\":0,\"ARRemaining\":0}}"),
(80,NULL,NULL,NULL,0,NULL,NULL,1,"rowman",NULL,NULL,"public/contacts/blank_profile.png",NULL,NULL,7825908539,NULL,NULL,NULL,NULL,NULL,NULL,NULL,NULL,NULL,NULL,NULL,NULL,NULL,NULL,NULL,NULL,NULL,NULL,"{\"group\":{\"1\":{\"a\":0,\"b\":0,\"s\":\"IQD\"},\"2\":{\"a\":0,\"b\":0,\"s\":\"$\"}},\"balance\":{\"APTotal\":0,\"APRemaining\":0,\"ARTotal\":0,\"ARRemaining\":0}}"),
(81,NULL,NULL,NULL,0,NULL,NULL,1,"may mustafa",NULL,NULL,"public/contacts/blank_profile.png",NULL,NULL,962777750999,NULL,NULL,NULL,NULL,NULL,NULL,NULL,NULL,NULL,NULL,NULL,NULL,NULL,NULL,NULL,NULL,NULL,NULL,"{\"group\":{\"1\":{\"a\":0,\"b\":0,\"s\":\"IQD\"},\"2\":{\"a\":0,\"b\":0,\"s\":\"$\"}},\"balance\":{\"APTotal\":0,\"APRemaining\":0,\"ARTotal\":0,\"ARRemaining\":0}}"),
(82,NULL,NULL,NULL,0,NULL,NULL,1,"haji qider",NULL,NULL,"public/contacts/blank_profile.png",NULL,NULL,7501916666,NULL,NULL,NULL,NULL,NULL,NULL,NULL,NULL,NULL,NULL,NULL,NULL,NULL,NULL,NULL,NULL,NULL,NULL,"{\"group\":{\"1\":{\"a\":0,\"b\":0,\"s\":\"IQD\"},\"2\":{\"a\":0,\"b\":0,\"s\":\"$\"}},\"balance\":{\"APTotal\":0,\"APRemaining\":0,\"ARTotal\":800,\"ARRemaining\":0}}"),
(83,NULL,NULL,NULL,0,NULL,NULL,1,"ahmed alsiaaedi",NULL,NULL,"public/contacts/blank_profile.png",NULL,NULL,962795771336,NULL,NULL,NULL,NULL,NULL,NULL,NULL,NULL,NULL,NULL,NULL,NULL,NULL,NULL,NULL,NULL,NULL,NULL,"{\"group\":{\"1\":{\"a\":0,\"b\":0,\"s\":\"IQD\"},\"2\":{\"a\":0,\"b\":0,\"s\":\"$\"}},\"balance\":{\"APTotal\":0,\"APRemaining\":0,\"ARTotal\":0,\"ARRemaining\":0}}"),
(84,NULL,NULL,NULL,0,NULL,NULL,1,"amaar abd alameer",NULL,NULL,"public/contacts/blank_profile.png",NULL,NULL,7700333379,NULL,NULL,NULL,NULL,NULL,NULL,NULL,NULL,NULL,NULL,NULL,NULL,NULL,NULL,NULL,NULL,NULL,NULL,"{\"group\":{\"1\":{\"a\":0,\"b\":0,\"s\":\"IQD\"},\"2\":{\"a\":0,\"b\":0,\"s\":\"$\"}},\"balance\":{\"APTotal\":0,\"APRemaining\":0,\"ARTotal\":581,\"ARRemaining\":0}}"),
(85,NULL,NULL,NULL,0,NULL,NULL,1,"kaifi khald",NULL,NULL,"public/contacts/blank_profile.png",NULL,NULL,7504459349,NULL,NULL,NULL,NULL,NULL,NULL,NULL,NULL,NULL,NULL,NULL,NULL,NULL,NULL,NULL,NULL,NULL,NULL,"{\"group\":{\"1\":{\"a\":0,\"b\":0,\"s\":\"IQD\"},\"2\":{\"a\":0,\"b\":0,\"s\":\"$\"}},\"balance\":{\"APTotal\":0,\"APRemaining\":0,\"ARTotal\":300,\"ARRemaining\":0}}"),
(86,NULL,NULL,NULL,0,NULL,NULL,1,"HAREM SIWAISI",NULL,NULL,"public/contacts/blank_profile.png",NULL,NULL,9647501545455,NULL,NULL,NULL,NULL,NULL,NULL,NULL,NULL,NULL,NULL,NULL,NULL,NULL,NULL,NULL,NULL,NULL,NULL,"{\"group\":{\"1\":{\"a\":0,\"b\":0,\"s\":\"IQD\"},\"2\":{\"a\":0,\"b\":0,\"s\":\"$\"}},\"balance\":{\"APTotal\":0,\"APRemaining\":0,\"ARTotal\":100,\"ARRemaining\":0}}"),
(87,NULL,NULL,NULL,0,NULL,NULL,1,"TAWFIQ",NULL,NULL,"public/contacts/blank_profile.png",NULL,NULL,9647506251646,NULL,NULL,NULL,NULL,NULL,NULL,NULL,NULL,NULL,NULL,NULL,NULL,NULL,NULL,NULL,NULL,NULL,NULL,"{\"group\":{\"1\":{\"a\":0,\"b\":0,\"s\":\"IQD\"},\"2\":{\"a\":0,\"b\":0,\"s\":\"$\"}},\"balance\":{\"APTotal\":0,\"APRemaining\":0,\"ARTotal\":859.700000000000045474735088646411895751953125,\"ARRemaining\":200}}"),
(88,NULL,NULL,NULL,0,NULL,NULL,1,"saman mohami",NULL,NULL,"public/contacts/blank_profile.png",NULL,NULL,9647504513468,NULL,NULL,NULL,NULL,NULL,NULL,NULL,NULL,NULL,NULL,NULL,NULL,NULL,NULL,NULL,NULL,NULL,NULL,"{\"group\":{\"1\":{\"a\":0,\"b\":0,\"s\":\"IQD\"},\"2\":{\"a\":0,\"b\":0,\"s\":\"$\"}},\"balance\":{\"APTotal\":0,\"APRemaining\":0,\"ARTotal\":600,\"ARRemaining\":0}}"),
(89,NULL,NULL,NULL,0,NULL,NULL,1,"raid labnon",NULL,NULL,"public/contacts/blank_profile.png",NULL,NULL,971589080548,NULL,NULL,NULL,NULL,NULL,NULL,NULL,NULL,NULL,NULL,NULL,NULL,NULL,NULL,NULL,NULL,NULL,NULL,"{\"group\":{\"1\":{\"a\":0,\"b\":0,\"s\":\"IQD\"},\"2\":{\"a\":0,\"b\":0,\"s\":\"$\"}},\"balance\":{\"APTotal\":0,\"APRemaining\":0,\"ARTotal\":250,\"ARRemaining\":250}}"),
(90,NULL,NULL,NULL,0,NULL,NULL,1,"Mr.Amir Nerwai","Iraq,Duhok,Avro City",NULL,"public/contacts/blank_profile.png",NULL,NULL,7504090441,NULL,NULL,NULL,108,3,NULL,NULL,NULL,NULL,NULL,NULL,NULL,NULL,NULL,NULL,NULL,NULL,NULL,"{\"group\":{\"1\":{\"a\":0,\"b\":0,\"s\":\"IQD\"},\"2\":{\"a\":0,\"b\":0,\"s\":\"$\"}},\"balance\":{\"APTotal\":0,\"APRemaining\":0,\"ARTotal\":10559,\"ARRemaining\":479}}"),
(91,NULL,NULL,NULL,0,NULL,NULL,1,"kak sherzad",NULL,NULL,"public/contacts/blank_profile.png",NULL,NULL,9647701520809,NULL,NULL,NULL,NULL,NULL,NULL,NULL,NULL,NULL,NULL,NULL,NULL,NULL,NULL,NULL,NULL,NULL,NULL,"{\"group\":{\"1\":{\"a\":0,\"b\":0,\"s\":\"IQD\"},\"2\":{\"a\":0,\"b\":0,\"s\":\"$\"}},\"balance\":{\"APTotal\":0,\"APRemaining\":0,\"ARTotal\":0,\"ARRemaining\":0}}"),
(92,NULL,NULL,NULL,0,NULL,NULL,1,"Mr. Ayub ",NULL,NULL,"public/contacts/blank_profile.png",NULL,NULL,0,NULL,NULL,NULL,NULL,NULL,NULL,NULL,NULL,NULL,NULL,NULL,NULL,NULL,NULL,NULL,NULL,NULL,NULL,"{\"group\":{\"1\":{\"a\":0,\"b\":0,\"s\":\"IQD\"},\"2\":{\"a\":0,\"b\":0,\"s\":\"$\"}},\"balance\":{\"APTotal\":0,\"APRemaining\":0,\"ARTotal\":4797.5,\"ARRemaining\":4205}}"),
(93,NULL,NULL,NULL,0,NULL,NULL,1,"MR.VARVARA",NULL,NULL,"public/contacts/blank_profile.png",NULL,NULL,7506889999,NULL,NULL,NULL,NULL,NULL,NULL,NULL,NULL,NULL,NULL,NULL,NULL,NULL,NULL,NULL,NULL,NULL,NULL,"{\"group\":{\"1\":{\"a\":0,\"b\":0,\"s\":\"IQD\"},\"2\":{\"a\":0,\"b\":0,\"s\":\"$\"}},\"balance\":{\"APTotal\":0,\"APRemaining\":0,\"ARTotal\":13900,\"ARRemaining\":0}}"),
(94,NULL,NULL,NULL,0,NULL,NULL,1,"MR. ROVEN",NULL,NULL,"public/contacts/blank_profile.png",NULL,NULL,75000000000,NULL,NULL,NULL,NULL,NULL,NULL,NULL,NULL,NULL,NULL,NULL,NULL,NULL,NULL,NULL,NULL,NULL,NULL,"{\"group\":{\"1\":{\"a\":0,\"b\":0,\"s\":\"IQD\"},\"2\":{\"a\":0,\"b\":0,\"s\":\"$\"}},\"balance\":{\"APTotal\":0,\"APRemaining\":0,\"ARTotal\":800,\"ARRemaining\":0}}"),
(95,NULL,NULL,NULL,0,NULL,NULL,1,"Karzan Sadiq",NULL,NULL,"public/contacts/blank_profile.png",NULL,NULL,9647504489747,NULL,NULL,NULL,NULL,NULL,NULL,NULL,NULL,NULL,NULL,NULL,NULL,NULL,NULL,NULL,NULL,NULL,NULL,"{\"group\":{\"1\":{\"a\":0,\"b\":0,\"s\":\"IQD\"},\"2\":{\"a\":0,\"b\":0,\"s\":\"$\"}},\"balance\":{\"APTotal\":0,\"APRemaining\":0,\"ARTotal\":150,\"ARRemaining\":50}}"),
(96,NULL,NULL,NULL,0,NULL,NULL,1,"brahan",NULL,NULL,"public/contacts/blank_profile.png",NULL,NULL,123333750,NULL,NULL,NULL,NULL,NULL,NULL,NULL,NULL,NULL,NULL,NULL,NULL,NULL,NULL,NULL,NULL,NULL,NULL,"{\"group\":{\"1\":{\"a\":0,\"b\":0,\"s\":\"IQD\"},\"2\":{\"a\":0,\"b\":0,\"s\":\"$\"}},\"balance\":{\"APTotal\":0,\"APRemaining\":0,\"ARTotal\":0,\"ARRemaining\":0}}"),
(97,NULL,NULL,NULL,0,NULL,NULL,1,"Mr.Mohamaad Idan",NULL,NULL,"public/contacts/blank_profile.png",NULL,NULL,964772000000,NULL,NULL,NULL,NULL,NULL,NULL,NULL,NULL,NULL,NULL,NULL,NULL,NULL,NULL,NULL,NULL,NULL,NULL,"{\"group\":{\"1\":{\"a\":0,\"b\":0,\"s\":\"IQD\"},\"2\":{\"a\":0,\"b\":0,\"s\":\"$\"}},\"balance\":{\"APTotal\":0,\"APRemaining\":0,\"ARTotal\":29412,\"ARRemaining\":12}}"),
(98,NULL,NULL,NULL,0,NULL,NULL,1,"Abdulla ashadi",NULL,NULL,"public/contacts/blank_profile.png",NULL,NULL,7700700800,NULL,NULL,NULL,NULL,NULL,NULL,NULL,NULL,NULL,NULL,NULL,NULL,NULL,NULL,NULL,NULL,NULL,NULL,"{\"group\":{\"1\":{\"a\":0,\"b\":0,\"s\":\"IQD\"},\"2\":{\"a\":0,\"b\":0,\"s\":\"$\"}},\"balance\":{\"APTotal\":0,\"APRemaining\":0,\"ARTotal\":600,\"ARRemaining\":0}}"),
(99,NULL,NULL,NULL,0,NULL,NULL,1,"Fakhraddin Chawshin",NULL,NULL,"public/contacts/blank_profile.png",NULL,NULL,9747504012222,NULL,NULL,NULL,NULL,NULL,NULL,NULL,NULL,NULL,NULL,NULL,NULL,NULL,NULL,NULL,NULL,NULL,NULL,"{\"group\":{\"1\":{\"a\":0,\"b\":0,\"s\":\"IQD\"},\"2\":{\"a\":0,\"b\":0,\"s\":\"$\"}},\"balance\":{\"APTotal\":0,\"APRemaining\":0,\"ARTotal\":0,\"ARRemaining\":0}}"),
(100,NULL,NULL,NULL,0,NULL,NULL,1,"Mr.Ahmed Barznji",NULL,NULL,"public/contacts/blank_profile.png",NULL,NULL,7501351111,NULL,NULL,NULL,NULL,NULL,NULL,NULL,NULL,NULL,NULL,NULL,NULL,NULL,NULL,NULL,NULL,NULL,NULL,"{\"group\":{\"1\":{\"a\":0,\"b\":0,\"s\":\"IQD\"},\"2\":{\"a\":0,\"b\":0,\"s\":\"$\"}},\"balance\":{\"APTotal\":0,\"APRemaining\":0,\"ARTotal\":11650,\"ARRemaining\":0}}"),
(101,NULL,NULL,NULL,0,NULL,NULL,1,"dr mohammed amedi",NULL,NULL,"public/contacts/blank_profile.png",NULL,NULL,7504502756,NULL,NULL,NULL,NULL,NULL,NULL,NULL,NULL,NULL,NULL,NULL,NULL,NULL,NULL,NULL,NULL,NULL,NULL,"{\"group\":{\"1\":{\"a\":0,\"b\":0,\"s\":\"IQD\"},\"2\":{\"a\":0,\"b\":0,\"s\":\"$\"}},\"balance\":{\"APTotal\":0,\"APRemaining\":0,\"ARTotal\":1600,\"ARRemaining\":0}}"),
(102,NULL,NULL,NULL,0,NULL,NULL,1,"kak hemn majidi",NULL,NULL,"public/contacts/blank_profile.png",NULL,NULL,4499304,NULL,NULL,NULL,NULL,NULL,NULL,NULL,NULL,NULL,NULL,NULL,NULL,NULL,NULL,NULL,NULL,NULL,NULL,"{\"group\":{\"1\":{\"a\":0,\"b\":0,\"s\":\"IQD\"},\"2\":{\"a\":0,\"b\":0,\"s\":\"$\"}},\"balance\":{\"APTotal\":0,\"APRemaining\":0,\"ARTotal\":6225,\"ARRemaining\":0}}"),
(103,NULL,NULL,NULL,0,NULL,NULL,1,"Mr.Fkhradin ",NULL,NULL,"public/contacts/blank_profile.png",NULL,NULL,7500000000,NULL,NULL,NULL,NULL,NULL,NULL,NULL,NULL,NULL,NULL,NULL,NULL,NULL,NULL,NULL,NULL,NULL,NULL,"{\"group\":{\"1\":{\"a\":0,\"b\":0,\"s\":\"IQD\"},\"2\":{\"a\":0,\"b\":0,\"s\":\"$\"}},\"balance\":{\"APTotal\":0,\"APRemaining\":0,\"ARTotal\":300,\"ARRemaining\":0}}"),
(104,NULL,NULL,NULL,0,NULL,NULL,1,"mr.karwan",NULL,NULL,"public/contacts/blank_profile.png",NULL,NULL,7507961212,NULL,NULL,NULL,NULL,NULL,NULL,NULL,NULL,NULL,NULL,NULL,NULL,NULL,NULL,NULL,NULL,NULL,NULL,"{\"group\":{\"1\":{\"a\":0,\"b\":0,\"s\":\"IQD\"},\"2\":{\"a\":0,\"b\":0,\"s\":\"$\"}},\"balance\":{\"APTotal\":0,\"APRemaining\":0,\"ARTotal\":235,\"ARRemaining\":0}}"),
(105,NULL,NULL,NULL,0,NULL,NULL,1,"ZANYAR",NULL,NULL,"public/contacts/blank_profile.png",NULL,NULL,751,NULL,NULL,NULL,NULL,NULL,NULL,NULL,NULL,NULL,NULL,NULL,NULL,NULL,NULL,NULL,NULL,NULL,NULL,"{\"group\":{\"1\":{\"a\":0,\"b\":0,\"s\":\"IQD\"},\"2\":{\"a\":0,\"b\":0,\"s\":\"$\"}},\"balance\":{\"APTotal\":0,\"APRemaining\":0,\"ARTotal\":680.200000000000045474735088646411895751953125,\"ARRemaining\":0}}"),
(106,NULL,NULL,NULL,0,NULL,NULL,1,"Mr.Stivan Shany",NULL,NULL,"public/contacts/blank_profile.png",NULL,NULL,7504477527,NULL,NULL,NULL,NULL,NULL,NULL,NULL,NULL,NULL,NULL,NULL,NULL,NULL,NULL,NULL,NULL,NULL,NULL,"{\"group\":{\"1\":{\"a\":0,\"b\":0,\"s\":\"IQD\"},\"2\":{\"a\":0,\"b\":0,\"s\":\"$\"}},\"balance\":{\"APTotal\":0,\"APRemaining\":0,\"ARTotal\":9503.54999999999927240423858165740966796875,\"ARRemaining\":3.54999999999999982236431605997495353221893310546875}}"),
(107,NULL,NULL,NULL,0,NULL,NULL,1,"said hashm",NULL,NULL,"public/contacts/blank_profile.png",NULL,NULL,7500000001,NULL,NULL,NULL,NULL,NULL,NULL,NULL,NULL,NULL,NULL,NULL,NULL,NULL,NULL,NULL,NULL,NULL,NULL,"{\"group\":{\"1\":{\"a\":0,\"b\":0,\"s\":\"IQD\"},\"2\":{\"a\":0,\"b\":0,\"s\":\"$\"}},\"balance\":{\"APTotal\":0,\"APRemaining\":0,\"ARTotal\":527,\"ARRemaining\":0}}"),
(108,NULL,NULL,NULL,0,NULL,NULL,1,"said hsen",NULL,NULL,"public/contacts/blank_profile.png",NULL,NULL,750000002,NULL,NULL,NULL,NULL,NULL,NULL,NULL,NULL,NULL,NULL,NULL,NULL,NULL,NULL,NULL,NULL,NULL,NULL,"{\"group\":{\"1\":{\"a\":0,\"b\":0,\"s\":\"IQD\"},\"2\":{\"a\":0,\"b\":0,\"s\":\"$\"}},\"balance\":{\"APTotal\":0,\"APRemaining\":0,\"ARTotal\":2722.5,\"ARRemaining\":0}}"),
(109,NULL,NULL,NULL,0,NULL,NULL,1,"Mr.Muhamad Surchy",NULL,NULL,"public/contacts/blank_profile.png",NULL,NULL,7506866666,NULL,NULL,NULL,NULL,NULL,NULL,NULL,NULL,NULL,NULL,NULL,NULL,NULL,NULL,NULL,NULL,NULL,NULL,"{\"group\":{\"1\":{\"a\":0,\"b\":0,\"s\":\"IQD\"},\"2\":{\"a\":0,\"b\":0,\"s\":\"$\"}},\"balance\":{\"APTotal\":0,\"APRemaining\":0,\"ARTotal\":2223,\"ARRemaining\":1323}}"),
(110,NULL,NULL,NULL,0,NULL,NULL,1,"L.L.R",NULL,NULL,"public/contacts/blank_profile.png",NULL,NULL,7500000,NULL,NULL,NULL,NULL,NULL,NULL,NULL,NULL,NULL,NULL,NULL,NULL,NULL,NULL,NULL,NULL,NULL,NULL,"{\"group\":{\"1\":{\"a\":0,\"b\":0,\"s\":\"IQD\"},\"2\":{\"a\":0,\"b\":0,\"s\":\"$\"}},\"balance\":{\"APTotal\":0,\"APRemaining\":0,\"ARTotal\":101087,\"ARRemaining\":2687}}"),
(111,NULL,NULL,NULL,0,NULL,NULL,1,"Sheyhmus ",NULL,NULL,"public/contacts/blank_profile.png",NULL,NULL,905465018101,NULL,NULL,NULL,NULL,NULL,NULL,NULL,NULL,NULL,NULL,NULL,NULL,NULL,NULL,NULL,NULL,NULL,NULL,"{\"group\":{\"1\":{\"a\":0,\"b\":0,\"s\":\"IQD\"},\"2\":{\"a\":0,\"b\":0,\"s\":\"$\"}},\"balance\":{\"APTotal\":0,\"APRemaining\":0,\"ARTotal\":400,\"ARRemaining\":0}}"),
(112,NULL,NULL,NULL,0,NULL,NULL,1,"Mr. Ali",NULL,NULL,"public/contacts/blank_profile.png",NULL,NULL,7700034433,NULL,NULL,NULL,NULL,NULL,NULL,NULL,NULL,NULL,NULL,NULL,NULL,NULL,NULL,NULL,NULL,NULL,NULL,"{\"group\":{\"1\":{\"a\":0,\"b\":0,\"s\":\"IQD\"},\"2\":{\"a\":0,\"b\":0,\"s\":\"$\"}},\"balance\":{\"APTotal\":0,\"APRemaining\":0,\"ARTotal\":220,\"ARRemaining\":0}}"),
(113,NULL,NULL,NULL,0,NULL,NULL,1,"Kak Mala Shni ",NULL,NULL,"public/contacts/blank_profile.png",NULL,NULL,7000,NULL,NULL,NULL,NULL,NULL,NULL,NULL,NULL,NULL,NULL,NULL,NULL,NULL,NULL,NULL,NULL,NULL,NULL,"{\"group\":{\"1\":{\"a\":0,\"b\":0,\"s\":\"IQD\"},\"2\":{\"a\":0,\"b\":0,\"s\":\"$\"}},\"balance\":{\"APTotal\":0,\"APRemaining\":0,\"ARTotal\":5000.7719999999999345163814723491668701171875,\"ARRemaining\":5000.7719999999999345163814723491668701171875}}"),
(114,NULL,NULL,NULL,0,NULL,NULL,1,"kendal berwary",NULL,NULL,"public/contacts/blank_profile.png",NULL,NULL,781777777,NULL,NULL,NULL,NULL,NULL,NULL,NULL,NULL,NULL,NULL,NULL,NULL,NULL,NULL,NULL,NULL,NULL,NULL,"{\"group\":{\"1\":{\"a\":0,\"b\":0,\"s\":\"IQD\"},\"2\":{\"a\":0,\"b\":0,\"s\":\"$\"}},\"balance\":{\"APTotal\":0,\"APRemaining\":0,\"ARTotal\":199,\"ARRemaining\":0}}"),
(115,NULL,NULL,NULL,0,NULL,NULL,1,"Mr.Sevdin",NULL,NULL,"public/contacts/blank_profile.png",NULL,NULL,9647504447585,NULL,NULL,NULL,NULL,NULL,NULL,NULL,NULL,NULL,NULL,NULL,NULL,NULL,NULL,NULL,NULL,NULL,NULL,"{\"group\":{\"1\":{\"a\":0,\"b\":0,\"s\":\"IQD\"},\"2\":{\"a\":0,\"b\":0,\"s\":\"$\"}},\"balance\":{\"APTotal\":0,\"APRemaining\":0,\"ARTotal\":1325,\"ARRemaining\":450}}"),
(116,NULL,NULL,NULL,0,NULL,NULL,1,"Vakif Bank",NULL,NULL,"public/contacts/blank_profile.png",NULL,NULL,96407512356963,NULL,NULL,NULL,NULL,NULL,NULL,NULL,NULL,NULL,NULL,NULL,NULL,NULL,NULL,NULL,NULL,NULL,NULL,"{\"group\":{\"1\":{\"a\":0,\"b\":0,\"s\":\"IQD\"},\"2\":{\"a\":0,\"b\":0,\"s\":\"$\"}},\"balance\":{\"APTotal\":0,\"APRemaining\":0,\"ARTotal\":1000,\"ARRemaining\":1000}}"),
(117,NULL,NULL,NULL,0,NULL,NULL,1,"mr. ahmet turk",NULL,NULL,"public/contacts/blank_profile.png",NULL,NULL,7504186235,NULL,NULL,NULL,NULL,NULL,NULL,NULL,NULL,NULL,NULL,NULL,NULL,NULL,NULL,NULL,NULL,NULL,NULL,"{\"group\":{\"1\":{\"a\":0,\"b\":0,\"s\":\"IQD\"},\"2\":{\"a\":0,\"b\":0,\"s\":\"$\"}},\"balance\":{\"APTotal\":0,\"APRemaining\":0,\"ARTotal\":4500,\"ARRemaining\":0}}"),
(118,NULL,NULL,NULL,0,NULL,NULL,1,"MRS. MILIN(STEVAN)",NULL,NULL,"public/contacts/blank_profile.png",NULL,NULL,7504766057,NULL,NULL,NULL,NULL,NULL,NULL,NULL,NULL,NULL,NULL,NULL,NULL,NULL,NULL,NULL,NULL,NULL,NULL,"{\"group\":{\"1\":{\"a\":0,\"b\":0,\"s\":\"IQD\"},\"2\":{\"a\":0,\"b\":0,\"s\":\"$\"}},\"balance\":{\"APTotal\":0,\"APRemaining\":0,\"ARTotal\":0,\"ARRemaining\":0}}"),
(119,NULL,NULL,NULL,0,NULL,NULL,1,"KaK.Mshir",NULL,NULL,"public/contacts/blank_profile.png",NULL,NULL,9647504458007,NULL,NULL,NULL,NULL,NULL,NULL,NULL,NULL,NULL,NULL,NULL,NULL,NULL,NULL,NULL,NULL,NULL,NULL,"{\"group\":{\"1\":{\"a\":0,\"b\":0,\"s\":\"IQD\"},\"2\":{\"a\":0,\"b\":0,\"s\":\"$\"}},\"balance\":{\"APTotal\":0,\"APRemaining\":0,\"ARTotal\":1345,\"ARRemaining\":0}}"),
(120,NULL,NULL,NULL,0,NULL,NULL,1,"DR.SHERZAD",NULL,NULL,"public/contacts/blank_profile.png",NULL,NULL,7504450776,NULL,NULL,NULL,NULL,NULL,NULL,NULL,NULL,NULL,NULL,NULL,NULL,NULL,NULL,NULL,NULL,NULL,NULL,"{\"group\":{\"1\":{\"a\":0,\"b\":0,\"s\":\"IQD\"},\"2\":{\"a\":0,\"b\":0,\"s\":\"$\"}},\"balance\":{\"APTotal\":0,\"APRemaining\":0,\"ARTotal\":15922,\"ARRemaining\":10922}}"),
(121,NULL,NULL,NULL,0,NULL,NULL,1,"MR.AYUB ",NULL,NULL,"public/contacts/blank_profile.png",NULL,NULL,7504458155,NULL,NULL,NULL,NULL,NULL,NULL,NULL,NULL,NULL,NULL,NULL,NULL,NULL,NULL,NULL,NULL,NULL,NULL,"{\"group\":{\"1\":{\"a\":0,\"b\":0,\"s\":\"IQD\"},\"2\":{\"a\":0,\"b\":0,\"s\":\"$\"}},\"balance\":{\"APTotal\":0,\"APRemaining\":0,\"ARTotal\":0,\"ARRemaining\":0}}"),
(122,NULL,NULL,NULL,0,NULL,NULL,1,"mr.jalal",NULL,NULL,"public/contacts/blank_profile.png",NULL,NULL,7701583288,NULL,NULL,NULL,NULL,NULL,NULL,NULL,NULL,NULL,NULL,NULL,NULL,NULL,NULL,NULL,NULL,NULL,NULL,"{\"group\":{\"1\":{\"a\":0,\"b\":0,\"s\":\"IQD\"},\"2\":{\"a\":0,\"b\":0,\"s\":\"$\"}},\"balance\":{\"APTotal\":0,\"APRemaining\":0,\"ARTotal\":0,\"ARRemaining\":0}}"),
(123,NULL,NULL,NULL,0,NULL,NULL,1,"Mr.Dlshad (Special Account)",NULL,NULL,"public/contacts/blank_profile.png",NULL,NULL,9647500000046,NULL,NULL,NULL,NULL,NULL,NULL,NULL,NULL,NULL,NULL,NULL,NULL,NULL,NULL,NULL,NULL,NULL,NULL,"{\"group\":{\"1\":{\"a\":0,\"b\":0,\"s\":\"IQD\"},\"2\":{\"a\":0,\"b\":0,\"s\":\"$\"}},\"balance\":{\"APTotal\":0,\"APRemaining\":0,\"ARTotal\":2691,\"ARRemaining\":0}}"),
(124,NULL,NULL,NULL,0,NULL,NULL,1,"Mr.Sirwan Maxdid",NULL,NULL,"public/contacts/blank_profile.png",NULL,NULL,9647500000005,NULL,NULL,NULL,NULL,NULL,NULL,NULL,NULL,NULL,NULL,NULL,NULL,NULL,NULL,NULL,NULL,NULL,NULL,"{\"group\":{\"1\":{\"a\":0,\"b\":0,\"s\":\"IQD\"},\"2\":{\"a\":0,\"b\":0,\"s\":\"$\"}},\"balance\":{\"APTotal\":0,\"APRemaining\":0,\"ARTotal\":11690,\"ARRemaining\":7770}}"),
(125,NULL,NULL,NULL,0,NULL,NULL,1,"Khoshnaw Khoshnaw ",NULL,NULL,"public/contacts/blank_profile.png",NULL,NULL,97504958888,NULL,NULL,NULL,NULL,NULL,NULL,NULL,NULL,NULL,NULL,NULL,NULL,NULL,NULL,NULL,NULL,NULL,NULL,"{\"group\":{\"1\":{\"a\":0,\"b\":0,\"s\":\"IQD\"},\"2\":{\"a\":0,\"b\":0,\"s\":\"$\"}},\"balance\":{\"APTotal\":0,\"APRemaining\":0,\"ARTotal\":160,\"ARRemaining\":0}}"),
(126,NULL,NULL,NULL,0,NULL,NULL,1,"E018",NULL,NULL,"public/contacts/blank_profile.png",NULL,NULL,9647500000008,NULL,NULL,NULL,NULL,NULL,NULL,NULL,NULL,NULL,NULL,NULL,NULL,NULL,NULL,NULL,NULL,NULL,NULL,"{\"group\":{\"1\":{\"a\":0,\"b\":0,\"s\":\"IQD\"},\"2\":{\"a\":0,\"b\":0,\"s\":\"$\"}},\"balance\":{\"APTotal\":0,\"APRemaining\":0,\"ARTotal\":33422,\"ARRemaining\":33422}}"),
(127,NULL,NULL,NULL,0,NULL,NULL,1,"Aysar (Sarwar )",NULL,NULL,"public/contacts/blank_profile.png",NULL,NULL,9647500000007,NULL,NULL,NULL,NULL,NULL,NULL,NULL,NULL,NULL,NULL,NULL,NULL,NULL,NULL,NULL,NULL,NULL,NULL,"{\"group\":{\"1\":{\"a\":0,\"b\":0,\"s\":\"IQD\"},\"2\":{\"a\":0,\"b\":0,\"s\":\"$\"}},\"balance\":{\"APTotal\":0,\"APRemaining\":0,\"ARTotal\":27458,\"ARRemaining\":24834}}"),
(128,NULL,NULL,NULL,0,NULL,NULL,1,"DR.rebaz",NULL,NULL,"public/contacts/blank_profile.png",NULL,NULL,9647707697474,NULL,NULL,NULL,NULL,NULL,NULL,NULL,NULL,NULL,NULL,NULL,NULL,NULL,NULL,NULL,NULL,NULL,NULL,"{\"group\":{\"1\":{\"a\":0,\"b\":0,\"s\":\"IQD\"},\"2\":{\"a\":0,\"b\":0,\"s\":\"$\"}},\"balance\":{\"APTotal\":0,\"APRemaining\":0,\"ARTotal\":200,\"ARRemaining\":0}}"),
(129,NULL,NULL,NULL,0,NULL,NULL,1,"Kak Nzmi Badr",NULL,NULL,"public/contacts/blank_profile.png",NULL,NULL,9647500000009,NULL,NULL,NULL,NULL,NULL,NULL,NULL,NULL,NULL,NULL,NULL,NULL,NULL,NULL,NULL,NULL,NULL,NULL,"{\"group\":{\"1\":{\"a\":0,\"b\":0,\"s\":\"IQD\"},\"2\":{\"a\":0,\"b\":0,\"s\":\"$\"}},\"balance\":{\"APTotal\":0,\"APRemaining\":0,\"ARTotal\":6686.5,\"ARRemaining\":-13.5}}"),
(130,NULL,NULL,NULL,0,NULL,NULL,1,"Abu Ahmad (Hamila Khan)",NULL,NULL,"public/contacts/blank_profile.png",NULL,NULL,9647500000010,NULL,NULL,NULL,NULL,NULL,NULL,NULL,NULL,NULL,NULL,NULL,NULL,NULL,NULL,NULL,NULL,NULL,NULL,"{\"group\":{\"1\":{\"a\":0,\"b\":0,\"s\":\"IQD\"},\"2\":{\"a\":0,\"b\":0,\"s\":\"$\"}},\"balance\":{\"APTotal\":0,\"APRemaining\":0,\"ARTotal\":7591.5,\"ARRemaining\":0}}"),
(131,NULL,NULL,NULL,0,NULL,NULL,1,"kak.baroj",NULL,NULL,"public/contacts/blank_profile.png",NULL,NULL,7504683663,NULL,NULL,NULL,NULL,NULL,NULL,NULL,NULL,NULL,NULL,NULL,NULL,NULL,NULL,NULL,NULL,NULL,NULL,"{\"group\":{\"1\":{\"a\":0,\"b\":0,\"s\":\"IQD\"},\"2\":{\"a\":0,\"b\":0,\"s\":\"$\"}},\"balance\":{\"APTotal\":0,\"APRemaining\":0,\"ARTotal\":500,\"ARRemaining\":0}}"),
(132,NULL,NULL,NULL,0,NULL,NULL,1,"Miss.Somma Ahmad",NULL,NULL,"public/contacts/blank_profile.png",NULL,NULL,9647500000010,NULL,NULL,NULL,NULL,NULL,NULL,NULL,NULL,NULL,NULL,NULL,NULL,NULL,NULL,NULL,NULL,NULL,NULL,"{\"group\":{\"1\":{\"a\":0,\"b\":0,\"s\":\"IQD\"},\"2\":{\"a\":0,\"b\":0,\"s\":\"$\"}},\"balance\":{\"APTotal\":0,\"APRemaining\":0,\"ARTotal\":350,\"ARRemaining\":50}}"),
(133,NULL,NULL,NULL,0,NULL,NULL,1,"robin",NULL,NULL,"public/contacts/blank_profile.png",NULL,NULL,7504540091,NULL,NULL,NULL,NULL,NULL,NULL,NULL,NULL,NULL,NULL,NULL,NULL,NULL,NULL,NULL,NULL,NULL,NULL,"{\"group\":{\"1\":{\"a\":0,\"b\":0,\"s\":\"IQD\"},\"2\":{\"a\":0,\"b\":0,\"s\":\"$\"}},\"balance\":{\"APTotal\":0,\"APRemaining\":0,\"ARTotal\":3399.99940000000015061232261359691619873046875,\"ARRemaining\":-0.000599999999999999947437878677902745039318688213825225830078125}}"),
(134,NULL,NULL,NULL,0,NULL,NULL,1,"Mr.Haval",NULL,NULL,"public/contacts/blank_profile.png",NULL,NULL,9647500000011,NULL,NULL,NULL,NULL,NULL,NULL,NULL,NULL,NULL,NULL,NULL,NULL,NULL,NULL,NULL,NULL,NULL,NULL,"{\"group\":{\"1\":{\"a\":0,\"b\":0,\"s\":\"IQD\"},\"2\":{\"a\":0,\"b\":0,\"s\":\"$\"}},\"balance\":{\"APTotal\":0,\"APRemaining\":0,\"ARTotal\":25,\"ARRemaining\":25}}"),
(135,NULL,NULL,NULL,0,NULL,NULL,1,"ahmed cixobrayn",NULL,NULL,"public/contacts/blank_profile.png",NULL,NULL,7504441783,NULL,NULL,NULL,NULL,NULL,NULL,NULL,NULL,NULL,NULL,NULL,NULL,NULL,NULL,NULL,NULL,NULL,NULL,"{\"group\":{\"1\":{\"a\":0,\"b\":0,\"s\":\"IQD\"},\"2\":{\"a\":0,\"b\":0,\"s\":\"$\"}},\"balance\":{\"APTotal\":0,\"APRemaining\":0,\"ARTotal\":0,\"ARRemaining\":0}}"),
(136,NULL,NULL,NULL,0,NULL,NULL,1,"MR.HANY",NULL,NULL,"public/contacts/blank_profile.png",NULL,NULL,7505553555,NULL,NULL,NULL,NULL,NULL,NULL,NULL,NULL,NULL,NULL,NULL,NULL,NULL,NULL,NULL,NULL,NULL,NULL,"{\"group\":{\"1\":{\"a\":0,\"b\":0,\"s\":\"IQD\"},\"2\":{\"a\":0,\"b\":0,\"s\":\"$\"}},\"balance\":{\"APTotal\":0,\"APRemaining\":0,\"ARTotal\":6176.25,\"ARRemaining\":1400}}"),
(137,NULL,NULL,NULL,0,NULL,NULL,1,"kak abdulla sadeq",NULL,NULL,"public/contacts/blank_profile.png",NULL,NULL,7507301160,NULL,NULL,NULL,NULL,NULL,NULL,NULL,NULL,NULL,NULL,NULL,NULL,NULL,NULL,NULL,NULL,NULL,NULL,"{\"group\":{\"1\":{\"a\":0,\"b\":0,\"s\":\"IQD\"},\"2\":{\"a\":0,\"b\":0,\"s\":\"$\"}},\"balance\":{\"APTotal\":0,\"APRemaining\":0,\"ARTotal\":740,\"ARRemaining\":0}}"),
(138,NULL,NULL,NULL,0,NULL,NULL,1,"muhamad ali baghdad",NULL,NULL,"public/contacts/blank_profile.png",NULL,NULL,7715776888,NULL,NULL,NULL,NULL,NULL,NULL,NULL,NULL,NULL,NULL,NULL,NULL,NULL,NULL,NULL,NULL,NULL,NULL,"{\"group\":{\"1\":{\"a\":0,\"b\":0,\"s\":\"IQD\"},\"2\":{\"a\":0,\"b\":0,\"s\":\"$\"}},\"balance\":{\"APTotal\":0,\"APRemaining\":0,\"ARTotal\":200,\"ARRemaining\":0}}"),
(139,NULL,NULL,NULL,0,NULL,NULL,1,"MR.AHMED AL TKRTIY",NULL,NULL,"public/contacts/blank_profile.png",NULL,NULL,7823277777,NULL,NULL,NULL,NULL,NULL,NULL,NULL,NULL,NULL,NULL,NULL,NULL,NULL,NULL,NULL,NULL,NULL,NULL,"{\"group\":{\"1\":{\"a\":0,\"b\":0,\"s\":\"IQD\"},\"2\":{\"a\":0,\"b\":0,\"s\":\"$\"}},\"balance\":{\"APTotal\":0,\"APRemaining\":0,\"ARTotal\":700,\"ARRemaining\":0}}"),
(140,NULL,NULL,NULL,0,NULL,NULL,1,"mr.rawand",NULL,NULL,"public/contacts/blank_profile.png",NULL,NULL,7504794415,NULL,NULL,NULL,NULL,NULL,NULL,NULL,NULL,NULL,NULL,NULL,NULL,NULL,NULL,NULL,NULL,NULL,NULL,"{\"group\":{\"1\":{\"a\":0,\"b\":0,\"s\":\"IQD\"},\"2\":{\"a\":0,\"b\":0,\"s\":\"$\"}},\"balance\":{\"APTotal\":0,\"APRemaining\":0,\"ARTotal\":240,\"ARRemaining\":0}}"),
(141,NULL,NULL,NULL,0,NULL,NULL,1,"KAK KHALIL",NULL,NULL,"public/contacts/blank_profile.png",NULL,NULL,7502110954,NULL,NULL,NULL,NULL,NULL,NULL,NULL,NULL,NULL,NULL,NULL,NULL,NULL,NULL,NULL,NULL,NULL,NULL,"{\"group\":{\"1\":{\"a\":0,\"b\":0,\"s\":\"IQD\"},\"2\":{\"a\":0,\"b\":0,\"s\":\"$\"}},\"balance\":{\"APTotal\":0,\"APRemaining\":0,\"ARTotal\":250,\"ARRemaining\":0}}"),
(142,NULL,NULL,NULL,0,NULL,NULL,1,"mr bawer",NULL,NULL,"public/contacts/blank_profile.png",NULL,NULL,7504452109,NULL,NULL,NULL,NULL,NULL,NULL,NULL,NULL,NULL,NULL,NULL,NULL,NULL,NULL,NULL,NULL,NULL,NULL,"{\"group\":{\"1\":{\"a\":0,\"b\":0,\"s\":\"IQD\"},\"2\":{\"a\":0,\"b\":0,\"s\":\"$\"}},\"balance\":{\"APTotal\":0,\"APRemaining\":0,\"ARTotal\":0,\"ARRemaining\":0}}"),
(143,NULL,NULL,NULL,0,NULL,NULL,1,"Mr.kovan brz",NULL,NULL,"public/contacts/blank_profile.png",NULL,NULL,7507676767,NULL,NULL,NULL,NULL,NULL,NULL,NULL,NULL,NULL,NULL,NULL,NULL,NULL,NULL,NULL,NULL,NULL,NULL,"{\"group\":{\"1\":{\"a\":0,\"b\":0,\"s\":\"IQD\"},\"2\":{\"a\":0,\"b\":0,\"s\":\"$\"}},\"balance\":{\"APTotal\":0,\"APRemaining\":0,\"ARTotal\":883,\"ARRemaining\":0}}"),
(144,NULL,NULL,NULL,0,NULL,NULL,1,"MR.HAVAL PDK",NULL,NULL,"public/contacts/blank_profile.png",NULL,NULL,7504444444,NULL,NULL,NULL,NULL,NULL,NULL,NULL,NULL,NULL,NULL,NULL,NULL,NULL,NULL,NULL,NULL,NULL,NULL,"{\"group\":{\"1\":{\"a\":0,\"b\":0,\"s\":\"IQD\"},\"2\":{\"a\":0,\"b\":0,\"s\":\"$\"}},\"balance\":{\"APTotal\":0,\"APRemaining\":0,\"ARTotal\":5700,\"ARRemaining\":0}}"),
(145,NULL,NULL,NULL,0,NULL,NULL,1,"MR. LOAY",NULL,NULL,"public/contacts/blank_profile.png",NULL,NULL,7706000777,NULL,NULL,NULL,NULL,NULL,NULL,NULL,NULL,NULL,NULL,NULL,NULL,NULL,NULL,NULL,NULL,NULL,NULL,"{\"group\":{\"1\":{\"a\":0,\"b\":0,\"s\":\"IQD\"},\"2\":{\"a\":0,\"b\":0,\"s\":\"$\"}},\"balance\":{\"APTotal\":0,\"APRemaining\":0,\"ARTotal\":0,\"ARRemaining\":0}}"),
(146,NULL,NULL,NULL,0,NULL,NULL,1,"MR.FAROUK BGHDAD CUSTOMER",NULL,NULL,"public/contacts/blank_profile.png",NULL,NULL,77077777777,NULL,NULL,NULL,NULL,NULL,NULL,NULL,NULL,NULL,NULL,NULL,NULL,NULL,NULL,NULL,NULL,NULL,NULL,"{\"group\":{\"1\":{\"a\":0,\"b\":0,\"s\":\"IQD\"},\"2\":{\"a\":0,\"b\":0,\"s\":\"$\"}},\"balance\":{\"APTotal\":0,\"APRemaining\":0,\"ARTotal\":0,\"ARRemaining\":0}}"),
(147,NULL,NULL,NULL,0,NULL,NULL,1,"HEMN DZAY",NULL,NULL,"public/contacts/blank_profile.png",NULL,NULL,7704451229,NULL,NULL,NULL,NULL,NULL,NULL,NULL,NULL,NULL,NULL,NULL,NULL,NULL,NULL,NULL,NULL,NULL,NULL,"{\"group\":{\"1\":{\"a\":0,\"b\":0,\"s\":\"IQD\"},\"2\":{\"a\":0,\"b\":0,\"s\":\"$\"}},\"balance\":{\"APTotal\":0,\"APRemaining\":0,\"ARTotal\":5935,\"ARRemaining\":5935}}"),
(148,NULL,NULL,NULL,0,NULL,NULL,1,"Mr.Rebar",NULL,NULL,"public/contacts/blank_profile.png",NULL,NULL,9647504459856,NULL,NULL,NULL,NULL,NULL,NULL,NULL,NULL,NULL,NULL,NULL,NULL,NULL,NULL,NULL,NULL,NULL,NULL,"{\"group\":{\"1\":{\"a\":0,\"b\":0,\"s\":\"IQD\"},\"2\":{\"a\":0,\"b\":0,\"s\":\"$\"}},\"balance\":{\"APTotal\":0,\"APRemaining\":0,\"ARTotal\":200,\"ARRemaining\":200}}"),
(149,NULL,NULL,NULL,0,NULL,NULL,1,"Saib Barzani",NULL,NULL,"public/contacts/blank_profile.png",NULL,NULL,9647504437007,NULL,NULL,NULL,NULL,NULL,NULL,NULL,NULL,NULL,NULL,NULL,NULL,NULL,NULL,NULL,NULL,NULL,NULL,"{\"group\":{\"1\":{\"a\":0,\"b\":0,\"s\":\"IQD\"},\"2\":{\"a\":0,\"b\":0,\"s\":\"$\"}},\"balance\":{\"APTotal\":0,\"APRemaining\":0,\"ARTotal\":1650,\"ARRemaining\":0}}"),
(150,NULL,NULL,NULL,0,NULL,NULL,1,"Mr.Shroz (v)",NULL,NULL,"public/contacts/blank_profile.png",NULL,NULL,7504611926,NULL,NULL,NULL,NULL,NULL,NULL,NULL,NULL,NULL,NULL,NULL,NULL,NULL,NULL,NULL,NULL,NULL,NULL,"{\"group\":{\"1\":{\"a\":0,\"b\":0,\"s\":\"IQD\"},\"2\":{\"a\":0,\"b\":0,\"s\":\"$\"}},\"balance\":{\"APTotal\":0,\"APRemaining\":0,\"ARTotal\":260,\"ARRemaining\":0}}"),
(151,NULL,NULL,NULL,0,NULL,NULL,1,"MS. HUDA NEQSHBANDI",NULL,NULL,"public/contacts/blank_profile.png",NULL,NULL,7503707177,NULL,NULL,NULL,NULL,NULL,NULL,NULL,NULL,NULL,NULL,NULL,NULL,NULL,NULL,NULL,NULL,NULL,NULL,"{\"group\":{\"1\":{\"a\":0,\"b\":0,\"s\":\"IQD\"},\"2\":{\"a\":0,\"b\":0,\"s\":\"$\"}},\"balance\":{\"APTotal\":0,\"APRemaining\":0,\"ARTotal\":280,\"ARRemaining\":0}}"),
(152,NULL,NULL,NULL,0,NULL,NULL,1,"Mr.ALI ALHAKIM",NULL,NULL,"public/contacts/blank_profile.png",NULL,NULL,7813131336,NULL,NULL,NULL,NULL,NULL,NULL,NULL,NULL,NULL,NULL,NULL,NULL,NULL,NULL,NULL,NULL,NULL,NULL,"{\"group\":{\"1\":{\"a\":0,\"b\":0,\"s\":\"IQD\"},\"2\":{\"a\":0,\"b\":0,\"s\":\"$\"}},\"balance\":{\"APTotal\":0,\"APRemaining\":0,\"ARTotal\":400,\"ARRemaining\":0}}"),
(153,NULL,NULL,NULL,0,NULL,NULL,1,"MR.MUSTAFA IDRIS",NULL,NULL,"public/contacts/blank_profile.png",NULL,NULL,7504452690,NULL,NULL,NULL,NULL,NULL,NULL,NULL,NULL,NULL,NULL,NULL,NULL,NULL,NULL,NULL,NULL,NULL,NULL,"{\"group\":{\"1\":{\"a\":0,\"b\":0,\"s\":\"IQD\"},\"2\":{\"a\":0,\"b\":0,\"s\":\"$\"}},\"balance\":{\"APTotal\":0,\"APRemaining\":0,\"ARTotal\":6700,\"ARRemaining\":0}}"),
(154,NULL,NULL,NULL,0,NULL,NULL,1,"AGREEN DILSHAD",NULL,NULL,"public/contacts/blank_profile.png",NULL,NULL,75000000,NULL,NULL,NULL,NULL,NULL,NULL,NULL,NULL,NULL,NULL,NULL,NULL,NULL,NULL,NULL,NULL,NULL,NULL,"{\"group\":{\"1\":{\"a\":0,\"b\":0,\"s\":\"IQD\"},\"2\":{\"a\":0,\"b\":0,\"s\":\"$\"}},\"balance\":{\"APTotal\":0,\"APRemaining\":0,\"ARTotal\":900,\"ARRemaining\":0}}"),
(155,NULL,NULL,NULL,0,NULL,NULL,1,"ameer rasofi",NULL,NULL,"public/contacts/blank_profile.png",NULL,NULL,7730030005,NULL,NULL,NULL,NULL,NULL,NULL,NULL,NULL,NULL,NULL,NULL,NULL,NULL,NULL,NULL,NULL,NULL,NULL,"{\"group\":{\"1\":{\"a\":0,\"b\":0,\"s\":\"IQD\"},\"2\":{\"a\":0,\"b\":0,\"s\":\"$\"}},\"balance\":{\"APTotal\":0,\"APRemaining\":0,\"ARTotal\":100,\"ARRemaining\":0}}"),
(156,NULL,NULL,NULL,0,NULL,NULL,1,"MR.WELAT NEHRO",NULL,NULL,"public/contacts/blank_profile.png",NULL,NULL,7511151111,NULL,NULL,NULL,NULL,NULL,NULL,NULL,NULL,NULL,NULL,NULL,NULL,NULL,NULL,NULL,NULL,NULL,NULL,"{\"group\":{\"1\":{\"a\":0,\"b\":0,\"s\":\"IQD\"},\"2\":{\"a\":0,\"b\":0,\"s\":\"$\"}},\"balance\":{\"APTotal\":0,\"APRemaining\":0,\"ARTotal\":0,\"ARRemaining\":0}}"),
(157,NULL,NULL,NULL,0,NULL,NULL,1,"randall rhodes",NULL,NULL,"public/contacts/blank_profile.png",NULL,NULL,7503597276,NULL,NULL,NULL,NULL,NULL,NULL,NULL,NULL,NULL,NULL,NULL,NULL,NULL,NULL,NULL,NULL,NULL,NULL,"{\"group\":{\"1\":{\"a\":0,\"b\":0,\"s\":\"IQD\"},\"2\":{\"a\":0,\"b\":0,\"s\":\"$\"}},\"balance\":{\"APTotal\":0,\"APRemaining\":0,\"ARTotal\":1824,\"ARRemaining\":0}}"),
(158,NULL,NULL,NULL,0,NULL,NULL,1,"mr.abdulla AS",NULL,NULL,"public/contacts/blank_profile.png",NULL,NULL,75000000001,NULL,NULL,NULL,NULL,NULL,NULL,NULL,NULL,NULL,NULL,NULL,NULL,NULL,NULL,NULL,NULL,NULL,NULL,"{\"group\":{\"1\":{\"a\":0,\"b\":0,\"s\":\"IQD\"},\"2\":{\"a\":0,\"b\":0,\"s\":\"$\"}},\"balance\":{\"APTotal\":0,\"APRemaining\":0,\"ARTotal\":3600,\"ARRemaining\":3600}}"),
(159,NULL,NULL,NULL,0,NULL,NULL,1,"Murad Negiz",NULL,NULL,"public/contacts/blank_profile.png",NULL,NULL,9647501438111,NULL,NULL,NULL,NULL,NULL,NULL,NULL,NULL,NULL,NULL,NULL,NULL,NULL,NULL,NULL,NULL,NULL,NULL,"{\"group\":{\"1\":{\"a\":0,\"b\":0,\"s\":\"IQD\"},\"2\":{\"a\":0,\"b\":0,\"s\":\"$\"}},\"balance\":{\"APTotal\":0,\"APRemaining\":0,\"ARTotal\":561,\"ARRemaining\":0}}"),
(160,NULL,NULL,NULL,0,NULL,NULL,1,"MR. AHMED ALAZAWI",NULL,NULL,"public/contacts/blank_profile.png",NULL,NULL,77083655555,NULL,NULL,NULL,NULL,NULL,NULL,NULL,NULL,NULL,NULL,NULL,NULL,NULL,NULL,NULL,NULL,NULL,NULL,"{\"group\":{\"1\":{\"a\":0,\"b\":0,\"s\":\"IQD\"},\"2\":{\"a\":0,\"b\":0,\"s\":\"$\"}},\"balance\":{\"APTotal\":0,\"APRemaining\":0,\"ARTotal\":9468,\"ARRemaining\":0}}"),
(161,NULL,NULL,NULL,0,NULL,NULL,1,"kak Omid",NULL,NULL,"public/contacts/blank_profile.png",NULL,NULL,7504483803,NULL,NULL,NULL,NULL,NULL,NULL,NULL,NULL,NULL,NULL,NULL,NULL,NULL,NULL,NULL,NULL,NULL,NULL,"{\"group\":{\"1\":{\"a\":0,\"b\":0,\"s\":\"IQD\"},\"2\":{\"a\":0,\"b\":0,\"s\":\"$\"}},\"balance\":{\"APTotal\":0,\"APRemaining\":0,\"ARTotal\":2166.5,\"ARRemaining\":2166.5}}"),
(162,NULL,NULL,NULL,0,NULL,NULL,1,"kak . jenkis",NULL,NULL,"public/contacts/blank_profile.png",NULL,NULL,905359873296,NULL,NULL,NULL,NULL,NULL,NULL,NULL,NULL,NULL,NULL,NULL,NULL,NULL,NULL,NULL,NULL,NULL,NULL,"{\"group\":{\"1\":{\"a\":0,\"b\":0,\"s\":\"IQD\"},\"2\":{\"a\":0,\"b\":0,\"s\":\"$\"}},\"balance\":{\"APTotal\":0,\"APRemaining\":0,\"ARTotal\":0,\"ARRemaining\":0}}"),
(163,NULL,NULL,NULL,0,NULL,NULL,1,"kak sirad",NULL,NULL,"public/contacts/blank_profile.png",NULL,NULL,9647505333383,NULL,NULL,NULL,NULL,NULL,NULL,NULL,NULL,NULL,NULL,NULL,NULL,NULL,NULL,NULL,NULL,NULL,NULL,"{\"group\":{\"1\":{\"a\":0,\"b\":0,\"s\":\"IQD\"},\"2\":{\"a\":0,\"b\":0,\"s\":\"$\"}},\"balance\":{\"APTotal\":0,\"APRemaining\":0,\"ARTotal\":459.1000000000000227373675443232059478759765625,\"ARRemaining\":0}}"),
(164,NULL,NULL,NULL,0,NULL,NULL,1,"kak safir",NULL,NULL,"public/contacts/blank_profile.png",NULL,NULL,7508838888,NULL,NULL,NULL,NULL,NULL,NULL,NULL,NULL,NULL,NULL,NULL,NULL,NULL,NULL,NULL,NULL,NULL,NULL,"{\"group\":{\"1\":{\"a\":0,\"b\":0,\"s\":\"IQD\"},\"2\":{\"a\":0,\"b\":0,\"s\":\"$\"}},\"balance\":{\"APTotal\":0,\"APRemaining\":0,\"ARTotal\":1700,\"ARRemaining\":0}}");


DROP TABLE contacttypes;

CREATE TABLE `contacttypes` (
  `ContactTypeId` bigint(20) NOT NULL AUTO_INCREMENT,
  `Name` varchar(500) DEFAULT NULL,
  PRIMARY KEY (`ContactTypeId`)
) ENGINE=InnoDB AUTO_INCREMENT=9 DEFAULT CHARSET=utf8mb3 COLLATE=utf8mb3_general_ci;

INSERT INTO contacttypes VALUES
(1,"Customer"),
(2,"Employee"),
(3,"StakeHolder"),
(5,"Patient"),
(6,"Organization"),
(7,"Doctor"),
(8,"Supplier");


DROP TABLE countries;

CREATE TABLE `countries` (
  `CountryId` bigint(20) NOT NULL AUTO_INCREMENT,
  `Name` varchar(500) DEFAULT NULL,
  `CreateDate` datetime DEFAULT NULL,
  `ModificationDate` datetime DEFAULT NULL,
  `Deleted` tinyint(1) DEFAULT NULL,
  `Notes` longtext DEFAULT NULL,
  `CreatedByUserId` bigint(20) DEFAULT NULL,
  `ModifiedByUserId` bigint(20) DEFAULT NULL,
  `CountryCode` varchar(45) DEFAULT NULL,
  PRIMARY KEY (`CountryId`)
) ENGINE=InnoDB AUTO_INCREMENT=275 DEFAULT CHARSET=utf8mb3 COLLATE=utf8mb3_general_ci;

INSERT INTO countries VALUES
(1,"Afghanistan","2019-05-22 01:56:03",NULL,0,NULL,12,NULL,"AF"),
(2,"Albania","2019-05-22 01:56:03",NULL,0,NULL,12,NULL,"AL"),
(3,"Algeria","2019-05-22 01:56:03",NULL,0,NULL,12,NULL,"DZ"),
(4,"American Samoa","2019-05-22 01:56:03",NULL,0,NULL,12,NULL,"AS"),
(5,"Andorra","2019-05-22 01:56:03",NULL,0,NULL,12,NULL,"AD"),
(6,"Angola","2019-05-22 01:56:03",NULL,0,NULL,12,NULL,"AO"),
(7,"Anguilla","2019-05-22 01:56:03",NULL,0,NULL,12,NULL,"AI"),
(8,"Antarctica","2019-05-22 01:56:03",NULL,0,NULL,12,NULL,"AQ"),
(9,"Antigua and Barbuda","2019-05-22 01:56:03",NULL,0,NULL,12,NULL,"AG"),
(10,"Argentina","2019-05-22 01:56:03",NULL,0,NULL,12,NULL,"AR"),
(11,"Armenia","2019-05-22 01:56:03",NULL,0,NULL,12,NULL,"AM"),
(12,"Aruba","2019-05-22 01:56:03",NULL,0,NULL,12,NULL,"AW"),
(13,"Australia","2019-05-22 01:56:03",NULL,0,NULL,12,NULL,"AU"),
(14,"Austria","2019-05-22 01:56:03",NULL,0,NULL,12,NULL,"AT"),
(15,"Azerbaijan","2019-05-22 01:56:03",NULL,0,NULL,12,NULL,"AZ"),
(16,"Bahamas","2019-05-22 01:56:03",NULL,0,NULL,12,NULL,"BS"),
(17,"Bahrain","2019-05-22 01:56:03",NULL,0,NULL,12,NULL,"BH"),
(18,"Bangladesh","2019-05-22 01:56:03",NULL,0,NULL,12,NULL,"BD"),
(19,"Barbados","2019-05-22 01:56:03",NULL,0,NULL,12,NULL,"BB"),
(20,"Belarus","2019-05-22 01:56:03",NULL,0,NULL,12,NULL,"BY"),
(21,"Belgium","2019-05-22 01:56:03",NULL,0,NULL,12,NULL,"BE"),
(22,"Belize","2019-05-22 01:56:03",NULL,0,NULL,12,NULL,"BZ"),
(23,"Benin","2019-05-22 01:56:03",NULL,0,NULL,12,NULL,"BJ"),
(24,"Bermuda","2019-05-22 01:56:03",NULL,0,NULL,12,NULL,"BM"),
(25,"Bhutan","2019-05-22 01:56:03",NULL,0,NULL,12,NULL,"BT"),
(26,"Bolivia","2019-05-22 01:56:03",NULL,0,NULL,12,NULL,"BO"),
(27,"Bosnia and Herzegovina","2019-05-22 01:56:03",NULL,0,NULL,12,NULL,"BA"),
(28,"Botswana","2019-05-22 01:56:03",NULL,0,NULL,12,NULL,"BW"),
(29,"Bouvet Island","2019-05-22 01:56:03",NULL,0,NULL,12,NULL,"BV"),
(30,"Brazil","2019-05-22 01:56:03",NULL,0,NULL,12,NULL,"BR"),
(31,"British Antarctic Territory","2019-05-22 01:56:03",NULL,0,NULL,12,NULL,"BQ"),
(32,"British Indian Ocean Territory","2019-05-22 01:56:03",NULL,0,NULL,12,NULL,"IO"),
(33,"British Virgin Islands","2019-05-22 01:56:03",NULL,0,NULL,12,NULL,"VG"),
(34,"Brunei","2019-05-22 01:56:03",NULL,0,NULL,12,NULL,"BN"),
(35,"Bulgaria","2019-05-22 01:56:03",NULL,0,NULL,12,NULL,"BG"),
(36,"Burkina Faso","2019-05-22 01:56:03",NULL,0,NULL,12,NULL,"BF"),
(37,"Burundi","2019-05-22 01:56:03",NULL,0,NULL,12,NULL,"BI"),
(38,"Cambodia","2019-05-22 01:56:03",NULL,0,NULL,12,NULL,"KH"),
(39,"Cameroon","2019-05-22 01:56:03",NULL,0,NULL,12,NULL,"CM"),
(40,"Canada","2019-05-22 01:56:03",NULL,0,NULL,12,NULL,"CA"),
(41,"Canton and Enderbury Islands","2019-05-22 01:56:03",NULL,0,NULL,12,NULL,"CT"),
(42,"Cape Verde","2019-05-22 01:56:03",NULL,0,NULL,12,NULL,"CV"),
(43,"Cayman Islands","2019-05-22 01:56:03",NULL,0,NULL,12,NULL,"KY"),
(44,"Central African Republic","2019-05-22 01:56:03",NULL,0,NULL,12,NULL,"CF"),
(45,"Chad","2019-05-22 01:56:03",NULL,0,NULL,12,NULL,"TD"),
(46,"Chile","2019-05-22 01:56:03",NULL,0,NULL,12,NULL,"CL"),
(47,"China","2019-05-22 01:56:03",NULL,0,NULL,12,NULL,"CN"),
(48,"Christmas Island","2019-05-22 01:56:03",NULL,0,NULL,12,NULL,"CX"),
(49,"Cocos [Keeling] Islands","2019-05-22 01:56:03",NULL,0,NULL,12,NULL,"CC"),
(50,"Colombia","2019-05-22 01:56:03",NULL,0,NULL,12,NULL,"CO"),
(51,"Comoros","2019-05-22 01:56:03",NULL,0,NULL,12,NULL,"KM"),
(52,"Congo - Brazzaville","2019-05-22 01:56:03",NULL,0,NULL,12,NULL,"CG"),
(53,"Congo - Kinshasa","2019-05-22 01:56:03",NULL,0,NULL,12,NULL,"CD"),
(54,"Cook Islands","2019-05-22 01:56:03",NULL,0,NULL,12,NULL,"CK"),
(55,"Costa Rica","2019-05-22 01:56:03",NULL,0,NULL,12,NULL,"CR"),
(56,"Croatia","2019-05-22 01:56:03",NULL,0,NULL,12,NULL,"HR"),
(57,"Cuba","2019-05-22 01:56:03",NULL,0,NULL,12,NULL,"CU"),
(58,"Cyprus","2019-05-22 01:56:03",NULL,0,NULL,12,NULL,"CY"),
(59,"Czech Republic","2019-05-22 01:56:03",NULL,0,NULL,12,NULL,"CZ"),
(60,"Côte d?Ivoire","2019-05-22 01:56:03",NULL,0,NULL,12,NULL,"CI"),
(61,"Denmark","2019-05-22 01:56:03",NULL,0,NULL,12,NULL,"DK"),
(62,"Djibouti","2019-05-22 01:56:03",NULL,0,NULL,12,NULL,"DJ"),
(63,"Dominica","2019-05-22 01:56:03",NULL,0,NULL,12,NULL,"DM"),
(64,"Dominican Republic","2019-05-22 01:56:03",NULL,0,NULL,12,NULL,"DO"),
(65,"Dronning Maud Land","2019-05-22 01:56:03",NULL,0,NULL,12,NULL,"NQ"),
(66,"East Germany","2019-05-22 01:56:03",NULL,0,NULL,12,NULL,"DD"),
(67,"Ecuador","2019-05-22 01:56:03",NULL,0,NULL,12,NULL,"EC"),
(68,"Egypt","2019-05-22 01:56:03",NULL,0,NULL,12,NULL,"EG"),
(69,"El Salvador","2019-05-22 01:56:03",NULL,0,NULL,12,NULL,"SV"),
(70,"Equatorial Guinea","2019-05-22 01:56:03",NULL,0,NULL,12,NULL,"GQ"),
(71,"Eritrea","2019-05-22 01:56:03",NULL,0,NULL,12,NULL,"ER"),
(72,"Estonia","2019-05-22 01:56:03",NULL,0,NULL,12,NULL,"EE"),
(73,"Ethiopia","2019-05-22 01:56:03",NULL,0,NULL,12,NULL,"ET"),
(74,"Falkland Islands","2019-05-22 01:56:03",NULL,0,NULL,12,NULL,"FK"),
(75,"Faroe Islands","2019-05-22 01:56:03",NULL,0,NULL,12,NULL,"FO"),
(76,"Fiji","2019-05-22 01:56:03",NULL,0,NULL,12,NULL,"FJ"),
(77,"Finland","2019-05-22 01:56:03",NULL,0,NULL,12,NULL,"FI"),
(78,"France","2019-05-22 01:56:03",NULL,0,NULL,12,NULL,"FR"),
(79,"French Guiana","2019-05-22 01:56:03",NULL,0,NULL,12,NULL,"GF"),
(80,"French Polynesia","2019-05-22 01:56:03",NULL,0,NULL,12,NULL,"PF"),
(81,"French Southern Territories","2019-05-22 01:56:03",NULL,0,NULL,12,NULL,"TF"),
(82,"French Southern and Antarctic Territories","2019-05-22 01:56:03",NULL,0,NULL,12,NULL,"FQ"),
(83,"Gabon","2019-05-22 01:56:03",NULL,0,NULL,12,NULL,"GA"),
(84,"Gambia","2019-05-22 01:56:03",NULL,0,NULL,12,NULL,"GM"),
(85,"Georgia","2019-05-22 01:56:03",NULL,0,NULL,12,NULL,"GE"),
(86,"Germany","2019-05-22 01:56:03",NULL,0,NULL,12,NULL,"DE"),
(87,"Ghana","2019-05-22 01:56:03",NULL,0,NULL,12,NULL,"GH"),
(88,"Gibraltar","2019-05-22 01:56:03",NULL,0,NULL,12,NULL,"GI"),
(89,"Greece","2019-05-22 01:56:03",NULL,0,NULL,12,NULL,"GR"),
(90,"Greenland","2019-05-22 01:56:03",NULL,0,NULL,12,NULL,"GL"),
(91,"Grenada","2019-05-22 01:56:03",NULL,0,NULL,12,NULL,"GD"),
(92,"Guadeloupe","2019-05-22 01:56:03",NULL,0,NULL,12,NULL,"GP"),
(93,"Guam","2019-05-22 01:56:03",NULL,0,NULL,12,NULL,"GU"),
(94,"Guatemala","2019-05-22 01:56:03",NULL,0,NULL,12,NULL,"GT"),
(95,"Guernsey","2019-05-22 01:56:03",NULL,0,NULL,12,NULL,"GG"),
(96,"Guinea","2019-05-22 01:56:03",NULL,0,NULL,12,NULL,"GN"),
(97,"Guinea-Bissau","2019-05-22 01:56:03",NULL,0,NULL,12,NULL,"GW"),
(98,"Guyana","2019-05-22 01:56:03",NULL,0,NULL,12,NULL,"GY"),
(99,"Haiti","2019-05-22 01:56:03",NULL,0,NULL,12,NULL,"HT"),
(100,"Heard Island and McDonald Islands","2019-05-22 01:56:03",NULL,0,NULL,12,NULL,"HM"),
(101,"Honduras","2019-05-22 01:56:03",NULL,0,NULL,12,NULL,"HN"),
(102,"Hong Kong SAR China","2019-05-22 01:56:03",NULL,0,NULL,12,NULL,"HK"),
(103,"Hungary","2019-05-22 01:56:03",NULL,0,NULL,12,NULL,"HU"),
(104,"Iceland","2019-05-22 01:56:03",NULL,0,NULL,12,NULL,"IS"),
(105,"India","2019-05-22 01:56:03",NULL,0,NULL,12,NULL,"IN"),
(106,"Indonesia","2019-05-22 01:56:03",NULL,0,NULL,12,NULL,"ID"),
(107,"Iran","2019-05-22 01:56:03",NULL,0,NULL,12,NULL,"IR"),
(108,"Iraq","2019-05-22 01:56:03",NULL,0,NULL,12,NULL,"IQ"),
(109,"Ireland","2019-05-22 01:56:03",NULL,0,NULL,12,NULL,"IE"),
(110,"Isle of Man","2019-05-22 01:56:03",NULL,0,NULL,12,NULL,"IM"),
(111,"Israel","2019-05-22 01:56:03",NULL,0,NULL,12,NULL,"IL"),
(112,"Italy","2019-05-22 01:56:03",NULL,0,NULL,12,NULL,"IT"),
(113,"Jamaica","2019-05-22 01:56:03",NULL,0,NULL,12,NULL,"JM"),
(114,"Japan","2019-05-22 01:56:03",NULL,0,NULL,12,NULL,"JP"),
(115,"Jersey","2019-05-22 01:56:03",NULL,0,NULL,12,NULL,"JE"),
(116,"Johnston Island","2019-05-22 01:56:03",NULL,0,NULL,12,NULL,"JT"),
(117,"Jordan","2019-05-22 01:56:03",NULL,0,NULL,12,NULL,"JO"),
(118,"Kazakhstan","2019-05-22 01:56:03",NULL,0,NULL,12,NULL,"KZ"),
(119,"Kenya","2019-05-22 01:56:03",NULL,0,NULL,12,NULL,"KE"),
(120,"Kiribati","2019-05-22 01:56:03",NULL,0,NULL,12,NULL,"KI"),
(121,"Kuwait","2019-05-22 01:56:03",NULL,0,NULL,12,NULL,"KW"),
(122,"Kyrgyzstan","2019-05-22 01:56:03",NULL,0,NULL,12,NULL,"KG"),
(123,"Laos","2019-05-22 01:56:03",NULL,0,NULL,12,NULL,"LA"),
(124,"Latvia","2019-05-22 01:56:03",NULL,0,NULL,12,NULL,"LV"),
(125,"Lebanon","2019-05-22 01:56:03",NULL,0,NULL,12,NULL,"LB"),
(126,"Lesotho","2019-05-22 01:56:03",NULL,0,NULL,12,NULL,"LS"),
(127,"Liberia","2019-05-22 01:56:03",NULL,0,NULL,12,NULL,"LR"),
(128,"Libya","2019-05-22 01:56:03",NULL,0,NULL,12,NULL,"LY"),
(129,"Liechtenstein","2019-05-22 01:56:03",NULL,0,NULL,12,NULL,"LI"),
(130,"Lithuania","2019-05-22 01:56:03",NULL,0,NULL,12,NULL,"LT"),
(131,"Luxembourg","2019-05-22 01:56:03",NULL,0,NULL,12,NULL,"LU"),
(132,"Macau SAR China","2019-05-22 01:56:03",NULL,0,NULL,12,NULL,"MO"),
(133,"Macedonia","2019-05-22 01:56:03",NULL,0,NULL,12,NULL,"MK"),
(134,"Madagascar","2019-05-22 01:56:03",NULL,0,NULL,12,NULL,"MG"),
(135,"Malawi","2019-05-22 01:56:03",NULL,0,NULL,12,NULL,"MW"),
(136,"Malaysia","2019-05-22 01:56:03",NULL,0,NULL,12,NULL,"MY"),
(137,"Maldives","2019-05-22 01:56:03",NULL,0,NULL,12,NULL,"MV"),
(138,"Mali","2019-05-22 01:56:03",NULL,0,NULL,12,NULL,"ML"),
(139,"Malta","2019-05-22 01:56:03",NULL,0,NULL,12,NULL,"MT"),
(140,"Marshall Islands","2019-05-22 01:56:03",NULL,0,NULL,12,NULL,"MH"),
(141,"Martinique","2019-05-22 01:56:03",NULL,0,NULL,12,NULL,"MQ"),
(142,"Mauritania","2019-05-22 01:56:03",NULL,0,NULL,12,NULL,"MR"),
(143,"Mauritius","2019-05-22 01:56:03",NULL,0,NULL,12,NULL,"MU"),
(144,"Mayotte","2019-05-22 01:56:03",NULL,0,NULL,12,NULL,"YT"),
(145,"Metropolitan France","2019-05-22 01:56:03",NULL,0,NULL,12,NULL,"FX"),
(146,"Mexico","2019-05-22 01:56:03",NULL,0,NULL,12,NULL,"MX"),
(147,"Micronesia","2019-05-22 01:56:03",NULL,0,NULL,12,NULL,"FM"),
(148,"Midway Islands","2019-05-22 01:56:03",NULL,0,NULL,12,NULL,"MI"),
(149,"Moldova","2019-05-22 01:56:03",NULL,0,NULL,12,NULL,"MD"),
(150,"Monaco","2019-05-22 01:56:03",NULL,0,NULL,12,NULL,"MC"),
(151,"Mongolia","2019-05-22 01:56:03",NULL,0,NULL,12,NULL,"MN"),
(152,"Montenegro","2019-05-22 01:56:03",NULL,0,NULL,12,NULL,"ME"),
(153,"Montserrat","2019-05-22 01:56:03",NULL,0,NULL,12,NULL,"MS"),
(154,"Morocco","2019-05-22 01:56:03",NULL,0,NULL,12,NULL,"MA"),
(155,"Mozambique","2019-05-22 01:56:03",NULL,0,NULL,12,NULL,"MZ"),
(156,"Myanmar [Burma]","2019-05-22 01:56:03",NULL,0,NULL,12,NULL,"MM"),
(157,"Namibia","2019-05-22 01:56:03",NULL,0,NULL,12,NULL,"NA"),
(158,"Nauru","2019-05-22 01:56:03",NULL,0,NULL,12,NULL,"NR"),
(159,"Nepal","2019-05-22 01:56:03",NULL,0,NULL,12,NULL,"NP"),
(160,"Netherlands","2019-05-22 01:56:03",NULL,0,NULL,12,NULL,"NL"),
(161,"Netherlands Antilles","2019-05-22 01:56:03",NULL,0,NULL,12,NULL,"AN"),
(162,"Neutral Zone","2019-05-22 01:56:03",NULL,0,NULL,12,NULL,"NT"),
(163,"New Caledonia","2019-05-22 01:56:03",NULL,0,NULL,12,NULL,"NC"),
(164,"New Zealand","2019-05-22 01:56:03",NULL,0,NULL,12,NULL,"NZ"),
(165,"Nicaragua","2019-05-22 01:56:03",NULL,0,NULL,12,NULL,"NI"),
(166,"Niger","2019-05-22 01:56:03",NULL,0,NULL,12,NULL,"NE"),
(167,"Nigeria","2019-05-22 01:56:03",NULL,0,NULL,12,NULL,"NG"),
(168,"Niue","2019-05-22 01:56:03",NULL,0,NULL,12,NULL,"NU"),
(169,"Norfolk Island","2019-05-22 01:56:03",NULL,0,NULL,12,NULL,"NF"),
(170,"North Korea","2019-05-22 01:56:03",NULL,0,NULL,12,NULL,"KP"),
(171,"North Vietnam","2019-05-22 01:56:03",NULL,0,NULL,12,NULL,"VD"),
(172,"Northern Mariana Islands","2019-05-22 01:56:03",NULL,0,NULL,12,NULL,"MP"),
(173,"Norway","2019-05-22 01:56:03",NULL,0,NULL,12,NULL,"NO"),
(174,"Oman","2019-05-22 01:56:03",NULL,0,NULL,12,NULL,"OM"),
(175,"Pacific Islands Trust Territory","2019-05-22 01:56:03",NULL,0,NULL,12,NULL,"PC"),
(176,"Pakistan","2019-05-22 01:56:03",NULL,0,NULL,12,NULL,"PK"),
(177,"Palau","2019-05-22 01:56:03",NULL,0,NULL,12,NULL,"PW"),
(178,"Palestinian Territories","2019-05-22 01:56:03",NULL,0,NULL,12,NULL,"PS"),
(179,"Panama","2019-05-22 01:56:03",NULL,0,NULL,12,NULL,"PA"),
(180,"Panama Canal Zone","2019-05-22 01:56:03",NULL,0,NULL,12,NULL,"PZ"),
(181,"Papua New Guinea","2019-05-22 01:56:03",NULL,0,NULL,12,NULL,"PG"),
(182,"Paraguay","2019-05-22 01:56:03",NULL,0,NULL,12,NULL,"PY"),
(183,"People\'s Democratic Republic of Yemen","2019-05-22 01:56:03",NULL,0,NULL,12,NULL,"YD"),
(184,"Peru","2019-05-22 01:56:03",NULL,0,NULL,12,NULL,"PE"),
(185,"Philippines","2019-05-22 01:56:03",NULL,0,NULL,12,NULL,"PH"),
(186,"Pitcairn Islands","2019-05-22 01:56:03",NULL,0,NULL,12,NULL,"PN"),
(187,"Poland","2019-05-22 01:56:03",NULL,0,NULL,12,NULL,"PL"),
(188,"Portugal","2019-05-22 01:56:03",NULL,0,NULL,12,NULL,"PT"),
(189,"Puerto Rico","2019-05-22 01:56:03",NULL,0,NULL,12,NULL,"PR"),
(190,"Qatar","2019-05-22 01:56:03",NULL,0,NULL,12,NULL,"QA"),
(191,"Romania","2019-05-22 01:56:03",NULL,0,NULL,12,NULL,"RO"),
(192,"Russia","2019-05-22 01:56:03",NULL,0,NULL,12,NULL,"RU"),
(193,"Rwanda","2019-05-22 01:56:03",NULL,0,NULL,12,NULL,"RW"),
(194,"Réunion","2019-05-22 01:56:03",NULL,0,NULL,12,NULL,"RE"),
(195,"Saint Barthélemy","2019-05-22 01:56:03",NULL,0,NULL,12,NULL,"BL"),
(196,"Saint Helena","2019-05-22 01:56:03",NULL,0,NULL,12,NULL,"SH"),
(197,"Saint Kitts and Nevis","2019-05-22 01:56:03",NULL,0,NULL,12,NULL,"KN"),
(198,"Saint Lucia","2019-05-22 01:56:03",NULL,0,NULL,12,NULL,"LC"),
(199,"Saint Martin","2019-05-22 01:56:03",NULL,0,NULL,12,NULL,"MF"),
(200,"Saint Pierre and Miquelon","2019-05-22 01:56:03",NULL,0,NULL,12,NULL,"PM"),
(201,"Saint Vincent and the Grenadines","2019-05-22 01:56:03",NULL,0,NULL,12,NULL,"VC"),
(202,"Samoa","2019-05-22 01:56:03",NULL,0,NULL,12,NULL,"WS"),
(203,"San Marino","2019-05-22 01:56:03",NULL,0,NULL,12,NULL,"SM"),
(204,"Saudi Arabia","2019-05-22 01:56:03",NULL,0,NULL,12,NULL,"SA"),
(205,"Senegal","2019-05-22 01:56:03",NULL,0,NULL,12,NULL,"SN"),
(206,"Serbia","2019-05-22 01:56:03",NULL,0,NULL,12,NULL,"RS"),
(207,"Serbia and Montenegro","2019-05-22 01:56:03",NULL,0,NULL,12,NULL,"CS"),
(208,"Seychelles","2019-05-22 01:56:03",NULL,0,NULL,12,NULL,"SC"),
(209,"Sierra Leone","2019-05-22 01:56:03",NULL,0,NULL,12,NULL,"SL"),
(210,"Singapore","2019-05-22 01:56:03",NULL,0,NULL,12,NULL,"SG"),
(211,"Slovakia","2019-05-22 01:56:03",NULL,0,NULL,12,NULL,"SK"),
(212,"Slovenia","2019-05-22 01:56:03",NULL,0,NULL,12,NULL,"SI"),
(213,"Solomon Islands","2019-05-22 01:56:03",NULL,0,NULL,12,NULL,"SB"),
(214,"Somalia","2019-05-22 01:56:03",NULL,0,NULL,12,NULL,"SO"),
(215,"South Africa","2019-05-22 01:56:03",NULL,0,NULL,12,NULL,"ZA"),
(216,"South Georgia and the South Sandwich Islands","2019-05-22 01:56:03",NULL,0,NULL,12,NULL,"GS"),
(217,"South Korea","2019-05-22 01:56:03",NULL,0,NULL,12,NULL,"KR"),
(218,"Spain","2019-05-22 01:56:03",NULL,0,NULL,12,NULL,"ES"),
(219,"Sri Lanka","2019-05-22 01:56:03",NULL,0,NULL,12,NULL,"LK"),
(220,"Sudan","2019-05-22 01:56:03",NULL,0,NULL,12,NULL,"SD"),
(221,"Suriname","2019-05-22 01:56:03",NULL,0,NULL,12,NULL,"SR"),
(222,"Svalbard and Jan Mayen","2019-05-22 01:56:03",NULL,0,NULL,12,NULL,"SJ"),
(223,"Swaziland","2019-05-22 01:56:03",NULL,0,NULL,12,NULL,"SZ"),
(224,"Sweden","2019-05-22 01:56:03",NULL,0,NULL,12,NULL,"SE"),
(225,"Switzerland","2019-05-22 01:56:03",NULL,0,NULL,12,NULL,"CH"),
(226,"Syria","2019-05-22 01:56:03",NULL,0,NULL,12,NULL,"SY"),
(227,"São Tomé and Príncipe","2019-05-22 01:56:03",NULL,0,NULL,12,NULL,"ST"),
(228,"Taiwan","2019-05-22 01:56:03",NULL,0,NULL,12,NULL,"TW"),
(229,"Tajikistan","2019-05-22 01:56:03",NULL,0,NULL,12,NULL,"TJ"),
(230,"Tanzania","2019-05-22 01:56:03",NULL,0,NULL,12,NULL,"TZ"),
(231,"Thailand","2019-05-22 01:56:03",NULL,0,NULL,12,NULL,"TH"),
(232,"Timor-Leste","2019-05-22 01:56:03",NULL,0,NULL,12,NULL,"TL"),
(233,"Togo","2019-05-22 01:56:03",NULL,0,NULL,12,NULL,"TG"),
(234,"Tokelau","2019-05-22 01:56:03",NULL,0,NULL,12,NULL,"TK"),
(235,"Tonga","2019-05-22 01:56:03",NULL,0,NULL,12,NULL,"TO"),
(236,"Trinidad and Tobago","2019-05-22 01:56:03",NULL,0,NULL,12,NULL,"TT"),
(237,"Tunisia","2019-05-22 01:56:03",NULL,0,NULL,12,NULL,"TN"),
(238,"Turkey","2019-05-22 01:56:03",NULL,0,NULL,12,NULL,"TR"),
(239,"Turkmenistan","2019-05-22 01:56:03",NULL,0,NULL,12,NULL,"TM"),
(240,"Turks and Caicos Islands","2019-05-22 01:56:03",NULL,0,NULL,12,NULL,"TC"),
(241,"Tuvalu","2019-05-22 01:56:03",NULL,0,NULL,12,NULL,"TV"),
(242,"U.S. Minor Outlying Islands","2019-05-22 01:56:03",NULL,0,NULL,12,NULL,"UM"),
(243,"U.S. Miscellaneous Pacific Islands","2019-05-22 01:56:03",NULL,0,NULL,12,NULL,"PU"),
(244,"U.S. Virgin Islands","2019-05-22 01:56:03",NULL,0,NULL,12,NULL,"VI"),
(245,"Uganda","2019-05-22 01:56:03",NULL,0,NULL,12,NULL,"UG"),
(246,"Ukraine","2019-05-22 01:56:03",NULL,0,NULL,12,NULL,"UA"),
(247,"Union of Soviet Socialist Republics","2019-05-22 01:56:03",NULL,0,NULL,12,NULL,"SU"),
(248,"United Arab Emirates","2019-05-22 01:56:03",NULL,0,NULL,12,NULL,"AE"),
(249,"United Kingdom","2019-05-22 01:56:03",NULL,0,NULL,12,NULL,"GB"),
(250,"United States","2019-05-22 01:56:03",NULL,0,NULL,12,NULL,"US"),
(251,"Unknown or Invalid Region","2019-05-22 01:56:03",NULL,0,NULL,12,NULL,"ZZ"),
(252,"Uruguay","2019-05-22 01:56:03",NULL,0,NULL,12,NULL,"UY"),
(253,"Uzbekistan","2019-05-22 01:56:03",NULL,0,NULL,12,NULL,"UZ"),
(254,"Vanuatu","2019-05-22 01:56:03",NULL,0,NULL,12,NULL,"VU"),
(255,"Vatican City","2019-05-22 01:56:03",NULL,0,NULL,12,NULL,"VA"),
(256,"Venezuela","2019-05-22 01:56:03",NULL,0,NULL,12,NULL,"VE"),
(257,"Vietnam","2019-05-22 01:56:03",NULL,0,NULL,12,NULL,"VN"),
(258,"Wake Island","2019-05-22 01:56:03",NULL,0,NULL,12,NULL,"WK"),
(259,"Wallis and Futuna","2019-05-22 01:56:03",NULL,0,NULL,12,NULL,"WF"),
(260,"Western Sahara","2019-05-22 01:56:03",NULL,0,NULL,12,NULL,"EH"),
(261,"Yemen","2019-05-22 01:56:03",NULL,0,NULL,12,NULL,"YE"),
(262,"Zambia","2019-05-22 01:56:03",NULL,0,NULL,12,NULL,"ZM"),
(263,"Zimbabwe","2019-05-22 01:56:03",NULL,0,NULL,12,NULL,"ZW"),
(264,"Åland Islands","2019-05-22 01:56:03",NULL,0,NULL,12,NULL,"AX"),
(273,"Kurdistan",NULL,NULL,NULL,NULL,NULL,NULL,NULL),
(274,"Erbil",NULL,NULL,NULL,NULL,NULL,NULL,NULL);


DROP TABLE currencies;

CREATE TABLE `currencies` (
  `CurrencyId` bigint(20) NOT NULL AUTO_INCREMENT,
  `Name` varchar(500) DEFAULT NULL,
  `Format` varchar(500) DEFAULT NULL,
  `WriteFormat` varchar(500) DEFAULT NULL,
  `Symbol` varchar(50) DEFAULT NULL,
  `ListOrder` int(11) DEFAULT NULL,
  `BaseCurrency` tinyint(1) DEFAULT NULL,
  PRIMARY KEY (`CurrencyId`)
) ENGINE=InnoDB AUTO_INCREMENT=4 DEFAULT CHARSET=utf8mb3 COLLATE=utf8mb3_general_ci;

INSERT INTO currencies VALUES
(1,"IQD","{0:#,0 ?\\.?}","{0:0}","IQD",1,0),
(2,"USD","{0:$#,0.00}","{0:0.00}","$",2,1),
(3,"EUR","{0:?#,0.00}","{0:0.00}","EUR",3,0);


DROP TABLE currencyrates;

CREATE TABLE `currencyrates` (
  `CurrencyRateId` bigint(20) NOT NULL AUTO_INCREMENT,
  `CurrencyIdFrom` bigint(20) DEFAULT NULL,
  `CurrencyIdTo` bigint(20) DEFAULT NULL,
  `Reverse` tinyint(1) DEFAULT NULL,
  `Rate` decimal(18,14) DEFAULT NULL,
  `Date` date DEFAULT NULL,
  `DateTime` time(3) DEFAULT NULL,
  PRIMARY KEY (`CurrencyRateId`),
  KEY `FK_CurrencyRates_Currencies` (`CurrencyIdFrom`),
  KEY `FK_CurrencyRates_Currencies1` (`CurrencyIdTo`)
) ENGINE=InnoDB AUTO_INCREMENT=21 DEFAULT CHARSET=utf8mb3 COLLATE=utf8mb3_general_ci;

DROP TABLE employee_shift_days;

CREATE TABLE `employee_shift_days` (
  `employee_shift_day_id` bigint(20) NOT NULL AUTO_INCREMENT,
  `EmployeeShiftId` int(11) DEFAULT NULL,
  `EmployeeId` int(11) DEFAULT NULL,
  `ShiftId` int(11) DEFAULT NULL,
  `timesheetId` int(11) DEFAULT NULL,
  `date` date DEFAULT NULL,
  `EmployeeShiftGroupId` varchar(500) DEFAULT NULL,
  `Name` varchar(500) DEFAULT NULL,
  `start_date` date DEFAULT NULL,
  `end_date` date DEFAULT NULL,
  PRIMARY KEY (`employee_shift_day_id`)
) ENGINE=InnoDB DEFAULT CHARSET=utf8mb3 COLLATE=utf8mb3_general_ci;

DROP TABLE employee_shifts;

CREATE TABLE `employee_shifts` (
  `EmployeeShiftId` int(11) NOT NULL AUTO_INCREMENT,
  `startDate` date DEFAULT NULL,
  `endDate` date DEFAULT NULL,
  `EmployeeId` int(11) DEFAULT NULL,
  `ShiftId` int(11) DEFAULT NULL,
  `EmployeeShiftGroupId` varchar(45) DEFAULT NULL,
  `Name` varchar(500) DEFAULT NULL,
  `Deleted` tinyint(1) DEFAULT NULL,
  PRIMARY KEY (`EmployeeShiftId`)
) ENGINE=InnoDB DEFAULT CHARSET=utf8mb3 COLLATE=utf8mb3_general_ci;

DROP TABLE expense_item_definitions;

CREATE TABLE `expense_item_definitions` (
  `id` bigint(20) unsigned NOT NULL AUTO_INCREMENT,
  `name` varchar(128) DEFAULT '',
  `notes` varchar(256) DEFAULT NULL,
  `account_id` bigint(20) DEFAULT NULL,
  `created` int(11) DEFAULT NULL,
  `created_by` bigint(20) DEFAULT NULL,
  `deleted` tinyint(1) DEFAULT 0,
  PRIMARY KEY (`id`)
) ENGINE=InnoDB AUTO_INCREMENT=10 DEFAULT CHARSET=utf8mb3 COLLATE=utf8mb3_general_ci;

INSERT INTO expense_item_definitions VALUES
(1,"Staff Salary","Staff Salary",89,1620817273,639,0),
(2,"Service","Service",89,1620817317,639,0),
(3,"Electricity","Electricity",89,1620817337,639,0),
(4,"Internet and System Expense","Internet and System Expense",89,1620817360,639,0),
(5,"Kitchen Expenses","Kitchen Expenses",89,1620817383,639,0),
(6,"Stationary","Stationary",89,1620817416,639,0),
(7,"Post Expenses","Post Expenses",89,1620817429,639,0),
(8,"Office Maintenance","Office Maintenance",89,1620817484,639,0),
(9,"Investment Turnover","Investment Turnover",89,1620817712,639,0);


DROP TABLE expense_items;

CREATE TABLE `expense_items` (
  `id` bigint(20) NOT NULL AUTO_INCREMENT,
  `TransactionId` bigint(20) NOT NULL,
  `DefinitionId` bigint(20) NOT NULL COMMENT 'Expense Definition ID',
  `AccountId` bigint(20) NOT NULL COMMENT 'Account related to Expense Definition ID',
  `UnitId` bigint(20) NOT NULL,
  `Quantity` decimal(18,3) DEFAULT 0.000,
  `BasePrice` decimal(19,3) DEFAULT 0.000,
  `Price` decimal(19,3) DEFAULT 0.000,
  `BaseSubtotal` decimal(19,3) DEFAULT 0.000,
  `Subtotal` decimal(19,3) DEFAULT 0.000,
  `Notes` varchar(250) DEFAULT NULL,
  `created` int(11) DEFAULT NULL,
  `created_by` bigint(20) DEFAULT NULL,
  `deleted` tinyint(1) DEFAULT 0,
  PRIMARY KEY (`id`),
  KEY `FK_InvoiceItems_InventoryItemUnits` (`UnitId`),
  KEY `FK_InvoiceItems_Transactions` (`TransactionId`)
) ENGINE=InnoDB DEFAULT CHARSET=utf8mb3 COLLATE=utf8mb3_general_ci;

DROP TABLE expense_lines;

CREATE TABLE `expense_lines` (
  `ExpenseItemsId` bigint(20) NOT NULL AUTO_INCREMENT,
  `ItemTransactionId` bigint(20) DEFAULT NULL,
  `ExpenseDefinitionId` bigint(20) DEFAULT NULL,
  `BaseSubtotal` decimal(19,4) DEFAULT 0.0000 COMMENT 'Expense amount in base currency',
  `Subtotal` decimal(19,4) DEFAULT 0.0000 COMMENT 'Expense amount in selescted currency',
  `CurrencyId` bigint(20) DEFAULT NULL,
  `CurrencyRateId` bigint(20) DEFAULT NULL,
  `ExchangeRate` decimal(18,14) DEFAULT NULL,
  `Notes` varchar(256) DEFAULT NULL,
  `TransactionDate` datetime DEFAULT NULL,
  `Deleted` tinyint(1) DEFAULT 0,
  PRIMARY KEY (`ExpenseItemsId`),
  KEY `FK_TransactionItems_Currencies` (`CurrencyId`),
  KEY `FK_TransactionItems_CurrencyRates` (`CurrencyRateId`),
  KEY `FK_TransactionItems_Transactions` (`ExpenseDefinitionId`),
  KEY `FK_TransactionItems_TransactionTypes` (`ItemTransactionId`)
) ENGINE=InnoDB DEFAULT CHARSET=utf8mb3 COLLATE=utf8mb3_general_ci;

DROP TABLE gigant_hr_employee;

CREATE TABLE `gigant_hr_employee` (
  `emp_number` int(11) NOT NULL AUTO_INCREMENT,
  `employee_id` varchar(50) DEFAULT NULL,
  `emp_lastname` varchar(100) DEFAULT '',
  `emp_firstname` varchar(100) NOT NULL DEFAULT '',
  `emp_middle_name` varchar(100) DEFAULT '',
  `emp_personal_comment` varchar(300) DEFAULT '',
  `emp_birthday` date DEFAULT NULL,
  `nation_code` varchar(20) DEFAULT NULL,
  `emp_gender` varchar(1) DEFAULT NULL,
  `emp_marital_status` varchar(20) DEFAULT NULL,
  `emp_other_id` varchar(100) DEFAULT '',
  `emp_dri_lice_num` varchar(100) DEFAULT '',
  `emp_dri_lice_exp_date` date DEFAULT NULL,
  `emp_status` int(11) DEFAULT NULL,
  `job_title_code` int(7) DEFAULT NULL,
  `emp_street1` varchar(100) DEFAULT '',
  `emp_street2` varchar(100) DEFAULT '',
  `city_code` varchar(100) DEFAULT '',
  `coun_code` varchar(100) DEFAULT '',
  `provin_code` varchar(100) DEFAULT '',
  `emp_zipcode` varchar(20) DEFAULT NULL,
  `emp_hm_telephone` varchar(50) DEFAULT NULL,
  `emp_mobile` varchar(50) DEFAULT NULL,
  `emp_work_telephone` varchar(50) DEFAULT NULL,
  `emp_work_email` varchar(50) DEFAULT NULL,
  `emp_other_email` varchar(50) DEFAULT NULL,
  `emp_contact_comment` varchar(300) DEFAULT NULL,
  `emp_emergency_econtacts` text DEFAULT NULL,
  `emp_emergency_comment` varchar(300) DEFAULT NULL,
  `emp_is_doctor` tinyint(1) DEFAULT 0,
  `emp_job_title` int(3) DEFAULT NULL,
  `emp_job_cat` int(3) DEFAULT NULL,
  `emp_job_location` int(3) DEFAULT NULL,
  `emp_join_date` date DEFAULT NULL,
  `emp_start_date` date DEFAULT NULL,
  `emp_end_date` date DEFAULT NULL,
  `emp_job_comment` varchar(300) DEFAULT NULL,
  `emp_salary_title` varchar(200) DEFAULT NULL,
  `emp_employment` int(11) DEFAULT NULL,
  `is_payroll_depends_on_attendance` int(1) DEFAULT 1,
  `subunitId` bigint(20) DEFAULT NULL,
  `timesheetId` int(11) DEFAULT NULL,
  `Deleted` tinyint(1) NOT NULL DEFAULT 0,
  `is_terminated` tinyint(1) NOT NULL DEFAULT 0,
  `emp_salary_comment1` varchar(300) DEFAULT NULL,
  `emp_salary_comment2` varchar(300) DEFAULT NULL,
  `salaryAmount` decimal(8,3) DEFAULT 0.000,
  `paymentFrequency` int(1) DEFAULT 1,
  `emp_dependent_records` text DEFAULT NULL,
  `emp_dependent_comment` varchar(200) DEFAULT NULL,
  `emp_immigration_records` text DEFAULT NULL,
  `emp_immigration_comment` varchar(200) DEFAULT NULL,
  `emp_report_supervisors` text DEFAULT NULL,
  `emp_report_subordinates` text DEFAULT NULL,
  `emp_report_comment` varchar(200) DEFAULT NULL,
  `emp_qualification_work` text DEFAULT NULL,
  `emp_qualification_education` text DEFAULT NULL,
  `emp_qualification_skil` text DEFAULT NULL,
  `emp_qualification_license` text DEFAULT NULL,
  `emp_qualification_language` text DEFAULT NULL,
  `emp_qualification_comment` varchar(200) DEFAULT NULL,
  `emp_membership_records` text DEFAULT NULL,
  `emp_membership_comment` varchar(200) DEFAULT NULL,
  `PersonalDataAttachment` varchar(300) DEFAULT NULL,
  `ContactAttachment` varchar(300) DEFAULT NULL,
  `EmergencyAttachment` varchar(300) DEFAULT NULL,
  `JobAttachment` varchar(300) DEFAULT NULL,
  `contractDetailJobAttachment` varchar(300) DEFAULT NULL,
  `SalaryAttachment` varchar(300) DEFAULT NULL,
  `DependentAttachment` varchar(300) DEFAULT NULL,
  `immigrationAttachment` varchar(300) DEFAULT NULL,
  `ReportAttachment` varchar(300) DEFAULT NULL,
  `QualificationAttachment` varchar(300) DEFAULT NULL,
  `MembershipAttachment` varchar(300) DEFAULT NULL,
  `emp_termination_reason` varchar(200) DEFAULT NULL,
  `profilePic` varchar(200) DEFAULT NULL,
  `CompanyId` int(11) DEFAULT NULL,
  `SectionId` int(11) DEFAULT NULL,
  `RoomId` int(11) DEFAULT NULL,
  `ProjectId` int(11) DEFAULT NULL,
  `CurrencyId` int(11) DEFAULT NULL,
  `terminationDate` date DEFAULT NULL,
  `is_referrer` tinyint(1) DEFAULT 0,
  PRIMARY KEY (`emp_number`),
  KEY `nation_code` (`nation_code`),
  KEY `job_title_code` (`job_title_code`),
  KEY `emp_status` (`emp_status`),
  KEY `subunitId` (`subunitId`),
  KEY `emp_employment` (`emp_employment`)
) ENGINE=InnoDB AUTO_INCREMENT=153 DEFAULT CHARSET=utf8mb3 COLLATE=utf8mb3_general_ci;

INSERT INTO gigant_hr_employee VALUES
(1,NULL," ","يحيى  زكريا شاكر"," ",NULL,NULL,NULL,"M","Married",NULL,NULL,NULL,NULL,NULL,NULL,NULL,NULL,NULL,NULL,NULL,NULL,NULL,NULL,NULL,NULL,NULL,"null",NULL,NULL,1,5,1,NULL,NULL,NULL,NULL,NULL,1,0,1,NULL,0,0,NULL,NULL,99999.999,4,"null",NULL,"null",NULL,"null","null",NULL,"null","null","null","null","null",NULL,"null",NULL,NULL,NULL,NULL,NULL,NULL,NULL,NULL,NULL,NULL,NULL,NULL,NULL,"uploads/blank_profile.png",1,1,NULL,-1,1,NULL,0),
(2,NULL," ","فراس نورالدين مردان"," ",NULL,NULL,NULL,"M","Married",NULL,NULL,NULL,NULL,NULL,NULL,NULL,NULL,NULL,NULL,NULL,NULL,NULL,NULL,NULL,NULL,NULL,"null",NULL,NULL,3,1,1,NULL,NULL,NULL,NULL,NULL,1,0,NULL,NULL,0,0,NULL,NULL,99999.999,4,"null",NULL,"null",NULL,"null","null",NULL,"null","null","null","null","null",NULL,"null",NULL,NULL,NULL,NULL,NULL,NULL,NULL,NULL,NULL,NULL,NULL,NULL,NULL,"uploads/blank_profile.png",1,1,NULL,-1,NULL,NULL,0),
(4,NULL," ","عثمان صالح اسعد"," ",NULL,NULL,NULL,"F","Single",NULL,NULL,NULL,NULL,NULL,NULL,NULL,NULL,NULL,NULL,NULL,NULL,NULL,NULL,NULL,NULL,NULL,"null",NULL,NULL,31,9,1,NULL,NULL,NULL,NULL,NULL,1,1,1,NULL,0,0,NULL,NULL,0,1,"null",NULL,"null",NULL,"null","null",NULL,"null","null","null","null","null",NULL,"null",NULL,NULL,NULL,NULL,NULL,NULL,NULL,NULL,NULL,NULL,NULL,NULL,NULL,"uploads/blank_profile.png",1,1,NULL,-1,NULL,NULL,0),
(5,NULL," ","سايه  اردلان انور"," ",NULL,NULL,"kurdish","F","Single",NULL,NULL,NULL,NULL,NULL,NULL,NULL,NULL,NULL,NULL,NULL,NULL,NULL,NULL,NULL,NULL,NULL,"null",NULL,NULL,7,5,1,NULL,NULL,NULL,NULL,NULL,1,0,NULL,NULL,0,0,NULL,NULL,0,1,"null",NULL,"null",NULL,"null","null",NULL,"null","null","null","null","null",NULL,"null",NULL,NULL,NULL,NULL,NULL,NULL,NULL,NULL,NULL,NULL,NULL,NULL,NULL,"uploads/blank_profile.png",1,NULL,NULL,-1,NULL,NULL,0),
(6,NULL," ","بارزان دلشاد  اسعد + كارمةندكاني"," ",NULL,NULL,NULL,"F","Single",NULL,NULL,NULL,NULL,NULL,NULL,NULL,NULL,NULL,NULL,NULL,NULL,NULL,NULL,NULL,NULL,NULL,"null",NULL,NULL,10,8,1,NULL,NULL,NULL,NULL,NULL,1,1,1,NULL,0,0,NULL,NULL,0,1,"null",NULL,"null",NULL,"null","null",NULL,"null","null","null","null","null",NULL,"null",NULL,NULL,NULL,NULL,NULL,NULL,NULL,NULL,NULL,NULL,NULL,NULL,NULL,"uploads/blank_profile.png",1,NULL,NULL,-1,NULL,NULL,0),
(8,NULL," ","ارام حسام الدين يونس"," ",NULL,NULL,"kurdish","M","Married",NULL,NULL,NULL,NULL,NULL,NULL,NULL,NULL,NULL,NULL,NULL,NULL,NULL,NULL,NULL,NULL,NULL,"null",NULL,NULL,NULL,NULL,NULL,NULL,NULL,NULL,NULL,NULL,NULL,1,NULL,NULL,0,0,NULL,NULL,0,1,"null",NULL,"null",NULL,"null","null",NULL,"null","null","null","null","null",NULL,"null",NULL,NULL,NULL,NULL,NULL,NULL,NULL,NULL,NULL,NULL,NULL,NULL,NULL,"uploads/blank_profile.png",NULL,NULL,NULL,NULL,NULL,NULL,0),
(9,NULL," ","ساڤیار  سردار  سلێمان"," ",NULL,NULL,"kurdish","F","Single",NULL,NULL,NULL,NULL,NULL,NULL,NULL,NULL,NULL,NULL,NULL,NULL,NULL,NULL,NULL,NULL,NULL,"null",NULL,NULL,NULL,NULL,NULL,NULL,NULL,NULL,NULL,NULL,NULL,1,NULL,NULL,0,0,NULL,NULL,0,1,"null",NULL,"null",NULL,"null","null",NULL,"null","null","null","null","null",NULL,"null",NULL,NULL,NULL,NULL,NULL,NULL,NULL,NULL,NULL,NULL,NULL,NULL,NULL,"uploads/blank_profile.png",NULL,NULL,NULL,NULL,NULL,NULL,0),
(10,NULL," ","حسین  رفعت حسین"," ",NULL,NULL,"kurdish","M","Married",NULL,NULL,NULL,NULL,NULL,NULL,NULL,NULL,NULL,NULL,NULL,NULL,NULL,NULL,NULL,NULL,NULL,"null",NULL,NULL,NULL,NULL,NULL,NULL,NULL,NULL,NULL,NULL,NULL,1,NULL,NULL,0,0,NULL,NULL,0,1,"null",NULL,"null",NULL,"null","null",NULL,"null","null","null","null","null",NULL,"null",NULL,NULL,NULL,NULL,NULL,NULL,NULL,NULL,NULL,NULL,NULL,NULL,NULL,"uploads/blank_profile.png",NULL,NULL,NULL,NULL,NULL,NULL,0),
(11,NULL," ","مروان  عبدالقادر  سلیمان"," ",NULL,NULL,"kurdish","M","Married",NULL,NULL,NULL,NULL,NULL,NULL,NULL,NULL,NULL,NULL,NULL,NULL,NULL,NULL,NULL,NULL,NULL,"null",NULL,NULL,NULL,NULL,NULL,NULL,NULL,NULL,NULL,NULL,NULL,1,NULL,NULL,0,0,NULL,NULL,0,1,"null",NULL,"null",NULL,"null","null",NULL,"null","null","null","null","null",NULL,"null",NULL,NULL,NULL,NULL,NULL,NULL,NULL,NULL,NULL,NULL,NULL,NULL,NULL,"uploads/blank_profile.png",NULL,NULL,NULL,NULL,NULL,NULL,0),
(12,NULL," ","شارا لقمان قادر"," ",NULL,NULL,"kurdish","F","Single",NULL,NULL,NULL,NULL,NULL,NULL,NULL,NULL,NULL,NULL,NULL,NULL,NULL,NULL,NULL,NULL,NULL,"null",NULL,NULL,NULL,NULL,NULL,NULL,NULL,NULL,NULL,NULL,NULL,1,NULL,NULL,0,0,NULL,NULL,0,1,"null",NULL,"null",NULL,"null","null",NULL,"null","null","null","null","null",NULL,"null",NULL,NULL,NULL,NULL,NULL,NULL,NULL,NULL,NULL,NULL,NULL,NULL,NULL,"uploads/blank_profile.png",NULL,NULL,NULL,NULL,NULL,NULL,0),
(14,NULL," ","ایوب  اسماعیل عبدالحسین"," ",NULL,NULL,"kurdish","M","Married",NULL,NULL,NULL,NULL,NULL,NULL,NULL,NULL,NULL,NULL,NULL,NULL,NULL,NULL,NULL,NULL,NULL,"null",NULL,NULL,-1,NULL,NULL,NULL,NULL,NULL,NULL,NULL,NULL,1,NULL,NULL,0,0,NULL,NULL,99999.999,4,"null",NULL,"null",NULL,"null","null",NULL,"null","null","null","null","null",NULL,"null",NULL,NULL,NULL,NULL,NULL,NULL,NULL,NULL,NULL,NULL,NULL,NULL,NULL,"uploads/blank_profile.png",NULL,NULL,NULL,-1,NULL,NULL,0),
(17,NULL," ","گلارا عبدالستار حمید"," ",NULL,NULL,"kurdish","F","Married",NULL,NULL,NULL,NULL,NULL,NULL,NULL,NULL,NULL,NULL,NULL,NULL,NULL,NULL,NULL,NULL,NULL,"null",NULL,NULL,NULL,NULL,NULL,NULL,NULL,NULL,NULL,NULL,NULL,1,NULL,NULL,0,0,NULL,NULL,99999.999,4,"null",NULL,"null",NULL,"null","null",NULL,"null","null","null","null","null",NULL,"null",NULL,NULL,NULL,NULL,NULL,NULL,NULL,NULL,NULL,NULL,NULL,NULL,NULL,"uploads/blank_profile.png",NULL,NULL,NULL,NULL,NULL,NULL,0),
(18,NULL," ","سوران ستار محمد"," ",NULL,NULL,"kurdish","M","Married",NULL,NULL,NULL,NULL,NULL,NULL,NULL,NULL,NULL,NULL,NULL,NULL,NULL,NULL,NULL,NULL,NULL,"null",NULL,NULL,NULL,NULL,NULL,NULL,NULL,NULL,NULL,NULL,NULL,1,NULL,NULL,0,0,NULL,NULL,99999.999,4,"null",NULL,"null",NULL,"null","null",NULL,"null","null","null","null","null",NULL,"null",NULL,NULL,NULL,NULL,NULL,NULL,NULL,NULL,NULL,NULL,NULL,NULL,NULL,"uploads/blank_profile.png",NULL,NULL,NULL,NULL,NULL,NULL,0),
(19,NULL," ","بەشدار صابر حسن"," ",NULL,NULL,"kurdish","M","Married",NULL,NULL,NULL,NULL,NULL,NULL,NULL,NULL,NULL,NULL,NULL,NULL,NULL,NULL,NULL,NULL,NULL,"null",NULL,NULL,NULL,NULL,NULL,NULL,NULL,NULL,NULL,NULL,NULL,1,NULL,NULL,0,0,NULL,NULL,99999.999,4,"null",NULL,"null",NULL,"null","null",NULL,"null","null","null","null","null",NULL,"null",NULL,NULL,NULL,NULL,NULL,NULL,NULL,NULL,NULL,NULL,NULL,NULL,NULL,"uploads/blank_profile.png",NULL,NULL,NULL,NULL,NULL,NULL,0),
(20,NULL," ","ئاوێستان علی عزیز"," ",NULL,NULL,"kurdish","M","Married",NULL,NULL,NULL,NULL,NULL,NULL,NULL,NULL,NULL,NULL,NULL,NULL,NULL,NULL,NULL,NULL,NULL,"null",NULL,NULL,NULL,NULL,NULL,NULL,NULL,NULL,NULL,NULL,NULL,1,NULL,NULL,0,0,NULL,NULL,99999.999,4,"null",NULL,"null",NULL,"null","null",NULL,"null","null","null","null","null",NULL,"null",NULL,NULL,NULL,NULL,NULL,NULL,NULL,NULL,NULL,NULL,NULL,NULL,NULL,"uploads/blank_profile.png",NULL,NULL,NULL,NULL,NULL,NULL,0),
(21,NULL," ","سعید  اسماعیل مصطفى"," ",NULL,NULL,"kurdish","F","Married",NULL,NULL,NULL,NULL,NULL,NULL,NULL,NULL,NULL,NULL,NULL,NULL,NULL,NULL,NULL,NULL,NULL,"null",NULL,NULL,NULL,NULL,NULL,NULL,NULL,NULL,NULL,NULL,NULL,0,NULL,NULL,0,0,NULL,NULL,99999.999,4,"null",NULL,"null",NULL,"null","null",NULL,"null","null","null","null","null",NULL,"null",NULL,NULL,NULL,NULL,NULL,NULL,NULL,NULL,NULL,NULL,NULL,NULL,NULL,"uploads/blank_profile.png",NULL,NULL,NULL,NULL,NULL,NULL,0),
(23,NULL," ","ئامانج صالح پیرداود"," ",NULL,NULL,"kurdish","M","Married",NULL,NULL,NULL,NULL,NULL,NULL,NULL,NULL,NULL,NULL,NULL,NULL,NULL,NULL,NULL,NULL,NULL,"null",NULL,NULL,-1,NULL,NULL,NULL,NULL,NULL,NULL,NULL,NULL,1,NULL,NULL,0,0,NULL,NULL,99999.999,1,"null",NULL,"null",NULL,"null","null",NULL,"null","null","null","null","null",NULL,"null",NULL,NULL,NULL,NULL,NULL,NULL,NULL,NULL,NULL,NULL,NULL,NULL,NULL,"uploads/blank_profile.png",NULL,NULL,NULL,-1,NULL,NULL,0),
(25,NULL," ","سارا عبدالقادر عزیز"," ",NULL,NULL,"kurdish","F","Married",NULL,NULL,NULL,NULL,NULL,NULL,NULL,NULL,NULL,NULL,NULL,NULL,NULL,NULL,NULL,NULL,NULL,"null",NULL,NULL,NULL,NULL,NULL,NULL,NULL,NULL,NULL,NULL,NULL,1,NULL,NULL,0,0,NULL,NULL,99999.999,4,"null",NULL,"null",NULL,"null","null",NULL,"null","null","null","null","null",NULL,"null",NULL,NULL,NULL,NULL,NULL,NULL,NULL,NULL,NULL,NULL,NULL,NULL,NULL,"uploads/blank_profile.png",NULL,NULL,NULL,NULL,NULL,NULL,0),
(26,NULL," ","نسرین احمد شریف"," ",NULL,NULL,"kurdish","F","Married",NULL,NULL,NULL,NULL,NULL,NULL,NULL,NULL,NULL,NULL,NULL,NULL,NULL,NULL,NULL,NULL,NULL,"null",NULL,NULL,NULL,NULL,NULL,NULL,NULL,NULL,NULL,NULL,NULL,1,NULL,NULL,0,0,NULL,NULL,99999.999,4,"null",NULL,"null",NULL,"null","null",NULL,"null","null","null","null","null",NULL,"null",NULL,NULL,NULL,NULL,NULL,NULL,NULL,NULL,NULL,NULL,NULL,NULL,NULL,"uploads/blank_profile.png",NULL,NULL,NULL,NULL,NULL,NULL,0),
(27,NULL," ","ئازاد ولی شیخە"," ",NULL,NULL,"kurdish","M","Married",NULL,NULL,NULL,NULL,NULL,NULL,NULL,NULL,NULL,NULL,NULL,NULL,NULL,NULL,NULL,NULL,NULL,"null",NULL,NULL,NULL,NULL,NULL,NULL,NULL,NULL,NULL,NULL,NULL,1,NULL,NULL,0,0,NULL,NULL,99999.999,4,"null",NULL,"null",NULL,"null","null",NULL,"null","null","null","null","null",NULL,"null",NULL,NULL,NULL,NULL,NULL,NULL,NULL,NULL,NULL,NULL,NULL,NULL,NULL,"uploads/blank_profile.png",NULL,NULL,NULL,NULL,NULL,NULL,0),
(28,NULL," ","رەنگین رمضان بكر"," ",NULL,NULL,"kurdish","F","Single",NULL,NULL,NULL,NULL,NULL,NULL,NULL,NULL,NULL,NULL,NULL,NULL,NULL,NULL,NULL,NULL,NULL,"null",NULL,NULL,NULL,NULL,NULL,NULL,NULL,NULL,NULL,NULL,NULL,1,NULL,NULL,0,0,NULL,NULL,99999.999,4,"null",NULL,"null",NULL,"null","null",NULL,"null","null","null","null","null",NULL,"null",NULL,NULL,NULL,NULL,NULL,NULL,NULL,NULL,NULL,NULL,NULL,NULL,NULL,"uploads/blank_profile.png",NULL,NULL,NULL,NULL,NULL,NULL,0),
(29,NULL," ","شيماء  نجاة صوفي"," ",NULL,NULL,"kurdish","F","Single",NULL,NULL,NULL,NULL,NULL,NULL,NULL,NULL,NULL,NULL,NULL,NULL,NULL,NULL,NULL,NULL,NULL,"null",NULL,NULL,NULL,NULL,NULL,NULL,NULL,NULL,NULL,NULL,NULL,1,NULL,NULL,0,0,NULL,NULL,99999.999,4,"null",NULL,"null",NULL,"null","null",NULL,"null","null","null","null","null",NULL,"null",NULL,NULL,NULL,NULL,NULL,NULL,NULL,NULL,NULL,NULL,NULL,NULL,NULL,"uploads/blank_profile.png",NULL,NULL,NULL,NULL,NULL,NULL,0),
(30,NULL," ","يوسف عبدالسلام محمود"," ",NULL,NULL,"kurdish","M","Married",NULL,NULL,NULL,NULL,NULL,NULL,NULL,NULL,NULL,NULL,NULL,NULL,NULL,NULL,NULL,NULL,NULL,"null",NULL,NULL,NULL,NULL,NULL,NULL,NULL,NULL,NULL,NULL,NULL,1,NULL,NULL,0,0,NULL,NULL,99999.999,1,"null",NULL,"null",NULL,"null","null",NULL,"null","null","null","null","null",NULL,"null",NULL,NULL,NULL,NULL,NULL,NULL,NULL,NULL,NULL,NULL,NULL,NULL,NULL,"uploads/blank_profile.png",NULL,NULL,NULL,NULL,NULL,NULL,0),
(31,NULL," ","حسن  غريب شريف"," ",NULL,NULL,"kurdish","M","Married",NULL,NULL,NULL,NULL,NULL,NULL,NULL,NULL,NULL,NULL,NULL,NULL,NULL,NULL,NULL,NULL,NULL,"null",NULL,NULL,NULL,NULL,NULL,NULL,NULL,NULL,NULL,NULL,NULL,1,NULL,NULL,0,0,NULL,NULL,99999.999,4,"null",NULL,"null",NULL,"null","null",NULL,"null","null","null","null","null",NULL,"null",NULL,NULL,NULL,NULL,NULL,NULL,NULL,NULL,NULL,NULL,NULL,NULL,NULL,"uploads/blank_profile.png",NULL,NULL,NULL,NULL,NULL,NULL,0),
(32,NULL," ","احمد محمد احمد"," ",NULL,NULL,"iranian","M","Married",NULL,NULL,NULL,NULL,NULL,NULL,NULL,NULL,NULL,NULL,NULL,NULL,NULL,NULL,NULL,NULL,NULL,"null",NULL,NULL,NULL,NULL,NULL,NULL,NULL,NULL,NULL,NULL,NULL,1,NULL,NULL,0,0,NULL,NULL,99999.999,4,"null",NULL,"null",NULL,"null","null",NULL,"null","null","null","null","null",NULL,"null",NULL,NULL,NULL,NULL,NULL,NULL,NULL,NULL,NULL,NULL,NULL,NULL,NULL,"uploads/blank_profile.png",NULL,NULL,NULL,NULL,NULL,NULL,0),
(33,NULL," ","عمر عبدالعزيز محمد"," ",NULL,NULL,"kurdish","M","Married",NULL,NULL,NULL,NULL,NULL,NULL,NULL,NULL,NULL,NULL,NULL,NULL,NULL,NULL,NULL,NULL,NULL,"null",NULL,NULL,NULL,NULL,NULL,NULL,NULL,NULL,NULL,NULL,NULL,1,NULL,NULL,0,0,NULL,NULL,99999.999,4,"null",NULL,"null",NULL,"null","null",NULL,"null","null","null","null","null",NULL,"null",NULL,NULL,NULL,NULL,NULL,NULL,NULL,NULL,NULL,NULL,NULL,NULL,NULL,"uploads/blank_profile.png",NULL,NULL,NULL,NULL,NULL,NULL,0),
(34,NULL," ","شهلا عبدالرحمن محمد"," ",NULL,NULL,"iranian","F","Single",NULL,NULL,NULL,NULL,NULL,NULL,NULL,NULL,NULL,NULL,NULL,NULL,NULL,NULL,NULL,NULL,NULL,"null",NULL,NULL,NULL,NULL,NULL,NULL,NULL,NULL,NULL,NULL,NULL,1,NULL,NULL,0,0,NULL,NULL,99999.999,4,"null",NULL,"null",NULL,"null","null",NULL,"null","null","null","null","null",NULL,"null",NULL,NULL,NULL,NULL,NULL,NULL,NULL,NULL,NULL,NULL,NULL,NULL,NULL,"uploads/blank_profile.png",NULL,NULL,NULL,NULL,NULL,NULL,0),
(35,NULL," ","كتبية ذنون يونس"," ",NULL,NULL,"iraqi","F","Married",NULL,NULL,NULL,NULL,NULL,NULL,NULL,NULL,NULL,NULL,NULL,NULL,NULL,NULL,NULL,NULL,NULL,"null",NULL,NULL,NULL,NULL,NULL,NULL,NULL,NULL,NULL,NULL,NULL,1,NULL,NULL,0,0,NULL,NULL,99999.999,4,"null",NULL,"null",NULL,"null","null",NULL,"null","null","null","null","null",NULL,"null",NULL,NULL,NULL,NULL,NULL,NULL,NULL,NULL,NULL,NULL,NULL,NULL,NULL,"uploads/blank_profile.png",NULL,NULL,NULL,NULL,NULL,NULL,0),
(36,NULL," ","سۆران  جمال صالح"," ",NULL,NULL,"kurdish","M","Single",NULL,NULL,NULL,NULL,NULL,NULL,NULL,NULL,NULL,NULL,NULL,NULL,NULL,NULL,NULL,NULL,NULL,"null",NULL,NULL,NULL,NULL,NULL,NULL,NULL,NULL,NULL,NULL,NULL,1,NULL,NULL,0,0,NULL,NULL,99999.999,4,"null",NULL,"null",NULL,"null","null",NULL,"null","null","null","null","null",NULL,"null",NULL,NULL,NULL,NULL,NULL,NULL,NULL,NULL,NULL,NULL,NULL,NULL,NULL,"uploads/blank_profile.png",NULL,NULL,NULL,NULL,NULL,NULL,0),
(37,NULL," ","گەیلان لقمان رسول"," ",NULL,NULL,"kurdish","M","Single",NULL,NULL,NULL,NULL,NULL,NULL,NULL,NULL,NULL,NULL,NULL,NULL,NULL,NULL,NULL,NULL,NULL,"null",NULL,NULL,NULL,NULL,NULL,NULL,NULL,NULL,NULL,NULL,NULL,1,NULL,NULL,0,0,NULL,NULL,99999.999,4,"null",NULL,"null",NULL,"null","null",NULL,"null","null","null","null","null",NULL,"null",NULL,NULL,NULL,NULL,NULL,NULL,NULL,NULL,NULL,NULL,NULL,NULL,NULL,"uploads/blank_profile.png",NULL,NULL,NULL,NULL,NULL,NULL,0),
(38,NULL," ","بێلان عبدالباقی محمد"," ",NULL,NULL,"kurdish","F","Single",NULL,NULL,NULL,NULL,NULL,NULL,NULL,NULL,NULL,NULL,NULL,NULL,NULL,NULL,NULL,NULL,NULL,"null",NULL,NULL,NULL,NULL,NULL,NULL,NULL,NULL,NULL,NULL,NULL,1,NULL,NULL,0,0,NULL,NULL,99999.999,4,"null",NULL,"null",NULL,"null","null",NULL,"null","null","null","null","null",NULL,"null",NULL,NULL,NULL,NULL,NULL,NULL,NULL,NULL,NULL,NULL,NULL,NULL,NULL,"uploads/blank_profile.png",NULL,NULL,NULL,NULL,NULL,NULL,0),
(39,NULL," ","تریسکە مقداد حسین"," ",NULL,NULL,"kurdish","F","Single",NULL,NULL,NULL,NULL,NULL,NULL,NULL,NULL,NULL,NULL,NULL,NULL,NULL,NULL,NULL,NULL,NULL,"null",NULL,NULL,NULL,NULL,NULL,NULL,NULL,NULL,NULL,NULL,NULL,1,NULL,NULL,0,0,NULL,NULL,99999.999,4,"null",NULL,"null",NULL,"null","null",NULL,"null","null","null","null","null",NULL,"null",NULL,NULL,NULL,NULL,NULL,NULL,NULL,NULL,NULL,NULL,NULL,NULL,NULL,"uploads/blank_profile.png",NULL,NULL,NULL,NULL,NULL,NULL,0),
(40,NULL," ","رەوا ئازاد توفیق"," ",NULL,NULL,"kurdish","M","Married",NULL,NULL,NULL,NULL,NULL,NULL,NULL,NULL,NULL,NULL,NULL,NULL,NULL,NULL,NULL,NULL,NULL,"null",NULL,NULL,NULL,NULL,NULL,NULL,NULL,NULL,NULL,NULL,NULL,1,NULL,NULL,0,0,NULL,NULL,99999.999,4,"null",NULL,"null",NULL,"null","null",NULL,"null","null","null","null","null",NULL,"null",NULL,NULL,NULL,NULL,NULL,NULL,NULL,NULL,NULL,NULL,NULL,NULL,NULL,"uploads/blank_profile.png",NULL,NULL,NULL,NULL,NULL,NULL,0),
(41,NULL," ","فرمان فاروق  حمد شریف"," ",NULL,NULL,"kurdish","M","Single",NULL,NULL,NULL,NULL,NULL,NULL,NULL,NULL,NULL,NULL,NULL,NULL,NULL,NULL,NULL,NULL,NULL,"null",NULL,NULL,NULL,NULL,NULL,NULL,NULL,NULL,NULL,NULL,NULL,1,NULL,NULL,0,0,NULL,NULL,99999.999,4,"null",NULL,"null",NULL,"null","null",NULL,"null","null","null","null","null",NULL,"null",NULL,NULL,NULL,NULL,NULL,NULL,NULL,NULL,NULL,NULL,NULL,NULL,NULL,"uploads/blank_profile.png",NULL,NULL,NULL,NULL,NULL,NULL,0),
(42,NULL," ","مناف سعدی ویسی"," ",NULL,NULL,"kurdish","M","Married",NULL,NULL,NULL,NULL,NULL,NULL,NULL,NULL,NULL,NULL,NULL,NULL,NULL,NULL,NULL,NULL,NULL,"null",NULL,NULL,NULL,NULL,NULL,NULL,NULL,NULL,NULL,NULL,NULL,1,NULL,NULL,0,0,NULL,NULL,99999.999,4,"null",NULL,"null",NULL,"null","null",NULL,"null","null","null","null","null",NULL,"null",NULL,NULL,NULL,NULL,NULL,NULL,NULL,NULL,NULL,NULL,NULL,NULL,NULL,"uploads/blank_profile.png",NULL,NULL,NULL,NULL,NULL,NULL,0),
(43,NULL," ","شوان شێروان طاهر"," ",NULL,NULL,"kurdish","M","Married",NULL,NULL,NULL,NULL,NULL,NULL,NULL,NULL,NULL,NULL,NULL,NULL,NULL,NULL,NULL,NULL,NULL,"null",NULL,NULL,NULL,NULL,NULL,NULL,NULL,NULL,NULL,NULL,NULL,1,NULL,NULL,0,0,NULL,NULL,99999.999,4,"null",NULL,"null",NULL,"null","null",NULL,"null","null","null","null","null",NULL,"null",NULL,NULL,NULL,NULL,NULL,NULL,NULL,NULL,NULL,NULL,NULL,NULL,NULL,"uploads/blank_profile.png",NULL,NULL,NULL,NULL,NULL,NULL,0),
(44,NULL," ","هوگر یونس قادر"," ",NULL,NULL,"kurdish","M","Married",NULL,NULL,NULL,NULL,NULL,NULL,NULL,NULL,NULL,NULL,NULL,NULL,NULL,NULL,NULL,NULL,NULL,"null",NULL,NULL,NULL,NULL,NULL,NULL,NULL,NULL,NULL,NULL,NULL,1,NULL,NULL,0,0,NULL,NULL,99999.999,4,"null",NULL,"null",NULL,"null","null",NULL,"null","null","null","null","null",NULL,"null",NULL,NULL,NULL,NULL,NULL,NULL,NULL,NULL,NULL,NULL,NULL,NULL,NULL,"uploads/blank_profile.png",NULL,NULL,NULL,NULL,NULL,NULL,0),
(45,NULL," ","بەناز محمد ابراهيم"," ",NULL,NULL,"kurdish","F","Married",NULL,NULL,NULL,NULL,NULL,NULL,NULL,NULL,NULL,NULL,NULL,NULL,NULL,NULL,NULL,NULL,NULL,"null",NULL,NULL,NULL,NULL,NULL,NULL,NULL,NULL,NULL,NULL,NULL,0,NULL,NULL,0,0,NULL,NULL,99999.999,4,"null",NULL,"null",NULL,"null","null",NULL,"null","null","null","null","null",NULL,"null",NULL,NULL,NULL,NULL,NULL,NULL,NULL,NULL,NULL,NULL,NULL,NULL,NULL,"uploads/blank_profile.png",NULL,NULL,NULL,NULL,NULL,NULL,0),
(46,NULL," ","بەفرین علی جمیل"," ",NULL,NULL,"kurdish","F","Married",NULL,NULL,NULL,NULL,NULL,NULL,NULL,NULL,NULL,NULL,NULL,NULL,NULL,NULL,NULL,NULL,NULL,"null",NULL,NULL,NULL,NULL,NULL,NULL,NULL,NULL,NULL,NULL,NULL,1,NULL,NULL,0,0,NULL,NULL,99999.999,4,"null",NULL,"null",NULL,"null","null",NULL,"null","null","null","null","null",NULL,"null",NULL,NULL,NULL,NULL,NULL,NULL,NULL,NULL,NULL,NULL,NULL,NULL,NULL,"uploads/blank_profile.png",NULL,NULL,NULL,NULL,NULL,NULL,0),
(47,NULL," ","محمد ماجد محمد"," ",NULL,NULL,"kurdish","M","Married",NULL,NULL,NULL,NULL,NULL,NULL,NULL,NULL,NULL,NULL,NULL,NULL,NULL,NULL,NULL,NULL,NULL,"null",NULL,NULL,NULL,NULL,NULL,NULL,NULL,NULL,NULL,NULL,NULL,1,NULL,NULL,0,0,NULL,NULL,99999.999,4,"null",NULL,"null",NULL,"null","null",NULL,"null","null","null","null","null",NULL,"null",NULL,NULL,NULL,NULL,NULL,NULL,NULL,NULL,NULL,NULL,NULL,NULL,NULL,"uploads/blank_profile.png",NULL,NULL,NULL,NULL,NULL,NULL,0),
(48,NULL," ","بەیار  عبدالواحد عزیز"," ",NULL,NULL,"kurdish","M","Married",NULL,NULL,NULL,NULL,NULL,NULL,NULL,NULL,NULL,NULL,NULL,NULL,NULL,NULL,NULL,NULL,NULL,"null",NULL,NULL,NULL,NULL,NULL,NULL,NULL,NULL,NULL,NULL,NULL,1,NULL,NULL,0,0,NULL,NULL,99999.999,4,"null",NULL,"null",NULL,"null","null",NULL,"null","null","null","null","null",NULL,"null",NULL,NULL,NULL,NULL,NULL,NULL,NULL,NULL,NULL,NULL,NULL,NULL,NULL,"uploads/blank_profile.png",NULL,NULL,NULL,NULL,NULL,NULL,0),
(49,NULL," ","دانا زکریا عزت"," ",NULL,NULL,"kurdish","M","Married",NULL,NULL,NULL,NULL,NULL,NULL,NULL,NULL,NULL,NULL,NULL,NULL,NULL,NULL,NULL,NULL,NULL,"null",NULL,NULL,NULL,NULL,NULL,NULL,NULL,NULL,NULL,NULL,NULL,0,NULL,NULL,0,0,NULL,NULL,99999.999,4,"null",NULL,"null",NULL,"null","null",NULL,"null","null","null","null","null",NULL,"null",NULL,NULL,NULL,NULL,NULL,NULL,NULL,NULL,NULL,NULL,NULL,NULL,NULL,"uploads/blank_profile.png",NULL,NULL,NULL,NULL,NULL,NULL,0),
(50,NULL," ","محمد شمس الدین عثمان"," ",NULL,NULL,"kurdish","M","Married",NULL,NULL,NULL,NULL,NULL,NULL,NULL,NULL,NULL,NULL,NULL,NULL,NULL,NULL,NULL,NULL,NULL,"null",NULL,NULL,NULL,NULL,NULL,NULL,NULL,NULL,NULL,NULL,NULL,1,NULL,NULL,0,0,NULL,NULL,99999.999,4,"null",NULL,"null",NULL,"null","null",NULL,"null","null","null","null","null",NULL,"null",NULL,NULL,NULL,NULL,NULL,NULL,NULL,NULL,NULL,NULL,NULL,NULL,NULL,"uploads/blank_profile.png",NULL,NULL,NULL,NULL,NULL,NULL,0),
(51,NULL," ","کۆمپانیای  بەرزە خاوێن کردن و بورتەر"," ",NULL,NULL,"kurdish","M","Married",NULL,NULL,NULL,NULL,NULL,NULL,NULL,NULL,NULL,NULL,NULL,NULL,NULL,NULL,NULL,NULL,NULL,"null",NULL,NULL,NULL,NULL,NULL,NULL,NULL,NULL,NULL,NULL,NULL,0,NULL,NULL,0,0,NULL,NULL,99999.999,1,"null",NULL,"null",NULL,"null","null",NULL,"null","null","null","null","null",NULL,"null",NULL,NULL,NULL,NULL,NULL,NULL,NULL,NULL,NULL,NULL,NULL,NULL,NULL,"uploads/blank_profile.png",NULL,NULL,NULL,NULL,NULL,NULL,0),
(52,NULL," ","رێکلامی مانگانە (گوران)"," ",NULL,NULL,"kurdish","M","Single",NULL,NULL,NULL,NULL,NULL,NULL,NULL,NULL,NULL,NULL,NULL,NULL,NULL,NULL,NULL,NULL,NULL,"null",NULL,NULL,NULL,NULL,NULL,NULL,NULL,NULL,NULL,NULL,NULL,1,NULL,NULL,0,0,NULL,NULL,99999.999,4,"null",NULL,"null",NULL,"null","null",NULL,"null","null","null","null","null",NULL,"null",NULL,NULL,NULL,NULL,NULL,NULL,NULL,NULL,NULL,NULL,NULL,NULL,NULL,"uploads/blank_profile.png",NULL,NULL,NULL,NULL,NULL,NULL,0),
(53,NULL," ","ئامانج جلال نامق"," ",NULL,NULL,"kurdish","M","Married",NULL,NULL,NULL,NULL,NULL,NULL,NULL,NULL,NULL,NULL,NULL,NULL,NULL,NULL,NULL,NULL,NULL,"null",NULL,NULL,NULL,NULL,NULL,NULL,NULL,NULL,NULL,NULL,NULL,0,NULL,NULL,0,0,NULL,NULL,99999.999,4,"null",NULL,"null",NULL,"null","null",NULL,"null","null","null","null","null",NULL,"null",NULL,NULL,NULL,NULL,NULL,NULL,NULL,NULL,NULL,NULL,NULL,NULL,NULL,"uploads/blank_profile.png",NULL,NULL,NULL,NULL,NULL,NULL,0),
(54,NULL," ","کتبیة ذنون یونس"," ",NULL,"1954-07-01","iraqi","F","Married",NULL,NULL,NULL,NULL,NULL,NULL,NULL,NULL,NULL,NULL,NULL,NULL,NULL,NULL,NULL,NULL,NULL,"null",NULL,NULL,NULL,NULL,NULL,NULL,NULL,NULL,NULL,NULL,NULL,1,NULL,NULL,0,0,NULL,NULL,99999.999,4,"null",NULL,"null",NULL,"null","null",NULL,"null","null","null","null","null",NULL,"null",NULL,NULL,NULL,NULL,NULL,NULL,NULL,NULL,NULL,NULL,NULL,NULL,NULL,"uploads/blank_profile.png",NULL,NULL,NULL,NULL,1,NULL,0),
(55,NULL," ","نبات هاشم فقی"," ",NULL,"2020-07-01",NULL,"F","Married",NULL,NULL,NULL,NULL,NULL,NULL,NULL,NULL,NULL,NULL,NULL,NULL,NULL,NULL,NULL,NULL,NULL,"null",NULL,NULL,NULL,NULL,NULL,NULL,NULL,NULL,NULL,NULL,NULL,1,NULL,NULL,0,0,NULL,NULL,99999.999,4,"null",NULL,"null",NULL,"null","null",NULL,"null","null","null","null","null",NULL,"null",NULL,NULL,NULL,NULL,NULL,NULL,NULL,NULL,NULL,NULL,NULL,NULL,NULL,"uploads/blank_profile.png",NULL,NULL,NULL,NULL,1,NULL,0),
(56,NULL," ","نەهلە صباح طاهر"," ",NULL,"1992-07-01","iraqi","F","Single",NULL,NULL,NULL,NULL,NULL,NULL,NULL,NULL,NULL,NULL,NULL,NULL,NULL,NULL,NULL,NULL,NULL,"null",NULL,NULL,NULL,NULL,NULL,NULL,NULL,NULL,NULL,NULL,NULL,1,NULL,NULL,0,0,NULL,NULL,0,1,"null",NULL,"null",NULL,"null","null",NULL,"null","null","null","null","null",NULL,"null",NULL,NULL,NULL,NULL,NULL,NULL,NULL,NULL,NULL,NULL,NULL,NULL,NULL,"uploads/blank_profile.png",NULL,NULL,NULL,NULL,NULL,NULL,0),
(57,NULL," ","ئەوین فاضل رشید"," ",NULL,"1997-11-01","iraqi","F","Single",NULL,NULL,NULL,NULL,NULL,NULL,NULL,NULL,NULL,NULL,NULL,NULL,NULL,NULL,NULL,NULL,NULL,"null",NULL,NULL,-1,NULL,NULL,NULL,NULL,NULL,NULL,NULL,NULL,1,NULL,NULL,0,0,NULL,NULL,0,1,"null",NULL,"null",NULL,"null","null",NULL,"null","null","null","null","null",NULL,"null",NULL,NULL,NULL,NULL,NULL,NULL,NULL,NULL,NULL,NULL,NULL,NULL,NULL,"uploads/blank_profile.png",NULL,NULL,NULL,-1,NULL,NULL,0),
(58,NULL," ","گوڵان کوردۆ احمد"," ",NULL,"1992-07-01","iraqi","F","Single",NULL,NULL,NULL,NULL,NULL,NULL,NULL,NULL,NULL,NULL,NULL,NULL,NULL,NULL,NULL,NULL,NULL,"null",NULL,NULL,NULL,NULL,NULL,NULL,NULL,NULL,NULL,NULL,NULL,1,NULL,NULL,0,0,NULL,NULL,0,1,"null",NULL,"null",NULL,"null","null",NULL,"null","null","null","null","null",NULL,"null",NULL,NULL,NULL,NULL,NULL,NULL,NULL,NULL,NULL,NULL,NULL,NULL,NULL,"uploads/blank_profile.png",NULL,NULL,NULL,NULL,NULL,NULL,0),
(59,NULL," ","Abdulla Faqe Yazdin"," ",NULL,NULL,NULL,"F","Single",NULL,NULL,NULL,NULL,NULL,"Rizgary teaching hosp-Erbil",NULL,NULL,NULL,NULL,NULL,NULL,7504453108,NULL,"pendroy2002@yahoo.com",NULL,NULL,"null",NULL,1,NULL,NULL,NULL,NULL,NULL,NULL,NULL,NULL,NULL,1,NULL,NULL,0,0,NULL,NULL,0,1,"null",NULL,"null",NULL,"null","null",NULL,"null","null","null","null","null",NULL,"null",NULL,NULL,NULL,NULL,NULL,NULL,NULL,NULL,NULL,NULL,NULL,NULL,NULL,"uploads/blank_profile.png",NULL,NULL,NULL,NULL,NULL,NULL,1),
(60,NULL,"  ","Aso Sabir Saeed"," ",NULL,NULL,NULL,"F","Single",NULL,NULL,NULL,NULL,NULL,"Rizgary teaching hosp-Erbil",NULL,NULL,NULL,NULL,NULL,NULL,7504453108,NULL,"pendroy2002@yahoo.com",NULL,NULL,"null",NULL,1,NULL,NULL,NULL,NULL,NULL,NULL,NULL,NULL,NULL,1,NULL,NULL,0,0,NULL,NULL,0,1,"null",NULL,"null",NULL,"null","null",NULL,"null","null","null","null","null",NULL,"null",NULL,NULL,NULL,NULL,NULL,NULL,NULL,NULL,NULL,NULL,NULL,NULL,NULL,"uploads/blank_profile.png",NULL,NULL,NULL,NULL,NULL,NULL,1),
(61,NULL," ","Faiq Braimok Basa"," ",NULL,NULL,NULL,"F","Single",NULL,NULL,NULL,NULL,NULL,"Rizgary teaching hosp-Erbil",NULL,NULL,NULL,NULL,NULL,NULL,7504223655,NULL,"faiqbasa@yahoo.com",NULL,NULL,"null",NULL,1,NULL,NULL,NULL,NULL,NULL,NULL,NULL,NULL,NULL,1,NULL,NULL,0,0,NULL,NULL,0,1,"null",NULL,"null",NULL,"null","null",NULL,"null","null","null","null","null",NULL,"null",NULL,NULL,NULL,NULL,NULL,NULL,NULL,NULL,NULL,NULL,NULL,NULL,NULL,"uploads/blank_profile.png",NULL,NULL,NULL,NULL,NULL,NULL,1),
(62,NULL," ","Azad Anwar Muhamad"," ",NULL,NULL,NULL,"F","Single",NULL,NULL,NULL,NULL,NULL,"Rizgary teaching hosp-Erbil",NULL,NULL,NULL,NULL,NULL,NULL,7504323247,NULL,NULL,NULL,NULL,"null",NULL,1,NULL,NULL,NULL,NULL,NULL,NULL,NULL,NULL,NULL,1,NULL,NULL,0,0,NULL,NULL,0,1,"null",NULL,"null",NULL,"null","null",NULL,"null","null","null","null","null",NULL,"null",NULL,NULL,NULL,NULL,NULL,NULL,NULL,NULL,NULL,NULL,NULL,NULL,NULL,"uploads/blank_profile.png",NULL,NULL,NULL,NULL,NULL,NULL,1),
(63,NULL," ","Abdulrahman Aziz Rasul"," ",NULL,NULL,NULL,"F","Single",NULL,NULL,NULL,NULL,NULL,"Rizgary teaching hosp-Erbil",NULL,NULL,NULL,NULL,NULL,NULL,7504660607,NULL,"abd.rania@ymail.com",NULL,NULL,"null",NULL,1,NULL,NULL,NULL,NULL,NULL,NULL,NULL,NULL,NULL,1,NULL,NULL,0,0,NULL,NULL,0,1,"null",NULL,"null",NULL,"null","null",NULL,"null","null","null","null","null",NULL,"null",NULL,NULL,NULL,NULL,NULL,NULL,NULL,NULL,NULL,NULL,NULL,NULL,NULL,"uploads/blank_profile.png",NULL,NULL,NULL,NULL,NULL,NULL,1),
(64,NULL," ","Muataz Fadhil Humadi"," ",NULL,NULL,NULL,"F","Single",NULL,NULL,NULL,NULL,NULL,"Rizgary teaching hosp-Erbil",NULL,NULL,NULL,NULL,NULL,NULL,7504961443,NULL,"mhummadi7@yahoo.com",NULL,NULL,"null",NULL,1,NULL,NULL,NULL,NULL,NULL,NULL,NULL,NULL,NULL,1,NULL,NULL,0,0,NULL,NULL,0,1,"null",NULL,"null",NULL,"null","null",NULL,"null","null","null","null","null",NULL,"null",NULL,NULL,NULL,NULL,NULL,NULL,NULL,NULL,NULL,NULL,NULL,NULL,NULL,"uploads/blank_profile.png",NULL,NULL,NULL,NULL,NULL,NULL,1),
(65,NULL," ","Ehsan Kareem Alshimary"," ",NULL,NULL,NULL,"F","Single",NULL,NULL,NULL,NULL,NULL,"Erbil Teaching Hospital-Erbil",NULL,NULL,NULL,NULL,NULL,NULL,7504946459,NULL,"eshimmery@yahoo.com",NULL,NULL,"null",NULL,1,NULL,NULL,NULL,NULL,NULL,NULL,NULL,NULL,NULL,1,NULL,NULL,0,0,NULL,NULL,0,1,"null",NULL,"null",NULL,"null","null",NULL,"null","null","null","null","null",NULL,"null",NULL,NULL,NULL,NULL,NULL,NULL,NULL,NULL,NULL,NULL,NULL,NULL,NULL,"uploads/blank_profile.png",NULL,NULL,NULL,NULL,NULL,NULL,1),
(66,NULL," ","Jihad Khidhr khursheed "," ",NULL,NULL,NULL,"F","Single",NULL,NULL,NULL,NULL,NULL,"Rizgary teaching hosp-Erbil",NULL,NULL,NULL,NULL,NULL,NULL,7504498406,NULL,"jihad.2006@yahoo.com",NULL,NULL,"null",NULL,1,NULL,NULL,NULL,NULL,NULL,NULL,NULL,NULL,NULL,1,NULL,NULL,0,0,NULL,NULL,0,1,"null",NULL,"null",NULL,"null","null",NULL,"null","null","null","null","null",NULL,"null",NULL,NULL,NULL,NULL,NULL,NULL,NULL,NULL,NULL,NULL,NULL,NULL,NULL,"uploads/blank_profile.png",NULL,NULL,NULL,NULL,NULL,NULL,1),
(67,NULL," ","Rekan Farhad Awny"," ",NULL,NULL,NULL,"F","Single",NULL,NULL,NULL,NULL,NULL,"Rizgary teaching hosp-Erbil",NULL,NULL,NULL,NULL,NULL,NULL,7504607155,NULL,"dr.rekan76@hotmail.com",NULL,NULL,"null",NULL,1,NULL,NULL,NULL,NULL,NULL,NULL,NULL,NULL,NULL,1,NULL,NULL,0,0,NULL,NULL,0,1,"null",NULL,"null",NULL,"null","null",NULL,"null","null","null","null","null",NULL,"null",NULL,NULL,NULL,NULL,NULL,NULL,NULL,NULL,NULL,NULL,NULL,NULL,NULL,"uploads/blank_profile.png",NULL,NULL,NULL,NULL,NULL,NULL,1),
(68,NULL," ","Amanj Jamal "," ",NULL,NULL,NULL,"F","Single",NULL,NULL,NULL,NULL,NULL,"Erbil Teaching Hospital-Erbil",NULL,NULL,NULL,NULL,NULL,NULL,7504577848,NULL,"amanj22@yahoo.com",NULL,NULL,"null",NULL,1,NULL,NULL,NULL,NULL,NULL,NULL,NULL,NULL,NULL,1,NULL,NULL,0,0,NULL,NULL,0,1,"null",NULL,"null",NULL,"null","null",NULL,"null","null","null","null","null",NULL,"null",NULL,NULL,NULL,NULL,NULL,NULL,NULL,NULL,NULL,NULL,NULL,NULL,NULL,"uploads/blank_profile.png",NULL,NULL,NULL,NULL,NULL,NULL,1),
(69,NULL," ","Srood Nazar Jirjees"," ",NULL,NULL,NULL,"F","Single",NULL,NULL,NULL,NULL,NULL,"Ashty General Hospital-Soran  ","Rozhalat Emergency Hospital-Erbil",NULL,NULL,NULL,NULL,NULL,7504536346,NULL,"drsnj7979@yahoo.com",NULL,NULL,"null",NULL,1,NULL,NULL,NULL,NULL,NULL,NULL,NULL,NULL,NULL,1,NULL,NULL,0,0,NULL,NULL,0,1,"null",NULL,"null",NULL,"null","null",NULL,"null","null","null","null","null",NULL,"null",NULL,NULL,NULL,NULL,NULL,NULL,NULL,NULL,NULL,NULL,NULL,NULL,NULL,"uploads/blank_profile.png",NULL,NULL,NULL,NULL,NULL,NULL,1),
(70,NULL," ","Jon Jawdat Shamun"," ",NULL,NULL,NULL,"F","Single",NULL,NULL,NULL,NULL,NULL,"Ashty General Hospital-Soran","Rozhalat Emergency Hospital-Erbil",NULL,NULL,NULL,NULL,NULL,7501440313,NULL,"john_jawdat@hotmail.com",NULL,NULL,"null",NULL,1,NULL,NULL,NULL,NULL,NULL,NULL,NULL,NULL,NULL,1,NULL,NULL,0,0,NULL,NULL,0,1,"null",NULL,"null",NULL,"null","null",NULL,"null","null","null","null","null",NULL,"null",NULL,NULL,NULL,NULL,NULL,NULL,NULL,NULL,NULL,NULL,NULL,NULL,NULL,"uploads/blank_profile.png",NULL,NULL,NULL,NULL,NULL,NULL,1),
(71,NULL," ","Farhang Jawhar Mawlood"," ",NULL,NULL,NULL,"F","Single",NULL,NULL,NULL,NULL,NULL,"Erbil Teaching Hospital-Erbil",NULL,NULL,NULL,NULL,NULL,NULL,7504729907,NULL,"ferhng_7807@yahoo.com",NULL,NULL,"null",NULL,1,NULL,NULL,NULL,NULL,NULL,NULL,NULL,NULL,NULL,1,NULL,NULL,0,0,NULL,NULL,0,1,"null",NULL,"null",NULL,"null","null",NULL,"null","null","null","null","null",NULL,"null",NULL,NULL,NULL,NULL,NULL,NULL,NULL,NULL,NULL,NULL,NULL,NULL,NULL,"uploads/blank_profile.png",NULL,NULL,NULL,NULL,NULL,NULL,1),
(72,NULL," ","Sarwan Husen Amin"," ",NULL,NULL,NULL,"F","Single",NULL,NULL,NULL,NULL,NULL,"Erbil Teaching Hospital-Erbil",NULL,NULL,NULL,NULL,NULL,NULL,7504557114,NULL,"dr_sarwan@yahoo.com",NULL,NULL,"null",NULL,1,NULL,NULL,NULL,NULL,NULL,NULL,NULL,NULL,NULL,1,NULL,NULL,0,0,NULL,NULL,0,1,"null",NULL,"null",NULL,"null","null",NULL,"null","null","null","null","null",NULL,"null",NULL,NULL,NULL,NULL,NULL,NULL,NULL,NULL,NULL,NULL,NULL,NULL,NULL,"uploads/blank_profile.png",NULL,NULL,NULL,NULL,NULL,NULL,1),
(73,NULL," ","Azad Hasan Khidhr"," ",NULL,NULL,NULL,"F","Single",NULL,NULL,NULL,NULL,NULL,"Rizgary teaching hosp-Erbil",NULL,NULL,NULL,NULL,NULL,NULL,7507159778,NULL,"azadneuro9@gmail.com",NULL,NULL,"null",NULL,1,NULL,NULL,NULL,NULL,NULL,NULL,NULL,NULL,NULL,1,NULL,NULL,0,0,NULL,NULL,0,1,"null",NULL,"null",NULL,"null","null",NULL,"null","null","null","null","null",NULL,"null",NULL,NULL,NULL,NULL,NULL,NULL,NULL,NULL,NULL,NULL,NULL,NULL,NULL,"uploads/blank_profile.png",NULL,NULL,NULL,NULL,NULL,NULL,1),
(74,NULL," ","Srwa Saeed"," ",NULL,NULL,NULL,"F","Single",NULL,NULL,NULL,NULL,NULL,"Rozhawa Emergency H-Erbil",NULL,NULL,NULL,NULL,NULL,NULL,7504899268,NULL,"dr.srwa@gmail.com",NULL,NULL,"null",NULL,1,NULL,NULL,NULL,NULL,NULL,NULL,NULL,NULL,NULL,1,NULL,NULL,0,0,NULL,NULL,0,1,"null",NULL,"null",NULL,"null","null",NULL,"null","null","null","null","null",NULL,"null",NULL,NULL,NULL,NULL,NULL,NULL,NULL,NULL,NULL,NULL,NULL,NULL,NULL,"uploads/blank_profile.png",NULL,NULL,NULL,NULL,NULL,NULL,1),
(75,NULL," ","Abbas  Nariman Sideeq"," ",NULL,NULL,NULL,"F","Single",NULL,NULL,NULL,NULL,NULL,NULL,NULL,NULL,NULL,NULL,NULL,NULL,NULL,NULL,NULL,NULL,NULL,"null",NULL,1,NULL,NULL,NULL,NULL,NULL,NULL,NULL,NULL,NULL,1,NULL,NULL,0,0,NULL,NULL,0,1,"null",NULL,"null",NULL,"null","null",NULL,"null","null","null","null","null",NULL,"null",NULL,NULL,NULL,NULL,NULL,NULL,NULL,NULL,NULL,NULL,NULL,NULL,NULL,"uploads/blank_profile.png",NULL,NULL,NULL,NULL,NULL,NULL,1),
(76,NULL," ","Ahmed Kawa"," ",NULL,NULL,NULL,"F","Single",NULL,NULL,NULL,NULL,NULL,NULL,NULL,NULL,NULL,NULL,NULL,NULL,NULL,NULL,NULL,NULL,NULL,"null",NULL,1,NULL,NULL,NULL,NULL,NULL,NULL,NULL,NULL,NULL,1,NULL,NULL,0,0,NULL,NULL,0,1,"null",NULL,"null",NULL,"null","null",NULL,"null","null","null","null","null",NULL,"null",NULL,NULL,NULL,NULL,NULL,NULL,NULL,NULL,NULL,NULL,NULL,NULL,NULL,"uploads/blank_profile.png",NULL,NULL,NULL,NULL,NULL,NULL,1),
(77,NULL,"  ","Abdulrahman Abdulkareem Ibrahim","  ",NULL,NULL,NULL,"F","Single",NULL,NULL,NULL,NULL,NULL,NULL,NULL,NULL,NULL,NULL,NULL,NULL,NULL,NULL,NULL,NULL,NULL,"null",NULL,1,NULL,NULL,NULL,NULL,NULL,NULL,NULL,NULL,NULL,1,NULL,NULL,0,0,NULL,NULL,0,1,"null",NULL,"null",NULL,"null","null",NULL,"null","null","null","null","null",NULL,"null",NULL,NULL,NULL,NULL,NULL,NULL,NULL,NULL,NULL,NULL,NULL,NULL,NULL,"uploads/blank_profile.png",NULL,NULL,NULL,NULL,NULL,NULL,1),
(78,NULL,"  ","Hasan Ali","  ",NULL,NULL,NULL,"F","Single",NULL,NULL,NULL,NULL,NULL,NULL,NULL,NULL,NULL,NULL,NULL,NULL,NULL,NULL,NULL,NULL,NULL,"null",NULL,1,NULL,NULL,NULL,NULL,NULL,NULL,NULL,NULL,NULL,1,NULL,NULL,0,0,NULL,NULL,0,1,"null",NULL,"null",NULL,"null","null",NULL,"null","null","null","null","null",NULL,"null",NULL,NULL,NULL,NULL,NULL,NULL,NULL,NULL,NULL,NULL,NULL,NULL,NULL,"uploads/blank_profile.png",NULL,NULL,NULL,NULL,NULL,NULL,1),
(80,NULL,"  ","Hilbin Abdulrazaq Adel","  ",NULL,NULL,NULL,"F","Single",NULL,NULL,NULL,NULL,NULL,NULL,NULL,NULL,NULL,NULL,NULL,NULL,NULL,NULL,NULL,NULL,NULL,"null",NULL,1,NULL,NULL,NULL,NULL,NULL,NULL,NULL,NULL,NULL,1,NULL,NULL,0,0,NULL,NULL,0,1,"null",NULL,"null",NULL,"null","null",NULL,"null","null","null","null","null",NULL,"null",NULL,NULL,NULL,NULL,NULL,NULL,NULL,NULL,NULL,NULL,NULL,NULL,NULL,"uploads/blank_profile.png",NULL,NULL,NULL,NULL,NULL,NULL,1),
(81,NULL,"  ","Hemn Tahir","  ",NULL,NULL,NULL,"F","Single",NULL,NULL,NULL,NULL,NULL,NULL,NULL,NULL,NULL,NULL,NULL,NULL,NULL,NULL,NULL,NULL,NULL,"null",NULL,1,NULL,NULL,NULL,NULL,NULL,NULL,NULL,NULL,NULL,1,NULL,NULL,0,0,NULL,NULL,0,1,"null",NULL,"null",NULL,"null","null",NULL,"null","null","null","null","null",NULL,"null",NULL,NULL,NULL,NULL,NULL,NULL,NULL,NULL,NULL,NULL,NULL,NULL,NULL,"uploads/blank_profile.png",NULL,NULL,NULL,NULL,NULL,NULL,1),
(82,NULL,"  ","Dr. Yasir Abdulhamid ","  ",NULL,NULL,NULL,"M","Single",NULL,NULL,NULL,NULL,NULL,NULL,NULL,NULL,NULL,NULL,NULL,NULL,NULL,NULL,NULL,NULL,NULL,"null",NULL,1,-1,NULL,NULL,NULL,NULL,NULL,NULL,NULL,NULL,1,NULL,NULL,0,0,NULL,NULL,0,1,"null",NULL,"null",NULL,"null","null",NULL,"null","null","null","null","null",NULL,"null",NULL,NULL,NULL,NULL,NULL,NULL,NULL,NULL,NULL,NULL,NULL,NULL,NULL,"uploads/blank_profile.png",NULL,NULL,NULL,-1,NULL,NULL,0),
(83,NULL,"  ","Majeed Salih Muhamad","  ",NULL,NULL,NULL,"F","Single",NULL,NULL,NULL,NULL,NULL,"Rizgary teaching hosp-Erbil",NULL,NULL,NULL,NULL,NULL,NULL,7504937452,NULL,"drmajeed39@yahoo.com",NULL,NULL,"null",NULL,1,NULL,NULL,NULL,NULL,NULL,NULL,NULL,NULL,NULL,1,NULL,NULL,0,0,NULL,NULL,0,1,"null",NULL,"null",NULL,"null","null",NULL,"null","null","null","null","null",NULL,"null",NULL,NULL,NULL,NULL,NULL,NULL,NULL,NULL,NULL,NULL,NULL,NULL,NULL,"uploads/blank_profile.png",NULL,NULL,NULL,NULL,NULL,NULL,1),
(84,NULL," ","Bran Mikail"," ",NULL,NULL,"iraqi","M","Married",NULL,NULL,NULL,NULL,NULL,NULL,NULL,NULL,NULL,NULL,NULL,NULL,NULL,NULL,NULL,NULL,NULL,"null",NULL,NULL,-1,NULL,NULL,NULL,NULL,NULL,NULL,NULL,NULL,0,NULL,NULL,0,0,NULL,NULL,0,1,"null",NULL,"null",NULL,"null","null",NULL,"null","null","null","null","null",NULL,"null",NULL,NULL,NULL,NULL,NULL,NULL,NULL,NULL,NULL,NULL,NULL,NULL,NULL,"uploads/blank_profile.png",NULL,NULL,NULL,-1,NULL,NULL,0),
(85,NULL," ","Dr. Muhammad Jawda"," ",NULL,NULL,"iraqi","M","Married",NULL,NULL,NULL,NULL,NULL,NULL,NULL,NULL,NULL,NULL,NULL,NULL,NULL,NULL,NULL,NULL,NULL,"null",NULL,1,-1,NULL,NULL,NULL,NULL,NULL,NULL,NULL,NULL,0,NULL,NULL,0,0,NULL,NULL,0,1,"null",NULL,"null",NULL,"null","null",NULL,"null","null","null","null","null",NULL,"null",NULL,NULL,NULL,NULL,NULL,NULL,NULL,NULL,NULL,NULL,NULL,NULL,NULL,"uploads/blank_profile.png",NULL,NULL,NULL,-1,NULL,NULL,0),
(86,NULL," ","Fryad Anwar Shalal"," ",NULL,NULL,"iraqi","M","Married",NULL,NULL,NULL,NULL,NULL,NULL,NULL,NULL,NULL,NULL,NULL,NULL,NULL,NULL,NULL,NULL,NULL,"null",NULL,0,-1,NULL,NULL,NULL,NULL,NULL,NULL,NULL,NULL,0,NULL,NULL,0,0,NULL,NULL,0,1,"null",NULL,"null",NULL,"null","null",NULL,"null","null","null","null","null",NULL,"null",NULL,NULL,NULL,NULL,NULL,NULL,NULL,NULL,NULL,NULL,NULL,NULL,NULL,"uploads/blank_profile.png",NULL,NULL,NULL,-1,NULL,NULL,0),
(87,NULL," ","Dr. Mustafa"," ",NULL,NULL,"iraqi","M","Married",NULL,NULL,NULL,NULL,NULL,NULL,NULL,NULL,NULL,NULL,NULL,NULL,NULL,NULL,NULL,NULL,NULL,"null",NULL,1,NULL,NULL,NULL,NULL,NULL,NULL,NULL,NULL,NULL,0,NULL,NULL,0,0,NULL,NULL,0,1,"null",NULL,"null",NULL,"null","null",NULL,"null","null","null","null","null",NULL,"null",NULL,NULL,NULL,NULL,NULL,NULL,NULL,NULL,NULL,NULL,NULL,NULL,NULL,"uploads/blank_profile.png",NULL,NULL,NULL,NULL,NULL,NULL,0),
(88,NULL," ","Dr. Farid Tahsin Haddad"," ",NULL,NULL,NULL,"M","Single",NULL,NULL,NULL,NULL,NULL,NULL,NULL,NULL,NULL,NULL,NULL,NULL,NULL,NULL,NULL,NULL,NULL,"null",NULL,1,NULL,NULL,NULL,NULL,NULL,NULL,NULL,NULL,NULL,1,NULL,NULL,0,0,NULL,NULL,0,1,"null",NULL,"null",NULL,"null","null",NULL,"null","null","null","null","null",NULL,"null",NULL,NULL,NULL,NULL,NULL,NULL,NULL,NULL,NULL,NULL,NULL,NULL,NULL,"uploads/blank_profile.png",NULL,NULL,NULL,NULL,NULL,NULL,0),
(89,NULL," ","دلێر طە"," ",NULL,NULL,NULL,"M","Single",NULL,NULL,NULL,NULL,NULL,NULL,NULL,NULL,NULL,NULL,NULL,NULL,NULL,NULL,NULL,NULL,NULL,"null",NULL,NULL,-1,NULL,NULL,NULL,NULL,NULL,NULL,NULL,NULL,1,NULL,NULL,0,0,NULL,NULL,0,1,"null",NULL,"null",NULL,"null","null",NULL,"null","null","null","null","null",NULL,"null",NULL,NULL,NULL,NULL,NULL,NULL,NULL,NULL,NULL,NULL,NULL,NULL,NULL,"uploads/blank_profile.png",NULL,NULL,NULL,-1,NULL,NULL,0),
(90,NULL," ","Dr. Redwan Qasm"," ",NULL,NULL,NULL,"M","Single",NULL,NULL,NULL,NULL,NULL,NULL,NULL,NULL,NULL,NULL,NULL,NULL,NULL,NULL,NULL,NULL,NULL,"null",NULL,1,-1,NULL,NULL,NULL,NULL,NULL,NULL,NULL,NULL,1,NULL,NULL,0,0,NULL,NULL,0,1,"null",NULL,"null",NULL,"null","null",NULL,"null","null","null","null","null",NULL,"null",NULL,NULL,NULL,NULL,NULL,NULL,NULL,NULL,NULL,NULL,NULL,NULL,NULL,"uploads/blank_profile.png",NULL,NULL,NULL,-1,NULL,NULL,0),
(91,NULL," ","Dr. Yousuf Zakaria Shakr"," ",NULL,NULL,NULL,"M","Single",NULL,NULL,NULL,NULL,NULL,NULL,NULL,NULL,NULL,NULL,NULL,NULL,NULL,NULL,NULL,NULL,NULL,"null",NULL,1,-1,NULL,NULL,NULL,NULL,NULL,NULL,NULL,NULL,1,NULL,NULL,0,0,NULL,NULL,0,1,"null",NULL,"null",NULL,"null","null",NULL,"null","null","null","null","null",NULL,"null",NULL,NULL,NULL,NULL,NULL,NULL,NULL,NULL,NULL,NULL,NULL,NULL,NULL,"uploads/blank_profile.png",NULL,NULL,NULL,-1,NULL,NULL,0),
(92,NULL," ","Dr. Ayad Samin"," ",NULL,NULL,NULL,"M","Single",NULL,NULL,NULL,NULL,NULL,NULL,NULL,NULL,NULL,NULL,NULL,NULL,NULL,NULL,NULL,NULL,NULL,"null",NULL,1,NULL,NULL,NULL,NULL,NULL,NULL,NULL,NULL,NULL,1,NULL,NULL,0,0,NULL,NULL,0,1,"null",NULL,"null",NULL,"null","null",NULL,"null","null","null","null","null",NULL,"null",NULL,NULL,NULL,NULL,NULL,NULL,NULL,NULL,NULL,NULL,NULL,NULL,NULL,"uploads/blank_profile.png",NULL,NULL,NULL,NULL,NULL,NULL,0),
(93,NULL," ","Dr. Bestoun Muhammad"," ",NULL,NULL,NULL,"M","Single",NULL,NULL,NULL,NULL,NULL,NULL,NULL,NULL,NULL,NULL,NULL,NULL,NULL,NULL,NULL,NULL,NULL,"null",NULL,1,NULL,NULL,NULL,NULL,NULL,NULL,NULL,NULL,NULL,1,NULL,NULL,0,0,NULL,NULL,0,1,"null",NULL,"null",NULL,"null","null",NULL,"null","null","null","null","null",NULL,"null",NULL,NULL,NULL,NULL,NULL,NULL,NULL,NULL,NULL,NULL,NULL,NULL,NULL,"uploads/blank_profile.png",NULL,NULL,NULL,NULL,NULL,NULL,0),
(94,NULL," ","Dr. Ali Barzinji"," ",NULL,NULL,NULL,"F","Single",NULL,NULL,NULL,NULL,NULL,NULL,NULL,NULL,NULL,NULL,NULL,NULL,NULL,NULL,NULL,NULL,NULL,"null",NULL,1,NULL,NULL,NULL,NULL,NULL,NULL,NULL,NULL,NULL,1,NULL,NULL,0,0,NULL,NULL,0,1,"null",NULL,"null",NULL,"null","null",NULL,"null","null","null","null","null",NULL,"null",NULL,NULL,NULL,NULL,NULL,NULL,NULL,NULL,NULL,NULL,NULL,NULL,NULL,"uploads/blank_profile.png",NULL,NULL,NULL,NULL,NULL,NULL,0),
(95,NULL," ","Dr. Yousif "," ",NULL,NULL,NULL,"M","Single",NULL,NULL,NULL,NULL,NULL,NULL,NULL,NULL,NULL,NULL,NULL,NULL,"0750 4770307",NULL,NULL,NULL,NULL,"null",NULL,1,-1,NULL,NULL,NULL,NULL,NULL,NULL,NULL,NULL,1,NULL,NULL,0,0,NULL,NULL,0,1,"null",NULL,"null",NULL,"null","null",NULL,"null","null","null","null","null",NULL,"null",NULL,NULL,NULL,NULL,NULL,NULL,NULL,NULL,NULL,NULL,NULL,NULL,NULL,"uploads/blank_profile.png",NULL,NULL,NULL,-1,NULL,NULL,0),
(96,NULL," ","Dr. Farman"," ",NULL,NULL,NULL,"F","Single",NULL,NULL,NULL,NULL,NULL,NULL,NULL,NULL,NULL,NULL,NULL,NULL,"0750 7545464",NULL,NULL,NULL,NULL,"null",NULL,1,NULL,NULL,NULL,NULL,NULL,NULL,NULL,NULL,NULL,1,NULL,NULL,0,0,NULL,NULL,0,1,"null",NULL,"null",NULL,"null","null",NULL,"null","null","null","null","null",NULL,"null",NULL,NULL,NULL,NULL,NULL,NULL,NULL,NULL,NULL,NULL,NULL,NULL,NULL,"uploads/blank_profile.png",NULL,NULL,NULL,NULL,NULL,NULL,0),
(97,NULL," ","Dr. Masood"," ",NULL,NULL,NULL,"F","Single",NULL,NULL,NULL,NULL,NULL,NULL,NULL,NULL,NULL,NULL,NULL,NULL,"0750 8986915",NULL,NULL,NULL,NULL,"null",NULL,1,NULL,NULL,NULL,NULL,NULL,NULL,NULL,NULL,NULL,1,NULL,NULL,0,0,NULL,NULL,0,1,"null",NULL,"null",NULL,"null","null",NULL,"null","null","null","null","null",NULL,"null",NULL,NULL,NULL,NULL,NULL,NULL,NULL,NULL,NULL,NULL,NULL,NULL,NULL,"uploads/blank_profile.png",NULL,NULL,NULL,NULL,NULL,NULL,0),
(98,NULL," ","Dr. Abdulrahman"," ",NULL,NULL,NULL,"F","Single",NULL,NULL,NULL,NULL,NULL,NULL,NULL,NULL,NULL,NULL,NULL,NULL,"0751 0032112",NULL,NULL,NULL,NULL,"null",NULL,1,NULL,NULL,NULL,NULL,NULL,NULL,NULL,NULL,NULL,1,NULL,NULL,0,0,NULL,NULL,0,1,"null",NULL,"null",NULL,"null","null",NULL,"null","null","null","null","null",NULL,"null",NULL,NULL,NULL,NULL,NULL,NULL,NULL,NULL,NULL,NULL,NULL,NULL,NULL,"uploads/blank_profile.png",NULL,NULL,NULL,NULL,NULL,NULL,0),
(99,NULL," ","Dr. Sarwar"," ",NULL,NULL,NULL,"F","Single",NULL,NULL,NULL,NULL,NULL,NULL,NULL,NULL,NULL,NULL,NULL,NULL,"0750 1838323",NULL,NULL,NULL,NULL,"null",NULL,1,NULL,NULL,NULL,NULL,NULL,NULL,NULL,NULL,NULL,1,NULL,NULL,0,0,NULL,NULL,0,1,"null",NULL,"null",NULL,"null","null",NULL,"null","null","null","null","null",NULL,"null",NULL,NULL,NULL,NULL,NULL,NULL,NULL,NULL,NULL,NULL,NULL,NULL,NULL,"uploads/blank_profile.png",NULL,NULL,NULL,NULL,NULL,NULL,0),
(100,NULL," ","dr. salwan"," ",NULL,NULL,NULL,"F","Single",NULL,NULL,NULL,NULL,NULL,NULL,NULL,NULL,NULL,NULL,NULL,NULL,"0750 3167484",NULL,NULL,NULL,NULL,"null",NULL,1,-1,NULL,NULL,NULL,NULL,NULL,NULL,NULL,NULL,1,NULL,NULL,0,0,NULL,NULL,0,1,"null",NULL,"null",NULL,"null","null",NULL,"null","null","null","null","null",NULL,"null",NULL,NULL,NULL,NULL,NULL,NULL,NULL,NULL,NULL,NULL,NULL,NULL,NULL,"uploads/blank_profile.png",NULL,NULL,NULL,-1,NULL,NULL,0),
(101,NULL," ","dr. ayman"," ",NULL,NULL,NULL,"F","Single",NULL,NULL,NULL,NULL,NULL,NULL,NULL,NULL,NULL,NULL,NULL,NULL,NULL,NULL,NULL,NULL,NULL,"null",NULL,1,NULL,NULL,NULL,NULL,NULL,NULL,NULL,NULL,NULL,1,NULL,NULL,0,0,NULL,NULL,0,1,"null",NULL,"null",NULL,"null","null",NULL,"null","null","null","null","null",NULL,"null",NULL,NULL,NULL,NULL,NULL,NULL,NULL,NULL,NULL,NULL,NULL,NULL,NULL,"uploads/blank_profile.png",NULL,NULL,NULL,NULL,NULL,NULL,0),
(102,NULL," ","Dr. muhammad fawzy"," ",NULL,NULL,NULL,"F","Single",NULL,NULL,NULL,NULL,NULL,NULL,NULL,NULL,NULL,NULL,NULL,NULL,"0750 7943394",NULL,NULL,NULL,NULL,"null",NULL,1,NULL,NULL,NULL,NULL,NULL,NULL,NULL,NULL,NULL,1,NULL,NULL,0,0,NULL,NULL,0,1,"null",NULL,"null",NULL,"null","null",NULL,"null","null","null","null","null",NULL,"null",NULL,NULL,NULL,NULL,NULL,NULL,NULL,NULL,NULL,NULL,NULL,NULL,NULL,"uploads/blank_profile.png",NULL,NULL,NULL,NULL,NULL,NULL,0),
(103,NULL," ","Dr. mansoor"," ",NULL,NULL,NULL,"F","Single",NULL,NULL,NULL,NULL,NULL,NULL,NULL,NULL,NULL,NULL,NULL,NULL,7504380848,NULL,NULL,NULL,NULL,"null",NULL,1,-1,NULL,NULL,NULL,NULL,NULL,NULL,NULL,NULL,1,NULL,NULL,0,0,NULL,NULL,0,1,"null",NULL,"null",NULL,"null","null",NULL,"null","null","null","null","null",NULL,"null",NULL,NULL,NULL,NULL,NULL,NULL,NULL,NULL,NULL,NULL,NULL,NULL,NULL,"uploads/blank_profile.png",NULL,NULL,NULL,-1,NULL,NULL,0),
(104,NULL," ","Ass. Anesthesia"," ",NULL,NULL,NULL,"M","Single",NULL,NULL,NULL,NULL,NULL,NULL,NULL,NULL,NULL,NULL,NULL,NULL,NULL,NULL,NULL,NULL,NULL,"null",NULL,1,NULL,NULL,NULL,NULL,NULL,NULL,NULL,NULL,NULL,1,NULL,NULL,0,0,NULL,NULL,0,1,"null",NULL,"null",NULL,"null","null",NULL,"null","null","null","null","null",NULL,"null",NULL,NULL,NULL,NULL,NULL,NULL,NULL,NULL,NULL,NULL,NULL,NULL,NULL,"uploads/blank_profile.png",NULL,NULL,NULL,NULL,NULL,NULL,0),
(105,NULL," ","Ass. Surgeon"," ",NULL,NULL,NULL,"M","Single",NULL,NULL,NULL,NULL,NULL,NULL,NULL,NULL,NULL,NULL,NULL,NULL,NULL,NULL,NULL,NULL,NULL,"null",NULL,1,NULL,NULL,NULL,NULL,NULL,NULL,NULL,NULL,NULL,1,NULL,NULL,0,0,NULL,NULL,0,1,"null",NULL,"null",NULL,"null","null",NULL,"null","null","null","null","null",NULL,"null",NULL,NULL,NULL,NULL,NULL,NULL,NULL,NULL,NULL,NULL,NULL,NULL,NULL,"uploads/blank_profile.png",NULL,NULL,NULL,NULL,NULL,NULL,0),
(106,NULL," ","Permanent Dr."," ",NULL,NULL,NULL,"M","Single",NULL,NULL,NULL,NULL,NULL,NULL,NULL,NULL,NULL,NULL,NULL,NULL,NULL,NULL,NULL,NULL,NULL,"null",NULL,1,NULL,NULL,NULL,NULL,NULL,NULL,NULL,NULL,NULL,1,NULL,NULL,0,0,NULL,NULL,0,1,"null",NULL,"null",NULL,"null","null",NULL,"null","null","null","null","null",NULL,"null",NULL,NULL,NULL,NULL,NULL,NULL,NULL,NULL,NULL,NULL,NULL,NULL,NULL,"uploads/blank_profile.png",NULL,NULL,NULL,NULL,NULL,NULL,0),
(107,NULL," ","Anesthesia"," ",NULL,NULL,NULL,"M","Single",NULL,NULL,NULL,NULL,NULL,NULL,NULL,NULL,NULL,NULL,NULL,NULL,NULL,NULL,NULL,NULL,NULL,"null",NULL,1,NULL,NULL,NULL,NULL,NULL,NULL,NULL,NULL,NULL,1,NULL,NULL,0,0,NULL,NULL,0,1,"null",NULL,"null",NULL,"null","null",NULL,"null","null","null","null","null",NULL,"null",NULL,NULL,NULL,NULL,NULL,NULL,NULL,NULL,NULL,NULL,NULL,NULL,NULL,"uploads/blank_profile.png",NULL,NULL,NULL,NULL,NULL,NULL,0),
(108,NULL," ","Sterilizer"," ",NULL,NULL,NULL,"M","Single",NULL,NULL,NULL,NULL,NULL,NULL,NULL,NULL,NULL,NULL,NULL,NULL,NULL,NULL,NULL,NULL,NULL,"null",NULL,1,NULL,NULL,NULL,NULL,NULL,NULL,NULL,NULL,NULL,1,NULL,NULL,0,0,NULL,NULL,0,1,"null",NULL,"null",NULL,"null","null",NULL,"null","null","null","null","null",NULL,"null",NULL,NULL,NULL,NULL,NULL,NULL,NULL,NULL,NULL,NULL,NULL,NULL,NULL,"uploads/blank_profile.png",NULL,NULL,NULL,NULL,NULL,NULL,0),
(109,NULL," ","Dr. Rebaz"," ",NULL,NULL,NULL,"M","Single",NULL,NULL,NULL,NULL,NULL,NULL,NULL,NULL,NULL,NULL,NULL,NULL,NULL,NULL,NULL,NULL,NULL,"null",NULL,1,NULL,NULL,NULL,NULL,NULL,NULL,NULL,NULL,NULL,1,NULL,NULL,0,0,NULL,NULL,0,1,"null",NULL,"null",NULL,"null","null",NULL,"null","null","null","null","null",NULL,"null",NULL,NULL,NULL,NULL,NULL,NULL,NULL,NULL,NULL,NULL,NULL,NULL,NULL,"uploads/blank_profile.png",NULL,NULL,NULL,NULL,NULL,NULL,0),
(110,NULL," ","Hawzhin","Physiotherapist",NULL,NULL,NULL,"F","Single",NULL,NULL,NULL,NULL,NULL,NULL,NULL,NULL,NULL,NULL,NULL,NULL,NULL,NULL,NULL,NULL,NULL,"null",NULL,1,NULL,NULL,NULL,NULL,NULL,NULL,NULL,NULL,NULL,1,NULL,NULL,0,0,NULL,NULL,0,1,"null",NULL,"null",NULL,"null","null",NULL,"null","null","null","null","null",NULL,"null",NULL,NULL,NULL,NULL,NULL,NULL,NULL,NULL,NULL,NULL,NULL,NULL,NULL,"uploads/blank_profile.png",NULL,NULL,NULL,NULL,NULL,NULL,0),
(111,NULL," ","Dr. sahand"," ",NULL,NULL,NULL,"F","Single",NULL,NULL,NULL,NULL,NULL,NULL,NULL,NULL,NULL,NULL,NULL,NULL,NULL,NULL,NULL,NULL,NULL,"null",NULL,1,NULL,NULL,NULL,NULL,NULL,NULL,NULL,NULL,NULL,1,NULL,NULL,0,0,NULL,NULL,0,1,"null",NULL,"null",NULL,"null","null",NULL,"null","null","null","null","null",NULL,"null",NULL,NULL,NULL,NULL,NULL,NULL,NULL,NULL,NULL,NULL,NULL,NULL,NULL,"uploads/blank_profile.png",NULL,NULL,NULL,NULL,NULL,NULL,0),
(112,NULL,"  ","Dr. Parwin","   ",NULL,NULL,NULL,"F","Single",NULL,NULL,NULL,NULL,NULL,NULL,NULL,NULL,NULL,NULL,NULL,NULL,NULL,NULL,NULL,NULL,NULL,"null",NULL,1,NULL,NULL,NULL,NULL,NULL,NULL,NULL,NULL,NULL,1,NULL,NULL,0,0,NULL,NULL,0,1,"null",NULL,"null",NULL,"null","null",NULL,"null","null","null","null","null",NULL,"null",NULL,NULL,NULL,NULL,NULL,NULL,NULL,NULL,NULL,NULL,NULL,NULL,NULL,"uploads/blank_profile.png",NULL,NULL,NULL,NULL,NULL,NULL,0),
(113,NULL,"  ","Dr.Suhayb","   ",NULL,NULL,NULL,"F","Single",NULL,NULL,NULL,NULL,NULL,NULL,NULL,NULL,NULL,NULL,NULL,NULL,NULL,NULL,NULL,NULL,NULL,"null",NULL,1,NULL,NULL,NULL,NULL,NULL,NULL,NULL,NULL,NULL,1,NULL,NULL,0,0,NULL,NULL,0,1,"null",NULL,"null",NULL,"null","null",NULL,"null","null","null","null","null",NULL,"null",NULL,NULL,NULL,NULL,NULL,NULL,NULL,NULL,NULL,NULL,NULL,NULL,NULL,"uploads/blank_profile.png",NULL,NULL,NULL,NULL,NULL,NULL,0),
(114,NULL,"  ","Dr.Chya","   ",NULL,NULL,NULL,"F","Single",NULL,NULL,NULL,NULL,NULL,NULL,NULL,NULL,NULL,NULL,NULL,NULL,NULL,NULL,NULL,NULL,NULL,"null",NULL,1,NULL,NULL,NULL,NULL,NULL,NULL,NULL,NULL,NULL,1,NULL,NULL,0,0,NULL,NULL,0,1,"null",NULL,"null",NULL,"null","null",NULL,"null","null","null","null","null",NULL,"null",NULL,NULL,NULL,NULL,NULL,NULL,NULL,NULL,NULL,NULL,NULL,NULL,NULL,"uploads/blank_profile.png",NULL,NULL,NULL,NULL,NULL,NULL,0),
(115,NULL,"   ","Dr.Abdulhakim","  ",NULL,NULL,NULL,"F","Single",NULL,NULL,NULL,NULL,NULL,NULL,NULL,NULL,NULL,NULL,NULL,NULL,NULL,NULL,NULL,NULL,NULL,"null",NULL,1,NULL,NULL,NULL,NULL,NULL,NULL,NULL,NULL,NULL,1,NULL,NULL,0,0,NULL,NULL,0,1,"null",NULL,"null",NULL,"null","null",NULL,"null","null","null","null","null",NULL,"null",NULL,NULL,NULL,NULL,NULL,NULL,NULL,NULL,NULL,NULL,NULL,NULL,NULL,"uploads/blank_profile.png",NULL,NULL,NULL,NULL,NULL,NULL,0),
(116,NULL,"   ","Dr.Muhammad faqe","   ",NULL,NULL,NULL,"F","Single",NULL,NULL,NULL,NULL,NULL,NULL,NULL,NULL,NULL,NULL,NULL,NULL,NULL,NULL,NULL,NULL,NULL,"null",NULL,1,NULL,NULL,NULL,NULL,NULL,NULL,NULL,NULL,NULL,1,NULL,NULL,0,0,NULL,NULL,0,1,"null",NULL,"null",NULL,"null","null",NULL,"null","null","null","null","null",NULL,"null",NULL,NULL,NULL,NULL,NULL,NULL,NULL,NULL,NULL,NULL,NULL,NULL,NULL,"uploads/blank_profile.png",NULL,NULL,NULL,NULL,NULL,NULL,0),
(117,NULL,"   ","Dr.Dlvin","  ",NULL,NULL,NULL,"F","Single",NULL,NULL,NULL,NULL,NULL,NULL,NULL,NULL,NULL,NULL,NULL,NULL,NULL,NULL,NULL,NULL,NULL,"null",NULL,1,NULL,NULL,NULL,NULL,NULL,NULL,NULL,NULL,NULL,1,NULL,NULL,0,0,NULL,NULL,0,1,"null",NULL,"null",NULL,"null","null",NULL,"null","null","null","null","null",NULL,"null",NULL,NULL,NULL,NULL,NULL,NULL,NULL,NULL,NULL,NULL,NULL,NULL,NULL,"uploads/blank_profile.png",NULL,NULL,NULL,NULL,NULL,NULL,0),
(118,NULL,"  ","Dr.Pola","  ",NULL,NULL,NULL,"F","Single",NULL,NULL,NULL,NULL,NULL,NULL,NULL,NULL,NULL,NULL,NULL,NULL,NULL,NULL,NULL,NULL,NULL,"null",NULL,1,NULL,NULL,NULL,NULL,NULL,NULL,NULL,NULL,NULL,1,NULL,NULL,0,0,NULL,NULL,0,1,"null",NULL,"null",NULL,"null","null",NULL,"null","null","null","null","null",NULL,"null",NULL,NULL,NULL,NULL,NULL,NULL,NULL,NULL,NULL,NULL,NULL,NULL,NULL,"uploads/blank_profile.png",NULL,NULL,NULL,NULL,NULL,NULL,0),
(119,NULL,"   ","Dr.Assim","   ",NULL,NULL,NULL,"F","Single",NULL,NULL,NULL,NULL,NULL,NULL,NULL,NULL,NULL,NULL,NULL,NULL,NULL,NULL,NULL,NULL,NULL,"null",NULL,1,NULL,NULL,NULL,NULL,NULL,NULL,NULL,NULL,NULL,1,NULL,NULL,0,0,NULL,NULL,0,1,"null",NULL,"null",NULL,"null","null",NULL,"null","null","null","null","null",NULL,"null",NULL,NULL,NULL,NULL,NULL,NULL,NULL,NULL,NULL,NULL,NULL,NULL,NULL,"uploads/blank_profile.png",NULL,NULL,NULL,NULL,NULL,NULL,0),
(120,NULL," ","Bran","M.",NULL,NULL,NULL,"F","Single",NULL,NULL,NULL,NULL,NULL,NULL,NULL,NULL,NULL,NULL,NULL,NULL,NULL,NULL,NULL,NULL,NULL,"null",NULL,1,NULL,NULL,NULL,NULL,NULL,NULL,NULL,NULL,NULL,1,NULL,NULL,0,0,NULL,NULL,0,1,"null",NULL,"null",NULL,"null","null",NULL,"null","null","null","null","null",NULL,"null",NULL,NULL,NULL,NULL,NULL,NULL,NULL,NULL,NULL,NULL,NULL,NULL,NULL,"uploads/blank_profile.png",NULL,NULL,NULL,NULL,NULL,NULL,0),
(121,NULL," ","Dr. Motaz"," ",NULL,NULL,NULL,"F","Single",NULL,NULL,NULL,NULL,NULL,NULL,NULL,NULL,NULL,NULL,NULL,NULL,NULL,NULL,NULL,NULL,NULL,"null",NULL,1,-1,NULL,NULL,NULL,NULL,NULL,NULL,NULL,NULL,1,NULL,NULL,0,0,NULL,NULL,0,1,"null",NULL,"null",NULL,"null","null",NULL,"null","null","null","null","null",NULL,"null",NULL,NULL,NULL,NULL,NULL,NULL,NULL,NULL,NULL,NULL,NULL,NULL,NULL,"uploads/blank_profile.png",NULL,NULL,NULL,-1,NULL,NULL,0),
(122,NULL," ","Dr. Alan","Kurdo",NULL,NULL,NULL,"F","Single",NULL,NULL,NULL,NULL,NULL,NULL,NULL,NULL,NULL,NULL,NULL,NULL,NULL,NULL,NULL,NULL,NULL,"null",NULL,1,NULL,NULL,NULL,NULL,NULL,NULL,NULL,NULL,NULL,1,NULL,NULL,0,0,NULL,NULL,0,1,"null",NULL,"null",NULL,"null","null",NULL,"null","null","null","null","null",NULL,"null",NULL,NULL,NULL,NULL,NULL,NULL,NULL,NULL,NULL,NULL,NULL,NULL,NULL,"uploads/blank_profile.png",NULL,NULL,NULL,NULL,NULL,NULL,0),
(123,NULL," ","Dr. Idris"," ",NULL,NULL,NULL,"F","Single",NULL,NULL,NULL,NULL,NULL,NULL,NULL,NULL,NULL,NULL,NULL,NULL,NULL,NULL,NULL,NULL,NULL,"null",NULL,1,NULL,NULL,NULL,NULL,NULL,NULL,NULL,NULL,NULL,1,NULL,NULL,0,0,NULL,NULL,0,1,"null",NULL,"null",NULL,"null","null",NULL,"null","null","null","null","null",NULL,"null",NULL,NULL,NULL,NULL,NULL,NULL,NULL,NULL,NULL,NULL,NULL,NULL,NULL,"uploads/blank_profile.png",NULL,NULL,NULL,NULL,NULL,NULL,0),
(124,NULL,"  ","Dr.Reem","  ",NULL,NULL,NULL,"F","Single",NULL,NULL,NULL,NULL,NULL,NULL,NULL,NULL,NULL,NULL,NULL,NULL,NULL,NULL,NULL,NULL,NULL,"null",NULL,1,NULL,NULL,NULL,NULL,NULL,NULL,NULL,NULL,NULL,1,NULL,NULL,0,0,NULL,NULL,0,1,"null",NULL,"null",NULL,"null","null",NULL,"null","null","null","null","null",NULL,"null",NULL,NULL,NULL,NULL,NULL,NULL,NULL,NULL,NULL,NULL,NULL,NULL,NULL,"uploads/blank_profile.png",NULL,NULL,NULL,NULL,NULL,NULL,0),
(125,NULL,"   ","Dr.Jawahr","   ",NULL,NULL,NULL,"F","Single",NULL,NULL,NULL,NULL,NULL,NULL,NULL,NULL,NULL,NULL,NULL,NULL,NULL,NULL,NULL,NULL,NULL,"null",NULL,1,NULL,NULL,NULL,NULL,NULL,NULL,NULL,NULL,NULL,1,NULL,NULL,0,0,NULL,NULL,0,1,"null",NULL,"null",NULL,"null","null",NULL,"null","null","null","null","null",NULL,"null",NULL,NULL,NULL,NULL,NULL,NULL,NULL,NULL,NULL,NULL,NULL,NULL,NULL,"uploads/blank_profile.png",NULL,NULL,NULL,NULL,NULL,NULL,0),
(126,NULL,"  ","Dr.Ghada","   ",NULL,NULL,NULL,"F","Single",NULL,NULL,NULL,NULL,NULL,NULL,NULL,NULL,NULL,NULL,NULL,NULL,NULL,NULL,NULL,NULL,NULL,"null",NULL,1,NULL,NULL,NULL,NULL,NULL,NULL,NULL,NULL,NULL,1,NULL,NULL,0,0,NULL,NULL,0,1,"null",NULL,"null",NULL,"null","null",NULL,"null","null","null","null","null",NULL,"null",NULL,NULL,NULL,NULL,NULL,NULL,NULL,NULL,NULL,NULL,NULL,NULL,NULL,"uploads/blank_profile.png",NULL,NULL,NULL,NULL,NULL,NULL,0),
(127,NULL,"  ","Dr.Hadil","   ",NULL,NULL,NULL,"F","Single",NULL,NULL,NULL,NULL,NULL,NULL,NULL,NULL,NULL,NULL,NULL,NULL,NULL,NULL,NULL,NULL,NULL,"null",NULL,1,NULL,NULL,NULL,NULL,NULL,NULL,NULL,NULL,NULL,1,NULL,NULL,0,0,NULL,NULL,0,1,"null",NULL,"null",NULL,"null","null",NULL,"null","null","null","null","null",NULL,"null",NULL,NULL,NULL,NULL,NULL,NULL,NULL,NULL,NULL,NULL,NULL,NULL,NULL,"uploads/blank_profile.png",NULL,NULL,NULL,NULL,NULL,NULL,0),
(128,NULL,"   ","Dr.Trifa","   ",NULL,NULL,NULL,"F","Single",NULL,NULL,NULL,NULL,NULL,NULL,NULL,NULL,NULL,NULL,NULL,NULL,NULL,NULL,NULL,NULL,NULL,"null",NULL,1,NULL,NULL,NULL,NULL,NULL,NULL,NULL,NULL,NULL,1,NULL,NULL,0,0,NULL,NULL,0,1,"null",NULL,"null",NULL,"null","null",NULL,"null","null","null","null","null",NULL,"null",NULL,NULL,NULL,NULL,NULL,NULL,NULL,NULL,NULL,NULL,NULL,NULL,NULL,"uploads/blank_profile.png",NULL,NULL,NULL,NULL,NULL,NULL,0),
(129,NULL,"  ","Dr.Zina","   ",NULL,NULL,NULL,"F","Single",NULL,NULL,NULL,NULL,NULL,NULL,NULL,NULL,NULL,NULL,NULL,NULL,NULL,NULL,NULL,NULL,NULL,"null",NULL,1,NULL,NULL,NULL,NULL,NULL,NULL,NULL,NULL,NULL,1,NULL,NULL,0,0,NULL,NULL,0,1,"null",NULL,"null",NULL,"null","null",NULL,"null","null","null","null","null",NULL,"null",NULL,NULL,NULL,NULL,NULL,NULL,NULL,NULL,NULL,NULL,NULL,NULL,NULL,"uploads/blank_profile.png",NULL,NULL,NULL,NULL,NULL,NULL,0),
(130,NULL,"   ","Dr.Rahel","    ",NULL,NULL,NULL,"F","Single",NULL,NULL,NULL,NULL,NULL,NULL,NULL,NULL,NULL,NULL,NULL,NULL,NULL,NULL,NULL,NULL,NULL,"null",NULL,1,NULL,NULL,NULL,NULL,NULL,NULL,NULL,NULL,NULL,1,NULL,NULL,0,0,NULL,NULL,0,1,"null",NULL,"null",NULL,"null","null",NULL,"null","null","null","null","null",NULL,"null",NULL,NULL,NULL,NULL,NULL,NULL,NULL,NULL,NULL,NULL,NULL,NULL,NULL,"uploads/blank_profile.png",NULL,NULL,NULL,NULL,NULL,NULL,0),
(131,NULL,"  ","Dr.Saad","  ",NULL,NULL,NULL,"F","Single",NULL,NULL,NULL,NULL,NULL,NULL,NULL,NULL,NULL,NULL,NULL,NULL,NULL,NULL,NULL,NULL,NULL,"null",NULL,1,NULL,NULL,NULL,NULL,NULL,NULL,NULL,NULL,NULL,1,NULL,NULL,0,0,NULL,NULL,0,1,"null",NULL,"null",NULL,"null","null",NULL,"null","null","null","null","null",NULL,"null",NULL,NULL,NULL,NULL,NULL,NULL,NULL,NULL,NULL,NULL,NULL,NULL,NULL,"uploads/blank_profile.png",NULL,NULL,NULL,NULL,NULL,NULL,0),
(132,NULL,"  ","Dr.Osman","  ",NULL,NULL,NULL,"F","Single",NULL,NULL,NULL,NULL,NULL,NULL,NULL,NULL,NULL,NULL,NULL,NULL,NULL,NULL,NULL,NULL,NULL,"null",NULL,1,NULL,NULL,NULL,NULL,NULL,NULL,NULL,NULL,NULL,1,NULL,NULL,0,0,NULL,NULL,0,1,"null",NULL,"null",NULL,"null","null",NULL,"null","null","null","null","null",NULL,"null",NULL,NULL,NULL,NULL,NULL,NULL,NULL,NULL,NULL,NULL,NULL,NULL,NULL,"uploads/blank_profile.png",NULL,NULL,NULL,NULL,NULL,NULL,0),
(133,NULL,"  ","Dr.Bilal","  ",NULL,NULL,NULL,"F","Single",NULL,NULL,NULL,NULL,NULL,NULL,NULL,NULL,NULL,NULL,NULL,NULL,NULL,NULL,NULL,NULL,NULL,"null",NULL,1,NULL,NULL,NULL,NULL,NULL,NULL,NULL,NULL,NULL,1,NULL,NULL,0,0,NULL,NULL,0,1,"null",NULL,"null",NULL,"null","null",NULL,"null","null","null","null","null",NULL,"null",NULL,NULL,NULL,NULL,NULL,NULL,NULL,NULL,NULL,NULL,NULL,NULL,NULL,"uploads/blank_profile.png",NULL,NULL,NULL,NULL,NULL,NULL,0),
(134,NULL,"  ","Dr.Hersh","  ",NULL,NULL,NULL,"F","Single",NULL,NULL,NULL,NULL,NULL,NULL,NULL,NULL,NULL,NULL,NULL,NULL,NULL,NULL,NULL,NULL,NULL,"null",NULL,1,NULL,NULL,NULL,NULL,NULL,NULL,NULL,NULL,NULL,1,NULL,NULL,0,0,NULL,NULL,0,1,"null",NULL,"null",NULL,"null","null",NULL,"null","null","null","null","null",NULL,"null",NULL,NULL,NULL,NULL,NULL,NULL,NULL,NULL,NULL,NULL,NULL,NULL,NULL,"uploads/blank_profile.png",NULL,NULL,NULL,NULL,NULL,NULL,0),
(135,NULL,"  ","Dr.Shwan","  ",NULL,NULL,NULL,"F","Single",NULL,NULL,NULL,NULL,NULL,NULL,NULL,NULL,NULL,NULL,NULL,NULL,NULL,NULL,NULL,NULL,NULL,"null",NULL,1,NULL,NULL,NULL,NULL,NULL,NULL,NULL,NULL,NULL,1,NULL,NULL,0,0,NULL,NULL,0,1,"null",NULL,"null",NULL,"null","null",NULL,"null","null","null","null","null",NULL,"null",NULL,NULL,NULL,NULL,NULL,NULL,NULL,NULL,NULL,NULL,NULL,NULL,NULL,"uploads/blank_profile.png",NULL,NULL,NULL,NULL,NULL,NULL,0),
(136,NULL,"  ","Dr.Muthana","  ",NULL,NULL,NULL,"F","Single",NULL,NULL,NULL,NULL,NULL,NULL,NULL,NULL,NULL,NULL,NULL,NULL,NULL,NULL,NULL,NULL,NULL,"null",NULL,1,NULL,NULL,NULL,NULL,NULL,NULL,NULL,NULL,NULL,1,NULL,NULL,0,0,NULL,NULL,0,1,"null",NULL,"null",NULL,"null","null",NULL,"null","null","null","null","null",NULL,"null",NULL,NULL,NULL,NULL,NULL,NULL,NULL,NULL,NULL,NULL,NULL,NULL,NULL,"uploads/blank_profile.png",NULL,NULL,NULL,NULL,NULL,NULL,0),
(137,NULL,"  ","Dr.Maysar","  ",NULL,NULL,NULL,"F","Single",NULL,NULL,NULL,NULL,NULL,NULL,NULL,NULL,NULL,NULL,NULL,NULL,NULL,NULL,NULL,NULL,NULL,"null",NULL,1,NULL,NULL,NULL,NULL,NULL,NULL,NULL,NULL,NULL,1,NULL,NULL,0,0,NULL,NULL,0,1,"null",NULL,"null",NULL,"null","null",NULL,"null","null","null","null","null",NULL,"null",NULL,NULL,NULL,NULL,NULL,NULL,NULL,NULL,NULL,NULL,NULL,NULL,NULL,"uploads/blank_profile.png",NULL,NULL,NULL,NULL,NULL,NULL,0),
(138,NULL,"  ","Dr. Edris","  ",NULL,NULL,NULL,"F","Single",NULL,NULL,NULL,NULL,NULL,NULL,NULL,NULL,NULL,NULL,NULL,NULL,NULL,NULL,NULL,NULL,NULL,"null",NULL,1,NULL,NULL,NULL,NULL,NULL,NULL,NULL,NULL,NULL,1,NULL,NULL,0,0,NULL,NULL,0,1,"null",NULL,"null",NULL,"null","null",NULL,"null","null","null","null","null",NULL,"null",NULL,NULL,NULL,NULL,NULL,NULL,NULL,NULL,NULL,NULL,NULL,NULL,NULL,"uploads/blank_profile.png",NULL,NULL,NULL,NULL,NULL,NULL,0),
(139,NULL,"  ","Dr.Ali Jumaa","  ",NULL,NULL,NULL,"F","Single",NULL,NULL,NULL,NULL,NULL,NULL,NULL,NULL,NULL,NULL,NULL,NULL,NULL,NULL,NULL,NULL,NULL,"null",NULL,1,NULL,NULL,NULL,NULL,NULL,NULL,NULL,NULL,NULL,1,NULL,NULL,0,0,NULL,NULL,0,1,"null",NULL,"null",NULL,"null","null",NULL,"null","null","null","null","null",NULL,"null",NULL,NULL,NULL,NULL,NULL,NULL,NULL,NULL,NULL,NULL,NULL,NULL,NULL,"uploads/blank_profile.png",NULL,NULL,NULL,NULL,NULL,NULL,0),
(140,NULL,"  ","Dr.Amir","  ",NULL,NULL,NULL,"F","Single",NULL,NULL,NULL,NULL,NULL,NULL,NULL,NULL,NULL,NULL,NULL,NULL,NULL,NULL,NULL,NULL,NULL,"null",NULL,1,NULL,NULL,NULL,NULL,NULL,NULL,NULL,NULL,NULL,1,NULL,NULL,0,0,NULL,NULL,0,1,"null",NULL,"null",NULL,"null","null",NULL,"null","null","null","null","null",NULL,"null",NULL,NULL,NULL,NULL,NULL,NULL,NULL,NULL,NULL,NULL,NULL,NULL,NULL,"uploads/blank_profile.png",NULL,NULL,NULL,NULL,NULL,NULL,0),
(141,NULL,"  ","Dr.Thulfaqar saaid","  ",NULL,NULL,NULL,"F","Single",NULL,NULL,NULL,NULL,NULL,NULL,NULL,NULL,NULL,NULL,NULL,NULL,NULL,NULL,NULL,NULL,NULL,"null",NULL,1,NULL,NULL,NULL,NULL,NULL,NULL,NULL,NULL,NULL,1,NULL,NULL,0,0,NULL,NULL,0,1,"null",NULL,"null",NULL,"null","null",NULL,"null","null","null","null","null",NULL,"null",NULL,NULL,NULL,NULL,NULL,NULL,NULL,NULL,NULL,NULL,NULL,NULL,NULL,"uploads/blank_profile.png",NULL,NULL,NULL,NULL,NULL,NULL,0),
(142,NULL,"   ","Dr.Usama","   ",NULL,NULL,NULL,"F","Single",NULL,NULL,NULL,NULL,NULL,NULL,NULL,NULL,NULL,NULL,NULL,NULL,NULL,NULL,NULL,NULL,NULL,"null",NULL,1,NULL,NULL,NULL,NULL,NULL,NULL,NULL,NULL,NULL,1,NULL,NULL,0,0,NULL,NULL,0,1,"null",NULL,"null",NULL,"null","null",NULL,"null","null","null","null","null",NULL,"null",NULL,NULL,NULL,NULL,NULL,NULL,NULL,NULL,NULL,NULL,NULL,NULL,NULL,"uploads/blank_profile.png",NULL,NULL,NULL,NULL,NULL,NULL,0),
(144,NULL,"  ","Dr.Nabaz","  ",NULL,NULL,NULL,"F","Single",NULL,NULL,NULL,NULL,NULL,NULL,NULL,NULL,NULL,NULL,NULL,NULL,NULL,NULL,NULL,NULL,NULL,"null",NULL,1,NULL,NULL,NULL,NULL,NULL,NULL,NULL,NULL,NULL,1,NULL,NULL,0,0,NULL,NULL,0,1,"null",NULL,"null",NULL,"null","null",NULL,"null","null","null","null","null",NULL,"null",NULL,NULL,NULL,NULL,NULL,NULL,NULL,NULL,NULL,NULL,NULL,NULL,NULL,"uploads/blank_profile.png",NULL,NULL,NULL,NULL,NULL,NULL,0),
(145,NULL,"   ","Dr.Ahmad Kamal","   ",NULL,NULL,NULL,"F","Single",NULL,NULL,NULL,NULL,NULL,NULL,NULL,NULL,NULL,NULL,NULL,NULL,NULL,NULL,NULL,NULL,NULL,"null",NULL,1,NULL,NULL,NULL,NULL,NULL,NULL,NULL,NULL,NULL,1,NULL,NULL,0,0,NULL,NULL,0,1,"null",NULL,"null",NULL,"null","null",NULL,"null","null","null","null","null",NULL,"null",NULL,NULL,NULL,NULL,NULL,NULL,NULL,NULL,NULL,NULL,NULL,NULL,NULL,"uploads/blank_profile.png",NULL,NULL,NULL,NULL,NULL,NULL,0),
(146,NULL,"   ","Dr.Ghazi Mustafa","   ",NULL,NULL,NULL,"F","Single",NULL,NULL,NULL,NULL,NULL,NULL,NULL,NULL,NULL,NULL,NULL,NULL,NULL,NULL,NULL,NULL,NULL,"null",NULL,1,NULL,NULL,NULL,NULL,NULL,NULL,NULL,NULL,NULL,1,NULL,NULL,0,0,NULL,NULL,0,1,"null",NULL,"null",NULL,"null","null",NULL,"null","null","null","null","null",NULL,"null",NULL,NULL,NULL,NULL,NULL,NULL,NULL,NULL,NULL,NULL,NULL,NULL,NULL,"uploads/blank_profile.png",NULL,NULL,NULL,NULL,NULL,NULL,0),
(147,NULL,"  ","Dr.Azhi","  ",NULL,NULL,NULL,"F","Single",NULL,NULL,NULL,NULL,NULL,NULL,NULL,NULL,NULL,NULL,NULL,NULL,NULL,NULL,NULL,NULL,NULL,"null",NULL,1,NULL,NULL,NULL,NULL,NULL,NULL,NULL,NULL,NULL,1,NULL,NULL,0,0,NULL,NULL,0,1,"null",NULL,"null",NULL,"null","null",NULL,"null","null","null","null","null",NULL,"null",NULL,NULL,NULL,NULL,NULL,NULL,NULL,NULL,NULL,NULL,NULL,NULL,NULL,"uploads/blank_profile.png",NULL,NULL,NULL,NULL,NULL,NULL,0),
(148,NULL,"  ","Dr.Ardalan","  ",NULL,NULL,NULL,"F","Single",NULL,NULL,NULL,NULL,NULL,NULL,NULL,NULL,NULL,NULL,NULL,NULL,NULL,NULL,NULL,NULL,NULL,"null",NULL,1,NULL,NULL,NULL,NULL,NULL,NULL,NULL,NULL,NULL,1,NULL,NULL,0,0,NULL,NULL,0,1,"null",NULL,"null",NULL,"null","null",NULL,"null","null","null","null","null",NULL,"null",NULL,NULL,NULL,NULL,NULL,NULL,NULL,NULL,NULL,NULL,NULL,NULL,NULL,"uploads/blank_profile.png",NULL,NULL,NULL,NULL,NULL,NULL,0),
(149,NULL,"  ","Dr.zana","  ",NULL,NULL,NULL,"F","Single",NULL,NULL,NULL,NULL,NULL,NULL,NULL,NULL,NULL,NULL,NULL,NULL,NULL,NULL,NULL,NULL,NULL,"null",NULL,1,NULL,NULL,NULL,NULL,NULL,NULL,NULL,NULL,NULL,1,NULL,NULL,0,0,NULL,NULL,0,1,"null",NULL,"null",NULL,"null","null",NULL,"null","null","null","null","null",NULL,"null",NULL,NULL,NULL,NULL,NULL,NULL,NULL,NULL,NULL,NULL,NULL,NULL,NULL,"uploads/blank_profile.png",NULL,NULL,NULL,NULL,NULL,NULL,0),
(150,NULL,"  ","Dr.Vinos","   ",NULL,NULL,NULL,"F","Single",NULL,NULL,NULL,NULL,NULL,NULL,NULL,NULL,NULL,NULL,NULL,NULL,NULL,NULL,NULL,NULL,NULL,"null",NULL,1,NULL,NULL,NULL,NULL,NULL,NULL,NULL,NULL,NULL,1,NULL,NULL,0,0,NULL,NULL,0,1,"null",NULL,"null",NULL,"null","null",NULL,"null","null","null","null","null",NULL,"null",NULL,NULL,NULL,NULL,NULL,NULL,NULL,NULL,NULL,NULL,NULL,NULL,NULL,"uploads/blank_profile.png",NULL,NULL,NULL,NULL,NULL,NULL,0),
(151,NULL,"  ","Dr.Chapook","  ",NULL,NULL,NULL,"F","Single",NULL,NULL,NULL,NULL,NULL,NULL,NULL,NULL,NULL,NULL,NULL,NULL,NULL,NULL,NULL,NULL,NULL,"null",NULL,1,NULL,NULL,NULL,NULL,NULL,NULL,NULL,NULL,NULL,1,NULL,NULL,0,0,NULL,NULL,0,1,"null",NULL,"null",NULL,"null","null",NULL,"null","null","null","null","null",NULL,"null",NULL,NULL,NULL,NULL,NULL,NULL,NULL,NULL,NULL,NULL,NULL,NULL,NULL,"uploads/blank_profile.png",NULL,NULL,NULL,NULL,NULL,NULL,0),
(152,NULL,"   ","Dr. Hunar","    ",NULL,NULL,NULL,"F","Single",NULL,NULL,NULL,NULL,NULL,NULL,NULL,NULL,NULL,NULL,NULL,NULL,NULL,NULL,NULL,NULL,NULL,"null",NULL,1,NULL,NULL,NULL,NULL,NULL,NULL,NULL,NULL,NULL,1,NULL,NULL,0,0,NULL,NULL,0,1,"null",NULL,"null",NULL,"null","null",NULL,"null","null","null","null","null",NULL,"null",NULL,NULL,NULL,NULL,NULL,NULL,NULL,NULL,NULL,NULL,NULL,NULL,NULL,"uploads/blank_profile.png",NULL,NULL,NULL,NULL,NULL,NULL,0);


DROP TABLE gigant_hr_rooms;

CREATE TABLE `gigant_hr_rooms` (
  `RoomId` int(11) NOT NULL AUTO_INCREMENT,
  `Name` varchar(500) NOT NULL,
  `CreateDate` datetime NOT NULL,
  `ModificationDate` datetime DEFAULT NULL,
  `Deleted` tinyint(4) NOT NULL DEFAULT 0,
  `Notes` longtext DEFAULT NULL,
  `CreatedByUserId` int(20) NOT NULL,
  `ModifiedByUserId` int(20) DEFAULT NULL,
  PRIMARY KEY (`RoomId`)
) ENGINE=InnoDB DEFAULT CHARSET=utf8mb3 COLLATE=utf8mb3_general_ci;

DROP TABLE gigant_hr_subunit;

CREATE TABLE `gigant_hr_subunit` (
  `id` int(6) NOT NULL AUTO_INCREMENT,
  `Name` varchar(100) NOT NULL,
  `unit_id` varchar(100) DEFAULT NULL,
  `description` varchar(400) DEFAULT NULL,
  `lft` smallint(6) unsigned DEFAULT NULL,
  `rgt` smallint(6) unsigned DEFAULT NULL,
  `level` smallint(6) unsigned DEFAULT NULL,
  `Deleted` tinyint(1) DEFAULT 0,
  `CreateDate` datetime NOT NULL,
  `CreatedByUserId` int(11) NOT NULL,
  `ModificationDate` datetime DEFAULT NULL,
  `ModifiedByUserId` int(11) DEFAULT NULL,
  PRIMARY KEY (`id`)
) ENGINE=InnoDB AUTO_INCREMENT=20 DEFAULT CHARSET=utf8mb3 COLLATE=utf8mb3_general_ci;

INSERT INTO gigant_hr_subunit VALUES
(1,"Administration",NULL,NULL,NULL,NULL,NULL,0,"2020-07-18 15:09:18",12,NULL,NULL),
(2,"Finance",NULL,NULL,NULL,NULL,NULL,0,"2020-07-18 15:09:26",12,NULL,NULL),
(3,"Accounting",NULL,NULL,NULL,NULL,NULL,0,"2020-07-18 15:09:39",12,NULL,NULL),
(4,"Human Resources",NULL,NULL,NULL,NULL,NULL,0,"2020-07-18 15:09:50",12,NULL,NULL),
(5,"Warehouse",NULL,NULL,NULL,NULL,NULL,0,"2020-07-18 15:10:10",12,NULL,NULL),
(6,"Laboratory",NULL,NULL,NULL,NULL,NULL,0,"2020-07-18 15:10:18",12,NULL,NULL),
(7,"Radiology",NULL,NULL,NULL,NULL,NULL,0,"2020-07-18 15:10:40",12,NULL,NULL),
(8,"Reception",NULL,NULL,NULL,NULL,NULL,0,"2020-07-18 15:10:52",12,NULL,NULL),
(9,"Physiotherapy",NULL,NULL,NULL,NULL,NULL,0,"2020-07-18 15:11:05",12,NULL,NULL),
(10,"Pharmacy",NULL,NULL,NULL,NULL,NULL,0,"2020-07-18 15:11:14",12,NULL,NULL),
(11,"Operation",NULL,NULL,NULL,NULL,NULL,0,"2020-07-18 15:11:21",12,NULL,NULL),
(12,"Emergency",NULL,NULL,NULL,NULL,NULL,0,"2020-07-18 15:11:30",12,NULL,NULL),
(13,"ICU",NULL,NULL,NULL,NULL,NULL,0,"2020-07-18 15:11:36",12,NULL,NULL),
(14,"CCU",NULL,NULL,NULL,NULL,NULL,0,"2020-07-18 15:11:42",12,NULL,NULL),
(15,"NICU",NULL,NULL,NULL,NULL,NULL,0,"2020-07-18 15:11:49",12,NULL,NULL),
(16,"Cathlab",NULL,NULL,NULL,NULL,NULL,0,"2020-07-18 15:11:58",12,NULL,NULL),
(17,"Postcathlab",NULL,NULL,NULL,NULL,NULL,0,"2020-07-18 15:12:08",12,NULL,NULL),
(18,"CICU",NULL,NULL,NULL,NULL,NULL,0,"2020-07-18 15:12:16",12,NULL,NULL),
(19,"Obstetrics",NULL,NULL,NULL,NULL,NULL,0,"2020-07-18 15:12:25",12,NULL,NULL);


DROP TABLE gigant_payroll_task_users;

CREATE TABLE `gigant_payroll_task_users` (
  `id` bigint(20) NOT NULL AUTO_INCREMENT,
  `payroll_task_id` bigint(20) NOT NULL,
  `employee_id` int(7) NOT NULL,
  `employee_payroll_task_detail` longtext NOT NULL,
  PRIMARY KEY (`id`),
  KEY `taskid_idx` (`payroll_task_id`),
  KEY `empID_idx` (`employee_id`),
  CONSTRAINT `empID` FOREIGN KEY (`employee_id`) REFERENCES `gigant_hr_employee` (`emp_number`),
  CONSTRAINT `taskid` FOREIGN KEY (`payroll_task_id`) REFERENCES `gigant_payroll_tasks` (`id`) ON DELETE NO ACTION ON UPDATE CASCADE
) ENGINE=InnoDB DEFAULT CHARSET=utf8mb3 COLLATE=utf8mb3_general_ci;

DROP TABLE gigant_payroll_tasks;

CREATE TABLE `gigant_payroll_tasks` (
  `id` bigint(20) NOT NULL AUTO_INCREMENT,
  `CreateDate` datetime NOT NULL DEFAULT current_timestamp(),
  `CreatedByUserId` bigint(20) DEFAULT NULL,
  `Deleted` tinyint(1) NOT NULL DEFAULT 0,
  `DeletedByUserId` bigint(20) DEFAULT NULL,
  `GeneratedOn` datetime NOT NULL DEFAULT current_timestamp(),
  `CalculateFrom` date NOT NULL,
  `CalculateTo` date NOT NULL,
  `SubUnitName` varchar(250) DEFAULT '',
  `TaskName` varchar(250) NOT NULL COMMENT '1:Download,2:UserDashboard,3:Email',
  `DeliveryAs` set('1','2','3') NOT NULL,
  `templateId` bigint(20) NOT NULL,
  `ProjectName` varchar(250) DEFAULT NULL,
  PRIMARY KEY (`id`)
) ENGINE=InnoDB DEFAULT CHARSET=utf8mb3 COLLATE=utf8mb3_general_ci;

DROP TABLE health_beds;

CREATE TABLE `health_beds` (
  `id` bigint(20) NOT NULL AUTO_INCREMENT,
  `room_id` bigint(20) NOT NULL,
  `department_id` bigint(20) NOT NULL,
  `name` varchar(256) NOT NULL,
  `code` varchar(256) DEFAULT NULL,
  `type` tinyint(1) DEFAULT 0 COMMENT '1: Normal room, 2: Private room, 3: Disabled room, 4: Intensive case, 5: Observation room, 6: Neonatal icu, 7: Ventilator, 8: Tube, 9: Suite room',
  `status` tinyint(1) DEFAULT 0 COMMENT '1: waiting, 2: cleaning, 3: free, 4:full, 5: resereved, 6: out of service',
  `created` int(11) DEFAULT NULL,
  `created_by` bigint(20) DEFAULT NULL,
  `modified` int(11) DEFAULT NULL,
  `modified_by` bigint(20) DEFAULT NULL,
  `deleted` tinyint(1) NOT NULL DEFAULT 0,
  PRIMARY KEY (`id`)
) ENGINE=InnoDB AUTO_INCREMENT=52 DEFAULT CHARSET=utf8mb3 COLLATE=utf8mb3_general_ci;

INSERT INTO health_beds VALUES
(1,1,9,"P.C. 01","PC01",5,0,1605350110,12,NULL,NULL,0),
(2,1,9,"P.C. 02","PC02",5,0,1605350131,12,NULL,NULL,0),
(3,1,9,"P.C. 03","PC03",5,0,1605350155,12,NULL,NULL,0),
(4,1,9,"P.C. 04","PC04",5,0,1605350192,12,NULL,NULL,0),
(5,1,9,"P.C. 05","PC05",5,0,1605350209,12,NULL,NULL,0),
(6,2,10,301,301,4,0,1605352101,12,1605352488,12,0),
(7,3,10,302,302,4,0,1605352144,12,1605352475,12,0),
(8,4,10,303,303,4,0,1605352191,12,1605352465,12,0),
(9,5,10,304,304,4,0,1605352244,12,1605352454,12,0),
(10,6,15,"ICU 01","ICU01",4,0,1605352291,12,1605604947,12,0),
(11,6,15,"ICU 02","ICU02",4,0,1605352311,12,1605604955,12,0),
(12,6,15,"ICU 03","ICU03",4,0,1605352328,12,1605604964,12,0),
(13,6,15,"ICU 04","ICU 04",4,0,1605352343,12,1605604972,12,0),
(14,6,15,"ICU 05","ICU05",4,0,1605352360,12,1605604981,12,0),
(15,6,15,"ICU 06","ICU06",4,0,1605352374,12,1605604990,12,0),
(16,6,15,"ICU 07","ICU07",4,0,1605352389,12,1605604998,12,0),
(17,6,15,"ICU 08","ICU08",4,0,1605352403,12,1605605006,12,0),
(18,6,15,"ICU 09","ICU09",4,0,1605352422,12,1605605017,12,0),
(19,6,15,"ICU 10","ICU 10",4,0,1605352435,12,1605605028,12,0),
(20,7,11,"NICU 01","NICU01",6,0,1605352535,12,NULL,NULL,0),
(21,7,11,"NICU 02","NICU02",6,0,1605352562,12,1605352600,12,0),
(22,7,11,"NICU 03","NICU03",6,0,1605352593,12,NULL,NULL,0),
(23,7,10,"NICU 04","NICU04",6,0,1605352618,12,NULL,NULL,0),
(24,8,4,401,401,1,0,1605352683,12,NULL,NULL,0),
(25,9,4,402,402,1,0,1605352710,12,1605352864,12,0),
(26,10,4,403,403,1,0,1605352767,12,1605352853,12,0),
(27,11,4,404,404,1,0,1605352789,12,1605352842,12,0),
(28,12,4,405,405,1,0,1605352814,12,1605352831,12,0),
(29,13,4,406,406,1,0,1605352905,12,NULL,NULL,0),
(30,14,4,407,407,1,0,1605353031,12,NULL,NULL,0),
(31,15,4,408,408,1,0,1605353054,12,NULL,NULL,0),
(32,16,4,409,409,1,0,1605353076,12,NULL,NULL,0),
(33,17,4,410,410,1,0,1605353103,12,NULL,NULL,0),
(34,18,4,411,411,1,0,1605353134,12,NULL,NULL,0),
(35,19,4,412,412,1,0,1605353163,12,NULL,NULL,0),
(36,20,5,501,501,2,0,1605353235,12,NULL,NULL,0),
(37,21,5,502,502,2,0,1605353283,12,1605353297,12,0),
(38,22,5,503,503,2,0,1605353326,12,1605353337,12,0),
(39,23,5,504,504,2,0,1605353381,12,NULL,NULL,0),
(40,24,5,505,505,2,0,1605353419,12,NULL,NULL,0),
(41,25,5,506,506,2,0,1605353450,12,NULL,NULL,0),
(42,26,5,507,507,1,0,1605353512,12,NULL,NULL,0),
(43,27,5,508,508,1,0,1605353538,12,NULL,NULL,0),
(44,6,15,"ICU 11","ICU11",4,0,1605604754,12,NULL,NULL,0),
(45,6,15,"ICU 12","ICU12",4,0,1605604772,12,NULL,NULL,0),
(46,6,15,"ICU 13","ICU13",4,0,1605604808,12,NULL,NULL,0),
(47,6,15,"ICU 14","ICU14",4,0,1605604824,12,NULL,NULL,0),
(48,6,15,"ICU 15","ICU15",4,0,1605604855,12,NULL,NULL,0),
(49,6,15,"ICU 16","ICU16",4,0,1605604869,12,NULL,NULL,0),
(50,6,15,"ICU 17","ICU17",4,0,1605604903,12,1605604922,12,0),
(51,6,15,"ICU 18","ICU18",4,0,1605604937,12,NULL,NULL,0);


DROP TABLE health_blood_group;

CREATE TABLE `health_blood_group` (
  `id` int(11) NOT NULL AUTO_INCREMENT,
  `name` varchar(16) NOT NULL,
  `note` varchar(32) NOT NULL,
  `deleted` tinyint(1) NOT NULL DEFAULT 0,
  PRIMARY KEY (`id`)
) ENGINE=InnoDB AUTO_INCREMENT=9 DEFAULT CHARSET=utf8mb3 COLLATE=utf8mb3_general_ci;

INSERT INTO health_blood_group VALUES
(1,"A+","A+",0),
(2,"A-","A-",0),
(3,"B+","B+",0),
(4,"B-","B-",0),
(5,"AB+","AB+",0),
(6,"AB-","AB-",0),
(7,"O+","O+",0),
(8,"O-","O-",0);


DROP TABLE health_building;

CREATE TABLE `health_building` (
  `id` bigint(20) NOT NULL AUTO_INCREMENT,
  `name` varchar(256) NOT NULL,
  `code` varchar(256) DEFAULT NULL,
  `type` tinyint(1) NOT NULL DEFAULT 0 COMMENT '1:block, 2: floor, 3:unit',
  `parent_id` bigint(20) DEFAULT NULL,
  `created` int(11) DEFAULT NULL,
  `created_by` bigint(20) DEFAULT NULL,
  `modified` int(11) DEFAULT NULL,
  `modified_by` bigint(20) DEFAULT NULL,
  `deleted` tinyint(1) NOT NULL DEFAULT 0,
  PRIMARY KEY (`id`)
) ENGINE=InnoDB AUTO_INCREMENT=8 DEFAULT CHARSET=utf8mb3 COLLATE=utf8mb3_general_ci;

INSERT INTO health_building VALUES
(1,"Main","M",1,0,1605344474,12,NULL,NULL,0),
(2,"Ground Floor","GF",2,1,1605344504,12,NULL,NULL,0),
(3,"Floor 1","F1",2,1,1605345571,12,1605345579,12,0),
(4,"Floor 2","F2",2,1,1605345589,12,NULL,NULL,0),
(5,"Floor 3","F3",2,1,1605345598,12,NULL,NULL,0),
(6,"Floor 4","F4",2,1,1605345610,12,NULL,NULL,0),
(7,"Floor 5","F5",2,1,1605345620,12,NULL,NULL,0);


DROP TABLE health_cashier_period_visit_transactions;

CREATE TABLE `health_cashier_period_visit_transactions` (
  `id` bigint(20) NOT NULL AUTO_INCREMENT,
  `cashier_period_visit_id` bigint(20) NOT NULL,
  `visit_id` bigint(20) NOT NULL,
  `visit_transaction_id` int(11) NOT NULL,
  `patient_debt_amount` decimal(20,5) NOT NULL,
  `cancel_description_id` bigint(20) NOT NULL,
  `cancel_description` text DEFAULT NULL,
  `created` int(11) DEFAULT NULL,
  `created_by` bigint(20) DEFAULT NULL,
  `modified` int(11) DEFAULT NULL,
  `modified_by` bigint(20) DEFAULT NULL,
  `deleted` tinyint(1) NOT NULL DEFAULT 0,
  PRIMARY KEY (`id`)
) ENGINE=InnoDB DEFAULT CHARSET=utf8mb3 COLLATE=utf8mb3_general_ci;

DROP TABLE health_cashier_period_visits;

CREATE TABLE `health_cashier_period_visits` (
  `id` bigint(20) NOT NULL AUTO_INCREMENT,
  `cashier_period_id` bigint(20) NOT NULL,
  `visit_id` bigint(20) NOT NULL,
  `patient_debt_amount` decimal(20,5) NOT NULL,
  `cancel_description_id` bigint(20) NOT NULL,
  `cancel_description` text DEFAULT NULL,
  `created` int(11) DEFAULT NULL,
  `created_by` bigint(20) DEFAULT NULL,
  `modified` int(11) DEFAULT NULL,
  `modified_by` bigint(20) DEFAULT NULL,
  `deleted` tinyint(1) NOT NULL DEFAULT 0,
  PRIMARY KEY (`id`)
) ENGINE=InnoDB DEFAULT CHARSET=utf8mb3 COLLATE=utf8mb3_general_ci;

DROP TABLE health_cashier_periods;

CREATE TABLE `health_cashier_periods` (
  `id` bigint(20) NOT NULL AUTO_INCREMENT,
  `cashier_id` bigint(20) NOT NULL COMMENT 'user_id who has a cashier role',
  `section_id` bigint(20) DEFAULT NULL COMMENT 'department id or section id inside any department',
  `safe_id` bigint(20) DEFAULT 0,
  `opening_date` datetime NOT NULL,
  `closing_date` datetime DEFAULT NULL,
  `status` tinyint(4) DEFAULT 0 COMMENT '0: open, 1:closed, 2:approved',
  `transaction_totals` decimal(20,5) DEFAULT 0.00000,
  `base_transaction_totals` decimal(20,5) DEFAULT 0.00000,
  `collection_totals` decimal(20,5) DEFAULT 0.00000 COMMENT 'base currency',
  `collection_totals_usd` decimal(20,5) NOT NULL,
  `closing_user_id` bigint(20) DEFAULT NULL,
  `closing_description_id` bigint(20) DEFAULT NULL,
  `closing_description` text DEFAULT NULL,
  `approval_date` date DEFAULT NULL,
  `cancel_description_id` bigint(20) DEFAULT NULL,
  `cancel_description` text DEFAULT NULL,
  `delivered_base_amount` decimal(20,5) DEFAULT 0.00000,
  `delivered_currencies` int(11) DEFAULT NULL,
  `canceled_invoice_amount` decimal(20,5) DEFAULT 0.00000,
  `delivered_credit_card_amount` decimal(20,5) DEFAULT 0.00000,
  `created` int(11) DEFAULT NULL,
  `created_by` bigint(20) DEFAULT NULL,
  `modified` int(11) DEFAULT NULL,
  `modified_by` bigint(20) DEFAULT NULL,
  `deleted` tinyint(1) NOT NULL DEFAULT 0,
  PRIMARY KEY (`id`)
) ENGINE=InnoDB DEFAULT CHARSET=utf8mb3 COLLATE=utf8mb3_general_ci;

DROP TABLE health_cashier_transaction_items;

CREATE TABLE `health_cashier_transaction_items` (
  `id` bigint(20) NOT NULL AUTO_INCREMENT,
  `cashier_transaction_id` bigint(20) NOT NULL,
  `visit_transaction_id` bigint(20) NOT NULL,
  `base_amount` decimal(20,5) NOT NULL,
  `amount` decimal(20,5) NOT NULL,
  `discount_type` tinyint(1) DEFAULT 0 COMMENT '1: amount, 2:percentage',
  `discount` decimal(20,5) DEFAULT 0.00000,
  `discount_amount` decimal(20,5) DEFAULT 0.00000,
  `base_discount_amount` decimal(20,5) DEFAULT 0.00000,
  `transaction_date` datetime NOT NULL,
  `transaction_type_id` int(11) NOT NULL,
  `invoice_no` bigint(20) NOT NULL,
  `created` int(11) DEFAULT NULL,
  `created_by` bigint(20) DEFAULT NULL,
  `modified` int(11) DEFAULT NULL,
  `modified_by` bigint(20) DEFAULT NULL,
  `deleted` tinyint(1) NOT NULL DEFAULT 0,
  PRIMARY KEY (`id`)
) ENGINE=InnoDB DEFAULT CHARSET=utf8mb3 COLLATE=utf8mb3_general_ci;

DROP TABLE health_cashier_transactions;

CREATE TABLE `health_cashier_transactions` (
  `id` bigint(20) NOT NULL AUTO_INCREMENT,
  `visit_id` bigint(20) NOT NULL,
  `old_visit_id` bigint(20) DEFAULT NULL,
  `patient_id` bigint(20) NOT NULL,
  `organization_id` bigint(20) DEFAULT NULL,
  `transaction_type_id` int(11) NOT NULL COMMENT '1: advanced, 2:collection, 3:discount, 4:refund',
  `transaction_date` datetime NOT NULL,
  `invoice_no` bigint(20) DEFAULT NULL,
  `invoice_id` bigint(20) DEFAULT NULL,
  `payment_method` int(11) DEFAULT NULL,
  `base_amount` decimal(20,5) NOT NULL,
  `amount` decimal(20,5) NOT NULL,
  `currency_id` int(11) NOT NULL,
  `exchange_rate` decimal(20,5) NOT NULL,
  `description_id` bigint(20) DEFAULT NULL,
  `description` text DEFAULT NULL,
  `approved_user_id` bigint(20) DEFAULT NULL,
  `approved_date` date DEFAULT NULL,
  `cancel_description_id` bigint(20) DEFAULT NULL,
  `cancel_description` text DEFAULT NULL,
  `org_base_amount` decimal(20,5) DEFAULT 0.00000,
  `discount_amount` decimal(20,5) DEFAULT 0.00000,
  `cashier_id` bigint(20) NOT NULL,
  `cashier_period_id` int(11) NOT NULL,
  `created` int(11) DEFAULT NULL,
  `created_by` bigint(20) DEFAULT NULL,
  `modified` int(11) DEFAULT NULL,
  `modified_by` bigint(20) DEFAULT NULL,
  `deleted` tinyint(1) NOT NULL DEFAULT 0,
  `org_amount` decimal(20,5) DEFAULT 0.00000,
  PRIMARY KEY (`id`)
) ENGINE=InnoDB DEFAULT CHARSET=utf8mb3 COLLATE=utf8mb3_general_ci;

DROP TABLE health_department_employees;

CREATE TABLE `health_department_employees` (
  `id` bigint(20) NOT NULL AUTO_INCREMENT,
  `employee_id` bigint(20) NOT NULL,
  `department_id` bigint(20) NOT NULL,
  `created` int(11) DEFAULT NULL,
  `created_by` bigint(20) DEFAULT NULL,
  `modified` int(11) DEFAULT NULL,
  `modified_by` bigint(20) DEFAULT NULL,
  `deleted` tinyint(1) NOT NULL DEFAULT 0,
  PRIMARY KEY (`id`)
) ENGINE=InnoDB DEFAULT CHARSET=utf8mb3 COLLATE=utf8mb3_general_ci;

DROP TABLE health_departments;

CREATE TABLE `health_departments` (
  `id` bigint(20) NOT NULL AUTO_INCREMENT,
  `name` varchar(256) NOT NULL,
  `code` varchar(64) DEFAULT NULL,
  `description` text DEFAULT NULL,
  `deleted` tinyint(1) NOT NULL,
  PRIMARY KEY (`id`)
) ENGINE=InnoDB DEFAULT CHARSET=utf8mb3 COLLATE=utf8mb3_general_ci;

DROP TABLE health_diagnoses;

CREATE TABLE `health_diagnoses` (
  `id` int(10) NOT NULL AUTO_INCREMENT,
  `code` varchar(128) DEFAULT NULL,
  `name` varchar(512) NOT NULL,
  PRIMARY KEY (`id`)
) ENGINE=InnoDB DEFAULT CHARSET=utf8mb3 COLLATE=utf8mb3_general_ci;

DROP TABLE health_discharge_types;

CREATE TABLE `health_discharge_types` (
  `id` bigint(20) NOT NULL AUTO_INCREMENT,
  `name` varchar(256) NOT NULL,
  `code` varchar(64) DEFAULT NULL,
  `description` text DEFAULT NULL,
  `deleted` tinyint(1) NOT NULL DEFAULT 0,
  PRIMARY KEY (`id`)
) ENGINE=InnoDB AUTO_INCREMENT=4 DEFAULT CHARSET=utf8mb3 COLLATE=utf8mb3_general_ci;

INSERT INTO health_discharge_types VALUES
(1,"Healing Discharge","HD",NULL,0),
(2,"Decease Dischage","DD",NULL,0),
(3,"Transfer Discharge","TD",NULL,0);


DROP TABLE health_drug_usages;

CREATE TABLE `health_drug_usages` (
  `id` bigint(20) NOT NULL AUTO_INCREMENT,
  `name` varchar(256) NOT NULL,
  `description` varchar(512) DEFAULT NULL,
  `created` int(11) DEFAULT NULL,
  `created_by` bigint(20) DEFAULT NULL,
  `modified` int(11) DEFAULT NULL,
  `modified_by` bigint(20) DEFAULT NULL,
  `deleted` tinyint(1) NOT NULL DEFAULT 0,
  PRIMARY KEY (`id`)
) ENGINE=InnoDB AUTO_INCREMENT=95 DEFAULT CHARSET=utf8mb3 COLLATE=utf8mb3_general_ci;

INSERT INTO health_drug_usages VALUES
(1,"OPHTHALMIC",NULL,NULL,NULL,NULL,NULL,0),
(2,"ORAL",NULL,NULL,NULL,NULL,NULL,0),
(3,"INJECTION",NULL,NULL,NULL,NULL,NULL,0),
(4,"TOPICAL",NULL,NULL,NULL,NULL,NULL,0),
(5,"BUCCAL, SUBLINGUAL",NULL,NULL,NULL,NULL,NULL,0),
(6,"VAGINAL",NULL,NULL,NULL,NULL,NULL,0),
(7,"IMPLANTATION",NULL,NULL,NULL,NULL,NULL,0),
(8,"INHALATION",NULL,NULL,NULL,NULL,NULL,0),
(9,"RECTAL, SUBLINGUAL",NULL,NULL,NULL,NULL,NULL,0),
(10,"FOR RX COMPOUNDING",NULL,NULL,NULL,NULL,NULL,0),
(11,"RECTAL",NULL,NULL,NULL,NULL,NULL,0),
(12,"INTRAUTERINE",NULL,NULL,NULL,NULL,NULL,0),
(13,"OPHTHALMIC, OTIC",NULL,NULL,NULL,NULL,NULL,0),
(14,"SUBLINGUAL",NULL,NULL,NULL,NULL,NULL,0),
(15,"INTRALYMPHATIC, INTRAUTERINE",NULL,NULL,NULL,NULL,NULL,0),
(16,"INTRATRACHEAL",NULL,NULL,NULL,NULL,NULL,0),
(17,"URETERAL",NULL,NULL,NULL,NULL,NULL,0),
(18,"URETHRAL",NULL,NULL,NULL,NULL,NULL,0),
(19,"INTRAMUSCULAR",NULL,NULL,NULL,NULL,NULL,0),
(20,"SPINAL",NULL,NULL,NULL,NULL,NULL,0),
(21,"INJECTION, ORAL",NULL,NULL,NULL,NULL,NULL,0),
(22,"ORAL-20",NULL,NULL,NULL,NULL,NULL,0),
(23,"ORAL-21",NULL,NULL,NULL,NULL,NULL,0),
(24,"ORAL, RECTAL",NULL,NULL,NULL,NULL,NULL,0),
(25,"OTIC",NULL,NULL,NULL,NULL,NULL,0),
(26,"IRRIGATION",NULL,NULL,NULL,NULL,NULL,0),
(27,"IM-IV",NULL,NULL,NULL,NULL,NULL,0),
(28,"DENTAL",NULL,NULL,NULL,NULL,NULL,0),
(29,"NASAL",NULL,NULL,NULL,NULL,NULL,0),
(30,"INHALATION, ORAL",NULL,NULL,NULL,NULL,NULL,0),
(31,"ORAL-28",NULL,NULL,NULL,NULL,NULL,0),
(32,"INTRAOCULAR",NULL,NULL,NULL,NULL,NULL,0),
(33,"INTRAVENOUS",NULL,NULL,NULL,NULL,NULL,0),
(34,"Intravesical, Ureteral",NULL,NULL,NULL,NULL,NULL,0),
(35,"INTRAVESICAL",NULL,NULL,NULL,NULL,NULL,0),
(36,"INHALATION, INJECTION",NULL,NULL,NULL,NULL,NULL,0),
(37,"INTRAPERITONEAL",NULL,NULL,NULL,NULL,NULL,0),
(38,"IRRIGATION, URETHRAL",NULL,NULL,NULL,NULL,NULL,0),
(39,"INTRAVENOUS, ORAL",NULL,NULL,NULL,NULL,NULL,0),
(40,"INTRATHECAL",NULL,NULL,NULL,NULL,NULL,0),
(41,"TRANSDERMAL",NULL,NULL,NULL,NULL,NULL,0),
(42,"Topical",NULL,NULL,NULL,NULL,NULL,0),
(43,"PERFUSION, CARDIAC",NULL,NULL,NULL,NULL,NULL,0),
(44,"BUCCAL",NULL,NULL,NULL,NULL,NULL,0),
(45,"SUBCUTANEOUS",NULL,NULL,NULL,NULL,NULL,0),
(46,"INJECTION, ORAL, RECTAL",NULL,NULL,NULL,NULL,NULL,0),
(47,"INTRAMUSCULAR, INTRAVENOUS",NULL,NULL,NULL,NULL,NULL,0),
(48,"PERFUSION, BILIARY",NULL,NULL,NULL,NULL,NULL,0),
(49,"INTRAMUSCULAR, SUBCUTANEOUS",NULL,NULL,NULL,NULL,NULL,0),
(50,"ENDOCERVICAL",NULL,NULL,NULL,NULL,NULL,0),
(51,"Injection",NULL,NULL,NULL,NULL,NULL,0),
(52,"Transdermal",NULL,NULL,NULL,NULL,NULL,0),
(53,"INTRAVENOUS, SUBCUTANEOUS",NULL,NULL,NULL,NULL,NULL,0),
(54,"TOPICAL, VAGINAL",NULL,NULL,NULL,NULL,NULL,0),
(55,"IONTOPHORESIS",NULL,NULL,NULL,NULL,NULL,0),
(56,"Oral",NULL,NULL,NULL,NULL,NULL,0),
(57,"INTRAPLEURAL",NULL,NULL,NULL,NULL,NULL,0),
(58,"INTRACRANIAL",NULL,NULL,NULL,NULL,NULL,0),
(59,"TRANSMUCOSAL",NULL,NULL,NULL,NULL,NULL,0),
(60,"IV (INFUSION)",NULL,NULL,NULL,NULL,NULL,0),
(61,"SUBCUTANEOUS LYOPHILIZED POWER",NULL,NULL,NULL,NULL,NULL,0),
(62,"IV (INFUSION), SUBCUTANEOUS",NULL,NULL,NULL,NULL,NULL,0),
(63,"IONTOPHORESIS, TRANSDERMAL",NULL,NULL,NULL,NULL,NULL,0),
(64,"INTRA-ANAL",NULL,NULL,NULL,NULL,NULL,0),
(65,"PERIODONTAL",NULL,NULL,NULL,NULL,NULL,0),
(66,"Iv (Infusion)",NULL,NULL,NULL,NULL,NULL,0),
(67,"Subcutaneous",NULL,NULL,NULL,NULL,NULL,0),
(68,"IONTOPHORESIS, TOPICAL",NULL,NULL,NULL,NULL,NULL,0),
(69,"EPIDURAL",NULL,NULL,NULL,NULL,NULL,0),
(70,"INTRAVITREAL",NULL,NULL,NULL,NULL,NULL,0),
(71,"INHALATION, INTRAVENOUS",NULL,NULL,NULL,NULL,NULL,0),
(72,"ORALLY DISINTEGRATING",NULL,NULL,NULL,NULL,NULL,0),
(73,"INTRADERMAL",NULL,NULL,NULL,NULL,NULL,0),
(74,"INTRA-ARTICULAR, INTRAMUSCULAR, INTRAVITREAL",NULL,NULL,NULL,NULL,NULL,0),
(75,"SUSPENSION",NULL,NULL,NULL,NULL,NULL,0),
(76,"Inhalation, Oral",NULL,NULL,NULL,NULL,NULL,0),
(77,"ORAL AND TABLET",NULL,NULL,NULL,NULL,NULL,0),
(78,"SINGLE-USE",NULL,NULL,NULL,NULL,NULL,0),
(79,"MULTIDOSE",NULL,NULL,NULL,NULL,NULL,0),
(80,"INTRAVENOUS, INTRAVENOUS",NULL,NULL,NULL,NULL,NULL,0),
(81,"INTRAVENOUS, INTRAVESICULAR, OPHTHALMIC",NULL,NULL,NULL,NULL,NULL,0),
(82,"ORAL SUSPENSION",NULL,NULL,NULL,NULL,NULL,0),
(83,"INTRAMUSCULAR, ORAL",NULL,NULL,NULL,NULL,NULL,0),
(84,"ENTERAL",NULL,NULL,NULL,NULL,NULL,0),
(85,"INTRAMUSCULAR, INTRAVENOUS, SUBCUTANEOUS",NULL,NULL,NULL,NULL,NULL,0),
(86,"INTRAVENOUS, INTRAOCULAR, INTRAMUSCULAR, SUBCUTANEOUS",NULL,NULL,NULL,NULL,NULL,0),
(87,"CAPSULE, DELAYED REL PELLETS",NULL,NULL,NULL,NULL,NULL,0),
(88,"INTRA-ARTERIAL",NULL,NULL,NULL,NULL,NULL,0),
(89,"INTRACAVITARY, INTRAVENOUS, INTRAVESICAL",NULL,NULL,NULL,NULL,NULL,0),
(90,"INTRA-ARTICULAR",NULL,NULL,NULL,NULL,NULL,0),
(91,"INTRAVENOUS, INTRAMUSCULAR, SUBCUTANEOUS, INTRAOSSEOUS, ENDOTRACHEAL",NULL,NULL,NULL,NULL,NULL,0),
(92,"INTRAVENOUS, INTERSTITIAL",NULL,NULL,NULL,NULL,NULL,0),
(93,"PYELOCALYCEAL",NULL,NULL,NULL,NULL,NULL,0),
(94,"SINGLE-DOSE",NULL,NULL,NULL,NULL,NULL,0);


DROP TABLE health_hospitalization_requests;

CREATE TABLE `health_hospitalization_requests` (
  `id` bigint(20) NOT NULL AUTO_INCREMENT,
  `patient_id` bigint(20) NOT NULL,
  `visit_id` bigint(20) NOT NULL,
  `status` tinyint(1) DEFAULT 1 COMMENT '1:pending, 2:approved inpatient, 3:discharged',
  `hospitalization_type` tinyint(1) DEFAULT 0 COMMENT '1:hospitalization, 2:icu, 3:operation',
  `room_id` bigint(20) DEFAULT NULL,
  `bed_id` bigint(20) DEFAULT NULL,
  `companion_name` varchar(64) DEFAULT '0',
  `companion_phone` varchar(32) DEFAULT '0',
  `companion_notes` text DEFAULT NULL,
  `hospitalization_date` datetime DEFAULT NULL,
  `hospitalization_notes` text DEFAULT NULL,
  `request_date` datetime NOT NULL,
  `request_notes` text DEFAULT NULL,
  `approved_at` datetime DEFAULT NULL,
  `approved_by` bigint(20) DEFAULT NULL,
  `created` int(11) DEFAULT NULL,
  `created_by` bigint(20) DEFAULT NULL,
  `modified` int(11) DEFAULT NULL,
  `modified_by` bigint(20) DEFAULT NULL,
  `deleted` tinyint(1) NOT NULL DEFAULT 0,
  PRIMARY KEY (`id`)
) ENGINE=InnoDB DEFAULT CHARSET=utf8mb3 COLLATE=utf8mb3_general_ci;

DROP TABLE health_invoice_advanced_payments;

CREATE TABLE `health_invoice_advanced_payments` (
  `id` bigint(20) NOT NULL AUTO_INCREMENT,
  `cashier_transaction_id` bigint(20) NOT NULL COMMENT 'advanced payment id',
  `invoice_id` bigint(20) NOT NULL,
  `visit_id` bigint(20) NOT NULL,
  `transaction_date` datetime NOT NULL,
  `amount` decimal(20,5) NOT NULL,
  `base_amount` decimal(20,5) NOT NULL,
  `created` int(11) DEFAULT NULL,
  `created_by` bigint(20) DEFAULT NULL,
  `modified` int(11) DEFAULT NULL,
  `modified_by` bigint(20) DEFAULT NULL,
  `deleted` int(11) NOT NULL DEFAULT 0,
  PRIMARY KEY (`id`)
) ENGINE=InnoDB DEFAULT CHARSET=utf8mb3 COLLATE=utf8mb3_general_ci;

DROP TABLE health_invoice_items;

CREATE TABLE `health_invoice_items` (
  `id` bigint(20) NOT NULL AUTO_INCREMENT,
  `invoice_id` bigint(20) NOT NULL,
  `visit_transaction_id` bigint(20) NOT NULL,
  `base_amount` decimal(20,5) NOT NULL,
  `amount` decimal(20,5) NOT NULL,
  `discount_type` tinyint(1) DEFAULT 0 COMMENT '1: amount, 2:percentage',
  `discount` decimal(20,5) DEFAULT 0.00000,
  `discount_amount` decimal(20,5) DEFAULT 0.00000,
  `base_discount_amount` decimal(20,5) DEFAULT 0.00000,
  `transaction_date` datetime NOT NULL,
  `transaction_type_id` int(11) NOT NULL,
  `invoice_no` bigint(20) NOT NULL,
  `created` int(11) DEFAULT NULL,
  `created_by` bigint(20) DEFAULT NULL,
  `modified` int(11) DEFAULT NULL,
  `modified_by` bigint(20) DEFAULT NULL,
  `deleted` tinyint(1) NOT NULL DEFAULT 0,
  PRIMARY KEY (`id`)
) ENGINE=InnoDB DEFAULT CHARSET=utf8mb3 COLLATE=utf8mb3_general_ci;

DROP TABLE health_invoices;

CREATE TABLE `health_invoices` (
  `id` bigint(20) NOT NULL AUTO_INCREMENT,
  `visit_id` bigint(20) NOT NULL,
  `old_visit_id` bigint(20) DEFAULT NULL,
  `patient_id` bigint(20) NOT NULL,
  `organization_id` bigint(20) DEFAULT NULL,
  `transaction_type_id` int(11) NOT NULL COMMENT '1: advanced, 2:collection, 3:discount, 4:refund, 5:quick',
  `transaction_date` datetime NOT NULL,
  `status` tinyint(1) DEFAULT 0 COMMENT '0: unpaid, 2:paid',
  `payment_method` int(11) DEFAULT NULL,
  `base_amount` decimal(20,5) NOT NULL,
  `amount` decimal(20,5) NOT NULL,
  `currency_id` int(11) NOT NULL,
  `exchange_rate` decimal(20,5) NOT NULL,
  `description_id` bigint(20) DEFAULT NULL,
  `description` text DEFAULT NULL,
  `approved_user_id` bigint(20) DEFAULT NULL,
  `approved_date` date DEFAULT NULL,
  `cancel_description_id` bigint(20) DEFAULT NULL,
  `cancel_description` text DEFAULT NULL,
  `org_base_amount` decimal(20,5) DEFAULT 0.00000,
  `org_amount` decimal(20,5) DEFAULT 0.00000,
  `cashier_id` bigint(20) NOT NULL,
  `cashier_period_id` int(11) NOT NULL,
  `created` int(11) DEFAULT NULL,
  `created_by` bigint(20) DEFAULT NULL,
  `modified` int(11) DEFAULT NULL,
  `modified_by` bigint(20) DEFAULT NULL,
  `deleted` tinyint(1) NOT NULL DEFAULT 0,
  PRIMARY KEY (`id`)
) ENGINE=InnoDB DEFAULT CHARSET=utf8mb3 COLLATE=utf8mb3_general_ci;

DROP TABLE health_operation_request_services;

CREATE TABLE `health_operation_request_services` (
  `id` bigint(20) NOT NULL AUTO_INCREMENT,
  `operation_request_id` bigint(20) NOT NULL,
  `visit_id` bigint(20) NOT NULL,
  `service_id` bigint(20) NOT NULL,
  `base_price` decimal(20,5) NOT NULL,
  `created` int(11) DEFAULT NULL,
  `created_by` bigint(20) DEFAULT NULL,
  `modified` int(11) DEFAULT NULL,
  `modified_by` bigint(20) DEFAULT NULL,
  `deleted` tinyint(1) NOT NULL DEFAULT 0,
  PRIMARY KEY (`id`)
) ENGINE=InnoDB DEFAULT CHARSET=utf8mb3 COLLATE=utf8mb3_general_ci;

DROP TABLE health_operation_request_teams;

CREATE TABLE `health_operation_request_teams` (
  `id` bigint(20) NOT NULL AUTO_INCREMENT,
  `operation_request_id` bigint(20) NOT NULL,
  `visit_id` bigint(20) NOT NULL,
  `employee_id` bigint(20) NOT NULL,
  `job_title_id` bigint(20) NOT NULL,
  `share` decimal(20,5) DEFAULT 0.00000,
  `share_type` tinyint(1) DEFAULT 0 COMMENT '1: percentage, 2: amount',
  `created` int(11) DEFAULT NULL,
  `created_by` bigint(20) DEFAULT NULL,
  `modified` int(11) DEFAULT NULL,
  `modified_by` bigint(20) DEFAULT NULL,
  `deleted` tinyint(1) NOT NULL DEFAULT 0,
  PRIMARY KEY (`id`)
) ENGINE=InnoDB DEFAULT CHARSET=utf8mb3 COLLATE=utf8mb3_general_ci;

DROP TABLE health_operation_requests;

CREATE TABLE `health_operation_requests` (
  `id` bigint(20) NOT NULL AUTO_INCREMENT,
  `patient_id` bigint(20) NOT NULL,
  `visit_id` bigint(20) NOT NULL,
  `request_status` tinyint(1) DEFAULT 1 COMMENT '1:pending, 2:apprived',
  `operation_status` tinyint(4) DEFAULT 0 COMMENT '0:waiting, 1:request from ward, 2:patient in theater, 3: operation started, 4: operation ended, 5:sent back to ward, 6:back status',
  `operation_template_id` bigint(20) DEFAULT NULL,
  `theater_id` bigint(20) DEFAULT NULL,
  `needs_anesthesia` tinyint(1) DEFAULT 0 COMMENT '0:no, 1:yes',
  `needs_theater` tinyint(1) DEFAULT 0 COMMENT '0:no, 1:yes',
  `duration` float DEFAULT 0,
  `duration_type` tinyint(1) DEFAULT 0 COMMENT '1:houre, 2:minute',
  `request_date` datetime NOT NULL,
  `appointment_date` datetime DEFAULT NULL,
  `appointment_notes` text DEFAULT NULL,
  `operation_start_date` datetime DEFAULT NULL,
  `operation_end_date` datetime DEFAULT NULL,
  `approved_at` datetime DEFAULT NULL,
  `approved_by` bigint(20) DEFAULT NULL,
  `created` int(11) DEFAULT NULL,
  `created_by` bigint(20) DEFAULT NULL,
  `modified` int(11) DEFAULT NULL,
  `modified_by` bigint(20) DEFAULT NULL,
  `deleted` tinyint(1) NOT NULL DEFAULT 0,
  PRIMARY KEY (`id`)
) ENGINE=InnoDB DEFAULT CHARSET=utf8mb3 COLLATE=utf8mb3_general_ci;

DROP TABLE health_operation_services;

CREATE TABLE `health_operation_services` (
  `id` bigint(20) NOT NULL AUTO_INCREMENT,
  `name` varchar(256) DEFAULT NULL,
  `code` varchar(128) DEFAULT NULL,
  `created` int(11) DEFAULT NULL,
  `created_by` bigint(20) DEFAULT NULL,
  `modified` int(11) DEFAULT NULL,
  `modified_by` bigint(20) DEFAULT NULL,
  `deleted` tinyint(1) NOT NULL DEFAULT 0,
  PRIMARY KEY (`id`)
) ENGINE=InnoDB DEFAULT CHARSET=utf8mb3 COLLATE=utf8mb3_general_ci;

DROP TABLE health_operation_template_services;

CREATE TABLE `health_operation_template_services` (
  `id` bigint(20) NOT NULL AUTO_INCREMENT,
  `template_id` bigint(20) NOT NULL,
  `service_id` bigint(20) NOT NULL,
  `base_price` decimal(20,5) DEFAULT NULL,
  `created` int(11) DEFAULT NULL,
  `created_by` bigint(20) DEFAULT NULL,
  `modified` int(11) DEFAULT NULL,
  `modified_by` bigint(20) DEFAULT NULL,
  `deleted` tinyint(1) NOT NULL DEFAULT 0,
  PRIMARY KEY (`id`)
) ENGINE=InnoDB AUTO_INCREMENT=24 DEFAULT CHARSET=utf8mb3 COLLATE=utf8mb3_general_ci;

INSERT INTO health_operation_template_services VALUES
(1,1,1036,125000,1605426463,12,NULL,NULL,0),
(2,1,1037,500000,1605426539,12,NULL,NULL,0),
(3,2,1038,125000,1605434494,12,NULL,NULL,0),
(4,2,1045,50000,1605434541,12,NULL,NULL,0),
(5,2,1052,800000,1605434598,12,NULL,NULL,0),
(6,3,1039,200000,1605434888,12,NULL,NULL,0),
(7,3,1046,75000,1605434917,12,NULL,NULL,0),
(8,3,1056,950000,1605434938,12,NULL,NULL,0),
(9,4,1040,275000,1605435341,12,NULL,NULL,0),
(10,4,1047,100000,1605435370,12,NULL,NULL,0),
(11,4,1054,1050000,1605435453,12,NULL,NULL,0),
(12,5,1041,300000,1605435812,12,NULL,NULL,0),
(13,5,1048,125000,1605435867,12,NULL,NULL,0),
(14,5,1055,1225000,1605435932,12,NULL,NULL,0),
(15,6,1042,450000,1605436415,12,NULL,NULL,0),
(16,6,1049,150000,1605436437,12,NULL,NULL,0),
(17,6,1057,1500000,1605436470,12,NULL,NULL,0),
(18,7,1043,675000,1605436700,12,NULL,NULL,0),
(19,7,1050,200000,1605436733,12,NULL,NULL,0),
(20,7,1058,2000000,1605436755,12,NULL,NULL,0),
(21,8,1044,800000,1605439194,12,NULL,NULL,0),
(22,8,1051,250000,1605439216,12,NULL,NULL,0),
(23,8,1059,2500000,1605439258,12,NULL,NULL,0);


DROP TABLE health_operation_template_teams;

CREATE TABLE `health_operation_template_teams` (
  `id` bigint(20) NOT NULL AUTO_INCREMENT,
  `template_id` bigint(20) NOT NULL,
  `employee_id` bigint(20) NOT NULL,
  `job_title_id` bigint(20) NOT NULL,
  `share` decimal(20,5) DEFAULT 0.00000,
  `share_type` tinyint(1) DEFAULT 0 COMMENT '1: percentage, 2: amount',
  `created` int(11) DEFAULT NULL,
  `created_by` bigint(20) DEFAULT NULL,
  `modified` int(11) DEFAULT NULL,
  `modified_by` bigint(20) DEFAULT NULL,
  `deleted` tinyint(1) NOT NULL DEFAULT 0,
  PRIMARY KEY (`id`)
) ENGINE=InnoDB AUTO_INCREMENT=38 DEFAULT CHARSET=utf8mb3 COLLATE=utf8mb3_general_ci;

INSERT INTO health_operation_template_teams VALUES
(1,1,104,2,5000,2,1605432962,12,NULL,NULL,0),
(2,1,105,3,5000,2,1605432989,12,NULL,NULL,0),
(3,1,107,6,25000,2,1605433018,12,NULL,NULL,0),
(4,1,108,5,0.85,1,1605433406,12,NULL,NULL,0),
(5,2,104,2,10000,2,1605434655,12,NULL,NULL,0),
(6,2,105,3,10000,2,1605434685,12,NULL,NULL,0),
(7,2,107,6,35000,2,1605434720,12,NULL,NULL,0),
(8,2,108,5,0.85,1,1605434748,12,NULL,NULL,0),
(9,3,104,2,12500,2,1605435110,12,NULL,NULL,0),
(10,3,105,3,12500,2,1605435134,12,NULL,NULL,0),
(11,3,107,6,45000,2,1605435171,12,NULL,NULL,0),
(12,3,108,5,0.85,1,1605435196,12,NULL,NULL,0),
(13,4,104,2,15000,2,1605435599,12,NULL,NULL,0),
(14,4,105,3,15000,2,1605435622,12,NULL,NULL,0),
(15,4,106,4,15000,2,1605435653,12,NULL,NULL,0),
(16,4,107,6,60000,2,1605435679,12,NULL,NULL,0),
(17,4,108,5,0.85,1,1605435696,12,NULL,NULL,0),
(18,5,104,2,20000,2,1605436217,12,NULL,NULL,0),
(19,5,105,3,20000,2,1605436252,12,NULL,NULL,0),
(20,5,106,4,25000,2,1605436289,12,NULL,NULL,0),
(21,5,107,6,70000,2,1605436323,12,NULL,NULL,0),
(22,5,108,5,0.85,1,1605436341,12,NULL,NULL,0),
(23,6,104,2,25000,2,1605436532,12,NULL,NULL,0),
(24,6,105,3,25000,2,1605436548,12,NULL,NULL,0),
(25,6,106,4,35000,2,1605436571,12,NULL,NULL,0),
(26,6,107,6,110000,2,1605436591,12,NULL,NULL,0),
(27,6,108,5,0.85,1,1605436609,12,NULL,NULL,0),
(28,7,104,2,40000,2,1605438949,12,NULL,NULL,0),
(29,7,105,3,40000,2,1605438971,12,NULL,NULL,0),
(30,7,106,4,50000,2,1605438993,12,NULL,NULL,0),
(31,7,107,6,160000,2,1605439041,12,NULL,NULL,0),
(32,7,108,5,0.85,1,1605439063,12,NULL,NULL,0),
(33,8,104,2,55000,2,1605439287,12,NULL,NULL,0),
(34,8,105,3,55000,2,1605439307,12,NULL,NULL,0),
(35,8,106,4,60000,2,1605439326,12,NULL,NULL,0),
(36,8,107,6,200000,2,1605439348,12,NULL,NULL,0),
(37,8,108,5,0.85,1,1605439367,12,NULL,NULL,0);


DROP TABLE health_operation_templates;

CREATE TABLE `health_operation_templates` (
  `id` bigint(20) NOT NULL AUTO_INCREMENT,
  `name` varchar(256) NOT NULL,
  `code` varchar(256) DEFAULT NULL,
  `created` int(11) DEFAULT NULL,
  `created_by` bigint(20) DEFAULT NULL,
  `modified` int(11) DEFAULT NULL,
  `modified_by` bigint(20) DEFAULT NULL,
  `deleted` tinyint(1) NOT NULL DEFAULT 0,
  PRIMARY KEY (`id`)
) ENGINE=InnoDB AUTO_INCREMENT=9 DEFAULT CHARSET=utf8mb3 COLLATE=utf8mb3_general_ci;

INSERT INTO health_operation_templates VALUES
(1,"LOCAL","UMISL",1605419616,12,1605519368,12,0),
(2,"صغرى","MIS1",1605434332,12,1605519379,12,0),
(3,"وسطى عادي","MES",1605434829,12,1605519386,12,0),
(4,"وسطى مبيت-١","MESR",1605435290,12,1605519395,12,0),
(5,"كبرى-١","MAS1",1605435745,12,1605519413,12,0),
(6,"فوق كبرى-١","SMAS",1605436385,12,1605519423,12,0),
(7,"خاصة-٢","SPES",1605436670,12,1605519431,12,0),
(8,"فوق خاصة-٢","SUSP",1605439166,12,1605519440,12,0);


DROP TABLE health_organizations;

CREATE TABLE `health_organizations` (
  `id` bigint(20) NOT NULL,
  `name` varchar(128) NOT NULL,
  `address` varchar(128) DEFAULT NULL,
  `phone` varchar(64) DEFAULT NULL,
  `deleted` tinyint(1) NOT NULL DEFAULT 0
) ENGINE=InnoDB DEFAULT CHARSET=utf8mb3 COLLATE=utf8mb3_general_ci;

DROP TABLE health_patients;

CREATE TABLE `health_patients` (
  `id` bigint(20) NOT NULL AUTO_INCREMENT,
  `type` tinyint(4) NOT NULL COMMENT '1: normal, 2:vip',
  `name` varchar(64) NOT NULL,
  `name_kurdish` varchar(64) NOT NULL,
  `surname` varchar(64) DEFAULT NULL,
  `mother_name` varchar(64) DEFAULT NULL,
  `father_name` varchar(64) DEFAULT NULL,
  `phone` varchar(32) DEFAULT NULL,
  `birthdate` date DEFAULT NULL,
  `age` tinyint(4) DEFAULT NULL,
  `gender` tinyint(1) NOT NULL,
  `organization_id` bigint(20) DEFAULT NULL,
  `country_id` int(11) DEFAULT NULL,
  `city_id` int(11) DEFAULT NULL,
  `address` varchar(128) DEFAULT NULL,
  `nationality_id` int(11) DEFAULT NULL,
  `identity` varchar(64) DEFAULT NULL,
  `passport_no` varchar(32) DEFAULT NULL,
  `blood_group_id` int(5) DEFAULT NULL,
  `created` int(11) DEFAULT NULL,
  `created_by` bigint(20) DEFAULT NULL,
  `modified` int(11) DEFAULT NULL,
  `modified_by` bigint(20) DEFAULT NULL,
  `deleted` tinyint(1) NOT NULL DEFAULT 0,
  PRIMARY KEY (`id`)
) ENGINE=InnoDB DEFAULT CHARSET=utf8mb3 COLLATE=utf8mb3_general_ci;

DROP TABLE health_pp_calculation_header;

CREATE TABLE `health_pp_calculation_header` (
  `id` bigint(20) NOT NULL AUTO_INCREMENT,
  `department_id` bigint(20) NOT NULL,
  `employee_id` bigint(20) NOT NULL,
  `ppheader_id` bigint(20) NOT NULL,
  `base_gross` decimal(20,5) NOT NULL,
  `base_net` decimal(20,5) NOT NULL,
  `from_date` datetime NOT NULL,
  `to_date` datetime NOT NULL,
  `status` tinyint(1) NOT NULL,
  `approved_by` bigint(20) DEFAULT NULL,
  `approved_date` datetime DEFAULT NULL,
  `calculation_date` datetime NOT NULL,
  `created` int(11) DEFAULT NULL,
  `created_by` bigint(20) DEFAULT NULL,
  `modified` int(11) DEFAULT NULL,
  `modified_by` bigint(20) DEFAULT NULL,
  `deleted` tinyint(1) NOT NULL DEFAULT 0,
  PRIMARY KEY (`id`)
) ENGINE=InnoDB DEFAULT CHARSET=utf8mb3 COLLATE=utf8mb3_general_ci;

DROP TABLE health_pp_calculation_payment;

CREATE TABLE `health_pp_calculation_payment` (
  `id` bigint(20) NOT NULL AUTO_INCREMENT,
  `ppc_header_id` int(11) NOT NULL,
  `employee_id` bigint(20) NOT NULL,
  `paid_by` bigint(20) NOT NULL,
  `paid_date` datetime NOT NULL,
  `base_amount` decimal(20,5) NOT NULL,
  `description` text DEFAULT NULL,
  `created` int(11) DEFAULT NULL,
  `created_by` bigint(20) DEFAULT NULL,
  `modified` int(11) DEFAULT NULL,
  `modified_by` bigint(20) DEFAULT NULL,
  `deleted` tinyint(1) NOT NULL DEFAULT 0,
  PRIMARY KEY (`id`)
) ENGINE=InnoDB DEFAULT CHARSET=utf8mb3 COLLATE=utf8mb3_general_ci;

DROP TABLE health_pp_calculation_transactions;

CREATE TABLE `health_pp_calculation_transactions` (
  `id` bigint(20) NOT NULL AUTO_INCREMENT,
  `ppc_header_id` bigint(20) NOT NULL COMMENT 'progress payment header id',
  `visit_transaction_id` bigint(20) NOT NULL,
  `ppheader_id` bigint(20) NOT NULL,
  `pp_template_id` bigint(20) NOT NULL,
  `base_gross` decimal(20,5) NOT NULL,
  `base_net` decimal(20,5) NOT NULL,
  `base_cost` decimal(20,5) DEFAULT 0.00000,
  `created` int(11) DEFAULT NULL,
  `created_by` bigint(20) DEFAULT NULL,
  `modified` int(11) DEFAULT NULL,
  `modified_by` bigint(20) DEFAULT NULL,
  `deleted` tinyint(1) NOT NULL DEFAULT 0,
  PRIMARY KEY (`id`)
) ENGINE=InnoDB DEFAULT CHARSET=utf8mb3 COLLATE=utf8mb3_general_ci;

DROP TABLE health_ppheader_employees;

CREATE TABLE `health_ppheader_employees` (
  `id` bigint(20) NOT NULL AUTO_INCREMENT,
  `employee_id` bigint(20) NOT NULL,
  `ppheader_id` bigint(20) NOT NULL,
  `is_requester` tinyint(1) DEFAULT 0,
  `is_applier` tinyint(1) DEFAULT 0,
  `is_guest_doctor` tinyint(1) DEFAULT 0,
  `is_oncall` tinyint(1) DEFAULT 0,
  `is_net` tinyint(1) DEFAULT 0,
  `is_staff` tinyint(1) DEFAULT 0,
  `cost_type` tinyint(1) DEFAULT 0 COMMENT '0: skip overall cost deduction, 1: service cost deduction, 2: fixed cost deduction',
  `fixed_cost` decimal(20,5) DEFAULT 0.00000 COMMENT 'fixed cost in base price or percentage',
  `fixed_cost_type` tinyint(1) DEFAULT 0 COMMENT '1: percentage, 2: amount in base price',
  `created` int(11) DEFAULT NULL,
  `created_by` bigint(20) DEFAULT NULL,
  `modified` int(11) DEFAULT NULL,
  `modified_by` bigint(20) DEFAULT NULL,
  `deleted` tinyint(1) NOT NULL DEFAULT 0,
  PRIMARY KEY (`id`)
) ENGINE=InnoDB DEFAULT CHARSET=utf8mb3 COLLATE=utf8mb3_general_ci;

DROP TABLE health_pptemplate_employees;

CREATE TABLE `health_pptemplate_employees` (
  `id` bigint(20) NOT NULL AUTO_INCREMENT,
  `ppheader_employee_id` bigint(20) NOT NULL,
  `pptemplate_id` bigint(20) NOT NULL,
  `ppheader_id` bigint(20) NOT NULL,
  `employee_id` bigint(20) NOT NULL,
  `cost` decimal(20,5) DEFAULT 0.00000,
  `cost_type` tinyint(1) DEFAULT 0 COMMENT '1: percentage, 2: amount',
  `created` int(11) DEFAULT NULL,
  `created_by` bigint(20) DEFAULT NULL,
  `modified` int(11) DEFAULT NULL,
  `modified_by` bigint(20) DEFAULT NULL,
  `deleted` tinyint(1) NOT NULL DEFAULT 0,
  PRIMARY KEY (`id`)
) ENGINE=InnoDB DEFAULT CHARSET=utf8mb3 COLLATE=utf8mb3_general_ci;

DROP TABLE health_prescription_types;

CREATE TABLE `health_prescription_types` (
  `id` int(10) NOT NULL AUTO_INCREMENT,
  `name` varchar(512) NOT NULL,
  `code` varchar(128) DEFAULT NULL,
  `deleted` tinyint(1) NOT NULL DEFAULT 0,
  PRIMARY KEY (`id`)
) ENGINE=InnoDB AUTO_INCREMENT=5 DEFAULT CHARSET=utf8mb3 COLLATE=utf8mb3_general_ci;

INSERT INTO health_prescription_types VALUES
(1,"Outpatient",NULL,0),
(2,"Discharge",NULL,0),
(3,"Emergency",NULL,0),
(4,"Home-care",NULL,0);


DROP TABLE health_progress_payment_header;

CREATE TABLE `health_progress_payment_header` (
  `id` bigint(20) NOT NULL AUTO_INCREMENT,
  `name` varchar(128) NOT NULL,
  `code` varchar(64) NOT NULL,
  `description` text NOT NULL,
  `created` int(11) NOT NULL,
  `created_by` bigint(20) NOT NULL,
  `modified` int(11) NOT NULL,
  `modified_by` bigint(20) NOT NULL,
  `deleted` tinyint(1) NOT NULL DEFAULT 0,
  PRIMARY KEY (`id`)
) ENGINE=InnoDB DEFAULT CHARSET=utf8mb3 COLLATE=utf8mb3_general_ci;

DROP TABLE health_progress_payment_template;

CREATE TABLE `health_progress_payment_template` (
  `id` bigint(20) NOT NULL AUTO_INCREMENT,
  `ppheader_id` bigint(20) NOT NULL,
  `type` tinyint(1) DEFAULT 0 COMMENT '1: service, 2: item or material',
  `name` varchar(128) NOT NULL,
  `service_id` bigint(20) DEFAULT NULL COMMENT 'service',
  `service_category_id` bigint(20) DEFAULT NULL,
  `item_id` bigint(20) DEFAULT NULL COMMENT 'material',
  `item_category_id` bigint(20) DEFAULT NULL COMMENT 'material category',
  `requester_type` tinyint(1) DEFAULT 0 COMMENT '1: percentage, 2: amount.',
  `requester_percentage` float DEFAULT 0,
  `requester_amount` decimal(20,5) DEFAULT 0.00000,
  `applier_type` tinyint(1) DEFAULT 0 COMMENT '1: percentage, 2: amount.',
  `applier_percentage` float DEFAULT 0,
  `applier_amount` decimal(20,5) DEFAULT 0.00000,
  `guest_doctor_type` tinyint(1) DEFAULT 0 COMMENT '1: percentage, 2: amount.',
  `guest_doctor_percentage` float DEFAULT 0,
  `guest_doctor_amount` decimal(20,5) DEFAULT 0.00000,
  `oncall_type` tinyint(1) DEFAULT 0 COMMENT '1: percentage, 2: amount.',
  `oncall_percentage` float DEFAULT 0,
  `oncall_amount` decimal(20,5) DEFAULT 0.00000,
  `net_type` tinyint(1) DEFAULT 0 COMMENT '1: percentage, 2: amount.',
  `net_percentage` float DEFAULT 0,
  `net_amount` decimal(20,5) DEFAULT 0.00000,
  `staff_type` tinyint(1) DEFAULT 0 COMMENT '1: percentage, 2: amount.',
  `staff_percentage` float DEFAULT 0,
  `staff_amount` decimal(20,5) DEFAULT 0.00000,
  `visit_type_id` bigint(20) DEFAULT NULL,
  `organization_id` bigint(20) DEFAULT NULL,
  `timed` tinyint(1) DEFAULT 0 COMMENT '0: non-timed, 1: timed shares',
  `from_time` time DEFAULT NULL,
  `to_time` time DEFAULT NULL,
  `created` int(11) DEFAULT NULL,
  `created_by` bigint(20) DEFAULT NULL,
  `modified` int(11) DEFAULT NULL,
  `modified_by` bigint(20) DEFAULT NULL,
  `deleted` tinyint(1) NOT NULL DEFAULT 0,
  PRIMARY KEY (`id`)
) ENGINE=InnoDB DEFAULT CHARSET=utf8mb3 COLLATE=utf8mb3_general_ci;

DROP TABLE health_rooms;

CREATE TABLE `health_rooms` (
  `id` bigint(20) NOT NULL AUTO_INCREMENT,
  `floor_unit_id` bigint(20) NOT NULL,
  `name` varchar(256) NOT NULL,
  `code` varchar(256) DEFAULT NULL,
  `type` tinyint(1) NOT NULL DEFAULT 0 COMMENT '1:office room, 2: patient room',
  `created` int(11) DEFAULT NULL,
  `created_by` bigint(20) DEFAULT NULL,
  `modified` int(11) DEFAULT NULL,
  `modified_by` bigint(20) DEFAULT NULL,
  `deleted` tinyint(1) NOT NULL DEFAULT 0,
  PRIMARY KEY (`id`)
) ENGINE=InnoDB AUTO_INCREMENT=28 DEFAULT CHARSET=utf8mb3 COLLATE=utf8mb3_general_ci;

INSERT INTO health_rooms VALUES
(1,4,"Post Cath","PC",2,1605349605,12,NULL,NULL,0),
(2,5,301,301,2,1605350246,12,NULL,NULL,0),
(3,5,302,302,2,1605352118,12,NULL,NULL,0),
(4,5,303,303,2,1605352180,12,NULL,NULL,0),
(5,5,304,304,2,1605352216,12,NULL,NULL,0),
(6,5,"ICU","ICU",2,1605352261,12,NULL,NULL,0),
(7,6,"NICU","NICU",2,1605352502,12,NULL,NULL,0),
(8,6,401,401,2,1605352652,12,NULL,NULL,0),
(9,6,402,402,2,1605352697,12,NULL,NULL,0),
(10,6,403,403,2,1605352733,12,NULL,NULL,0),
(11,6,404,404,2,1605352777,12,NULL,NULL,0),
(12,6,405,405,2,1605352801,12,NULL,NULL,0),
(13,6,406,406,2,1605352886,12,NULL,NULL,0),
(14,6,407,407,2,1605353016,12,NULL,NULL,0),
(15,6,408,408,2,1605353043,12,NULL,NULL,0),
(16,6,409,409,2,1605353064,12,NULL,NULL,0),
(17,6,410,410,2,1605353091,12,NULL,NULL,0),
(18,6,411,411,2,1605353117,12,NULL,NULL,0),
(19,6,412,412,2,1605353149,12,NULL,NULL,0),
(20,7,"VIP 501","VIP501",2,1605353211,12,1605353264,12,0),
(21,7,"VIP 502","VIP502",2,1605353257,12,NULL,NULL,0),
(22,7,"VIP 503","VIP503",2,1605353314,12,NULL,NULL,0),
(23,7,"VIP 504","VIP504",2,1605353364,12,NULL,NULL,0),
(24,7,"VIP 505","VIP505",2,1605353398,12,NULL,NULL,0),
(25,7,"VIP 506","VIP506",2,1605353436,12,NULL,NULL,0),
(26,7,507,507,2,1605353493,12,NULL,NULL,0),
(27,7,508,508,2,1605353524,12,NULL,NULL,0);


