DROP TABLE account_transactions;

CREATE TABLE `account_transactions` (
  `id` bigint(20) NOT NULL AUTO_INCREMENT,
  `contact_id` bigint(20) NOT NULL,
  `safe_id` bigint(20) NOT NULL,
  `transaction_type` tinyint(4) NOT NULL,
  `accountant_id` bigint(20) NOT NULL,
  `amount` decimal(20,5) NOT NULL,
  `base_amount` int(11) NOT NULL,
  `currency_id` int(11) NOT NULL,
  `exchange_rate` decimal(20,5) DEFAULT 0.00000,
  `transaction_date` datetime NOT NULL,
  `notes` text DEFAULT NULL,
  `created` int(11) DEFAULT NULL,
  `created_by` bigint(20) DEFAULT NULL,
  `modified` int(11) DEFAULT NULL,
  `modified_by` bigint(20) DEFAULT NULL,
  `deleted` int(11) NOT NULL DEFAULT 0,
  PRIMARY KEY (`id`)
) ENGINE=InnoDB DEFAULT CHARSET=utf8;

DROP TABLE accountbalances;

CREATE TABLE `accountbalances` (
  `AccountBalanceId` bigint(20) NOT NULL AUTO_INCREMENT,
  `AccountId` bigint(20) DEFAULT NULL,
  `CurrencyId` bigint(20) DEFAULT NULL,
  `Debit` decimal(19,4) DEFAULT NULL,
  `Credit` decimal(19,4) DEFAULT NULL,
  `Balance` decimal(19,4) DEFAULT NULL,
  PRIMARY KEY (`AccountBalanceId`),
  KEY `FK_AccountBalances_Accounts` (`AccountId`),
  KEY `FK_AccountBalances_Currencies` (`CurrencyId`),
  CONSTRAINT `accountbalances_ibfk_2` FOREIGN KEY (`CurrencyId`) REFERENCES `currencies` (`CurrencyId`) ON DELETE NO ACTION ON UPDATE NO ACTION
) ENGINE=InnoDB AUTO_INCREMENT=204 DEFAULT CHARSET=utf8;

INSERT INTO accountbalances VALUES
(1,1,2,0,132970.2,132970.2),
(2,2,2,237054.75,90210.5,146844.25),
(3,3,2,0,0,0),
(4,4,2,0,0,0),
(5,5,2,0,0,0),
(6,6,2,0,0,0),
(7,7,2,0,0,0),
(8,8,2,0,0,0),
(9,9,2,0,0,0),
(10,10,2,0,0,0),
(11,11,2,0,0,0),
(12,12,2,0,0,0),
(13,13,2,0,0,0),
(14,14,2,0,0,0),
(15,15,2,0,0,0),
(16,16,2,0,0,0),
(17,17,2,0,0,0),
(18,18,2,0,0,0),
(19,19,2,0,0,0),
(20,20,2,9846168034.7647,9846035064.5647,132970.2),
(21,21,2,0,0,0),
(22,22,2,0,0,0),
(23,23,2,0,0,0),
(24,24,2,0,0,0),
(25,25,2,0,0,0),
(26,26,2,0,0,0),
(27,27,2,0,0,0),
(28,28,2,0,0,0),
(29,29,2,0,0,0),
(30,30,2,0,0,0),
(31,31,2,0,0,0),
(32,32,2,0,0,0),
(33,33,2,37200.5,54230,-17029.5),
(34,34,2,0,0,0),
(35,35,2,0,0,0),
(36,36,2,0,0,0),
(37,37,2,0,0,0),
(38,38,2,0,0,0),
(39,39,2,0,0,0),
(40,40,2,0,0,0),
(41,41,2,0,0,0),
(42,42,2,0,0,0),
(43,43,2,0,0,0),
(44,44,2,0,0,0),
(45,45,2,0,0,0),
(46,46,2,0,0,0),
(47,47,2,0,0,0),
(48,48,2,0,0,0),
(49,49,2,0,0,0),
(50,50,2,0,0,0),
(51,51,2,0,0,0),
(52,52,2,0,0,0),
(53,53,2,0,0,0),
(54,54,2,0,0,0),
(55,55,2,0,0,0),
(56,56,2,0,0,0),
(57,57,2,0,0,0),
(58,58,2,0,0,0),
(59,59,2,0,0,0),
(60,60,2,0,0,0),
(61,61,2,6831.6,0,6831.6),
(62,62,2,0,0,0),
(63,63,2,0,0,0),
(64,64,2,0,0,0),
(65,65,2,0,0,0),
(66,66,2,0,0,0),
(67,67,2,0,0,0),
(68,68,2,0,0,0),
(69,69,2,0,0,0),
(70,70,2,0,0,0),
(71,71,2,0,0,0),
(72,72,2,0,0,0),
(73,73,2,0,0,0),
(74,74,2,0,0,0),
(75,75,2,0,0,0),
(76,76,2,0,0,0),
(77,77,2,0,0,0),
(78,78,2,0,0,0),
(79,79,2,0,0,0),
(80,80,2,0,0,0),
(81,81,2,0,0,0),
(82,82,2,0,0,0),
(83,83,2,0,0,0),
(84,84,2,0,0,0),
(85,85,2,0,0,0),
(86,86,2,0,0,0),
(87,87,2,0,0,0),
(88,88,2,0,0,0),
(89,89,2,0,0,0),
(90,90,2,0,0,0),
(91,91,2,0,0,0),
(92,92,2,0,0,0),
(93,93,2,0,0,0),
(94,94,2,0,0,0),
(95,95,2,0,0,0),
(96,96,2,8995.75,0,8995.75),
(97,97,2,0,0,0),
(98,98,2,0,0,0),
(99,99,2,0,0,0),
(100,100,2,0,0,0),
(101,101,2,0,0,0),
(102,102,2,0,0,0),
(103,103,2,0,0,0),
(104,104,2,0,0,0),
(105,105,2,0,0,0),
(106,106,2,0,0,0),
(107,107,2,0,0,0),
(108,108,2,0,0,0),
(109,109,2,0,0,0),
(110,110,2,0,0,0),
(111,111,2,0,0,0),
(112,112,2,0,0,0),
(113,113,2,0,0,0),
(114,114,2,0,0,0),
(115,115,2,0,0,0),
(116,116,2,0,0,0),
(117,117,2,0,0,0),
(118,118,2,0,0,0),
(119,119,2,0,0,0),
(120,120,2,0,0,0),
(121,121,2,0,0,0),
(122,122,2,0,0,0),
(123,123,2,0,182874,182874),
(124,124,2,0,0,0),
(125,125,2,0,0,0),
(126,126,2,0,0,0),
(127,127,2,0,0,0),
(128,128,2,0,0,0),
(129,129,2,0,0,0),
(130,130,2,0,0,0),
(131,131,2,0,0,0),
(132,132,2,0,0,0),
(133,133,2,0,0,0),
(134,134,2,0,0,0),
(135,135,3,0,0,0),
(136,135,1,0,0,0),
(137,135,2,0,0,0),
(138,136,3,0,0,0),
(139,136,1,0,0,0),
(140,136,2,0,0,0),
(141,137,3,0,0,0),
(142,137,1,0,0,0),
(143,137,2,0,0,0),
(144,138,3,0,0,0),
(145,138,1,0,0,0),
(146,138,2,0,0,0),
(147,139,3,0,0,0),
(148,139,1,0,0,0),
(149,139,2,0,0,0),
(150,140,3,0,0,0),
(151,140,1,0,0,0),
(152,140,2,0,0,0),
(153,141,3,0,0,0),
(154,141,1,0,0,0),
(155,141,2,0,0,0),
(156,142,3,0,0,0),
(157,142,1,0,0,0),
(158,142,2,0,0,0),
(159,143,3,0,0,0),
(160,143,1,0,0,0),
(161,143,2,0,0,0),
(162,144,3,0,0,0),
(163,144,1,0,0,0),
(164,144,2,0,0,0),
(165,145,3,0,0,0),
(166,145,1,0,0,0),
(167,145,2,0,0,0),
(168,146,3,0,0,0),
(169,146,1,0,0,0),
(170,146,2,0,0,0),
(171,147,3,0,0,0),
(172,147,1,0,0,0),
(173,147,2,0,0,0),
(174,148,3,0,0,0),
(175,148,1,0,0,0),
(176,148,2,0,0,0),
(177,149,3,0,0,0),
(178,149,1,0,0,0),
(179,149,2,0,0,0),
(180,150,3,0,0,0),
(181,150,1,0,0,0),
(182,150,2,0,0,0),
(183,151,3,0,0,0),
(184,151,1,0,0,0),
(185,151,2,0,0,0),
(186,152,3,0,0,0),
(187,152,1,0,0,0),
(188,152,2,0,0,0),
(189,153,3,0,0,0),
(190,153,1,0,0,0),
(191,153,2,0,0,0),
(192,154,3,0,0,0),
(193,154,1,0,0,0),
(194,154,2,0,0,0),
(195,155,3,0,0,0),
(196,155,1,0,0,0),
(197,155,2,0,0,0),
(198,156,3,0,0,0),
(199,156,1,0,0,0),
(200,156,2,0,0,0),
(201,157,3,0,0,0),
(202,157,1,0,0,0),
(203,157,2,0,0,0);


DROP TABLE accountbalances_backup;

CREATE TABLE `accountbalances_backup` (
  `AccountBalanceId` bigint(20) NOT NULL AUTO_INCREMENT,
  `AccountId` bigint(20) DEFAULT NULL,
  `CurrencyId` bigint(20) DEFAULT NULL,
  `Debit` decimal(19,4) DEFAULT NULL,
  `Credit` decimal(19,4) DEFAULT NULL,
  `Balance` decimal(19,4) DEFAULT NULL,
  PRIMARY KEY (`AccountBalanceId`),
  KEY `FK_AccountBalances_Accounts` (`AccountId`),
  KEY `FK_AccountBalances_Currencies` (`CurrencyId`),
  CONSTRAINT `FK_AccountBalances_Accounts` FOREIGN KEY (`AccountId`) REFERENCES `accounts_backup` (`AccountId`) ON DELETE NO ACTION ON UPDATE NO ACTION,
  CONSTRAINT `FK_AccountBalances_Currencies` FOREIGN KEY (`CurrencyId`) REFERENCES `currencies` (`CurrencyId`) ON DELETE NO ACTION ON UPDATE NO ACTION
) ENGINE=InnoDB AUTO_INCREMENT=25 DEFAULT CHARSET=utf8;

INSERT INTO accountbalances_backup VALUES
(14,5,2,0,0,0),
(15,6,2,0,0,0),
(16,7,3,0,0,0),
(17,7,1,0,0,0),
(18,7,2,0,0,0),
(19,8,3,0,0,0),
(20,8,1,0,0,0),
(21,8,2,0,0,0),
(22,9,3,0,0,0),
(23,9,1,0,0,0),
(24,9,2,0,0,0);


DROP TABLE accountgroups;

CREATE TABLE `accountgroups` (
  `AccountGroupId` bigint(20) NOT NULL AUTO_INCREMENT,
  `Name` varchar(500) DEFAULT NULL,
  PRIMARY KEY (`AccountGroupId`)
) ENGINE=InnoDB AUTO_INCREMENT=6 DEFAULT CHARSET=utf8;

INSERT INTO accountgroups VALUES
(1,"ASSETS"),
(2,"EQUITY"),
(3,"EXPENSES"),
(4,"LIABILITIES"),
(5,"REVENUE");


DROP TABLE accounts;

CREATE TABLE `accounts` (
  `AccountId` bigint(20) NOT NULL AUTO_INCREMENT,
  `Code` varchar(500) DEFAULT NULL,
  `Name` varchar(500) DEFAULT NULL,
  `AccountTypeId` bigint(20) DEFAULT NULL,
  `SystemAccount` tinyint(1) DEFAULT NULL,
  `CreateDate` datetime DEFAULT current_timestamp(),
  `ModificationDate` datetime DEFAULT current_timestamp(),
  `Deleted` tinyint(1) DEFAULT 0,
  `Notes` longtext DEFAULT NULL,
  `CreateByUserId` bigint(20) DEFAULT NULL,
  `ModifiedByUserId` bigint(20) DEFAULT NULL,
  `Description` varchar(500) DEFAULT NULL,
  `AcceptPayments` tinyint(1) DEFAULT 1,
  `IncreaseOnDebit` tinyint(1) DEFAULT NULL,
  `CurrencyId` bigint(20) DEFAULT NULL,
  `ParentAccountId` bigint(20) DEFAULT NULL,
  PRIMARY KEY (`AccountId`),
  KEY `FK_Accounts_Accounts1` (`ParentAccountId`),
  KEY `FK_Accounts_AccountTypes` (`AccountTypeId`),
  KEY `FK_Accounts_Currencies` (`CurrencyId`),
  CONSTRAINT `accounts_ibfk_1` FOREIGN KEY (`AccountTypeId`) REFERENCES `accounttypes` (`AccountTypeId`) ON DELETE NO ACTION ON UPDATE NO ACTION,
  CONSTRAINT `accounts_ibfk_3` FOREIGN KEY (`CurrencyId`) REFERENCES `currencies` (`CurrencyId`) ON DELETE NO ACTION ON UPDATE NO ACTION
) ENGINE=InnoDB AUTO_INCREMENT=158 DEFAULT CHARSET=utf8;

INSERT INTO accounts VALUES
(1,261000,"Account Payable",11,1,"2016-10-29 12:35:18","2016-10-29 12:35:18",0,NULL,NULL,NULL,NULL,NULL,1,2,NULL),
(2,161000,"Account Receivable",1,1,"2016-10-29 12:35:18","2016-10-29 12:35:18",0,NULL,NULL,NULL,NULL,NULL,1,2,NULL),
(3,111000,"Liabilities",12,1,"2018-03-10 03:15:08","2018-03-10 03:15:08",0,NULL,NULL,NULL,NULL,1,1,2,NULL),
(4,113001,"Assets",2,1,"2018-03-10 03:15:08","2018-03-10 03:15:08",0,NULL,NULL,NULL,NULL,1,1,2,NULL),
(5,113002,"Equity",6,1,"2018-03-10 03:15:08","2018-03-10 03:15:08",0,NULL,NULL,NULL,NULL,1,1,2,NULL),
(6,116002,"Air Conditioner",2,1,"2018-03-10 03:15:08","2018-03-10 03:15:08",0,NULL,NULL,NULL,NULL,1,1,2,NULL),
(7,113001,"Machines and equipment",2,1,"2018-03-10 03:15:08","2018-03-10 03:15:08",0,NULL,NULL,NULL,NULL,1,1,2,NULL),
(8,113002,"Generators",2,1,"2018-03-10 03:15:08","2018-03-10 03:15:08",0,NULL,NULL,NULL,NULL,1,1,2,NULL),
(9,114000,"Vehicles",2,1,"2018-03-10 03:15:08","2018-03-10 03:15:08",0,NULL,NULL,NULL,NULL,1,1,2,NULL),
(10,115000,"Tools",2,1,"2018-03-10 03:15:08","2018-03-10 03:15:08",0,NULL,NULL,NULL,NULL,1,1,2,NULL),
(11,116001,"Furniture",2,1,"2018-03-10 03:15:08","2018-03-10 03:15:08",0,NULL,NULL,NULL,NULL,1,1,2,NULL),
(12,116002,"Lands",2,1,"2018-03-10 03:15:08","2018-03-10 03:15:08",0,NULL,NULL,NULL,NULL,1,1,2,NULL),
(13,116003,"Computers",2,1,"2018-03-10 03:15:08","2018-03-10 03:15:08",0,NULL,NULL,NULL,NULL,1,1,2,NULL),
(14,116004,"Printers",2,1,"2018-03-10 03:15:08","2018-03-10 03:15:08",0,NULL,NULL,NULL,NULL,1,1,2,NULL),
(15,116005,"Office equipment & Mobiles",2,1,"2018-03-10 03:15:08","2018-03-10 03:15:08",0,NULL,NULL,NULL,NULL,1,1,2,NULL),
(16,116006,"Curtain and carpets",2,1,"2018-03-10 03:15:08","2018-03-10 03:15:08",0,NULL,NULL,NULL,NULL,1,1,2,NULL),
(17,122001,"Plant Construction",2,1,"2018-03-10 03:15:08","2018-03-10 03:15:08",0,NULL,NULL,NULL,NULL,1,1,2,NULL),
(18,122002,"Work in Progress Fixes Assets",2,1,"2018-03-10 03:15:08","2018-03-10 03:15:08",0,NULL,NULL,NULL,"   -  ",1,1,2,NULL),
(19,131001,"Raw Materials Store",1,1,"2018-03-10 03:15:08","2018-03-10 03:15:08",0,NULL,NULL,NULL,NULL,1,1,2,NULL),
(20,131002,"WIP - inventory",1,1,"2018-03-10 03:15:08","2018-03-10 03:15:08",0,NULL,NULL,NULL,"   - ",1,1,2,NULL),
(21,131003,"Finished Goods Store",1,1,"2018-03-10 03:15:08","2018-03-10 03:15:08",0,NULL,NULL,NULL,NULL,1,1,2,NULL),
(22,131004,"Wastage Store",1,1,"2018-03-10 03:15:08","2018-03-10 03:15:08",0,NULL,NULL,NULL,NULL,1,1,2,NULL),
(23,151002,"Partners Finance Investment",1,1,"2018-03-10 03:15:08","2018-03-10 03:15:08",0,NULL,NULL,NULL,NULL,1,1,2,NULL),
(24,161000,"------",1,1,"2018-03-10 03:15:08","2018-03-10 03:15:08",0,"Accounts Receivables - Customers",NULL,NULL,"   - ",NULL,1,2,NULL),
(25,163001,"Advances Cash Employees - Operation",1,1,"2018-03-10 03:15:08","2018-03-10 03:15:08",0,NULL,NULL,NULL,"   - ",1,1,2,NULL),
(26,163003,"Advances Salaries - Employees",1,1,"2018-03-10 03:15:08","2018-03-10 03:15:08",0,NULL,NULL,NULL,"  - ",1,1,2,NULL),
(27,163004,"Employees Loans",1,1,"2018-03-10 03:15:08","2018-03-10 03:15:08",0,NULL,NULL,NULL,NULL,1,1,2,NULL),
(28,163005,"Differences in Cash and Store",1,1,"2018-03-10 03:15:08","2018-03-10 03:15:08",0,NULL,NULL,NULL,NULL,1,1,2,NULL),
(29,166000,"Other Debit Accounts",1,1,"2018-03-10 03:15:08","2018-03-10 03:15:08",0,NULL,NULL,NULL,NULL,1,1,2,NULL),
(30,171003,"Prepaid Rental",1,1,"2018-03-10 03:15:08","2018-03-10 03:15:08",0,NULL,NULL,NULL,NULL,1,1,2,NULL),
(31,171004,"Prepaid Expences",1,1,"2018-03-10 03:15:08","2018-03-10 03:15:08",0,NULL,NULL,NULL,NULL,1,1,2,NULL),
(32,181001,"Cash / USD",1,1,"2018-03-10 03:15:08","2018-03-10 03:15:08",0,NULL,NULL,NULL," / ",1,1,2,NULL),
(33,181002,"Cash/ IQD",1,1,"2018-03-10 03:15:08","2018-03-10 03:15:08",0,NULL,NULL,NULL," / ",1,1,2,NULL),
(34,182001,"Bank / USD",1,1,"2018-03-10 03:15:08","2018-03-10 03:15:08",0,NULL,NULL,NULL," / ",1,1,2,NULL),
(35,182002,"Bank / IQD",1,1,"2018-03-10 03:15:08","2018-03-10 03:15:08",0,NULL,NULL,NULL," / ",1,1,2,NULL),
(36,183001,"Money Exchange companies - USD",1,1,"2018-03-10 03:15:08","2018-03-10 03:15:08",0,NULL,NULL,NULL,"  - ",1,1,2,NULL),
(37,183002,"Money Exchange companies - IQD",1,1,"2018-03-10 03:15:08","2018-03-10 03:15:08",0,NULL,NULL,NULL,"  - ",1,1,2,NULL),
(38,210000,"Paid In Capital",6,1,"2018-03-10 03:15:08","2018-03-10 03:15:08",0,NULL,NULL,NULL,NULL,1,0,2,NULL),
(39,211000,"Partner Account",6,1,"2018-03-10 03:15:08","2018-03-10 03:15:08",0,NULL,NULL,NULL,NULL,1,0,2,NULL),
(40,212000,"Retained Earnings",6,1,"2018-03-10 03:15:08","2018-03-10 03:15:08",0,NULL,NULL,NULL,NULL,1,0,2,NULL),
(41,221001,"Income Tax Provision",6,1,"2018-03-10 03:15:08","2018-03-10 03:15:08",0,NULL,NULL,NULL,NULL,1,0,2,NULL),
(42,221002,"Other Provision",6,1,"2018-03-10 03:15:08","2018-03-10 03:15:08",0,NULL,NULL,NULL,NULL,1,0,2,NULL),
(43,231000,"Accumulated Depreciation lands",11,1,"2018-03-10 03:15:08","2018-03-10 03:15:08",0,NULL,NULL,NULL,NULL,1,0,2,NULL),
(44,232000,"Accumulated Depreciation Plant Construction",11,1,"2018-03-10 03:15:08","2018-03-10 03:15:08",0,NULL,NULL,NULL,NULL,1,0,2,NULL),
(45,233001,"Accumulated Depreciation Machines and equipment",11,1,"2018-03-10 03:15:08","2018-03-10 03:15:08",0,NULL,NULL,NULL,NULL,1,0,2,NULL),
(46,233002,"Accumulated Depreciation Generators",11,1,"2018-03-10 03:15:08","2018-03-10 03:15:08",0,NULL,NULL,NULL,NULL,1,0,2,NULL),
(47,234000,"Accumulated Depreciation Vehicles",11,1,"2018-03-10 03:15:08","2018-03-10 03:15:08",0,NULL,NULL,NULL,"    ",1,0,2,NULL),
(48,235000,"Accumulated Depreciation Tools",11,1,"2018-03-10 03:15:08","2018-03-10 03:15:08",0,NULL,NULL,NULL,NULL,1,0,2,NULL),
(49,236001,"Accumulated Depreciation Furniture",11,1,"2018-03-10 03:15:08","2018-03-10 03:15:08",0,NULL,NULL,NULL,NULL,1,0,2,NULL),
(50,236002,"Accumulated Depreciation Air Conditioner",11,1,"2018-03-10 03:15:08","2018-03-10 03:15:08",0,NULL,NULL,NULL,NULL,1,0,2,NULL),
(51,236003,"Accumulated Depreciation computers",11,1,"2018-03-10 03:15:08","2018-03-10 03:15:08",0,NULL,NULL,NULL,NULL,1,0,2,NULL),
(52,236004,"Accumulated Depreciation printers",11,1,"2018-03-10 03:15:08","2018-03-10 03:15:08",0,NULL,NULL,NULL,NULL,1,0,2,NULL),
(53,236005,"Accumulated Depreciation office equipment",11,1,"2018-03-10 03:15:08","2018-03-10 03:15:08",0,NULL,NULL,NULL,NULL,1,0,2,NULL),
(54,236006,"Accumulated Depreciation curtain and carpets",11,1,"2018-03-10 03:15:08","2018-03-10 03:15:08",0,NULL,NULL,NULL,NULL,1,0,2,NULL),
(55,261000,"------",11,1,"2018-03-10 03:15:08","2018-03-10 03:15:08",0,"Accounts Payable",NULL,NULL,NULL,NULL,0,2,NULL),
(56,263000,"Credit Current Accounts",11,1,"2018-03-10 03:15:08","2018-03-10 03:15:08",0,NULL,NULL,NULL,NULL,1,0,2,NULL),
(57,266000,"Other Credit Accounts",11,1,"2018-03-10 03:15:08","2018-03-10 03:15:08",0,NULL,NULL,NULL,NULL,1,0,2,NULL),
(58,271001,"Accrued Expences",11,1,"2018-03-10 03:15:08","2018-03-10 03:15:08",0,NULL,NULL,NULL,NULL,1,0,2,NULL),
(59,271003,"Other Accrued",11,1,"2018-03-10 03:15:08","2018-03-10 03:15:08",0,NULL,NULL,NULL,NULL,1,0,2,NULL),
(60,271004,"Social Security",11,1,"2018-03-10 03:15:08","2018-03-10 03:15:08",0,NULL,NULL,NULL,NULL,1,0,2,NULL),
(61,301001,"Cost of Goods Sold",9,1,"2018-03-10 03:15:08","2018-03-10 03:15:08",0,NULL,NULL,NULL,NULL,1,1,2,NULL),
(62,301002,"Other Cost of sales",9,1,"2018-03-10 03:15:08","2018-03-10 03:15:08",0,NULL,NULL,NULL,NULL,1,1,2,NULL),
(63,301003,"Damaged & Wastage",9,1,"2018-03-10 03:15:08","2018-03-10 03:15:08",0,NULL,NULL,NULL," & ",1,1,2,NULL),
(64,301004,"Expired",9,1,"2018-03-10 03:15:08","2018-03-10 03:15:08",0,NULL,NULL,NULL,NULL,1,1,2,NULL),
(65,302001,"Materials & Equipment transportation",9,1,"2018-03-10 03:15:08","2018-03-10 03:15:08",0,NULL,NULL,NULL,NULL,1,1,2,NULL),
(66,302002,"Custom Fees",9,1,"2018-03-10 03:15:08","2018-03-10 03:15:08",0,NULL,NULL,NULL,NULL,1,1,2,NULL),
(67,302004,"Machine and Equipment Maintenance",9,1,"2018-03-10 03:15:08","2018-03-10 03:15:08",0,NULL,NULL,NULL,NULL,1,1,2,NULL),
(68,302048,"Canteen Food Expenses",9,1,"2018-03-10 03:15:08","2018-03-10 03:15:08",0,NULL,NULL,NULL,NULL,NULL,1,2,NULL),
(69,302006,"Salaries of Administration Dep",9,1,"2018-03-10 03:15:08","2018-03-10 03:15:08",0,NULL,NULL,NULL,NULL,NULL,1,2,NULL),
(70,302007,"Overtime",9,1,"2018-03-10 03:15:08","2018-03-10 03:15:08",0,NULL,NULL,NULL,NULL,1,1,2,NULL),
(71,302008,"Travel allowance",9,1,"2018-03-10 03:15:08","2018-03-10 03:15:08",0,NULL,NULL,NULL,NULL,1,1,2,NULL),
(72,302009,"Transportation Expenses",9,1,"2018-03-10 03:15:08","2018-03-10 03:15:08",0,NULL,NULL,NULL,NULL,1,1,2,NULL),
(73,302010,"Food Allowances",9,1,"2018-03-10 03:15:08","2018-03-10 03:15:08",0,NULL,NULL,NULL,NULL,1,1,2,NULL),
(74,302011,"Other allowances",9,1,"2018-03-10 03:15:08","2018-03-10 03:15:08",0,NULL,NULL,NULL,NULL,1,1,2,NULL),
(75,302012,"Employees Social Security expenses",9,1,"2018-03-10 03:15:08","2018-03-10 03:15:08",0,NULL,NULL,NULL,NULL,1,1,2,NULL),
(76,302014,"Governmental Fees",9,1,"2018-03-10 03:15:08","2018-03-10 03:15:08",0,NULL,NULL,NULL,NULL,1,1,2,NULL),
(77,302015,"Insurance expenses",9,1,"2018-03-10 03:15:08","2018-03-10 03:15:08",0,NULL,NULL,NULL,NULL,1,1,2,NULL),
(78,302016,"Uniform expenses",9,1,"2018-03-10 03:15:08","2018-03-10 03:15:08",0,NULL,NULL,NULL,NULL,1,1,2,NULL),
(79,302017,"Oil and Gas",9,1,"2018-03-10 03:15:08","2018-03-10 03:15:08",0,NULL,NULL,NULL,NULL,1,1,2,NULL),
(80,302018,"Plant & Building maintenance",9,1,"2018-03-10 03:15:08","2018-03-10 03:15:08",0,NULL,NULL,NULL,NULL,1,1,2,NULL),
(81,302019,"Office Supplies",9,1,"2018-03-10 03:15:08","2018-03-10 03:15:08",0,NULL,NULL,NULL,NULL,1,1,2,NULL),
(82,302020,"Stationery",9,1,"2018-03-10 03:15:08","2018-03-10 03:15:08",0,NULL,NULL,NULL,NULL,1,1,2,NULL),
(83,302021,"Electricity & Water",9,1,"2018-03-10 03:15:08","2018-03-10 03:15:08",0,NULL,NULL,NULL,NULL,1,1,2,NULL),
(84,302023,"Advertisement",9,1,"2018-03-10 03:15:08","2018-03-10 03:15:08",0,NULL,NULL,NULL,NULL,1,1,2,NULL),
(85,302026,"Translation Expenses",9,1,"2018-03-10 03:15:08","2018-03-10 03:15:08",0,NULL,NULL,NULL,NULL,1,1,2,NULL),
(86,302027,"Internet Expenses",9,1,"2018-03-10 03:15:08","2018-03-10 03:15:08",0,NULL,NULL,NULL,NULL,1,1,2,NULL),
(87,302028,"Communication Expenses",9,1,"2018-03-10 03:15:08","2018-03-10 03:15:08",0,NULL,NULL,NULL,NULL,1,1,2,NULL),
(88,302029,"Lawyer Fees",9,1,"2018-03-10 03:15:08","2018-03-10 03:15:08",0,NULL,NULL,NULL,NULL,1,1,2,NULL),
(89,302030,"Other expenses",9,1,"2018-03-10 03:15:08","2018-03-10 03:15:08",0,NULL,NULL,NULL,NULL,1,1,2,NULL),
(90,302031,"Compensation and Fines",9,1,"2018-03-10 03:15:08","2018-03-10 03:15:08",0,NULL,NULL,NULL,NULL,1,1,2,NULL),
(91,302032,"Gifts",9,1,"2018-03-10 03:15:08","2018-03-10 03:15:08",0,NULL,NULL,NULL,NULL,1,1,2,NULL),
(92,302033,"Audit fees",9,1,"2018-03-10 03:15:08","2018-03-10 03:15:08",0,NULL,NULL,NULL,NULL,1,1,2,NULL),
(93,302036,"External Staff",9,1,"2018-03-10 03:15:08","2018-03-10 03:15:08",0,NULL,NULL,NULL,NULL,1,1,2,NULL),
(94,302038,"Maintenance Vehicles",9,1,"2018-03-10 03:15:08","2018-03-10 03:15:08",0,NULL,NULL,NULL,NULL,1,1,2,NULL),
(95,302039,"Hospitality & banquets",9,1,"2018-03-10 03:15:08","2018-03-10 03:15:08",0,NULL,NULL,NULL,NULL,1,1,2,NULL),
(96,302040,"Sales Discount",9,1,"2018-03-10 03:15:08","2018-03-10 03:15:08",0,NULL,NULL,NULL,NULL,1,1,2,NULL),
(97,302041,"Transport and shipment sales",9,1,"2018-03-10 03:15:08","2018-03-10 03:15:08",0,NULL,NULL,NULL,NULL,1,1,2,NULL),
(98,302042,"Cleaning Expences",9,1,"2018-03-10 03:15:08","2018-03-10 03:15:08",0,NULL,NULL,NULL,NULL,1,1,2,NULL),
(99,302043,"Equipment and supplies Expenses",9,1,"2018-03-10 03:15:08","2018-03-10 03:15:08",0,NULL,NULL,NULL,NULL,1,1,2,NULL),
(100,302044,"Fuel Vehicles",9,1,"2018-03-10 03:15:08","2018-03-10 03:15:08",0,NULL,NULL,NULL,NULL,1,1,2,NULL),
(101,302045,"Postage & Delivery",9,1,"2018-03-10 03:15:08","2018-03-10 03:15:08",0,NULL,NULL,NULL,NULL,1,1,2,NULL),
(102,302046,"Commission remittances",9,1,"2018-03-10 03:15:08","2018-03-10 03:15:08",0,NULL,NULL,NULL,NULL,1,1,2,NULL),
(103,302047,"Travel expenses and residencies",9,1,"2018-03-10 03:15:08","2018-03-10 03:15:08",0,NULL,NULL,NULL,NULL,1,1,2,NULL),
(104,302049,"Rent Expences",9,1,"2018-03-10 03:15:08","2018-03-10 03:15:08",0,NULL,NULL,NULL,NULL,1,1,2,NULL),
(105,302051,"Fire expense",9,1,"2018-03-10 03:15:08","2018-03-10 03:15:08",0,NULL,NULL,NULL,NULL,1,1,2,NULL),
(106,302052,"Sales Commission",9,1,"2018-03-10 03:15:08","2018-03-10 03:15:08",0,NULL,NULL,NULL,NULL,1,1,2,NULL),
(107,304001,"Bank Charges",9,1,"2018-03-10 03:15:08","2018-03-10 03:15:08",0,NULL,NULL,NULL,NULL,1,1,2,NULL),
(108,304002,"Bank Loan Interests",9,1,"2018-03-10 03:15:08","2018-03-10 03:15:08",0,NULL,NULL,NULL,NULL,1,1,2,NULL),
(109,304003,"Exchange Rate",9,1,"2018-03-10 03:15:08","2018-03-10 03:15:08",0,NULL,NULL,NULL,NULL,1,1,2,NULL),
(110,305001,"Income Tax expenses",9,1,"2018-03-10 03:15:08","2018-03-10 03:15:08",0,NULL,NULL,NULL,NULL,1,1,2,NULL),
(111,306001,"Depreciation Machines and equipment",9,1,"2018-03-10 03:15:08","2018-03-10 03:15:08",0,NULL,NULL,NULL,NULL,1,1,2,NULL),
(112,306002,"Depreciation Plant Construction",9,1,"2018-03-10 03:15:08","2018-03-10 03:15:08",0,NULL,NULL,NULL,NULL,1,1,2,NULL),
(113,306003,"Depreciation lands",9,1,"2018-03-10 03:15:08","2018-03-10 03:15:08",0,NULL,NULL,NULL,NULL,1,1,2,NULL),
(114,306004,"Depreciation Vehicles",9,1,"2018-03-10 03:15:08","2018-03-10 03:15:08",0,NULL,NULL,NULL,NULL,1,1,2,NULL),
(115,306005,"Depreciation Tools",9,1,"2018-03-10 03:15:08","2018-03-10 03:15:08",0,NULL,NULL,NULL,NULL,1,1,2,NULL),
(116,306006,"Depreciation Furniture",9,1,"2018-03-10 03:15:08","2018-03-10 03:15:08",0,NULL,NULL,NULL,NULL,1,1,2,NULL),
(117,306007,"Depreciation Air Conditioner",9,1,"2018-03-10 03:15:08","2018-03-10 03:15:08",0,NULL,NULL,NULL,NULL,1,1,2,NULL),
(118,306008,"Depreciation computers",9,1,"2018-03-10 03:15:08","2018-03-10 03:15:08",0,NULL,NULL,NULL,NULL,1,1,2,NULL),
(119,306009,"Depreciation printers",9,1,"2018-03-10 03:15:08","2018-03-10 03:15:08",0,NULL,NULL,NULL,NULL,1,1,2,NULL),
(120,306010,"Depreciation office equipment",9,1,"2018-03-10 03:15:08","2018-03-10 03:15:08",0,NULL,NULL,NULL,NULL,1,1,2,NULL),
(121,306011,"Depreciation curtain and carpets",9,1,"2018-03-10 03:15:08","2018-03-10 03:15:08",0,NULL,NULL,NULL,NULL,1,1,2,NULL),
(122,306012,"Depreciation Generators",9,1,"2018-03-10 03:15:08","2018-03-10 03:15:08",0,NULL,NULL,NULL,NULL,1,1,2,NULL),
(123,401001,"Sales Revenue",15,1,"2018-03-10 03:15:08","2018-03-10 03:15:08",0,NULL,NULL,NULL,NULL,1,0,2,NULL),
(124,401002,"Sales Revenue - Services",15,1,"2018-03-10 03:15:08","2018-03-10 03:15:08",0,NULL,NULL,NULL,"  - ",1,0,2,NULL),
(125,117001,"Defferred Revenue Expenditure",2,NULL,"2018-04-22 04:38:34","2018-04-22 04:38:34",0,NULL,NULL,NULL,NULL,NULL,NULL,2,NULL),
(126,302003,"Daily Base workers fees",9,NULL,"2018-04-22 08:09:02","2018-04-22 08:09:02",0,"wages",NULL,NULL,NULL,NULL,NULL,2,NULL),
(127,302022,"Adminstration Expenses",9,NULL,"2018-04-22 08:25:13","2018-04-22 08:25:13",0,NULL,NULL,NULL,NULL,NULL,NULL,2,NULL),
(128,302024,"Tips & Bouns",9,NULL,"2018-04-22 08:42:43","2018-04-22 08:42:43",0,NULL,NULL,NULL,NULL,NULL,NULL,2,NULL),
(129,302025,"Support Contract",9,NULL,"2018-05-02 09:07:54","2018-05-02 09:07:54",0,NULL,NULL,NULL,NULL,NULL,NULL,2,NULL),
(130,302034,"Previous year expenses",9,NULL,"2018-05-02 09:18:23","2018-05-02 09:18:23",0,NULL,NULL,NULL,NULL,NULL,NULL,2,NULL),
(131,302035,"End Of Services",9,NULL,"2018-05-02 09:19:14","2018-05-02 09:19:14",0,NULL,NULL,NULL,NULL,NULL,NULL,2,NULL),
(132,162000,"Advance to suppliers",1,NULL,"2018-05-07 09:02:33","2018-05-07 09:02:33",0,NULL,NULL,NULL,NULL,NULL,NULL,2,NULL),
(133,401003,"Sales revenues - Wastege",15,NULL,"2018-05-14 09:39:03","2018-05-14 09:39:03",0,NULL,NULL,NULL,NULL,NULL,NULL,2,NULL),
(134,161001,"Unapplied Receipts",1,NULL,"2018-05-31 07:12:11","2018-05-31 07:12:11",0,NULL,NULL,NULL,NULL,NULL,NULL,2,NULL),
(135,131005,"Stock Warehouse",1,NULL,"2019-11-11 12:11:31","2019-11-11 12:11:31",0,"Stocks in warehouses",NULL,NULL,NULL,NULL,NULL,2,NULL),
(136,131006,"Stock in Shops",1,NULL,"2019-11-11 12:12:52","2019-11-11 12:12:52",0,"Stocks in shops",NULL,NULL,NULL,NULL,NULL,2,NULL),
(137,181003,"Cash in Hand ",1,NULL,"2019-11-11 12:23:19","2019-11-11 12:23:19",0,NULL,NULL,NULL,NULL,NULL,NULL,2,NULL),
(138,131007,"EIA Warehouse",1,NULL,"2019-11-17 14:45:15","2019-11-17 14:45:15",1,"Erbil International Airport Warehouse",NULL,NULL,NULL,NULL,NULL,2,NULL),
(139,131008,"EIA Arrival Shop",1,NULL,"2019-11-17 14:46:25","2019-11-17 14:46:25",1,NULL,NULL,NULL,NULL,NULL,NULL,2,NULL),
(140,131009,"EIA Departure Shop",1,NULL,"2019-11-17 14:47:11","2019-11-17 14:47:11",1,NULL,NULL,NULL,NULL,NULL,NULL,2,NULL),
(141,181004,"Cash in Hand - USD - EIA Arrival Shop",1,NULL,"2019-11-17 14:52:41","2019-11-17 14:52:41",1,NULL,NULL,NULL,NULL,NULL,NULL,2,NULL),
(142,181005,"Cash in Hand - USD - EIA Departure Shop",1,NULL,"2019-11-17 14:55:12","2019-11-17 14:55:12",1,NULL,NULL,NULL,NULL,NULL,NULL,2,NULL),
(143,181006,"Cash in Hand - USD - EIA Main",1,NULL,"2019-11-17 14:55:56","2019-11-17 14:55:56",0,NULL,NULL,NULL,NULL,NULL,NULL,2,NULL),
(144,181007,"Cash in hand - Ibrahim Khalil - Shop1",1,NULL,"2019-11-27 13:27:36","2019-11-27 13:27:36",1,NULL,NULL,NULL,NULL,NULL,NULL,2,NULL),
(145,181008,"Cash in hand - Ibrahim Khalil - Shop2",1,NULL,"2019-11-27 13:28:05","2019-11-27 13:28:05",0,NULL,NULL,NULL,NULL,NULL,NULL,2,NULL),
(146,181009,"Cash in hand - Ibrahim Khalil - Shop3",1,NULL,"2019-11-27 13:28:25","2019-11-27 13:28:25",1,NULL,NULL,NULL,NULL,NULL,NULL,2,NULL),
(147,181010,"Cash in hand - Haji Omeran - Shop ",1,NULL,"2019-11-27 13:30:04","2019-11-27 13:30:04",0,NULL,NULL,NULL,NULL,NULL,NULL,2,NULL),
(148,131010,"Ibrahim Khalil Shop1",1,NULL,"2019-11-27 13:31:21","2019-11-27 13:31:21",1,NULL,NULL,NULL,NULL,NULL,NULL,2,NULL),
(149,131011,"Ibrahim Khalil Shop2",1,NULL,"2019-11-27 13:31:40","2019-11-27 13:31:40",1,NULL,NULL,NULL,NULL,NULL,NULL,2,NULL),
(150,131012,"Ibrahim Khalil Shop3",1,NULL,"2019-11-27 13:32:01","2019-11-27 13:32:01",1,NULL,NULL,NULL,NULL,NULL,NULL,2,NULL),
(151,131013,"Ibrahim Khalil Warehouse",1,NULL,"2019-11-27 13:32:23","2019-11-27 13:32:23",1,NULL,NULL,NULL,NULL,NULL,NULL,2,NULL),
(152,131014,"Duhok Warehouse",1,NULL,"2019-11-27 13:33:02","2019-11-27 13:33:02",1,NULL,NULL,NULL,NULL,NULL,NULL,2,NULL),
(153,131015,"Haji Omeran Shop",1,NULL,"2019-11-27 13:34:01","2019-11-27 13:34:01",1,NULL,NULL,NULL,NULL,NULL,NULL,2,NULL),
(154,131016,"Haji Omeran Warehouse",1,NULL,"2019-11-27 13:34:30","2019-11-27 13:34:30",1,NULL,NULL,NULL,NULL,NULL,NULL,2,NULL),
(155,181011,"Cash in hand - Duhok Office",1,NULL,"2019-11-27 13:35:19","2019-11-27 13:35:19",0,NULL,NULL,NULL,NULL,NULL,NULL,2,NULL),
(156,"me","Medical Equipment - الاجهزة الطبية",2,NULL,"2020-11-18 19:13:38","2020-11-18 19:13:38",0,NULL,NULL,NULL,NULL,NULL,NULL,2,4),
(157,"m","Medical Equipment",2,NULL,"2020-11-18 19:16:28","2020-11-18 19:16:28",1,NULL,NULL,NULL,NULL,NULL,NULL,2,7);


DROP TABLE accounts_backup;

CREATE TABLE `accounts_backup` (
  `AccountId` bigint(20) NOT NULL AUTO_INCREMENT,
  `Code` varchar(500) DEFAULT NULL,
  `Name` varchar(500) DEFAULT NULL,
  `AccountTypeId` bigint(20) DEFAULT NULL,
  `SystemAccount` tinyint(1) DEFAULT NULL,
  `CreateDate` datetime DEFAULT current_timestamp(),
  `ModificationDate` datetime DEFAULT current_timestamp(),
  `Deleted` tinyint(1) DEFAULT 0,
  `Notes` longtext DEFAULT NULL,
  `CreateByUserId` bigint(20) DEFAULT NULL,
  `ModifiedByUserId` bigint(20) DEFAULT NULL,
  `Description` varchar(500) DEFAULT NULL,
  `AcceptPayments` tinyint(1) DEFAULT 1,
  `IncreaseOnDebit` tinyint(1) DEFAULT NULL,
  `CurrencyId` bigint(20) DEFAULT NULL,
  `ParentAccountId` bigint(20) DEFAULT NULL,
  PRIMARY KEY (`AccountId`),
  KEY `FK_Accounts_Accounts1` (`ParentAccountId`),
  KEY `FK_Accounts_AccountTypes` (`AccountTypeId`),
  KEY `FK_Accounts_Currencies` (`CurrencyId`),
  CONSTRAINT `FK_Accounts_AccountTypes` FOREIGN KEY (`AccountTypeId`) REFERENCES `accounttypes` (`AccountTypeId`) ON DELETE NO ACTION ON UPDATE NO ACTION,
  CONSTRAINT `FK_Accounts_Accounts1` FOREIGN KEY (`ParentAccountId`) REFERENCES `accounts_backup` (`AccountId`) ON DELETE NO ACTION ON UPDATE NO ACTION,
  CONSTRAINT `FK_Accounts_Currencies` FOREIGN KEY (`CurrencyId`) REFERENCES `currencies` (`CurrencyId`) ON DELETE NO ACTION ON UPDATE NO ACTION
) ENGINE=InnoDB AUTO_INCREMENT=221 DEFAULT CHARSET=utf8;

INSERT INTO accounts_backup VALUES
(5,2,"liabilities",12,1,"2016-10-29 12:35:18","2016-10-29 12:35:18",0,NULL,NULL,NULL,NULL,NULL,1,2,NULL),
(6,3,"Equity",6,1,"2016-10-29 12:35:18","2016-10-29 12:35:18",0,NULL,NULL,NULL,NULL,NULL,1,2,NULL),
(7,1,"Asset ",2,NULL,"2019-08-27 06:12:58","2019-08-27 06:12:58",0,NULL,NULL,NULL,"Asset",NULL,NULL,2,NULL),
(8,111,"Lands",2,NULL,"2019-08-27 06:17:32","2019-08-27 06:17:32",1,NULL,NULL,NULL,"lands",NULL,NULL,2,7),
(9,4,"Revenue  ",15,NULL,"2019-08-27 06:37:07","2019-08-27 06:37:07",0,NULL,NULL,NULL,NULL,NULL,NULL,2,NULL),
(76,261000,"Account Payable",11,1,"2016-10-29 12:35:18","2016-10-29 12:35:18",0,NULL,NULL,NULL,NULL,NULL,1,2,NULL),
(77,161000,"Account Receivable",1,1,"2016-10-29 12:35:18","2016-10-29 12:35:18",0,NULL,NULL,NULL,NULL,NULL,1,2,NULL),
(78,111000,"Land",2,1,"2018-03-10 03:15:08","2018-03-10 03:15:08",0,NULL,NULL,NULL,"?????",1,1,2,NULL),
(79,113001,"Machines and equipment",2,1,"2018-03-10 03:15:08","2018-03-10 03:15:08",0,NULL,NULL,NULL,"???? ??????",1,1,2,NULL),
(80,113002,"Generators",2,1,"2018-03-10 03:15:08","2018-03-10 03:15:08",0,NULL,NULL,NULL,"??????",1,1,2,NULL),
(81,114000,"Vehicles",2,1,"2018-03-10 03:15:08","2018-03-10 03:15:08",0,NULL,NULL,NULL,"????? ??? ???????",1,1,2,NULL),
(82,115000,"Tools",2,1,"2018-03-10 03:15:08","2018-03-10 03:15:08",0,NULL,NULL,NULL,"???",1,1,2,NULL),
(83,116001,"Furniture",2,1,"2018-03-10 03:15:08","2018-03-10 03:15:08",0,NULL,NULL,NULL,"??????",1,1,2,NULL),
(84,116002,"Air Conditioner",2,1,"2018-03-10 03:15:08","2018-03-10 03:15:08",0,NULL,NULL,NULL,"????? ????? ??????",1,1,2,NULL),
(85,116003,"Computers",2,1,"2018-03-10 03:15:08","2018-03-10 03:15:08",0,NULL,NULL,NULL,"?????? ?????????",1,1,2,NULL),
(86,116004,"Printers",2,1,"2018-03-10 03:15:08","2018-03-10 03:15:08",0,NULL,NULL,NULL,"??????",1,1,2,NULL),
(87,116005,"Office equipment & Mobiles",2,1,"2018-03-10 03:15:08","2018-03-10 03:15:08",0,NULL,NULL,NULL,"????? ?????? ? ?????",1,1,2,NULL),
(88,116006,"Curtain and carpets",2,1,"2018-03-10 03:15:08","2018-03-10 03:15:08",0,NULL,NULL,NULL,"????? ????????",1,1,2,NULL),
(89,122001,"Plant Construction",2,1,"2018-03-10 03:15:08","2018-03-10 03:15:08",0,NULL,NULL,NULL,"???? ??????",1,1,2,NULL),
(90,122002,"Work in Progress Fixes Assets",2,1,"2018-03-10 03:15:08","2018-03-10 03:15:08",0,NULL,NULL,NULL,"??????? ??? ??????? - ???? ?????",1,1,2,NULL),
(91,131001,"Raw Materials Store",1,1,"2018-03-10 03:15:08","2018-03-10 03:15:08",0,NULL,NULL,NULL,"???? ?????? ???????",1,1,2,NULL),
(92,131002,"WIP - inventory",1,1,"2018-03-10 03:15:08","2018-03-10 03:15:08",0,NULL,NULL,NULL,"???? ??? ??????? - ?????",1,1,2,NULL),
(93,131003,"Finished Goods Store",1,1,"2018-03-10 03:15:08","2018-03-10 03:15:08",0,NULL,NULL,NULL,"???? ??????? ???????",1,1,2,NULL),
(94,131004,"Wastage Store",1,1,"2018-03-10 03:15:08","2018-03-10 03:15:08",0,NULL,NULL,NULL,"???? ????? ?????",1,1,2,NULL),
(95,151002,"Partners Finance Investment",1,1,"2018-03-10 03:15:08","2018-03-10 03:15:08",0,NULL,NULL,NULL,"????????? ??????? ???????",1,1,2,NULL),
(96,161000,"------",1,1,"2018-03-10 03:15:08","2018-03-10 03:15:08",0,"Accounts Receivables - Customers",NULL,NULL,"?????? ????? ??????? - ???????",NULL,1,2,NULL),
(97,163001,"Advances Cash Employees - Operation",1,1,"2018-03-10 03:15:08","2018-03-10 03:15:08",0,NULL,NULL,NULL,"??? ???????? ??????? - ???????",1,1,2,NULL),
(98,163002,"Debit Current Accounts - Joto Tank Steel Company",1,1,"2018-03-10 03:15:08","2018-03-10 03:15:08",0,NULL,NULL,NULL,"?????? ????? ????? - ????? ?????",NULL,1,2,NULL),
(99,163003,"Advances Salaries - Employees",1,1,"2018-03-10 03:15:08","2018-03-10 03:15:08",0,NULL,NULL,NULL,"??? ??????? - ????????",1,1,2,NULL),
(100,163004,"Employees Loans",1,1,"2018-03-10 03:15:08","2018-03-10 03:15:08",0,NULL,NULL,NULL,"???? ????????",1,1,2,NULL),
(101,163005,"Differences in Cash and Store",1,1,"2018-03-10 03:15:08","2018-03-10 03:15:08",0,NULL,NULL,NULL,"?????? ????? ???????",1,1,2,NULL),
(102,166000,"Other Debit Accounts",1,1,"2018-03-10 03:15:08","2018-03-10 03:15:08",0,NULL,NULL,NULL,"?????? ????? ????",1,1,2,NULL),
(103,171003,"Prepaid Rental",1,1,"2018-03-10 03:15:08","2018-03-10 03:15:08",0,NULL,NULL,NULL,"??????? ?????? ??????",1,1,2,NULL),
(104,171004,"Prepaid Expences",1,1,"2018-03-10 03:15:08","2018-03-10 03:15:08",0,NULL,NULL,NULL,"?????? ?????? ??????",1,1,2,NULL),
(105,181001,"Cash / USD",1,1,"2018-03-10 03:15:08","2018-03-10 03:15:08",0,NULL,NULL,NULL,"????? / ???????",1,1,2,NULL),
(106,181002,"Cash/ IQD",1,1,"2018-03-10 03:15:08","2018-03-10 03:15:08",0,NULL,NULL,NULL,"????? / ???????",1,1,2,NULL),
(107,182001,"Bank / USD",1,1,"2018-03-10 03:15:08","2018-03-10 03:15:08",0,NULL,NULL,NULL,"??? / ???????",1,1,2,NULL),
(108,182002,"Bank / IQD",1,1,"2018-03-10 03:15:08","2018-03-10 03:15:08",0,NULL,NULL,NULL,"??? / ???????",1,1,2,NULL),
(109,183001,"Money Exchange companies - USD",1,1,"2018-03-10 03:15:08","2018-03-10 03:15:08",0,NULL,NULL,NULL,"????? ??????? - ?????",1,1,2,NULL),
(110,183002,"Money Exchange companies - IQD",1,1,"2018-03-10 03:15:08","2018-03-10 03:15:08",0,NULL,NULL,NULL,"????? ??????? - ?????",1,1,2,NULL),
(111,210000,"Paid In Capital",6,1,"2018-03-10 03:15:08","2018-03-10 03:15:08",0,NULL,NULL,NULL,"??? ????? ???????",1,0,2,NULL),
(112,211000,"Partner Account",6,1,"2018-03-10 03:15:08","2018-03-10 03:15:08",0,NULL,NULL,NULL,"???? ???????",1,0,2,NULL),
(113,212000,"Retained Earnings",6,1,"2018-03-10 03:15:08","2018-03-10 03:15:08",0,NULL,NULL,NULL,"??????? ????????",1,0,2,NULL),
(114,221001,"Income Tax Provision",6,1,"2018-03-10 03:15:08","2018-03-10 03:15:08",0,NULL,NULL,NULL,"??????? ????? ??? ??????",1,0,2,NULL),
(115,221002,"Other Provision",6,1,"2018-03-10 03:15:08","2018-03-10 03:15:08",0,NULL,NULL,NULL,"????????? ????",1,0,2,NULL),
(116,231000,"Accumulated Depreciation lands",11,1,"2018-03-10 03:15:08","2018-03-10 03:15:08",0,NULL,NULL,NULL,"???? ?????? ???????",1,0,2,NULL),
(117,232000,"Accumulated Depreciation Plant Construction",11,1,"2018-03-10 03:15:08","2018-03-10 03:15:08",0,NULL,NULL,NULL,"???? ?????? ???? ??????",1,0,2,NULL),
(118,233001,"Accumulated Depreciation Machines and equipment",11,1,"2018-03-10 03:15:08","2018-03-10 03:15:08",0,NULL,NULL,NULL,"???? ?????? ?????? ????????",1,0,2,NULL),
(119,233002,"Accumulated Depreciation Generators",11,1,"2018-03-10 03:15:08","2018-03-10 03:15:08",0,NULL,NULL,NULL,"???? ?????? ????????",1,0,2,NULL),
(120,234000,"Accumulated Depreciation Vehicles",11,1,"2018-03-10 03:15:08","2018-03-10 03:15:08",0,NULL,NULL,NULL,"???? ?????? ????? ????? ???????",1,0,2,NULL),
(121,235000,"Accumulated Depreciation Tools",11,1,"2018-03-10 03:15:08","2018-03-10 03:15:08",0,NULL,NULL,NULL,"???? ?????? ?????",1,0,2,NULL),
(122,236001,"Accumulated Depreciation Furniture",11,1,"2018-03-10 03:15:08","2018-03-10 03:15:08",0,NULL,NULL,NULL,"???? ?????? ??????",1,0,2,NULL),
(123,236002,"Accumulated Depreciation Air Conditioner",11,1,"2018-03-10 03:15:08","2018-03-10 03:15:08",0,NULL,NULL,NULL,"???? ?????? ??????? ???????",1,0,2,NULL),
(124,236003,"Accumulated Depreciation computers",11,1,"2018-03-10 03:15:08","2018-03-10 03:15:08",0,NULL,NULL,NULL,"???? ?????? ???????? ???????????",1,0,2,NULL),
(125,236004,"Accumulated Depreciation printers",11,1,"2018-03-10 03:15:08","2018-03-10 03:15:08",0,NULL,NULL,NULL,"???? ?????? ????????",1,0,2,NULL),
(126,236005,"Accumulated Depreciation office equipment",11,1,"2018-03-10 03:15:08","2018-03-10 03:15:08",0,NULL,NULL,NULL,"???? ?????? ??????? ????????",1,0,2,NULL),
(127,236006,"Accumulated Depreciation curtain and carpets",11,1,"2018-03-10 03:15:08","2018-03-10 03:15:08",0,NULL,NULL,NULL,"???? ?????? ??????? ??????????",1,0,2,NULL),
(128,261000,"------",11,1,"2018-03-10 03:15:08","2018-03-10 03:15:08",0,"Accounts Payable",NULL,NULL,"?????? ???????",NULL,0,2,NULL),
(129,263000,"Credit Current Accounts",11,1,"2018-03-10 03:15:08","2018-03-10 03:15:08",0,NULL,NULL,NULL,"?????? ????? ?????",1,0,2,NULL),
(130,266000,"Other Credit Accounts",11,1,"2018-03-10 03:15:08","2018-03-10 03:15:08",0,NULL,NULL,NULL,"?????? ????? ????",1,0,2,NULL),
(131,271001,"Accrued Expences",11,1,"2018-03-10 03:15:08","2018-03-10 03:15:08",0,NULL,NULL,NULL,"???????? ????????",1,0,2,NULL),
(132,271003,"Other Accrued",11,1,"2018-03-10 03:15:08","2018-03-10 03:15:08",0,NULL,NULL,NULL,"?????? ?????? ????",1,0,2,NULL),
(133,271004,"Social Security",11,1,"2018-03-10 03:15:08","2018-03-10 03:15:08",0,NULL,NULL,NULL,"???? ??????? ???????? ? ??????",1,0,2,NULL),
(134,301001,"Cost of Goods Sold",9,1,"2018-03-10 03:15:08","2018-03-10 03:15:08",0,NULL,NULL,NULL,"????? ??????? ???????",1,1,2,NULL),
(135,301002,"Other Cost of sales",9,1,"2018-03-10 03:15:08","2018-03-10 03:15:08",0,NULL,NULL,NULL,"????? ????? ????? ????",1,1,2,NULL),
(136,301003,"Damaged & Wastage",9,1,"2018-03-10 03:15:08","2018-03-10 03:15:08",0,NULL,NULL,NULL,"????? & ?????",1,1,2,NULL),
(137,301004,"Expired",9,1,"2018-03-10 03:15:08","2018-03-10 03:15:08",0,NULL,NULL,NULL,"????? ????????",1,1,2,NULL),
(138,302001,"Materials & Equipment transportation",9,1,"2018-03-10 03:15:08","2018-03-10 03:15:08",0,NULL,NULL,NULL,"??? ???? ??????",1,1,2,NULL),
(139,302002,"Custom Fees",9,1,"2018-03-10 03:15:08","2018-03-10 03:15:08",0,NULL,NULL,NULL,"???? ??????",1,1,2,NULL),
(140,302004,"Machine and Equipment Maintenance",9,1,"2018-03-10 03:15:08","2018-03-10 03:15:08",0,NULL,NULL,NULL,"????? ???? ??????",1,1,2,NULL),
(141,302048,"Canteen Food Expenses",9,1,"2018-03-10 03:15:08","2018-03-10 03:15:08",0,NULL,NULL,NULL,"????? ???? ??????",NULL,1,2,NULL),
(142,302006,"Salaries of Administration Dep",9,1,"2018-03-10 03:15:08","2018-03-10 03:15:08",0," ",NULL,NULL,"????? ?????????",NULL,1,2,NULL),
(143,302007,"Overtime",9,1,"2018-03-10 03:15:08","2018-03-10 03:15:08",0,NULL,NULL,NULL,"?????",1,1,2,NULL),
(144,302008,"Travel allowance",9,1,"2018-03-10 03:15:08","2018-03-10 03:15:08",0,NULL,NULL,NULL,"??? ???",1,1,2,NULL),
(145,302009,"Transportation Expenses",9,1,"2018-03-10 03:15:08","2018-03-10 03:15:08",0,NULL,NULL,NULL,"?????? ???",1,1,2,NULL),
(146,302010,"Food Allowances",9,1,"2018-03-10 03:15:08","2018-03-10 03:15:08",0,NULL,NULL,NULL,"??? ????",1,1,2,NULL),
(147,302011,"Other allowances",9,1,"2018-03-10 03:15:08","2018-03-10 03:15:08",0,NULL,NULL,NULL,"????? ????",1,1,2,NULL),
(148,302012,"Employees Social Security expenses",9,1,"2018-03-10 03:15:08","2018-03-10 03:15:08",0,NULL,NULL,NULL,"????? ???? ?????????",1,1,2,NULL),
(149,302014,"Governmental Fees",9,1,"2018-03-10 03:15:08","2018-03-10 03:15:08",0,NULL,NULL,NULL,"???? ??????",1,1,2,NULL),
(150,302015,"Insurance expenses",9,1,"2018-03-10 03:15:08","2018-03-10 03:15:08",0,NULL,NULL,NULL,"????? ?????",1,1,2,NULL),
(151,302016,"Uniform expenses",9,1,"2018-03-10 03:15:08","2018-03-10 03:15:08",0,NULL,NULL,NULL,"????? ???? ??????",1,1,2,NULL),
(152,302017,"Oil and Gas",9,1,"2018-03-10 03:15:08","2018-03-10 03:15:08",0,NULL,NULL,NULL,"??? ????",1,1,2,NULL),
(153,302018,"Plant & Building maintenance",9,1,"2018-03-10 03:15:08","2018-03-10 03:15:08",0,NULL,NULL,NULL,"????? ???? ??????",1,1,2,NULL),
(154,302019,"Office Supplies",9,1,"2018-03-10 03:15:08","2018-03-10 03:15:08",0,NULL,NULL,NULL,"??????? ??????",1,1,2,NULL),
(155,302020,"Stationery",9,1,"2018-03-10 03:15:08","2018-03-10 03:15:08",0,NULL,NULL,NULL,"???????",1,1,2,NULL),
(156,302021,"Electricity & Water",9,1,"2018-03-10 03:15:08","2018-03-10 03:15:08",0,NULL,NULL,NULL,"?????? ?????",1,1,2,NULL),
(157,302023,"Advertisement",9,1,"2018-03-10 03:15:08","2018-03-10 03:15:08",0,NULL,NULL,NULL,"?????",1,1,2,NULL),
(158,302026,"Translation Expenses",9,1,"2018-03-10 03:15:08","2018-03-10 03:15:08",0,NULL,NULL,NULL,"????? ?????",1,1,2,NULL),
(159,302027,"Internet Expenses",9,1,"2018-03-10 03:15:08","2018-03-10 03:15:08",0,NULL,NULL,NULL,"????? ??????",1,1,2,NULL),
(160,302028,"Communication Expenses",9,1,"2018-03-10 03:15:08","2018-03-10 03:15:08",0,NULL,NULL,NULL,"????? ???????",1,1,2,NULL),
(161,302029,"Lawyer Fees",9,1,"2018-03-10 03:15:08","2018-03-10 03:15:08",0,NULL,NULL,NULL,"???? ??????",1,1,2,NULL),
(162,302030,"Other expenses",9,1,"2018-03-10 03:15:08","2018-03-10 03:15:08",0,NULL,NULL,NULL,"?????? ????",1,1,2,NULL),
(163,302031,"Compensation and Fines",9,1,"2018-03-10 03:15:08","2018-03-10 03:15:08",0,NULL,NULL,NULL,"????????? ?????????",1,1,2,NULL),
(164,302032,"Gifts",9,1,"2018-03-10 03:15:08","2018-03-10 03:15:08",0,NULL,NULL,NULL,"?????",1,1,2,NULL),
(165,302033,"Audit fees",9,1,"2018-03-10 03:15:08","2018-03-10 03:15:08",0,NULL,NULL,NULL,"???? ?????",1,1,2,NULL),
(166,302036,"External Staff",9,1,"2018-03-10 03:15:08","2018-03-10 03:15:08",0,NULL,NULL,NULL,"???? ???? ???????",1,1,2,NULL),
(167,302038,"Maintenance Vehicles",9,1,"2018-03-10 03:15:08","2018-03-10 03:15:08",0,NULL,NULL,NULL,"????? ?????? ?????? ?????",1,1,2,NULL),
(168,302039,"Hospitality & banquets",9,1,"2018-03-10 03:15:08","2018-03-10 03:15:08",0,NULL,NULL,NULL,"????? ? ?????",1,1,2,NULL),
(169,302040,"Sales Discount",9,1,"2018-03-10 03:15:08","2018-03-10 03:15:08",0,NULL,NULL,NULL,"??? ??????",1,1,2,NULL),
(170,302041,"Transport and shipment sales",9,1,"2018-03-10 03:15:08","2018-03-10 03:15:08",0,NULL,NULL,NULL,"??? ???? ??????",1,1,2,NULL),
(171,302042,"Cleaning Expences",9,1,"2018-03-10 03:15:08","2018-03-10 03:15:08",0,NULL,NULL,NULL,"????? ?????",1,1,2,NULL),
(172,302043,"Equipment and supplies Expenses",9,1,"2018-03-10 03:15:08","2018-03-10 03:15:08",0,NULL,NULL,NULL,"????? ??????? ??????",1,1,2,NULL),
(173,302044,"Fuel Vehicles",9,1,"2018-03-10 03:15:08","2018-03-10 03:15:08",0,NULL,NULL,NULL,"???? ??????",1,1,2,NULL),
(174,302045,"Postage & Delivery",9,1,"2018-03-10 03:15:08","2018-03-10 03:15:08",0,NULL,NULL,NULL,"?????? ? ?????",1,1,2,NULL),
(175,302046,"Commission remittances",9,1,"2018-03-10 03:15:08","2018-03-10 03:15:08",0,NULL,NULL,NULL,"????? ??????",1,1,2,NULL),
(176,302047,"Travel expenses and residencies",9,1,"2018-03-10 03:15:08","2018-03-10 03:15:08",0,NULL,NULL,NULL,"?????? ??? ???????",1,1,2,NULL),
(177,302049,"Rent Expences",9,1,"2018-03-10 03:15:08","2018-03-10 03:15:08",0,NULL,NULL,NULL,"????? ????",1,1,2,NULL),
(178,302051,"Fire expense",9,1,"2018-03-10 03:15:08","2018-03-10 03:15:08",0,NULL,NULL,NULL,"????? ????",1,1,2,NULL),
(179,302052,"Sales Commission",9,1,"2018-03-10 03:15:08","2018-03-10 03:15:08",0,NULL,NULL,NULL,"????? ??????",1,1,2,NULL),
(180,302053,"Hajar Group Zakho Office Expences",9,1,"2018-03-10 03:15:08","2018-03-10 03:15:08",0,NULL,NULL,NULL,"?????? ???? ???? ???? ?? ????",1,1,2,NULL),
(181,304001,"Bank Charges",9,1,"2018-03-10 03:15:08","2018-03-10 03:15:08",0,NULL,NULL,NULL,"?????? ?????",1,1,2,NULL),
(182,304002,"Bank Loan Interests",9,1,"2018-03-10 03:15:08","2018-03-10 03:15:08",0,NULL,NULL,NULL,"????? ???? ?????",1,1,2,NULL),
(183,304003,"Exchange Rate",9,1,"2018-03-10 03:15:08","2018-03-10 03:15:08",0,NULL,NULL,NULL,"?????? ???? ????? ?????",1,1,2,NULL),
(184,305001,"Income Tax expenses",9,1,"2018-03-10 03:15:08","2018-03-10 03:15:08",0,NULL,NULL,NULL,"????? ????? ?????",1,1,2,NULL),
(185,306001,"Depreciation Machines and equipment",9,1,"2018-03-10 03:15:08","2018-03-10 03:15:08",0,NULL,NULL,NULL,"????? ?????? ???? ??????",1,1,2,NULL),
(186,306002,"Depreciation Plant Construction",9,1,"2018-03-10 03:15:08","2018-03-10 03:15:08",0,NULL,NULL,NULL,"?????",1,1,2,NULL),
(187,306003,"Depreciation lands",9,1,"2018-03-10 03:15:08","2018-03-10 03:15:08",0,NULL,NULL,NULL,"????? ?????? ?????",1,1,2,NULL),
(188,306004,"Depreciation Vehicles",9,1,"2018-03-10 03:15:08","2018-03-10 03:15:08",0,NULL,NULL,NULL,"????? ?????? ????? ???",1,1,2,NULL),
(189,306005,"Depreciation Tools",9,1,"2018-03-10 03:15:08","2018-03-10 03:15:08",0,NULL,NULL,NULL,"????? ?????? ???",1,1,2,NULL),
(190,306006,"Depreciation Furniture",9,1,"2018-03-10 03:15:08","2018-03-10 03:15:08",0,NULL,NULL,NULL,"????? ?????? ????",1,1,2,NULL),
(191,306007,"Depreciation Air Conditioner",9,1,"2018-03-10 03:15:08","2018-03-10 03:15:08",0,NULL,NULL,NULL,"????? ?????? ??????? ???????",1,1,2,NULL),
(192,306008,"Depreciation computers",9,1,"2018-03-10 03:15:08","2018-03-10 03:15:08",0,NULL,NULL,NULL,"????? ?????? ?????? ?????????",1,1,2,NULL),
(193,306009,"Depreciation printers",9,1,"2018-03-10 03:15:08","2018-03-10 03:15:08",0,NULL,NULL,NULL,"????? ?????? ??????",1,1,2,NULL),
(194,306010,"Depreciation office equipment",9,1,"2018-03-10 03:15:08","2018-03-10 03:15:08",0,NULL,NULL,NULL,"????? ?????? ??????? ??????",1,1,2,NULL),
(195,306011,"Depreciation curtain and carpets",9,1,"2018-03-10 03:15:08","2018-03-10 03:15:08",0,NULL,NULL,NULL,"????? ?????? ??????? ??????????",1,1,2,NULL),
(196,306012,"Depreciation Generators",9,1,"2018-03-10 03:15:08","2018-03-10 03:15:08",0,NULL,NULL,NULL,"????? ?????? ????????",1,1,2,NULL),
(197,401001,"Sales Revenue",15,1,"2018-03-10 03:15:08","2018-03-10 03:15:08",0,NULL,NULL,NULL,"??????? ??????",1,0,2,NULL),
(198,401002,"Sales Revenue - Services",15,1,"2018-03-10 03:15:08","2018-03-10 03:15:08",0,NULL,NULL,NULL,"??????? ?????? - ?????",1,0,2,NULL),
(199,403001,"Other revenue",15,1,"2018-03-10 03:15:08","2018-03-10 03:15:08",0,NULL,NULL,NULL,"??????? ????",1,0,2,NULL),
(203,117001,"Defferred Revenue Expenditure",2,NULL,"2018-04-22 04:38:34","2018-04-22 04:38:34",0,NULL,NULL,NULL,"Ù?ØµØ§Ø±Ù?Ù Ø§Ù?Ø±Ø§Ø¯Ø§Ù?Ø© Ù?Ø¤Ø¬Ù?Ø©",NULL,NULL,2,NULL),
(204,302003,"Daily Base workers fees",9,NULL,"2018-04-22 08:09:02","2018-04-22 08:09:02",0,"wages",NULL,NULL,NULL,NULL,NULL,2,NULL),
(205,302005,"Salaries of Operation Dep",9,NULL,"2018-04-22 08:10:09","2018-04-22 08:10:09",0,"Overhead",NULL,NULL,NULL,NULL,NULL,2,NULL),
(206,302013,"Salaries of Marketing Dep",9,NULL,"2018-04-22 08:12:46","2018-04-22 08:12:46",0,NULL,NULL,NULL,NULL,NULL,NULL,2,NULL),
(207,302022,"Adminstration Expenses",9,NULL,"2018-04-22 08:25:13","2018-04-22 08:25:13",0,NULL,NULL,NULL,NULL,NULL,NULL,2,NULL),
(208,302024,"Tips & Bouns",9,NULL,"2018-04-22 08:42:43","2018-04-22 08:42:43",0,NULL,NULL,NULL,NULL,NULL,NULL,2,NULL),
(209,403002,"Shared Expenses From Joto - Other Revenues",15,NULL,"2018-04-22 09:03:39","2018-04-22 09:03:39",0,NULL,NULL,NULL,NULL,NULL,NULL,2,NULL),
(210,263002,"Credit Current Account - Joto Tank Steel Company",11,NULL,"2018-04-23 07:14:58","2018-04-23 07:14:58",0,NULL,NULL,NULL,NULL,NULL,NULL,2,NULL),
(211,302025,"Support Contract",9,NULL,"2018-05-02 09:07:54","2018-05-02 09:07:54",0,NULL,NULL,NULL,NULL,NULL,NULL,2,NULL),
(212,302034,"Previous year expenses",9,NULL,"2018-05-02 09:18:23","2018-05-02 09:18:23",0,NULL,NULL,NULL,NULL,NULL,NULL,2,NULL),
(213,302035,"End Of Services",9,NULL,"2018-05-02 09:19:14","2018-05-02 09:19:14",0,NULL,NULL,NULL,NULL,NULL,NULL,2,NULL),
(214,403003,"Shared Profit & Loss with Joto Still",15,NULL,"2018-05-05 21:04:53","2018-05-05 21:04:53",0,NULL,NULL,NULL,NULL,NULL,NULL,2,NULL),
(215,263001,"Credit Current Account - Salah Addin Holding",11,NULL,"2018-05-07 08:53:20","2018-05-07 08:53:20",0,NULL,NULL,NULL,NULL,NULL,NULL,2,NULL),
(216,163006,"Debit Current Accounts - Salah Addin Holding",1,NULL,"2018-05-07 08:55:23","2018-05-07 08:55:23",0,NULL,NULL,NULL,NULL,NULL,NULL,2,NULL),
(217,162000,"Advance to suppliers",1,NULL,"2018-05-07 09:02:33","2018-05-07 09:02:33",0,NULL,NULL,NULL,NULL,NULL,NULL,2,NULL),
(218,401003,"Sales revenues - Wastege",15,NULL,"2018-05-14 09:39:03","2018-05-14 09:39:03",0,NULL,NULL,NULL,NULL,NULL,NULL,2,NULL),
(219,161001,"Unapplied Receipts",1,NULL,"2018-05-31 07:12:11","2018-05-31 07:12:11",0,NULL,NULL,NULL,NULL,NULL,NULL,2,NULL),
(220,18200001,"RT Bank ",1,NULL,"2018-08-02 04:02:34","2018-08-02 04:02:34",0,NULL,NULL,NULL,NULL,NULL,NULL,2,107);


DROP TABLE accounttypes;

CREATE TABLE `accounttypes` (
  `AccountTypeId` bigint(20) NOT NULL AUTO_INCREMENT,
  `Name` varchar(500) DEFAULT NULL,
  `AccountGroupId` bigint(20) DEFAULT NULL,
  `IncreaseOnDebit` tinyint(1) DEFAULT NULL,
  PRIMARY KEY (`AccountTypeId`),
  KEY `FK_AccountTypes_AccountGroups` (`AccountGroupId`),
  CONSTRAINT `FK_AccountTypes_AccountGroups` FOREIGN KEY (`AccountGroupId`) REFERENCES `accountgroups` (`AccountGroupId`) ON DELETE NO ACTION ON UPDATE NO ACTION
) ENGINE=InnoDB AUTO_INCREMENT=18 DEFAULT CHARSET=utf8;

INSERT INTO accounttypes VALUES
(1,"CurrentAsset",1,1),
(2,"FixedAsset",1,1),
(3,"Inventory",1,1),
(4,"NonCurrentAsset",1,1),
(5,"Prepayments",1,1),
(6,"Equity",2,0),
(7,"Depreciation",3,1),
(8,"DirectCosts",3,1),
(9,"Expenses",3,1),
(10,"Overhead",3,1),
(11,"CurrentLiability",4,0),
(12,"Liability",4,0),
(13,"NonCurrentLiability",4,0),
(14,"OtherIncome",5,0),
(15,"Revenue",5,0),
(17,"Sale",5,0);


DROP TABLE attendance_actual_logs;

CREATE TABLE `attendance_actual_logs` (
  `LogId` bigint(20) NOT NULL AUTO_INCREMENT,
  `empId` int(11) DEFAULT NULL,
  `LogDate` datetime DEFAULT NULL,
  `Temp` tinyint(1) DEFAULT NULL,
  `Status` tinyint(1) DEFAULT NULL,
  `Mode` tinyint(1) DEFAULT NULL,
  `Lt` varchar(250) DEFAULT NULL,
  `Lng` varchar(250) DEFAULT NULL,
  `Processed` int(1) DEFAULT 0 COMMENT '0: not Processed, 1: Processed',
  PRIMARY KEY (`LogId`)
) ENGINE=InnoDB DEFAULT CHARSET=utf8;

DROP TABLE attendance_inout_logs;

CREATE TABLE `attendance_inout_logs` (
  `logId` int(11) NOT NULL AUTO_INCREMENT,
  `checkin` datetime DEFAULT NULL,
  `creationDate` datetime DEFAULT NULL,
  `inlat` varchar(120) DEFAULT NULL,
  `outlat` varchar(120) DEFAULT NULL,
  `inlng` varchar(120) DEFAULT NULL,
  `outlng` varchar(120) DEFAULT NULL,
  `checkout` datetime DEFAULT NULL,
  `empId` int(11) DEFAULT NULL,
  `generatedlogId` int(11) DEFAULT -1,
  PRIMARY KEY (`logId`),
  KEY `Employee` (`empId`)
) ENGINE=InnoDB DEFAULT CHARSET=utf8;

DROP TABLE attendance_log_details;

CREATE TABLE `attendance_log_details` (
  `detailsId` int(11) NOT NULL AUTO_INCREMENT,
  `timesheet_id` int(11) DEFAULT -1,
  `generatedLogId` int(11) DEFAULT NULL,
  `empId` int(11) DEFAULT -1,
  `inoutDate` date DEFAULT NULL,
  `late` int(11) DEFAULT NULL,
  `overtime` int(11) DEFAULT NULL,
  `earlyleave` int(11) DEFAULT NULL,
  `minutesworked` int(11) DEFAULT 0,
  `leave_minutes` int(11) DEFAULT NULL,
  `leave_early` int(11) DEFAULT NULL,
  `leave_late` int(11) DEFAULT NULL,
  `leave_overtime` int(11) DEFAULT NULL,
  `check_in` time DEFAULT NULL,
  `check_out` time DEFAULT NULL,
  `is_absent` int(1) DEFAULT NULL,
  `is_fullday_leave` int(1) DEFAULT NULL,
  `is_holiday` int(1) DEFAULT NULL,
  `has_check_in` int(1) DEFAULT NULL,
  `has_check_out` int(1) DEFAULT NULL,
  `has_leave` int(1) DEFAULT NULL,
  `check_logs` varchar(350) DEFAULT NULL,
  `leave_logs` varchar(350) DEFAULT NULL,
  `logcomment` varchar(500) DEFAULT NULL,
  PRIMARY KEY (`detailsId`),
  KEY `LogId` (`generatedLogId`)
) ENGINE=InnoDB DEFAULT CHARSET=utf8;

DROP TABLE attendance_logs;

CREATE TABLE `attendance_logs` (
  `logId` int(11) NOT NULL AUTO_INCREMENT,
  `creationDate` datetime DEFAULT current_timestamp(),
  `from` datetime DEFAULT NULL,
  `to` datetime DEFAULT NULL,
  `Deleted` tinyint(1) NOT NULL DEFAULT 0,
  PRIMARY KEY (`logId`)
) ENGINE=InnoDB DEFAULT CHARSET=utf8;

DROP TABLE attendance_shifts;

CREATE TABLE `attendance_shifts` (
  `shiftId` int(11) NOT NULL AUTO_INCREMENT,
  `shiftName` varchar(50) NOT NULL,
  `cycleNo` int(3) DEFAULT 1,
  `unitCycle` enum('Week','Day','Month') DEFAULT NULL,
  `data` mediumtext NOT NULL,
  `beginningDate` date DEFAULT NULL,
  `Deleted` tinyint(1) NOT NULL,
  PRIMARY KEY (`shiftId`)
) ENGINE=InnoDB DEFAULT CHARSET=utf8 COMMENT='\r\n';

DROP TABLE attendance_timesheet;

CREATE TABLE `attendance_timesheet` (
  `timesheetId` int(11) NOT NULL AUTO_INCREMENT,
  `timetableName` varchar(50) NOT NULL DEFAULT '0',
  `onDuty` varchar(10) DEFAULT '0',
  `offDuty` varchar(10) DEFAULT '0',
  `late` varchar(10) DEFAULT '0',
  `leaveEarly` varchar(10) DEFAULT '0',
  `beginningIn` varchar(10) DEFAULT '0',
  `endingIn` varchar(10) DEFAULT '0',
  `beginningOut` varchar(10) DEFAULT '0',
  `endingOut` varchar(10) DEFAULT '0',
  `workday` varchar(10) DEFAULT '0',
  `minute` varchar(10) DEFAULT '0',
  `shiftTimeId` int(11) DEFAULT 0,
  `Deleted` tinyint(1) DEFAULT 0,
  PRIMARY KEY (`timesheetId`)
) ENGINE=InnoDB DEFAULT CHARSET=utf8;

DROP TABLE bankaccounts;

CREATE TABLE `bankaccounts` (
  `BankAccountId` bigint(20) NOT NULL AUTO_INCREMENT,
  `BankId` bigint(20) DEFAULT NULL,
  `Name` varchar(500) DEFAULT NULL,
  `AccountNo` varchar(500) DEFAULT NULL,
  `IBAN` varchar(500) DEFAULT NULL,
  `AccountId` bigint(20) DEFAULT NULL,
  `CurrencyId` bigint(20) DEFAULT NULL,
  `Deleted` tinyint(1) DEFAULT 0,
  PRIMARY KEY (`BankAccountId`),
  KEY `FK_BankAccounts_Accounts` (`AccountId`),
  KEY `FK_BankID_idx` (`BankId`),
  KEY `FK_CurrencyId_idx` (`CurrencyId`),
  CONSTRAINT `FK_BankAccounts_Accounts` FOREIGN KEY (`AccountId`) REFERENCES `accounts_backup` (`AccountId`) ON DELETE NO ACTION ON UPDATE NO ACTION,
  CONSTRAINT `FK_BankID` FOREIGN KEY (`BankId`) REFERENCES `banks` (`BankId`) ON DELETE NO ACTION ON UPDATE NO ACTION,
  CONSTRAINT `FK_Currencies` FOREIGN KEY (`CurrencyId`) REFERENCES `currencies` (`CurrencyId`) ON DELETE NO ACTION ON UPDATE NO ACTION
) ENGINE=InnoDB DEFAULT CHARSET=utf8;

DROP TABLE banks;

CREATE TABLE `banks` (
  `BankId` bigint(20) NOT NULL AUTO_INCREMENT,
  `Name` varchar(500) DEFAULT NULL,
  `Branch` varchar(500) DEFAULT NULL,
  `BranchNo` varchar(500) DEFAULT NULL,
  `Deleted` tinyint(1) DEFAULT 0,
  `CreateDate` datetime DEFAULT NULL,
  `ModificationDate` datetime DEFAULT NULL,
  `CreatedByUserId` bigint(20) DEFAULT NULL,
  `ModifiedByUserId` bigint(20) DEFAULT NULL,
  `Notes` longtext DEFAULT NULL,
  PRIMARY KEY (`BankId`)
) ENGINE=InnoDB DEFAULT CHARSET=utf8;

DROP TABLE categorybrands;

CREATE TABLE `categorybrands` (
  `id` int(11) NOT NULL AUTO_INCREMENT,
  `CategoryId` int(11) NOT NULL,
  `ManufacturerId` int(11) NOT NULL,
  PRIMARY KEY (`id`)
) ENGINE=InnoDB DEFAULT CHARSET=utf8;

DROP TABLE cities;

CREATE TABLE `cities` (
  `CityId` bigint(20) NOT NULL AUTO_INCREMENT,
  `Name` varchar(500) DEFAULT NULL,
  `CreateDate` datetime DEFAULT NULL,
  `ModificationDate` datetime DEFAULT NULL,
  `Deleted` tinyint(1) DEFAULT NULL,
  `Notes` longtext DEFAULT NULL,
  `CreatedByUserId` bigint(20) DEFAULT NULL,
  `ModifiedByUserId` bigint(20) DEFAULT NULL,
  `CountryId` bigint(20) DEFAULT NULL,
  PRIMARY KEY (`CityId`),
  KEY `FK_Cities_Countries` (`CountryId`),
  CONSTRAINT `FK_Cities_Countries` FOREIGN KEY (`CountryId`) REFERENCES `countries` (`CountryId`) ON DELETE NO ACTION ON UPDATE NO ACTION
) ENGINE=InnoDB AUTO_INCREMENT=4 DEFAULT CHARSET=utf8;

INSERT INTO cities VALUES
(2,"Irbil",NULL,NULL,NULL,NULL,NULL,NULL,273),
(3,"IRAQ",NULL,NULL,NULL,NULL,NULL,NULL,108);


DROP TABLE citiesandtowns;

CREATE TABLE `citiesandtowns` (
  `CityAndTownId` bigint(20) NOT NULL AUTO_INCREMENT,
  `Name` varchar(500) DEFAULT NULL,
  `CityId` bigint(20) DEFAULT NULL,
  `Notes` text DEFAULT NULL,
  PRIMARY KEY (`CityAndTownId`),
  KEY `city id_idx` (`CityId`)
) ENGINE=InnoDB AUTO_INCREMENT=28 DEFAULT CHARSET=utf8;

INSERT INTO citiesandtowns VALUES
(1,"Erbil",1,NULL),
(2,"Sulaymanieh",2,NULL),
(3,"Duhok",1,NULL),
(4,"Kirkuk",2,NULL),
(5,"Halabja",2,NULL),
(6,"Baghdad",2,NULL),
(7,"Mosel",2,NULL),
(8,"Samara",2,NULL),
(9,"Rumadi",2,NULL),
(10,"Karbala",1,NULL),
(11,"Najaf",1,NULL),
(12,"Basrah",1,NULL),
(13,"Talafar",2,NULL),
(14,"Qaim",2,NULL),
(15,"Rutba",1,NULL),
(16,"Nasiryah",1,NULL),
(17,"Umm Qasr",2,NULL),
(18,"Other",2,NULL),
(25,"Town1",8,NULL),
(26,NULL,3,NULL),
(27,"ERBIL",3,NULL);


DROP TABLE clinic_visit_items;

CREATE TABLE `clinic_visit_items` (
  `ItemTransactionItemId` bigint(20) NOT NULL AUTO_INCREMENT,
  `ItemTransactionId` bigint(20) DEFAULT NULL,
  `ItemId` bigint(20) DEFAULT NULL,
  `InventoryId` bigint(20) DEFAULT NULL,
  `SecondInventoryId` bigint(20) DEFAULT NULL,
  `Quantity` decimal(18,6) DEFAULT NULL,
  `Price` decimal(19,4) DEFAULT NULL,
  `StockPrice` decimal(19,4) DEFAULT NULL,
  `SellPrice` decimal(19,4) DEFAULT NULL,
  `Deleted` tinyint(1) DEFAULT 0,
  `InventoryTransactionDate` date DEFAULT NULL,
  `ItemTransactionTypeId` bigint(20) DEFAULT NULL,
  `LotNumber` varchar(500) DEFAULT NULL,
  `InventoryMovementTypeId` bigint(20) DEFAULT NULL,
  `ExpireDate` date DEFAULT NULL,
  `TransactionId` bigint(20) DEFAULT NULL,
  `ItemUnitId` bigint(20) DEFAULT NULL,
  `ContactId` bigint(20) DEFAULT NULL,
  `Total` decimal(19,4) DEFAULT NULL,
  `CreateDate` datetime DEFAULT current_timestamp(),
  `ServiceType` int(11) DEFAULT NULL,
  `ItemTypeId` bigint(20) DEFAULT NULL,
  `SerialNo` varchar(100) DEFAULT NULL,
  `EffectsItemTransactionItemId` bigint(20) DEFAULT NULL,
  `note` varchar(250) NOT NULL,
  PRIMARY KEY (`ItemTransactionItemId`),
  KEY `FK_InventoryTransactionItems_Contacts` (`ContactId`),
  KEY `FK_InventoryTransactionItems_Inventories` (`InventoryId`),
  KEY `FK_InventoryTransactionItems_Inventories1` (`SecondInventoryId`),
  KEY `FK_InventoryTransactionItems_InventoryItemUnits` (`ItemUnitId`),
  KEY `FK_InventoryTransactionItems_InventoryMovementTypes` (`InventoryMovementTypeId`),
  KEY `FK_InventoryTransactionItems_Transactions` (`TransactionId`),
  KEY `FK_ItemTransactionItems_Items` (`ItemId`),
  KEY `FK_ItemTransactionItems_ItemTransactions` (`ItemTransactionId`),
  KEY `FK_ItemTransactionItems_ItemTransactionTypes` (`ItemTransactionTypeId`),
  KEY `FK_ItemTransactionItems_ItemTypes` (`ItemTypeId`),
  KEY `FK_SELF` (`EffectsItemTransactionItemId`)
) ENGINE=InnoDB DEFAULT CHARSET=utf8;

DROP TABLE clinic_visits;

CREATE TABLE `clinic_visits` (
  `ClinicVisitId` int(11) NOT NULL AUTO_INCREMENT,
  `VisitDate` date NOT NULL,
  `PatientId` int(11) NOT NULL,
  `DoctorId` int(11) DEFAULT NULL,
  `CreateDate` date NOT NULL,
  `CreatedByUserId` int(11) NOT NULL,
  `ModificationDate` date DEFAULT NULL,
  `ModifiedByUserId` int(11) DEFAULT NULL,
  `Deleted` tinyint(1) NOT NULL DEFAULT 0,
  `DocumentReference` int(25) DEFAULT NULL,
  `Notes` text DEFAULT NULL,
  `Attachment` varchar(512) DEFAULT NULL,
  PRIMARY KEY (`ClinicVisitId`)
) ENGINE=InnoDB DEFAULT CHARSET=utf8;

DROP TABLE contacts;

CREATE TABLE `contacts` (
  `ContactId` bigint(20) NOT NULL AUTO_INCREMENT,
  `CreateDate` datetime DEFAULT NULL,
  `ModificationDate` datetime DEFAULT NULL,
  `Notes` text DEFAULT NULL,
  `Deleted` tinyint(1) DEFAULT 0,
  `CreatedByUserId` bigint(20) DEFAULT NULL,
  `ModifiedByUserId` bigint(20) DEFAULT NULL,
  `ContactTypeId` bigint(20) DEFAULT NULL,
  `Name` varchar(128) DEFAULT NULL,
  `Address` text DEFAULT NULL,
  `ContactPerson` text DEFAULT NULL,
  `ContactImage` text DEFAULT NULL,
  `Surname` varchar(128) DEFAULT NULL,
  `LocationId` bigint(20) DEFAULT NULL,
  `ContactNo` varchar(128) DEFAULT NULL,
  `AccountId` bigint(20) DEFAULT NULL,
  `Email` varchar(500) DEFAULT NULL,
  `CityAndTownId` bigint(20) DEFAULT NULL,
  `CountryId` bigint(20) DEFAULT NULL,
  `CityId` bigint(20) DEFAULT NULL,
  `AdvancedPaymentAccountId` int(11) DEFAULT NULL,
  `Type` tinyint(1) DEFAULT NULL COMMENT 'PatientType: 1: normal, 2:VIP',
  `NameKurdish` varchar(128) DEFAULT NULL,
  `MotherName` varchar(128) DEFAULT NULL,
  `FatherName` varchar(128) DEFAULT NULL,
  `Birthdate` date DEFAULT NULL,
  `Age` tinyint(4) DEFAULT NULL,
  `Gender` tinyint(1) DEFAULT NULL,
  `OrganizationId` int(20) DEFAULT NULL,
  `NationalityId` int(11) DEFAULT NULL,
  `Identity` varchar(64) DEFAULT NULL,
  `PassportNo` varchar(64) DEFAULT NULL,
  `BloodGroupId` tinyint(4) DEFAULT NULL,
  `Balance` text DEFAULT NULL,
  PRIMARY KEY (`ContactId`),
  KEY `FK_Contacts_Accounts` (`AccountId`),
  KEY `FK_Contacts_CitiesAndTowns` (`CityAndTownId`),
  KEY `FK_Contacts_ContactTypes` (`ContactTypeId`),
  KEY `FK_Contacts_Locations` (`LocationId`),
  KEY `city ID_idx` (`CityId`),
  KEY `country ID_idx` (`CountryId`)
) ENGINE=InnoDB AUTO_INCREMENT=17 DEFAULT CHARSET=utf8;

INSERT INTO contacts VALUES
(1,NULL,NULL,NULL,0,NULL,NULL,8,"Kiton",NULL,NULL,"public/contacts/blank_profile.png",NULL,NULL,7505210007,NULL,NULL,NULL,NULL,NULL,NULL,NULL,NULL,NULL,NULL,NULL,NULL,NULL,NULL,NULL,NULL,NULL,NULL,"{\"group\":{\"1\":{\"a\":0,\"b\":0,\"s\":\"IQD\"},\"2\":{\"a\":3605,\"b\":3605,\"s\":\"$\"}},\"balance\":{\"APTotal\":2335,\"APRemaining\":2335,\"ARTotal\":1270,\"ARRemaining\":1270}}"),
(2,NULL,NULL,NULL,0,NULL,NULL,1,"test first customer",NULL,NULL,"public/contacts/blank_profile.png",NULL,NULL,96400000000,NULL,NULL,NULL,NULL,NULL,NULL,NULL,NULL,NULL,NULL,NULL,NULL,NULL,NULL,NULL,NULL,NULL,NULL,"{\"group\":{\"1\":{\"a\":0,\"b\":0,\"s\":\"IQD\"},\"2\":{\"a\":1270,\"b\":1270,\"s\":\"$\"}},\"balance\":{\"APTotal\":0,\"APRemaining\":0,\"ARTotal\":1270,\"ARRemaining\":1270}}"),
(3,NULL,NULL,NULL,0,NULL,NULL,1,"bahzad",NULL,NULL,"public/contacts/1617181652.png",NULL,NULL,9647506889999,NULL,NULL,NULL,NULL,NULL,NULL,NULL,NULL,NULL,NULL,NULL,NULL,NULL,NULL,NULL,NULL,NULL,NULL,"{\"group\":{\"1\":{\"a\":0,\"b\":0,\"s\":\"IQD\"},\"2\":{\"a\":2180,\"b\":2180,\"s\":\"$\"}},\"balance\":{\"APTotal\":0,\"APRemaining\":0,\"ARTotal\":2180,\"ARRemaining\":2180}}"),
(4,NULL,NULL,NULL,0,NULL,NULL,1,"JKHSI","ERBIL IRAQ",NULL,"public/contacts/blank_profile.png","HOSTANI",NULL,7505210007,NULL,"-------@GMAIL.COM",NULL,108,NULL,NULL,NULL,NULL,NULL,NULL,NULL,NULL,NULL,NULL,NULL,NULL,NULL,NULL,"{\"group\":{\"1\":{\"a\":0,\"b\":0,\"s\":\"IQD\"},\"2\":{\"a\":13661,\"b\":13661,\"s\":\"$\"}},\"balance\":{\"APTotal\":7760,\"APRemaining\":0,\"ARTotal\":19869,\"ARRemaining\":13661}}"),
(5,NULL,NULL,NULL,0,NULL,NULL,1,"SERGEI","MOSKO","DANA","public/contacts/blank_profile.png","SERGEI",NULL,"0750 6889999",NULL,"......@GMAIL.COM",27,108,3,NULL,NULL,NULL,NULL,NULL,NULL,NULL,NULL,NULL,NULL,NULL,NULL,NULL,"{\"group\":{\"1\":{\"a\":0,\"b\":0,\"s\":\"IQD\"},\"2\":{\"a\":1050,\"b\":1050,\"s\":\"$\"}},\"balance\":{\"APTotal\":0,\"APRemaining\":0,\"ARTotal\":1050,\"ARRemaining\":1050}}"),
(6,NULL,NULL,NULL,0,NULL,NULL,1,"Hawraz",NULL,NULL,"public/contacts/blank_profile.png",NULL,NULL,67856785678,NULL,NULL,NULL,NULL,NULL,NULL,NULL,NULL,NULL,NULL,NULL,NULL,NULL,NULL,NULL,NULL,NULL,NULL,"{\"group\":{\"1\":{\"a\":0,\"b\":0,\"s\":\"IQD\"},\"2\":{\"a\":990,\"b\":990,\"s\":\"$\"}},\"balance\":{\"APTotal\":0,\"APRemaining\":0,\"ARTotal\":990,\"ARRemaining\":990}}"),
(7,NULL,NULL,NULL,0,NULL,NULL,1,"LAVA",NULL,NULL,"public/contacts/blank_profile.png",NULL,NULL,9647505210007,NULL,NULL,NULL,NULL,NULL,NULL,NULL,NULL,NULL,NULL,NULL,NULL,NULL,NULL,NULL,NULL,NULL,NULL,"{\"group\":{\"1\":{\"a\":0,\"b\":0,\"s\":\"IQD\"},\"2\":{\"a\":8850,\"b\":8850,\"s\":\"$\"}},\"balance\":{\"APTotal\":0,\"APRemaining\":0,\"ARTotal\":24780,\"ARRemaining\":8850}}"),
(8,NULL,NULL,NULL,0,NULL,NULL,1,"RAGIB SEN",NULL,NULL,"public/contacts/blank_profile.png",NULL,NULL,9647503126555,NULL,NULL,NULL,NULL,NULL,NULL,NULL,NULL,NULL,NULL,NULL,NULL,NULL,NULL,NULL,NULL,NULL,NULL,"{\"group\":{\"1\":{\"a\":0,\"b\":0,\"s\":\"IQD\"},\"2\":{\"a\":485,\"b\":485,\"s\":\"$\"}},\"balance\":{\"APTotal\":0,\"APRemaining\":0,\"ARTotal\":485,\"ARRemaining\":485}}"),
(9,NULL,NULL,NULL,0,NULL,NULL,1,"BAGHDAD SHOWROOM",NULL,NULL,"public/contacts/blank_profile.png",NULL,NULL,9647811116000,NULL,NULL,NULL,NULL,NULL,NULL,NULL,NULL,NULL,NULL,NULL,NULL,NULL,NULL,NULL,NULL,NULL,NULL,"{\"group\":{\"1\":{\"a\":0,\"b\":0,\"s\":\"IQD\"},\"2\":{\"a\":39765,\"b\":39765,\"s\":\"$\"}},\"balance\":{\"APTotal\":0,\"APRemaining\":0,\"ARTotal\":39765,\"ARRemaining\":39765}}"),
(10,NULL,NULL,NULL,0,NULL,NULL,1,"ALI (KHOSHNAW-GROUP)",NULL,NULL,"public/contacts/blank_profile.png",NULL,NULL,9647500000000,NULL,NULL,NULL,NULL,NULL,NULL,NULL,NULL,NULL,NULL,NULL,NULL,NULL,NULL,NULL,NULL,NULL,NULL,"{\"group\":{\"1\":{\"a\":0,\"b\":0,\"s\":\"IQD\"},\"2\":{\"a\":12436,\"b\":12436.25,\"s\":\"$\"}},\"balance\":{\"APTotal\":9105,\"APRemaining\":0,\"ARTotal\":12436.25,\"ARRemaining\":12436.25}}"),
(11,NULL,NULL,NULL,0,NULL,NULL,1,"BAGHDAD SHOW ROOM",NULL,NULL,"public/contacts/blank_profile.png",NULL,NULL,9647500000001,NULL,NULL,NULL,NULL,NULL,NULL,NULL,NULL,NULL,NULL,NULL,NULL,NULL,NULL,NULL,NULL,NULL,NULL,"{\"group\":{\"1\":{\"a\":0,\"b\":0,\"s\":\"IQD\"},\"2\":{\"a\":740,\"b\":740,\"s\":\"$\"}},\"balance\":{\"APTotal\":0,\"APRemaining\":0,\"ARTotal\":740,\"ARRemaining\":740}}"),
(12,NULL,NULL,NULL,0,NULL,NULL,1,"ALI(MUHAMAD KHOSHNAW)",NULL,NULL,"public/contacts/blank_profile.png",NULL,NULL,9647504779999,NULL,NULL,NULL,NULL,NULL,NULL,NULL,NULL,NULL,NULL,NULL,NULL,NULL,NULL,NULL,NULL,NULL,NULL,"{\"group\":{\"1\":{\"a\":0,\"b\":0,\"s\":\"IQD\"},\"2\":{\"a\":18588,\"b\":18588,\"s\":\"$\"}},\"balance\":{\"APTotal\":0,\"APRemaining\":0,\"ARTotal\":18588,\"ARRemaining\":18588}}"),
(13,NULL,NULL,NULL,0,NULL,NULL,1,"SARMAT(ABDULLA KHOSHNAW)",NULL,NULL,"public/contacts/blank_profile.png",NULL,NULL,9647502400440,NULL,NULL,NULL,NULL,NULL,NULL,NULL,NULL,NULL,NULL,NULL,NULL,NULL,NULL,NULL,NULL,NULL,NULL,"{\"group\":{\"1\":{\"a\":0,\"b\":0,\"s\":\"IQD\"},\"2\":{\"a\":1940,\"b\":1940,\"s\":\"$\"}},\"balance\":{\"APTotal\":0,\"APRemaining\":0,\"ARTotal\":1940,\"ARRemaining\":1940}}"),
(14,NULL,NULL,NULL,0,NULL,NULL,1,"Abu Ali",NULL,NULL,"public/contacts/blank_profile.png",NULL,NULL,9647500000002,NULL,NULL,NULL,NULL,NULL,NULL,NULL,NULL,NULL,NULL,NULL,NULL,NULL,NULL,NULL,NULL,NULL,NULL,NULL),
(15,NULL,NULL,NULL,0,NULL,NULL,1,"SABRI OZEL",NULL,NULL,"public/contacts/blank_profile.png",NULL,NULL,7505210006,NULL,NULL,NULL,NULL,NULL,NULL,NULL,NULL,NULL,NULL,NULL,NULL,NULL,NULL,NULL,NULL,NULL,NULL,"{\"group\":{\"1\":{\"a\":0,\"b\":0,\"s\":\"IQD\"},\"2\":{\"a\":5556,\"b\":5556,\"s\":\"$\"}},\"balance\":{\"APTotal\":0,\"APRemaining\":0,\"ARTotal\":5556,\"ARRemaining\":5556}}"),
(16,NULL,NULL,NULL,0,NULL,NULL,1,"SMAN HALI",NULL,NULL,"public/contacts/blank_profile.png",NULL,NULL,9647500002,NULL,NULL,NULL,NULL,NULL,NULL,NULL,NULL,NULL,NULL,NULL,NULL,NULL,NULL,NULL,NULL,NULL,NULL,"{\"group\":{\"1\":{\"a\":0,\"b\":0,\"s\":\"IQD\"},\"2\":{\"a\":985,\"b\":985,\"s\":\"$\"}},\"balance\":{\"APTotal\":985,\"APRemaining\":0,\"ARTotal\":1085,\"ARRemaining\":985}}");


DROP TABLE contacttypes;

CREATE TABLE `contacttypes` (
  `ContactTypeId` bigint(20) NOT NULL AUTO_INCREMENT,
  `Name` varchar(500) DEFAULT NULL,
  PRIMARY KEY (`ContactTypeId`)
) ENGINE=InnoDB AUTO_INCREMENT=9 DEFAULT CHARSET=utf8;

INSERT INTO contacttypes VALUES
(1,"Customer"),
(2,"Employee"),
(3,"StakeHolder"),
(5,"Patient"),
(6,"Organization"),
(7,"Doctor"),
(8,"Supplier");


DROP TABLE countries;

CREATE TABLE `countries` (
  `CountryId` bigint(20) NOT NULL AUTO_INCREMENT,
  `Name` varchar(500) DEFAULT NULL,
  `CreateDate` datetime DEFAULT NULL,
  `ModificationDate` datetime DEFAULT NULL,
  `Deleted` tinyint(1) DEFAULT NULL,
  `Notes` longtext DEFAULT NULL,
  `CreatedByUserId` bigint(20) DEFAULT NULL,
  `ModifiedByUserId` bigint(20) DEFAULT NULL,
  `CountryCode` varchar(45) DEFAULT NULL,
  PRIMARY KEY (`CountryId`)
) ENGINE=InnoDB AUTO_INCREMENT=275 DEFAULT CHARSET=utf8;

INSERT INTO countries VALUES
(1,"Afghanistan","2019-05-22 01:56:03",NULL,0,NULL,12,NULL,"AF"),
(2,"Albania","2019-05-22 01:56:03",NULL,0,NULL,12,NULL,"AL"),
(3,"Algeria","2019-05-22 01:56:03",NULL,0,NULL,12,NULL,"DZ"),
(4,"American Samoa","2019-05-22 01:56:03",NULL,0,NULL,12,NULL,"AS"),
(5,"Andorra","2019-05-22 01:56:03",NULL,0,NULL,12,NULL,"AD"),
(6,"Angola","2019-05-22 01:56:03",NULL,0,NULL,12,NULL,"AO"),
(7,"Anguilla","2019-05-22 01:56:03",NULL,0,NULL,12,NULL,"AI"),
(8,"Antarctica","2019-05-22 01:56:03",NULL,0,NULL,12,NULL,"AQ"),
(9,"Antigua and Barbuda","2019-05-22 01:56:03",NULL,0,NULL,12,NULL,"AG"),
(10,"Argentina","2019-05-22 01:56:03",NULL,0,NULL,12,NULL,"AR"),
(11,"Armenia","2019-05-22 01:56:03",NULL,0,NULL,12,NULL,"AM"),
(12,"Aruba","2019-05-22 01:56:03",NULL,0,NULL,12,NULL,"AW"),
(13,"Australia","2019-05-22 01:56:03",NULL,0,NULL,12,NULL,"AU"),
(14,"Austria","2019-05-22 01:56:03",NULL,0,NULL,12,NULL,"AT"),
(15,"Azerbaijan","2019-05-22 01:56:03",NULL,0,NULL,12,NULL,"AZ"),
(16,"Bahamas","2019-05-22 01:56:03",NULL,0,NULL,12,NULL,"BS"),
(17,"Bahrain","2019-05-22 01:56:03",NULL,0,NULL,12,NULL,"BH"),
(18,"Bangladesh","2019-05-22 01:56:03",NULL,0,NULL,12,NULL,"BD"),
(19,"Barbados","2019-05-22 01:56:03",NULL,0,NULL,12,NULL,"BB"),
(20,"Belarus","2019-05-22 01:56:03",NULL,0,NULL,12,NULL,"BY"),
(21,"Belgium","2019-05-22 01:56:03",NULL,0,NULL,12,NULL,"BE"),
(22,"Belize","2019-05-22 01:56:03",NULL,0,NULL,12,NULL,"BZ"),
(23,"Benin","2019-05-22 01:56:03",NULL,0,NULL,12,NULL,"BJ"),
(24,"Bermuda","2019-05-22 01:56:03",NULL,0,NULL,12,NULL,"BM"),
(25,"Bhutan","2019-05-22 01:56:03",NULL,0,NULL,12,NULL,"BT"),
(26,"Bolivia","2019-05-22 01:56:03",NULL,0,NULL,12,NULL,"BO"),
(27,"Bosnia and Herzegovina","2019-05-22 01:56:03",NULL,0,NULL,12,NULL,"BA"),
(28,"Botswana","2019-05-22 01:56:03",NULL,0,NULL,12,NULL,"BW"),
(29,"Bouvet Island","2019-05-22 01:56:03",NULL,0,NULL,12,NULL,"BV"),
(30,"Brazil","2019-05-22 01:56:03",NULL,0,NULL,12,NULL,"BR"),
(31,"British Antarctic Territory","2019-05-22 01:56:03",NULL,0,NULL,12,NULL,"BQ"),
(32,"British Indian Ocean Territory","2019-05-22 01:56:03",NULL,0,NULL,12,NULL,"IO"),
(33,"British Virgin Islands","2019-05-22 01:56:03",NULL,0,NULL,12,NULL,"VG"),
(34,"Brunei","2019-05-22 01:56:03",NULL,0,NULL,12,NULL,"BN"),
(35,"Bulgaria","2019-05-22 01:56:03",NULL,0,NULL,12,NULL,"BG"),
(36,"Burkina Faso","2019-05-22 01:56:03",NULL,0,NULL,12,NULL,"BF"),
(37,"Burundi","2019-05-22 01:56:03",NULL,0,NULL,12,NULL,"BI"),
(38,"Cambodia","2019-05-22 01:56:03",NULL,0,NULL,12,NULL,"KH"),
(39,"Cameroon","2019-05-22 01:56:03",NULL,0,NULL,12,NULL,"CM"),
(40,"Canada","2019-05-22 01:56:03",NULL,0,NULL,12,NULL,"CA"),
(41,"Canton and Enderbury Islands","2019-05-22 01:56:03",NULL,0,NULL,12,NULL,"CT"),
(42,"Cape Verde","2019-05-22 01:56:03",NULL,0,NULL,12,NULL,"CV"),
(43,"Cayman Islands","2019-05-22 01:56:03",NULL,0,NULL,12,NULL,"KY"),
(44,"Central African Republic","2019-05-22 01:56:03",NULL,0,NULL,12,NULL,"CF"),
(45,"Chad","2019-05-22 01:56:03",NULL,0,NULL,12,NULL,"TD"),
(46,"Chile","2019-05-22 01:56:03",NULL,0,NULL,12,NULL,"CL"),
(47,"China","2019-05-22 01:56:03",NULL,0,NULL,12,NULL,"CN"),
(48,"Christmas Island","2019-05-22 01:56:03",NULL,0,NULL,12,NULL,"CX"),
(49,"Cocos [Keeling] Islands","2019-05-22 01:56:03",NULL,0,NULL,12,NULL,"CC"),
(50,"Colombia","2019-05-22 01:56:03",NULL,0,NULL,12,NULL,"CO"),
(51,"Comoros","2019-05-22 01:56:03",NULL,0,NULL,12,NULL,"KM"),
(52,"Congo - Brazzaville","2019-05-22 01:56:03",NULL,0,NULL,12,NULL,"CG"),
(53,"Congo - Kinshasa","2019-05-22 01:56:03",NULL,0,NULL,12,NULL,"CD"),
(54,"Cook Islands","2019-05-22 01:56:03",NULL,0,NULL,12,NULL,"CK"),
(55,"Costa Rica","2019-05-22 01:56:03",NULL,0,NULL,12,NULL,"CR"),
(56,"Croatia","2019-05-22 01:56:03",NULL,0,NULL,12,NULL,"HR"),
(57,"Cuba","2019-05-22 01:56:03",NULL,0,NULL,12,NULL,"CU"),
(58,"Cyprus","2019-05-22 01:56:03",NULL,0,NULL,12,NULL,"CY"),
(59,"Czech Republic","2019-05-22 01:56:03",NULL,0,NULL,12,NULL,"CZ"),
(60,"Côte d?Ivoire","2019-05-22 01:56:03",NULL,0,NULL,12,NULL,"CI"),
(61,"Denmark","2019-05-22 01:56:03",NULL,0,NULL,12,NULL,"DK"),
(62,"Djibouti","2019-05-22 01:56:03",NULL,0,NULL,12,NULL,"DJ"),
(63,"Dominica","2019-05-22 01:56:03",NULL,0,NULL,12,NULL,"DM"),
(64,"Dominican Republic","2019-05-22 01:56:03",NULL,0,NULL,12,NULL,"DO"),
(65,"Dronning Maud Land","2019-05-22 01:56:03",NULL,0,NULL,12,NULL,"NQ"),
(66,"East Germany","2019-05-22 01:56:03",NULL,0,NULL,12,NULL,"DD"),
(67,"Ecuador","2019-05-22 01:56:03",NULL,0,NULL,12,NULL,"EC"),
(68,"Egypt","2019-05-22 01:56:03",NULL,0,NULL,12,NULL,"EG"),
(69,"El Salvador","2019-05-22 01:56:03",NULL,0,NULL,12,NULL,"SV"),
(70,"Equatorial Guinea","2019-05-22 01:56:03",NULL,0,NULL,12,NULL,"GQ"),
(71,"Eritrea","2019-05-22 01:56:03",NULL,0,NULL,12,NULL,"ER"),
(72,"Estonia","2019-05-22 01:56:03",NULL,0,NULL,12,NULL,"EE"),
(73,"Ethiopia","2019-05-22 01:56:03",NULL,0,NULL,12,NULL,"ET"),
(74,"Falkland Islands","2019-05-22 01:56:03",NULL,0,NULL,12,NULL,"FK"),
(75,"Faroe Islands","2019-05-22 01:56:03",NULL,0,NULL,12,NULL,"FO"),
(76,"Fiji","2019-05-22 01:56:03",NULL,0,NULL,12,NULL,"FJ"),
(77,"Finland","2019-05-22 01:56:03",NULL,0,NULL,12,NULL,"FI"),
(78,"France","2019-05-22 01:56:03",NULL,0,NULL,12,NULL,"FR"),
(79,"French Guiana","2019-05-22 01:56:03",NULL,0,NULL,12,NULL,"GF"),
(80,"French Polynesia","2019-05-22 01:56:03",NULL,0,NULL,12,NULL,"PF"),
(81,"French Southern Territories","2019-05-22 01:56:03",NULL,0,NULL,12,NULL,"TF"),
(82,"French Southern and Antarctic Territories","2019-05-22 01:56:03",NULL,0,NULL,12,NULL,"FQ"),
(83,"Gabon","2019-05-22 01:56:03",NULL,0,NULL,12,NULL,"GA"),
(84,"Gambia","2019-05-22 01:56:03",NULL,0,NULL,12,NULL,"GM"),
(85,"Georgia","2019-05-22 01:56:03",NULL,0,NULL,12,NULL,"GE"),
(86,"Germany","2019-05-22 01:56:03",NULL,0,NULL,12,NULL,"DE"),
(87,"Ghana","2019-05-22 01:56:03",NULL,0,NULL,12,NULL,"GH"),
(88,"Gibraltar","2019-05-22 01:56:03",NULL,0,NULL,12,NULL,"GI"),
(89,"Greece","2019-05-22 01:56:03",NULL,0,NULL,12,NULL,"GR"),
(90,"Greenland","2019-05-22 01:56:03",NULL,0,NULL,12,NULL,"GL"),
(91,"Grenada","2019-05-22 01:56:03",NULL,0,NULL,12,NULL,"GD"),
(92,"Guadeloupe","2019-05-22 01:56:03",NULL,0,NULL,12,NULL,"GP"),
(93,"Guam","2019-05-22 01:56:03",NULL,0,NULL,12,NULL,"GU"),
(94,"Guatemala","2019-05-22 01:56:03",NULL,0,NULL,12,NULL,"GT"),
(95,"Guernsey","2019-05-22 01:56:03",NULL,0,NULL,12,NULL,"GG"),
(96,"Guinea","2019-05-22 01:56:03",NULL,0,NULL,12,NULL,"GN"),
(97,"Guinea-Bissau","2019-05-22 01:56:03",NULL,0,NULL,12,NULL,"GW"),
(98,"Guyana","2019-05-22 01:56:03",NULL,0,NULL,12,NULL,"GY"),
(99,"Haiti","2019-05-22 01:56:03",NULL,0,NULL,12,NULL,"HT"),
(100,"Heard Island and McDonald Islands","2019-05-22 01:56:03",NULL,0,NULL,12,NULL,"HM"),
(101,"Honduras","2019-05-22 01:56:03",NULL,0,NULL,12,NULL,"HN"),
(102,"Hong Kong SAR China","2019-05-22 01:56:03",NULL,0,NULL,12,NULL,"HK"),
(103,"Hungary","2019-05-22 01:56:03",NULL,0,NULL,12,NULL,"HU"),
(104,"Iceland","2019-05-22 01:56:03",NULL,0,NULL,12,NULL,"IS"),
(105,"India","2019-05-22 01:56:03",NULL,0,NULL,12,NULL,"IN"),
(106,"Indonesia","2019-05-22 01:56:03",NULL,0,NULL,12,NULL,"ID"),
(107,"Iran","2019-05-22 01:56:03",NULL,0,NULL,12,NULL,"IR"),
(108,"Iraq","2019-05-22 01:56:03",NULL,0,NULL,12,NULL,"IQ"),
(109,"Ireland","2019-05-22 01:56:03",NULL,0,NULL,12,NULL,"IE"),
(110,"Isle of Man","2019-05-22 01:56:03",NULL,0,NULL,12,NULL,"IM"),
(111,"Israel","2019-05-22 01:56:03",NULL,0,NULL,12,NULL,"IL"),
(112,"Italy","2019-05-22 01:56:03",NULL,0,NULL,12,NULL,"IT"),
(113,"Jamaica","2019-05-22 01:56:03",NULL,0,NULL,12,NULL,"JM"),
(114,"Japan","2019-05-22 01:56:03",NULL,0,NULL,12,NULL,"JP"),
(115,"Jersey","2019-05-22 01:56:03",NULL,0,NULL,12,NULL,"JE"),
(116,"Johnston Island","2019-05-22 01:56:03",NULL,0,NULL,12,NULL,"JT"),
(117,"Jordan","2019-05-22 01:56:03",NULL,0,NULL,12,NULL,"JO"),
(118,"Kazakhstan","2019-05-22 01:56:03",NULL,0,NULL,12,NULL,"KZ"),
(119,"Kenya","2019-05-22 01:56:03",NULL,0,NULL,12,NULL,"KE"),
(120,"Kiribati","2019-05-22 01:56:03",NULL,0,NULL,12,NULL,"KI"),
(121,"Kuwait","2019-05-22 01:56:03",NULL,0,NULL,12,NULL,"KW"),
(122,"Kyrgyzstan","2019-05-22 01:56:03",NULL,0,NULL,12,NULL,"KG"),
(123,"Laos","2019-05-22 01:56:03",NULL,0,NULL,12,NULL,"LA"),
(124,"Latvia","2019-05-22 01:56:03",NULL,0,NULL,12,NULL,"LV"),
(125,"Lebanon","2019-05-22 01:56:03",NULL,0,NULL,12,NULL,"LB"),
(126,"Lesotho","2019-05-22 01:56:03",NULL,0,NULL,12,NULL,"LS"),
(127,"Liberia","2019-05-22 01:56:03",NULL,0,NULL,12,NULL,"LR"),
(128,"Libya","2019-05-22 01:56:03",NULL,0,NULL,12,NULL,"LY"),
(129,"Liechtenstein","2019-05-22 01:56:03",NULL,0,NULL,12,NULL,"LI"),
(130,"Lithuania","2019-05-22 01:56:03",NULL,0,NULL,12,NULL,"LT"),
(131,"Luxembourg","2019-05-22 01:56:03",NULL,0,NULL,12,NULL,"LU"),
(132,"Macau SAR China","2019-05-22 01:56:03",NULL,0,NULL,12,NULL,"MO"),
(133,"Macedonia","2019-05-22 01:56:03",NULL,0,NULL,12,NULL,"MK"),
(134,"Madagascar","2019-05-22 01:56:03",NULL,0,NULL,12,NULL,"MG"),
(135,"Malawi","2019-05-22 01:56:03",NULL,0,NULL,12,NULL,"MW"),
(136,"Malaysia","2019-05-22 01:56:03",NULL,0,NULL,12,NULL,"MY"),
(137,"Maldives","2019-05-22 01:56:03",NULL,0,NULL,12,NULL,"MV"),
(138,"Mali","2019-05-22 01:56:03",NULL,0,NULL,12,NULL,"ML"),
(139,"Malta","2019-05-22 01:56:03",NULL,0,NULL,12,NULL,"MT"),
(140,"Marshall Islands","2019-05-22 01:56:03",NULL,0,NULL,12,NULL,"MH"),
(141,"Martinique","2019-05-22 01:56:03",NULL,0,NULL,12,NULL,"MQ"),
(142,"Mauritania","2019-05-22 01:56:03",NULL,0,NULL,12,NULL,"MR"),
(143,"Mauritius","2019-05-22 01:56:03",NULL,0,NULL,12,NULL,"MU"),
(144,"Mayotte","2019-05-22 01:56:03",NULL,0,NULL,12,NULL,"YT"),
(145,"Metropolitan France","2019-05-22 01:56:03",NULL,0,NULL,12,NULL,"FX"),
(146,"Mexico","2019-05-22 01:56:03",NULL,0,NULL,12,NULL,"MX"),
(147,"Micronesia","2019-05-22 01:56:03",NULL,0,NULL,12,NULL,"FM"),
(148,"Midway Islands","2019-05-22 01:56:03",NULL,0,NULL,12,NULL,"MI"),
(149,"Moldova","2019-05-22 01:56:03",NULL,0,NULL,12,NULL,"MD"),
(150,"Monaco","2019-05-22 01:56:03",NULL,0,NULL,12,NULL,"MC"),
(151,"Mongolia","2019-05-22 01:56:03",NULL,0,NULL,12,NULL,"MN"),
(152,"Montenegro","2019-05-22 01:56:03",NULL,0,NULL,12,NULL,"ME"),
(153,"Montserrat","2019-05-22 01:56:03",NULL,0,NULL,12,NULL,"MS"),
(154,"Morocco","2019-05-22 01:56:03",NULL,0,NULL,12,NULL,"MA"),
(155,"Mozambique","2019-05-22 01:56:03",NULL,0,NULL,12,NULL,"MZ"),
(156,"Myanmar [Burma]","2019-05-22 01:56:03",NULL,0,NULL,12,NULL,"MM"),
(157,"Namibia","2019-05-22 01:56:03",NULL,0,NULL,12,NULL,"NA"),
(158,"Nauru","2019-05-22 01:56:03",NULL,0,NULL,12,NULL,"NR"),
(159,"Nepal","2019-05-22 01:56:03",NULL,0,NULL,12,NULL,"NP"),
(160,"Netherlands","2019-05-22 01:56:03",NULL,0,NULL,12,NULL,"NL"),
(161,"Netherlands Antilles","2019-05-22 01:56:03",NULL,0,NULL,12,NULL,"AN"),
(162,"Neutral Zone","2019-05-22 01:56:03",NULL,0,NULL,12,NULL,"NT"),
(163,"New Caledonia","2019-05-22 01:56:03",NULL,0,NULL,12,NULL,"NC"),
(164,"New Zealand","2019-05-22 01:56:03",NULL,0,NULL,12,NULL,"NZ"),
(165,"Nicaragua","2019-05-22 01:56:03",NULL,0,NULL,12,NULL,"NI"),
(166,"Niger","2019-05-22 01:56:03",NULL,0,NULL,12,NULL,"NE"),
(167,"Nigeria","2019-05-22 01:56:03",NULL,0,NULL,12,NULL,"NG"),
(168,"Niue","2019-05-22 01:56:03",NULL,0,NULL,12,NULL,"NU"),
(169,"Norfolk Island","2019-05-22 01:56:03",NULL,0,NULL,12,NULL,"NF"),
(170,"North Korea","2019-05-22 01:56:03",NULL,0,NULL,12,NULL,"KP"),
(171,"North Vietnam","2019-05-22 01:56:03",NULL,0,NULL,12,NULL,"VD"),
(172,"Northern Mariana Islands","2019-05-22 01:56:03",NULL,0,NULL,12,NULL,"MP"),
(173,"Norway","2019-05-22 01:56:03",NULL,0,NULL,12,NULL,"NO"),
(174,"Oman","2019-05-22 01:56:03",NULL,0,NULL,12,NULL,"OM"),
(175,"Pacific Islands Trust Territory","2019-05-22 01:56:03",NULL,0,NULL,12,NULL,"PC"),
(176,"Pakistan","2019-05-22 01:56:03",NULL,0,NULL,12,NULL,"PK"),
(177,"Palau","2019-05-22 01:56:03",NULL,0,NULL,12,NULL,"PW"),
(178,"Palestinian Territories","2019-05-22 01:56:03",NULL,0,NULL,12,NULL,"PS"),
(179,"Panama","2019-05-22 01:56:03",NULL,0,NULL,12,NULL,"PA"),
(180,"Panama Canal Zone","2019-05-22 01:56:03",NULL,0,NULL,12,NULL,"PZ"),
(181,"Papua New Guinea","2019-05-22 01:56:03",NULL,0,NULL,12,NULL,"PG"),
(182,"Paraguay","2019-05-22 01:56:03",NULL,0,NULL,12,NULL,"PY"),
(183,"People\'s Democratic Republic of Yemen","2019-05-22 01:56:03",NULL,0,NULL,12,NULL,"YD"),
(184,"Peru","2019-05-22 01:56:03",NULL,0,NULL,12,NULL,"PE"),
(185,"Philippines","2019-05-22 01:56:03",NULL,0,NULL,12,NULL,"PH"),
(186,"Pitcairn Islands","2019-05-22 01:56:03",NULL,0,NULL,12,NULL,"PN"),
(187,"Poland","2019-05-22 01:56:03",NULL,0,NULL,12,NULL,"PL"),
(188,"Portugal","2019-05-22 01:56:03",NULL,0,NULL,12,NULL,"PT"),
(189,"Puerto Rico","2019-05-22 01:56:03",NULL,0,NULL,12,NULL,"PR"),
(190,"Qatar","2019-05-22 01:56:03",NULL,0,NULL,12,NULL,"QA"),
(191,"Romania","2019-05-22 01:56:03",NULL,0,NULL,12,NULL,"RO"),
(192,"Russia","2019-05-22 01:56:03",NULL,0,NULL,12,NULL,"RU"),
(193,"Rwanda","2019-05-22 01:56:03",NULL,0,NULL,12,NULL,"RW"),
(194,"Réunion","2019-05-22 01:56:03",NULL,0,NULL,12,NULL,"RE"),
(195,"Saint Barthélemy","2019-05-22 01:56:03",NULL,0,NULL,12,NULL,"BL"),
(196,"Saint Helena","2019-05-22 01:56:03",NULL,0,NULL,12,NULL,"SH"),
(197,"Saint Kitts and Nevis","2019-05-22 01:56:03",NULL,0,NULL,12,NULL,"KN"),
(198,"Saint Lucia","2019-05-22 01:56:03",NULL,0,NULL,12,NULL,"LC"),
(199,"Saint Martin","2019-05-22 01:56:03",NULL,0,NULL,12,NULL,"MF"),
(200,"Saint Pierre and Miquelon","2019-05-22 01:56:03",NULL,0,NULL,12,NULL,"PM"),
(201,"Saint Vincent and the Grenadines","2019-05-22 01:56:03",NULL,0,NULL,12,NULL,"VC"),
(202,"Samoa","2019-05-22 01:56:03",NULL,0,NULL,12,NULL,"WS"),
(203,"San Marino","2019-05-22 01:56:03",NULL,0,NULL,12,NULL,"SM"),
(204,"Saudi Arabia","2019-05-22 01:56:03",NULL,0,NULL,12,NULL,"SA"),
(205,"Senegal","2019-05-22 01:56:03",NULL,0,NULL,12,NULL,"SN"),
(206,"Serbia","2019-05-22 01:56:03",NULL,0,NULL,12,NULL,"RS"),
(207,"Serbia and Montenegro","2019-05-22 01:56:03",NULL,0,NULL,12,NULL,"CS"),
(208,"Seychelles","2019-05-22 01:56:03",NULL,0,NULL,12,NULL,"SC"),
(209,"Sierra Leone","2019-05-22 01:56:03",NULL,0,NULL,12,NULL,"SL"),
(210,"Singapore","2019-05-22 01:56:03",NULL,0,NULL,12,NULL,"SG"),
(211,"Slovakia","2019-05-22 01:56:03",NULL,0,NULL,12,NULL,"SK"),
(212,"Slovenia","2019-05-22 01:56:03",NULL,0,NULL,12,NULL,"SI"),
(213,"Solomon Islands","2019-05-22 01:56:03",NULL,0,NULL,12,NULL,"SB"),
(214,"Somalia","2019-05-22 01:56:03",NULL,0,NULL,12,NULL,"SO"),
(215,"South Africa","2019-05-22 01:56:03",NULL,0,NULL,12,NULL,"ZA"),
(216,"South Georgia and the South Sandwich Islands","2019-05-22 01:56:03",NULL,0,NULL,12,NULL,"GS"),
(217,"South Korea","2019-05-22 01:56:03",NULL,0,NULL,12,NULL,"KR"),
(218,"Spain","2019-05-22 01:56:03",NULL,0,NULL,12,NULL,"ES"),
(219,"Sri Lanka","2019-05-22 01:56:03",NULL,0,NULL,12,NULL,"LK"),
(220,"Sudan","2019-05-22 01:56:03",NULL,0,NULL,12,NULL,"SD"),
(221,"Suriname","2019-05-22 01:56:03",NULL,0,NULL,12,NULL,"SR"),
(222,"Svalbard and Jan Mayen","2019-05-22 01:56:03",NULL,0,NULL,12,NULL,"SJ"),
(223,"Swaziland","2019-05-22 01:56:03",NULL,0,NULL,12,NULL,"SZ"),
(224,"Sweden","2019-05-22 01:56:03",NULL,0,NULL,12,NULL,"SE"),
(225,"Switzerland","2019-05-22 01:56:03",NULL,0,NULL,12,NULL,"CH"),
(226,"Syria","2019-05-22 01:56:03",NULL,0,NULL,12,NULL,"SY"),
(227,"São Tomé and Príncipe","2019-05-22 01:56:03",NULL,0,NULL,12,NULL,"ST"),
(228,"Taiwan","2019-05-22 01:56:03",NULL,0,NULL,12,NULL,"TW"),
(229,"Tajikistan","2019-05-22 01:56:03",NULL,0,NULL,12,NULL,"TJ"),
(230,"Tanzania","2019-05-22 01:56:03",NULL,0,NULL,12,NULL,"TZ"),
(231,"Thailand","2019-05-22 01:56:03",NULL,0,NULL,12,NULL,"TH"),
(232,"Timor-Leste","2019-05-22 01:56:03",NULL,0,NULL,12,NULL,"TL"),
(233,"Togo","2019-05-22 01:56:03",NULL,0,NULL,12,NULL,"TG"),
(234,"Tokelau","2019-05-22 01:56:03",NULL,0,NULL,12,NULL,"TK"),
(235,"Tonga","2019-05-22 01:56:03",NULL,0,NULL,12,NULL,"TO"),
(236,"Trinidad and Tobago","2019-05-22 01:56:03",NULL,0,NULL,12,NULL,"TT"),
(237,"Tunisia","2019-05-22 01:56:03",NULL,0,NULL,12,NULL,"TN"),
(238,"Turkey","2019-05-22 01:56:03",NULL,0,NULL,12,NULL,"TR"),
(239,"Turkmenistan","2019-05-22 01:56:03",NULL,0,NULL,12,NULL,"TM"),
(240,"Turks and Caicos Islands","2019-05-22 01:56:03",NULL,0,NULL,12,NULL,"TC"),
(241,"Tuvalu","2019-05-22 01:56:03",NULL,0,NULL,12,NULL,"TV"),
(242,"U.S. Minor Outlying Islands","2019-05-22 01:56:03",NULL,0,NULL,12,NULL,"UM"),
(243,"U.S. Miscellaneous Pacific Islands","2019-05-22 01:56:03",NULL,0,NULL,12,NULL,"PU"),
(244,"U.S. Virgin Islands","2019-05-22 01:56:03",NULL,0,NULL,12,NULL,"VI"),
(245,"Uganda","2019-05-22 01:56:03",NULL,0,NULL,12,NULL,"UG"),
(246,"Ukraine","2019-05-22 01:56:03",NULL,0,NULL,12,NULL,"UA"),
(247,"Union of Soviet Socialist Republics","2019-05-22 01:56:03",NULL,0,NULL,12,NULL,"SU"),
(248,"United Arab Emirates","2019-05-22 01:56:03",NULL,0,NULL,12,NULL,"AE"),
(249,"United Kingdom","2019-05-22 01:56:03",NULL,0,NULL,12,NULL,"GB"),
(250,"United States","2019-05-22 01:56:03",NULL,0,NULL,12,NULL,"US"),
(251,"Unknown or Invalid Region","2019-05-22 01:56:03",NULL,0,NULL,12,NULL,"ZZ"),
(252,"Uruguay","2019-05-22 01:56:03",NULL,0,NULL,12,NULL,"UY"),
(253,"Uzbekistan","2019-05-22 01:56:03",NULL,0,NULL,12,NULL,"UZ"),
(254,"Vanuatu","2019-05-22 01:56:03",NULL,0,NULL,12,NULL,"VU"),
(255,"Vatican City","2019-05-22 01:56:03",NULL,0,NULL,12,NULL,"VA"),
(256,"Venezuela","2019-05-22 01:56:03",NULL,0,NULL,12,NULL,"VE"),
(257,"Vietnam","2019-05-22 01:56:03",NULL,0,NULL,12,NULL,"VN"),
(258,"Wake Island","2019-05-22 01:56:03",NULL,0,NULL,12,NULL,"WK"),
(259,"Wallis and Futuna","2019-05-22 01:56:03",NULL,0,NULL,12,NULL,"WF"),
(260,"Western Sahara","2019-05-22 01:56:03",NULL,0,NULL,12,NULL,"EH"),
(261,"Yemen","2019-05-22 01:56:03",NULL,0,NULL,12,NULL,"YE"),
(262,"Zambia","2019-05-22 01:56:03",NULL,0,NULL,12,NULL,"ZM"),
(263,"Zimbabwe","2019-05-22 01:56:03",NULL,0,NULL,12,NULL,"ZW"),
(264,"Åland Islands","2019-05-22 01:56:03",NULL,0,NULL,12,NULL,"AX"),
(273,"Kurdistan",NULL,NULL,NULL,NULL,NULL,NULL,NULL),
(274,"Erbil",NULL,NULL,NULL,NULL,NULL,NULL,NULL);


DROP TABLE currencies;

CREATE TABLE `currencies` (
  `CurrencyId` bigint(20) NOT NULL AUTO_INCREMENT,
  `Name` varchar(500) DEFAULT NULL,
  `Format` varchar(500) DEFAULT NULL,
  `WriteFormat` varchar(500) DEFAULT NULL,
  `Symbol` varchar(50) DEFAULT NULL,
  `ListOrder` int(11) DEFAULT NULL,
  `BaseCurrency` tinyint(1) DEFAULT NULL,
  PRIMARY KEY (`CurrencyId`)
) ENGINE=InnoDB AUTO_INCREMENT=4 DEFAULT CHARSET=utf8;

INSERT INTO currencies VALUES
(1,"IQD","{0:#,0 ?\\.?}","{0:0}","IQD",1,0),
(2,"USD","{0:$#,0.00}","{0:0.00}","$",2,1),
(3,"EUR","{0:?#,0.00}","{0:0.00}","EUR",3,0);


DROP TABLE currencyrates;

CREATE TABLE `currencyrates` (
  `CurrencyRateId` bigint(20) NOT NULL AUTO_INCREMENT,
  `CurrencyIdFrom` bigint(20) DEFAULT NULL,
  `CurrencyIdTo` bigint(20) DEFAULT NULL,
  `Reverse` tinyint(1) DEFAULT NULL,
  `Rate` decimal(18,14) DEFAULT NULL,
  `Date` date DEFAULT NULL,
  `DateTime` time(3) DEFAULT NULL,
  PRIMARY KEY (`CurrencyRateId`),
  KEY `FK_CurrencyRates_Currencies` (`CurrencyIdFrom`),
  KEY `FK_CurrencyRates_Currencies1` (`CurrencyIdTo`)
) ENGINE=InnoDB AUTO_INCREMENT=3 DEFAULT CHARSET=utf8;

INSERT INTO currencyrates VALUES
(1,2,1,0,1450,"2021-03-11","06:46:59.000"),
(2,1,2,1,0.0006896552,"2021-03-11","06:46:59.000");


DROP TABLE employee_shift_days;

CREATE TABLE `employee_shift_days` (
  `employee_shift_day_id` bigint(20) NOT NULL AUTO_INCREMENT,
  `EmployeeShiftId` int(11) DEFAULT NULL,
  `EmployeeId` int(11) DEFAULT NULL,
  `ShiftId` int(11) DEFAULT NULL,
  `timesheetId` int(11) DEFAULT NULL,
  `date` date DEFAULT NULL,
  `EmployeeShiftGroupId` varchar(500) DEFAULT NULL,
  `Name` varchar(500) DEFAULT NULL,
  `start_date` date DEFAULT NULL,
  `end_date` date DEFAULT NULL,
  PRIMARY KEY (`employee_shift_day_id`)
) ENGINE=InnoDB DEFAULT CHARSET=utf8;

DROP TABLE employee_shifts;

CREATE TABLE `employee_shifts` (
  `EmployeeShiftId` int(11) NOT NULL AUTO_INCREMENT,
  `startDate` date DEFAULT NULL,
  `endDate` date DEFAULT NULL,
  `EmployeeId` int(11) DEFAULT NULL,
  `ShiftId` int(11) DEFAULT NULL,
  `EmployeeShiftGroupId` varchar(45) DEFAULT NULL,
  `Name` varchar(500) DEFAULT NULL,
  `Deleted` tinyint(1) DEFAULT NULL,
  PRIMARY KEY (`EmployeeShiftId`)
) ENGINE=InnoDB DEFAULT CHARSET=utf8;

DROP TABLE expense_item_definitions;

CREATE TABLE `expense_item_definitions` (
  `id` bigint(20) unsigned NOT NULL AUTO_INCREMENT,
  `name` varchar(128) DEFAULT '',
  `notes` varchar(256) DEFAULT NULL,
  `account_id` bigint(20) DEFAULT NULL,
  `created` int(11) DEFAULT NULL,
  `created_by` bigint(20) DEFAULT NULL,
  `deleted` tinyint(1) DEFAULT 0,
  PRIMARY KEY (`id`)
) ENGINE=InnoDB DEFAULT CHARSET=utf8;

DROP TABLE expense_items;

CREATE TABLE `expense_items` (
  `id` bigint(20) NOT NULL AUTO_INCREMENT,
  `TransactionId` bigint(20) NOT NULL,
  `DefinitionId` bigint(20) NOT NULL COMMENT 'Expense Definition ID',
  `AccountId` bigint(20) NOT NULL COMMENT 'Account related to Expense Definition ID',
  `UnitId` bigint(20) NOT NULL,
  `Quantity` decimal(18,3) DEFAULT 0.000,
  `BasePrice` decimal(19,3) DEFAULT 0.000,
  `Price` decimal(19,3) DEFAULT 0.000,
  `BaseSubtotal` decimal(19,3) DEFAULT 0.000,
  `Subtotal` decimal(19,3) DEFAULT 0.000,
  `Notes` varchar(250) DEFAULT NULL,
  `created` int(11) DEFAULT NULL,
  `created_by` bigint(20) DEFAULT NULL,
  `deleted` tinyint(1) DEFAULT 0,
  PRIMARY KEY (`id`),
  KEY `FK_InvoiceItems_InventoryItemUnits` (`UnitId`),
  KEY `FK_InvoiceItems_Transactions` (`TransactionId`)
) ENGINE=InnoDB DEFAULT CHARSET=utf8;

DROP TABLE expense_lines;

CREATE TABLE `expense_lines` (
  `ExpenseItemsId` bigint(20) NOT NULL AUTO_INCREMENT,
  `ItemTransactionId` bigint(20) DEFAULT NULL,
  `ExpenseDefinitionId` bigint(20) DEFAULT NULL,
  `BaseSubtotal` decimal(19,4) DEFAULT 0.0000 COMMENT 'Expense amount in base currency',
  `Subtotal` decimal(19,4) DEFAULT 0.0000 COMMENT 'Expense amount in selescted currency',
  `CurrencyId` bigint(20) DEFAULT NULL,
  `CurrencyRateId` bigint(20) DEFAULT NULL,
  `ExchangeRate` decimal(18,14) DEFAULT NULL,
  `Notes` varchar(256) DEFAULT NULL,
  `TransactionDate` datetime DEFAULT NULL,
  `Deleted` tinyint(1) DEFAULT 0,
  PRIMARY KEY (`ExpenseItemsId`),
  KEY `FK_TransactionItems_Currencies` (`CurrencyId`),
  KEY `FK_TransactionItems_CurrencyRates` (`CurrencyRateId`),
  KEY `FK_TransactionItems_Transactions` (`ExpenseDefinitionId`),
  KEY `FK_TransactionItems_TransactionTypes` (`ItemTransactionId`)
) ENGINE=InnoDB DEFAULT CHARSET=utf8;

DROP TABLE gigant_hr_employee;

CREATE TABLE `gigant_hr_employee` (
  `emp_number` int(11) NOT NULL AUTO_INCREMENT,
  `employee_id` varchar(50) DEFAULT NULL,
  `emp_lastname` varchar(100) DEFAULT '',
  `emp_firstname` varchar(100) NOT NULL DEFAULT '',
  `emp_middle_name` varchar(100) DEFAULT '',
  `emp_personal_comment` varchar(300) DEFAULT '',
  `emp_birthday` date DEFAULT NULL,
  `nation_code` varchar(20) DEFAULT NULL,
  `emp_gender` varchar(1) DEFAULT NULL,
  `emp_marital_status` varchar(20) DEFAULT NULL,
  `emp_other_id` varchar(100) DEFAULT '',
  `emp_dri_lice_num` varchar(100) DEFAULT '',
  `emp_dri_lice_exp_date` date DEFAULT NULL,
  `emp_status` int(11) DEFAULT NULL,
  `job_title_code` int(7) DEFAULT NULL,
  `emp_street1` varchar(100) DEFAULT '',
  `emp_street2` varchar(100) DEFAULT '',
  `city_code` varchar(100) DEFAULT '',
  `coun_code` varchar(100) DEFAULT '',
  `provin_code` varchar(100) DEFAULT '',
  `emp_zipcode` varchar(20) DEFAULT NULL,
  `emp_hm_telephone` varchar(50) DEFAULT NULL,
  `emp_mobile` varchar(50) DEFAULT NULL,
  `emp_work_telephone` varchar(50) DEFAULT NULL,
  `emp_work_email` varchar(50) DEFAULT NULL,
  `emp_other_email` varchar(50) DEFAULT NULL,
  `emp_contact_comment` varchar(300) DEFAULT NULL,
  `emp_emergency_econtacts` text DEFAULT NULL,
  `emp_emergency_comment` varchar(300) DEFAULT NULL,
  `emp_is_doctor` tinyint(1) DEFAULT 0,
  `emp_job_title` int(3) DEFAULT NULL,
  `emp_job_cat` int(3) DEFAULT NULL,
  `emp_job_location` int(3) DEFAULT NULL,
  `emp_join_date` date DEFAULT NULL,
  `emp_start_date` date DEFAULT NULL,
  `emp_end_date` date DEFAULT NULL,
  `emp_job_comment` varchar(300) DEFAULT NULL,
  `emp_salary_title` varchar(200) DEFAULT NULL,
  `emp_employment` int(11) DEFAULT NULL,
  `is_payroll_depends_on_attendance` int(1) DEFAULT 1,
  `subunitId` bigint(20) DEFAULT NULL,
  `timesheetId` int(11) DEFAULT NULL,
  `Deleted` tinyint(1) NOT NULL DEFAULT 0,
  `is_terminated` tinyint(1) NOT NULL DEFAULT 0,
  `emp_salary_comment1` varchar(300) DEFAULT NULL,
  `emp_salary_comment2` varchar(300) DEFAULT NULL,
  `salaryAmount` decimal(8,3) DEFAULT 0.000,
  `paymentFrequency` int(1) DEFAULT 1,
  `emp_dependent_records` text DEFAULT NULL,
  `emp_dependent_comment` varchar(200) DEFAULT NULL,
  `emp_immigration_records` text DEFAULT NULL,
  `emp_immigration_comment` varchar(200) DEFAULT NULL,
  `emp_report_supervisors` text DEFAULT NULL,
  `emp_report_subordinates` text DEFAULT NULL,
  `emp_report_comment` varchar(200) DEFAULT NULL,
  `emp_qualification_work` text DEFAULT NULL,
  `emp_qualification_education` text DEFAULT NULL,
  `emp_qualification_skil` text DEFAULT NULL,
  `emp_qualification_license` text DEFAULT NULL,
  `emp_qualification_language` text DEFAULT NULL,
  `emp_qualification_comment` varchar(200) DEFAULT NULL,
  `emp_membership_records` text DEFAULT NULL,
  `emp_membership_comment` varchar(200) DEFAULT NULL,
  `PersonalDataAttachment` varchar(300) DEFAULT NULL,
  `ContactAttachment` varchar(300) DEFAULT NULL,
  `EmergencyAttachment` varchar(300) DEFAULT NULL,
  `JobAttachment` varchar(300) DEFAULT NULL,
  `contractDetailJobAttachment` varchar(300) DEFAULT NULL,
  `SalaryAttachment` varchar(300) DEFAULT NULL,
  `DependentAttachment` varchar(300) DEFAULT NULL,
  `immigrationAttachment` varchar(300) DEFAULT NULL,
  `ReportAttachment` varchar(300) DEFAULT NULL,
  `QualificationAttachment` varchar(300) DEFAULT NULL,
  `MembershipAttachment` varchar(300) DEFAULT NULL,
  `emp_termination_reason` varchar(200) DEFAULT NULL,
  `profilePic` varchar(200) DEFAULT NULL,
  `CompanyId` int(11) DEFAULT NULL,
  `SectionId` int(11) DEFAULT NULL,
  `RoomId` int(11) DEFAULT NULL,
  `ProjectId` int(11) DEFAULT NULL,
  `CurrencyId` int(11) DEFAULT NULL,
  `terminationDate` date DEFAULT NULL,
  `is_referrer` tinyint(1) DEFAULT 0,
  PRIMARY KEY (`emp_number`),
  KEY `nation_code` (`nation_code`),
  KEY `job_title_code` (`job_title_code`),
  KEY `emp_status` (`emp_status`),
  KEY `subunitId` (`subunitId`),
  KEY `emp_employment` (`emp_employment`)
) ENGINE=InnoDB AUTO_INCREMENT=153 DEFAULT CHARSET=utf8;

INSERT INTO gigant_hr_employee VALUES
(1,NULL," ","يحيى  زكريا شاكر"," ",NULL,NULL,NULL,"M","Married",NULL,NULL,NULL,NULL,NULL,NULL,NULL,NULL,NULL,NULL,NULL,NULL,NULL,NULL,NULL,NULL,NULL,"null",NULL,NULL,1,5,1,NULL,NULL,NULL,NULL,NULL,1,0,1,NULL,0,0,NULL,NULL,99999.999,4,"null",NULL,"null",NULL,"null","null",NULL,"null","null","null","null","null",NULL,"null",NULL,NULL,NULL,NULL,NULL,NULL,NULL,NULL,NULL,NULL,NULL,NULL,NULL,"uploads/blank_profile.png",1,1,NULL,-1,1,NULL,0),
(2,NULL," ","فراس نورالدين مردان"," ",NULL,NULL,NULL,"M","Married",NULL,NULL,NULL,NULL,NULL,NULL,NULL,NULL,NULL,NULL,NULL,NULL,NULL,NULL,NULL,NULL,NULL,"null",NULL,NULL,3,1,1,NULL,NULL,NULL,NULL,NULL,1,0,NULL,NULL,0,0,NULL,NULL,99999.999,4,"null",NULL,"null",NULL,"null","null",NULL,"null","null","null","null","null",NULL,"null",NULL,NULL,NULL,NULL,NULL,NULL,NULL,NULL,NULL,NULL,NULL,NULL,NULL,"uploads/blank_profile.png",1,1,NULL,-1,NULL,NULL,0),
(4,NULL," ","عثمان صالح اسعد"," ",NULL,NULL,NULL,"F","Single",NULL,NULL,NULL,NULL,NULL,NULL,NULL,NULL,NULL,NULL,NULL,NULL,NULL,NULL,NULL,NULL,NULL,"null",NULL,NULL,31,9,1,NULL,NULL,NULL,NULL,NULL,1,1,1,NULL,0,0,NULL,NULL,0,1,"null",NULL,"null",NULL,"null","null",NULL,"null","null","null","null","null",NULL,"null",NULL,NULL,NULL,NULL,NULL,NULL,NULL,NULL,NULL,NULL,NULL,NULL,NULL,"uploads/blank_profile.png",1,1,NULL,-1,NULL,NULL,0),
(5,NULL," ","سايه  اردلان انور"," ",NULL,NULL,"kurdish","F","Single",NULL,NULL,NULL,NULL,NULL,NULL,NULL,NULL,NULL,NULL,NULL,NULL,NULL,NULL,NULL,NULL,NULL,"null",NULL,NULL,7,5,1,NULL,NULL,NULL,NULL,NULL,1,0,NULL,NULL,0,0,NULL,NULL,0,1,"null",NULL,"null",NULL,"null","null",NULL,"null","null","null","null","null",NULL,"null",NULL,NULL,NULL,NULL,NULL,NULL,NULL,NULL,NULL,NULL,NULL,NULL,NULL,"uploads/blank_profile.png",1,NULL,NULL,-1,NULL,NULL,0),
(6,NULL," ","بارزان دلشاد  اسعد + كارمةندكاني"," ",NULL,NULL,NULL,"F","Single",NULL,NULL,NULL,NULL,NULL,NULL,NULL,NULL,NULL,NULL,NULL,NULL,NULL,NULL,NULL,NULL,NULL,"null",NULL,NULL,10,8,1,NULL,NULL,NULL,NULL,NULL,1,1,1,NULL,0,0,NULL,NULL,0,1,"null",NULL,"null",NULL,"null","null",NULL,"null","null","null","null","null",NULL,"null",NULL,NULL,NULL,NULL,NULL,NULL,NULL,NULL,NULL,NULL,NULL,NULL,NULL,"uploads/blank_profile.png",1,NULL,NULL,-1,NULL,NULL,0),
(8,NULL," ","ارام حسام الدين يونس"," ",NULL,NULL,"kurdish","M","Married",NULL,NULL,NULL,NULL,NULL,NULL,NULL,NULL,NULL,NULL,NULL,NULL,NULL,NULL,NULL,NULL,NULL,"null",NULL,NULL,NULL,NULL,NULL,NULL,NULL,NULL,NULL,NULL,NULL,1,NULL,NULL,0,0,NULL,NULL,0,1,"null",NULL,"null",NULL,"null","null",NULL,"null","null","null","null","null",NULL,"null",NULL,NULL,NULL,NULL,NULL,NULL,NULL,NULL,NULL,NULL,NULL,NULL,NULL,"uploads/blank_profile.png",NULL,NULL,NULL,NULL,NULL,NULL,0),
(9,NULL," ","ساڤیار  سردار  سلێمان"," ",NULL,NULL,"kurdish","F","Single",NULL,NULL,NULL,NULL,NULL,NULL,NULL,NULL,NULL,NULL,NULL,NULL,NULL,NULL,NULL,NULL,NULL,"null",NULL,NULL,NULL,NULL,NULL,NULL,NULL,NULL,NULL,NULL,NULL,1,NULL,NULL,0,0,NULL,NULL,0,1,"null",NULL,"null",NULL,"null","null",NULL,"null","null","null","null","null",NULL,"null",NULL,NULL,NULL,NULL,NULL,NULL,NULL,NULL,NULL,NULL,NULL,NULL,NULL,"uploads/blank_profile.png",NULL,NULL,NULL,NULL,NULL,NULL,0),
(10,NULL," ","حسین  رفعت حسین"," ",NULL,NULL,"kurdish","M","Married",NULL,NULL,NULL,NULL,NULL,NULL,NULL,NULL,NULL,NULL,NULL,NULL,NULL,NULL,NULL,NULL,NULL,"null",NULL,NULL,NULL,NULL,NULL,NULL,NULL,NULL,NULL,NULL,NULL,1,NULL,NULL,0,0,NULL,NULL,0,1,"null",NULL,"null",NULL,"null","null",NULL,"null","null","null","null","null",NULL,"null",NULL,NULL,NULL,NULL,NULL,NULL,NULL,NULL,NULL,NULL,NULL,NULL,NULL,"uploads/blank_profile.png",NULL,NULL,NULL,NULL,NULL,NULL,0),
(11,NULL," ","مروان  عبدالقادر  سلیمان"," ",NULL,NULL,"kurdish","M","Married",NULL,NULL,NULL,NULL,NULL,NULL,NULL,NULL,NULL,NULL,NULL,NULL,NULL,NULL,NULL,NULL,NULL,"null",NULL,NULL,NULL,NULL,NULL,NULL,NULL,NULL,NULL,NULL,NULL,1,NULL,NULL,0,0,NULL,NULL,0,1,"null",NULL,"null",NULL,"null","null",NULL,"null","null","null","null","null",NULL,"null",NULL,NULL,NULL,NULL,NULL,NULL,NULL,NULL,NULL,NULL,NULL,NULL,NULL,"uploads/blank_profile.png",NULL,NULL,NULL,NULL,NULL,NULL,0),
(12,NULL," ","شارا لقمان قادر"," ",NULL,NULL,"kurdish","F","Single",NULL,NULL,NULL,NULL,NULL,NULL,NULL,NULL,NULL,NULL,NULL,NULL,NULL,NULL,NULL,NULL,NULL,"null",NULL,NULL,NULL,NULL,NULL,NULL,NULL,NULL,NULL,NULL,NULL,1,NULL,NULL,0,0,NULL,NULL,0,1,"null",NULL,"null",NULL,"null","null",NULL,"null","null","null","null","null",NULL,"null",NULL,NULL,NULL,NULL,NULL,NULL,NULL,NULL,NULL,NULL,NULL,NULL,NULL,"uploads/blank_profile.png",NULL,NULL,NULL,NULL,NULL,NULL,0),
(14,NULL," ","ایوب  اسماعیل عبدالحسین"," ",NULL,NULL,"kurdish","M","Married",NULL,NULL,NULL,NULL,NULL,NULL,NULL,NULL,NULL,NULL,NULL,NULL,NULL,NULL,NULL,NULL,NULL,"null",NULL,NULL,-1,NULL,NULL,NULL,NULL,NULL,NULL,NULL,NULL,1,NULL,NULL,0,0,NULL,NULL,99999.999,4,"null",NULL,"null",NULL,"null","null",NULL,"null","null","null","null","null",NULL,"null",NULL,NULL,NULL,NULL,NULL,NULL,NULL,NULL,NULL,NULL,NULL,NULL,NULL,"uploads/blank_profile.png",NULL,NULL,NULL,-1,NULL,NULL,0),
(17,NULL," ","گلارا عبدالستار حمید"," ",NULL,NULL,"kurdish","F","Married",NULL,NULL,NULL,NULL,NULL,NULL,NULL,NULL,NULL,NULL,NULL,NULL,NULL,NULL,NULL,NULL,NULL,"null",NULL,NULL,NULL,NULL,NULL,NULL,NULL,NULL,NULL,NULL,NULL,1,NULL,NULL,0,0,NULL,NULL,99999.999,4,"null",NULL,"null",NULL,"null","null",NULL,"null","null","null","null","null",NULL,"null",NULL,NULL,NULL,NULL,NULL,NULL,NULL,NULL,NULL,NULL,NULL,NULL,NULL,"uploads/blank_profile.png",NULL,NULL,NULL,NULL,NULL,NULL,0),
(18,NULL," ","سوران ستار محمد"," ",NULL,NULL,"kurdish","M","Married",NULL,NULL,NULL,NULL,NULL,NULL,NULL,NULL,NULL,NULL,NULL,NULL,NULL,NULL,NULL,NULL,NULL,"null",NULL,NULL,NULL,NULL,NULL,NULL,NULL,NULL,NULL,NULL,NULL,1,NULL,NULL,0,0,NULL,NULL,99999.999,4,"null",NULL,"null",NULL,"null","null",NULL,"null","null","null","null","null",NULL,"null",NULL,NULL,NULL,NULL,NULL,NULL,NULL,NULL,NULL,NULL,NULL,NULL,NULL,"uploads/blank_profile.png",NULL,NULL,NULL,NULL,NULL,NULL,0),
(19,NULL," ","بەشدار صابر حسن"," ",NULL,NULL,"kurdish","M","Married",NULL,NULL,NULL,NULL,NULL,NULL,NULL,NULL,NULL,NULL,NULL,NULL,NULL,NULL,NULL,NULL,NULL,"null",NULL,NULL,NULL,NULL,NULL,NULL,NULL,NULL,NULL,NULL,NULL,1,NULL,NULL,0,0,NULL,NULL,99999.999,4,"null",NULL,"null",NULL,"null","null",NULL,"null","null","null","null","null",NULL,"null",NULL,NULL,NULL,NULL,NULL,NULL,NULL,NULL,NULL,NULL,NULL,NULL,NULL,"uploads/blank_profile.png",NULL,NULL,NULL,NULL,NULL,NULL,0),
(20,NULL," ","ئاوێستان علی عزیز"," ",NULL,NULL,"kurdish","M","Married",NULL,NULL,NULL,NULL,NULL,NULL,NULL,NULL,NULL,NULL,NULL,NULL,NULL,NULL,NULL,NULL,NULL,"null",NULL,NULL,NULL,NULL,NULL,NULL,NULL,NULL,NULL,NULL,NULL,1,NULL,NULL,0,0,NULL,NULL,99999.999,4,"null",NULL,"null",NULL,"null","null",NULL,"null","null","null","null","null",NULL,"null",NULL,NULL,NULL,NULL,NULL,NULL,NULL,NULL,NULL,NULL,NULL,NULL,NULL,"uploads/blank_profile.png",NULL,NULL,NULL,NULL,NULL,NULL,0),
(21,NULL," ","سعید  اسماعیل مصطفى"," ",NULL,NULL,"kurdish","F","Married",NULL,NULL,NULL,NULL,NULL,NULL,NULL,NULL,NULL,NULL,NULL,NULL,NULL,NULL,NULL,NULL,NULL,"null",NULL,NULL,NULL,NULL,NULL,NULL,NULL,NULL,NULL,NULL,NULL,0,NULL,NULL,0,0,NULL,NULL,99999.999,4,"null",NULL,"null",NULL,"null","null",NULL,"null","null","null","null","null",NULL,"null",NULL,NULL,NULL,NULL,NULL,NULL,NULL,NULL,NULL,NULL,NULL,NULL,NULL,"uploads/blank_profile.png",NULL,NULL,NULL,NULL,NULL,NULL,0),
(23,NULL," ","ئامانج صالح پیرداود"," ",NULL,NULL,"kurdish","M","Married",NULL,NULL,NULL,NULL,NULL,NULL,NULL,NULL,NULL,NULL,NULL,NULL,NULL,NULL,NULL,NULL,NULL,"null",NULL,NULL,-1,NULL,NULL,NULL,NULL,NULL,NULL,NULL,NULL,1,NULL,NULL,0,0,NULL,NULL,99999.999,1,"null",NULL,"null",NULL,"null","null",NULL,"null","null","null","null","null",NULL,"null",NULL,NULL,NULL,NULL,NULL,NULL,NULL,NULL,NULL,NULL,NULL,NULL,NULL,"uploads/blank_profile.png",NULL,NULL,NULL,-1,NULL,NULL,0),
(25,NULL," ","سارا عبدالقادر عزیز"," ",NULL,NULL,"kurdish","F","Married",NULL,NULL,NULL,NULL,NULL,NULL,NULL,NULL,NULL,NULL,NULL,NULL,NULL,NULL,NULL,NULL,NULL,"null",NULL,NULL,NULL,NULL,NULL,NULL,NULL,NULL,NULL,NULL,NULL,1,NULL,NULL,0,0,NULL,NULL,99999.999,4,"null",NULL,"null",NULL,"null","null",NULL,"null","null","null","null","null",NULL,"null",NULL,NULL,NULL,NULL,NULL,NULL,NULL,NULL,NULL,NULL,NULL,NULL,NULL,"uploads/blank_profile.png",NULL,NULL,NULL,NULL,NULL,NULL,0),
(26,NULL," ","نسرین احمد شریف"," ",NULL,NULL,"kurdish","F","Married",NULL,NULL,NULL,NULL,NULL,NULL,NULL,NULL,NULL,NULL,NULL,NULL,NULL,NULL,NULL,NULL,NULL,"null",NULL,NULL,NULL,NULL,NULL,NULL,NULL,NULL,NULL,NULL,NULL,1,NULL,NULL,0,0,NULL,NULL,99999.999,4,"null",NULL,"null",NULL,"null","null",NULL,"null","null","null","null","null",NULL,"null",NULL,NULL,NULL,NULL,NULL,NULL,NULL,NULL,NULL,NULL,NULL,NULL,NULL,"uploads/blank_profile.png",NULL,NULL,NULL,NULL,NULL,NULL,0),
(27,NULL," ","ئازاد ولی شیخە"," ",NULL,NULL,"kurdish","M","Married",NULL,NULL,NULL,NULL,NULL,NULL,NULL,NULL,NULL,NULL,NULL,NULL,NULL,NULL,NULL,NULL,NULL,"null",NULL,NULL,NULL,NULL,NULL,NULL,NULL,NULL,NULL,NULL,NULL,1,NULL,NULL,0,0,NULL,NULL,99999.999,4,"null",NULL,"null",NULL,"null","null",NULL,"null","null","null","null","null",NULL,"null",NULL,NULL,NULL,NULL,NULL,NULL,NULL,NULL,NULL,NULL,NULL,NULL,NULL,"uploads/blank_profile.png",NULL,NULL,NULL,NULL,NULL,NULL,0),
(28,NULL," ","رەنگین رمضان بكر"," ",NULL,NULL,"kurdish","F","Single",NULL,NULL,NULL,NULL,NULL,NULL,NULL,NULL,NULL,NULL,NULL,NULL,NULL,NULL,NULL,NULL,NULL,"null",NULL,NULL,NULL,NULL,NULL,NULL,NULL,NULL,NULL,NULL,NULL,1,NULL,NULL,0,0,NULL,NULL,99999.999,4,"null",NULL,"null",NULL,"null","null",NULL,"null","null","null","null","null",NULL,"null",NULL,NULL,NULL,NULL,NULL,NULL,NULL,NULL,NULL,NULL,NULL,NULL,NULL,"uploads/blank_profile.png",NULL,NULL,NULL,NULL,NULL,NULL,0),
(29,NULL," ","شيماء  نجاة صوفي"," ",NULL,NULL,"kurdish","F","Single",NULL,NULL,NULL,NULL,NULL,NULL,NULL,NULL,NULL,NULL,NULL,NULL,NULL,NULL,NULL,NULL,NULL,"null",NULL,NULL,NULL,NULL,NULL,NULL,NULL,NULL,NULL,NULL,NULL,1,NULL,NULL,0,0,NULL,NULL,99999.999,4,"null",NULL,"null",NULL,"null","null",NULL,"null","null","null","null","null",NULL,"null",NULL,NULL,NULL,NULL,NULL,NULL,NULL,NULL,NULL,NULL,NULL,NULL,NULL,"uploads/blank_profile.png",NULL,NULL,NULL,NULL,NULL,NULL,0),
(30,NULL," ","يوسف عبدالسلام محمود"," ",NULL,NULL,"kurdish","M","Married",NULL,NULL,NULL,NULL,NULL,NULL,NULL,NULL,NULL,NULL,NULL,NULL,NULL,NULL,NULL,NULL,NULL,"null",NULL,NULL,NULL,NULL,NULL,NULL,NULL,NULL,NULL,NULL,NULL,1,NULL,NULL,0,0,NULL,NULL,99999.999,1,"null",NULL,"null",NULL,"null","null",NULL,"null","null","null","null","null",NULL,"null",NULL,NULL,NULL,NULL,NULL,NULL,NULL,NULL,NULL,NULL,NULL,NULL,NULL,"uploads/blank_profile.png",NULL,NULL,NULL,NULL,NULL,NULL,0),
(31,NULL," ","حسن  غريب شريف"," ",NULL,NULL,"kurdish","M","Married",NULL,NULL,NULL,NULL,NULL,NULL,NULL,NULL,NULL,NULL,NULL,NULL,NULL,NULL,NULL,NULL,NULL,"null",NULL,NULL,NULL,NULL,NULL,NULL,NULL,NULL,NULL,NULL,NULL,1,NULL,NULL,0,0,NULL,NULL,99999.999,4,"null",NULL,"null",NULL,"null","null",NULL,"null","null","null","null","null",NULL,"null",NULL,NULL,NULL,NULL,NULL,NULL,NULL,NULL,NULL,NULL,NULL,NULL,NULL,"uploads/blank_profile.png",NULL,NULL,NULL,NULL,NULL,NULL,0),
(32,NULL," ","احمد محمد احمد"," ",NULL,NULL,"iranian","M","Married",NULL,NULL,NULL,NULL,NULL,NULL,NULL,NULL,NULL,NULL,NULL,NULL,NULL,NULL,NULL,NULL,NULL,"null",NULL,NULL,NULL,NULL,NULL,NULL,NULL,NULL,NULL,NULL,NULL,1,NULL,NULL,0,0,NULL,NULL,99999.999,4,"null",NULL,"null",NULL,"null","null",NULL,"null","null","null","null","null",NULL,"null",NULL,NULL,NULL,NULL,NULL,NULL,NULL,NULL,NULL,NULL,NULL,NULL,NULL,"uploads/blank_profile.png",NULL,NULL,NULL,NULL,NULL,NULL,0),
(33,NULL," ","عمر عبدالعزيز محمد"," ",NULL,NULL,"kurdish","M","Married",NULL,NULL,NULL,NULL,NULL,NULL,NULL,NULL,NULL,NULL,NULL,NULL,NULL,NULL,NULL,NULL,NULL,"null",NULL,NULL,NULL,NULL,NULL,NULL,NULL,NULL,NULL,NULL,NULL,1,NULL,NULL,0,0,NULL,NULL,99999.999,4,"null",NULL,"null",NULL,"null","null",NULL,"null","null","null","null","null",NULL,"null",NULL,NULL,NULL,NULL,NULL,NULL,NULL,NULL,NULL,NULL,NULL,NULL,NULL,"uploads/blank_profile.png",NULL,NULL,NULL,NULL,NULL,NULL,0),
(34,NULL," ","شهلا عبدالرحمن محمد"," ",NULL,NULL,"iranian","F","Single",NULL,NULL,NULL,NULL,NULL,NULL,NULL,NULL,NULL,NULL,NULL,NULL,NULL,NULL,NULL,NULL,NULL,"null",NULL,NULL,NULL,NULL,NULL,NULL,NULL,NULL,NULL,NULL,NULL,1,NULL,NULL,0,0,NULL,NULL,99999.999,4,"null",NULL,"null",NULL,"null","null",NULL,"null","null","null","null","null",NULL,"null",NULL,NULL,NULL,NULL,NULL,NULL,NULL,NULL,NULL,NULL,NULL,NULL,NULL,"uploads/blank_profile.png",NULL,NULL,NULL,NULL,NULL,NULL,0),
(35,NULL," ","كتبية ذنون يونس"," ",NULL,NULL,"iraqi","F","Married",NULL,NULL,NULL,NULL,NULL,NULL,NULL,NULL,NULL,NULL,NULL,NULL,NULL,NULL,NULL,NULL,NULL,"null",NULL,NULL,NULL,NULL,NULL,NULL,NULL,NULL,NULL,NULL,NULL,1,NULL,NULL,0,0,NULL,NULL,99999.999,4,"null",NULL,"null",NULL,"null","null",NULL,"null","null","null","null","null",NULL,"null",NULL,NULL,NULL,NULL,NULL,NULL,NULL,NULL,NULL,NULL,NULL,NULL,NULL,"uploads/blank_profile.png",NULL,NULL,NULL,NULL,NULL,NULL,0),
(36,NULL," ","سۆران  جمال صالح"," ",NULL,NULL,"kurdish","M","Single",NULL,NULL,NULL,NULL,NULL,NULL,NULL,NULL,NULL,NULL,NULL,NULL,NULL,NULL,NULL,NULL,NULL,"null",NULL,NULL,NULL,NULL,NULL,NULL,NULL,NULL,NULL,NULL,NULL,1,NULL,NULL,0,0,NULL,NULL,99999.999,4,"null",NULL,"null",NULL,"null","null",NULL,"null","null","null","null","null",NULL,"null",NULL,NULL,NULL,NULL,NULL,NULL,NULL,NULL,NULL,NULL,NULL,NULL,NULL,"uploads/blank_profile.png",NULL,NULL,NULL,NULL,NULL,NULL,0),
(37,NULL," ","گەیلان لقمان رسول"," ",NULL,NULL,"kurdish","M","Single",NULL,NULL,NULL,NULL,NULL,NULL,NULL,NULL,NULL,NULL,NULL,NULL,NULL,NULL,NULL,NULL,NULL,"null",NULL,NULL,NULL,NULL,NULL,NULL,NULL,NULL,NULL,NULL,NULL,1,NULL,NULL,0,0,NULL,NULL,99999.999,4,"null",NULL,"null",NULL,"null","null",NULL,"null","null","null","null","null",NULL,"null",NULL,NULL,NULL,NULL,NULL,NULL,NULL,NULL,NULL,NULL,NULL,NULL,NULL,"uploads/blank_profile.png",NULL,NULL,NULL,NULL,NULL,NULL,0),
(38,NULL," ","بێلان عبدالباقی محمد"," ",NULL,NULL,"kurdish","F","Single",NULL,NULL,NULL,NULL,NULL,NULL,NULL,NULL,NULL,NULL,NULL,NULL,NULL,NULL,NULL,NULL,NULL,"null",NULL,NULL,NULL,NULL,NULL,NULL,NULL,NULL,NULL,NULL,NULL,1,NULL,NULL,0,0,NULL,NULL,99999.999,4,"null",NULL,"null",NULL,"null","null",NULL,"null","null","null","null","null",NULL,"null",NULL,NULL,NULL,NULL,NULL,NULL,NULL,NULL,NULL,NULL,NULL,NULL,NULL,"uploads/blank_profile.png",NULL,NULL,NULL,NULL,NULL,NULL,0),
(39,NULL," ","تریسکە مقداد حسین"," ",NULL,NULL,"kurdish","F","Single",NULL,NULL,NULL,NULL,NULL,NULL,NULL,NULL,NULL,NULL,NULL,NULL,NULL,NULL,NULL,NULL,NULL,"null",NULL,NULL,NULL,NULL,NULL,NULL,NULL,NULL,NULL,NULL,NULL,1,NULL,NULL,0,0,NULL,NULL,99999.999,4,"null",NULL,"null",NULL,"null","null",NULL,"null","null","null","null","null",NULL,"null",NULL,NULL,NULL,NULL,NULL,NULL,NULL,NULL,NULL,NULL,NULL,NULL,NULL,"uploads/blank_profile.png",NULL,NULL,NULL,NULL,NULL,NULL,0),
(40,NULL," ","رەوا ئازاد توفیق"," ",NULL,NULL,"kurdish","M","Married",NULL,NULL,NULL,NULL,NULL,NULL,NULL,NULL,NULL,NULL,NULL,NULL,NULL,NULL,NULL,NULL,NULL,"null",NULL,NULL,NULL,NULL,NULL,NULL,NULL,NULL,NULL,NULL,NULL,1,NULL,NULL,0,0,NULL,NULL,99999.999,4,"null",NULL,"null",NULL,"null","null",NULL,"null","null","null","null","null",NULL,"null",NULL,NULL,NULL,NULL,NULL,NULL,NULL,NULL,NULL,NULL,NULL,NULL,NULL,"uploads/blank_profile.png",NULL,NULL,NULL,NULL,NULL,NULL,0),
(41,NULL," ","فرمان فاروق  حمد شریف"," ",NULL,NULL,"kurdish","M","Single",NULL,NULL,NULL,NULL,NULL,NULL,NULL,NULL,NULL,NULL,NULL,NULL,NULL,NULL,NULL,NULL,NULL,"null",NULL,NULL,NULL,NULL,NULL,NULL,NULL,NULL,NULL,NULL,NULL,1,NULL,NULL,0,0,NULL,NULL,99999.999,4,"null",NULL,"null",NULL,"null","null",NULL,"null","null","null","null","null",NULL,"null",NULL,NULL,NULL,NULL,NULL,NULL,NULL,NULL,NULL,NULL,NULL,NULL,NULL,"uploads/blank_profile.png",NULL,NULL,NULL,NULL,NULL,NULL,0),
(42,NULL," ","مناف سعدی ویسی"," ",NULL,NULL,"kurdish","M","Married",NULL,NULL,NULL,NULL,NULL,NULL,NULL,NULL,NULL,NULL,NULL,NULL,NULL,NULL,NULL,NULL,NULL,"null",NULL,NULL,NULL,NULL,NULL,NULL,NULL,NULL,NULL,NULL,NULL,1,NULL,NULL,0,0,NULL,NULL,99999.999,4,"null",NULL,"null",NULL,"null","null",NULL,"null","null","null","null","null",NULL,"null",NULL,NULL,NULL,NULL,NULL,NULL,NULL,NULL,NULL,NULL,NULL,NULL,NULL,"uploads/blank_profile.png",NULL,NULL,NULL,NULL,NULL,NULL,0),
(43,NULL," ","شوان شێروان طاهر"," ",NULL,NULL,"kurdish","M","Married",NULL,NULL,NULL,NULL,NULL,NULL,NULL,NULL,NULL,NULL,NULL,NULL,NULL,NULL,NULL,NULL,NULL,"null",NULL,NULL,NULL,NULL,NULL,NULL,NULL,NULL,NULL,NULL,NULL,1,NULL,NULL,0,0,NULL,NULL,99999.999,4,"null",NULL,"null",NULL,"null","null",NULL,"null","null","null","null","null",NULL,"null",NULL,NULL,NULL,NULL,NULL,NULL,NULL,NULL,NULL,NULL,NULL,NULL,NULL,"uploads/blank_profile.png",NULL,NULL,NULL,NULL,NULL,NULL,0),
(44,NULL," ","هوگر یونس قادر"," ",NULL,NULL,"kurdish","M","Married",NULL,NULL,NULL,NULL,NULL,NULL,NULL,NULL,NULL,NULL,NULL,NULL,NULL,NULL,NULL,NULL,NULL,"null",NULL,NULL,NULL,NULL,NULL,NULL,NULL,NULL,NULL,NULL,NULL,1,NULL,NULL,0,0,NULL,NULL,99999.999,4,"null",NULL,"null",NULL,"null","null",NULL,"null","null","null","null","null",NULL,"null",NULL,NULL,NULL,NULL,NULL,NULL,NULL,NULL,NULL,NULL,NULL,NULL,NULL,"uploads/blank_profile.png",NULL,NULL,NULL,NULL,NULL,NULL,0),
(45,NULL," ","بەناز محمد ابراهيم"," ",NULL,NULL,"kurdish","F","Married",NULL,NULL,NULL,NULL,NULL,NULL,NULL,NULL,NULL,NULL,NULL,NULL,NULL,NULL,NULL,NULL,NULL,"null",NULL,NULL,NULL,NULL,NULL,NULL,NULL,NULL,NULL,NULL,NULL,0,NULL,NULL,0,0,NULL,NULL,99999.999,4,"null",NULL,"null",NULL,"null","null",NULL,"null","null","null","null","null",NULL,"null",NULL,NULL,NULL,NULL,NULL,NULL,NULL,NULL,NULL,NULL,NULL,NULL,NULL,"uploads/blank_profile.png",NULL,NULL,NULL,NULL,NULL,NULL,0),
(46,NULL," ","بەفرین علی جمیل"," ",NULL,NULL,"kurdish","F","Married",NULL,NULL,NULL,NULL,NULL,NULL,NULL,NULL,NULL,NULL,NULL,NULL,NULL,NULL,NULL,NULL,NULL,"null",NULL,NULL,NULL,NULL,NULL,NULL,NULL,NULL,NULL,NULL,NULL,1,NULL,NULL,0,0,NULL,NULL,99999.999,4,"null",NULL,"null",NULL,"null","null",NULL,"null","null","null","null","null",NULL,"null",NULL,NULL,NULL,NULL,NULL,NULL,NULL,NULL,NULL,NULL,NULL,NULL,NULL,"uploads/blank_profile.png",NULL,NULL,NULL,NULL,NULL,NULL,0),
(47,NULL," ","محمد ماجد محمد"," ",NULL,NULL,"kurdish","M","Married",NULL,NULL,NULL,NULL,NULL,NULL,NULL,NULL,NULL,NULL,NULL,NULL,NULL,NULL,NULL,NULL,NULL,"null",NULL,NULL,NULL,NULL,NULL,NULL,NULL,NULL,NULL,NULL,NULL,1,NULL,NULL,0,0,NULL,NULL,99999.999,4,"null",NULL,"null",NULL,"null","null",NULL,"null","null","null","null","null",NULL,"null",NULL,NULL,NULL,NULL,NULL,NULL,NULL,NULL,NULL,NULL,NULL,NULL,NULL,"uploads/blank_profile.png",NULL,NULL,NULL,NULL,NULL,NULL,0),
(48,NULL," ","بەیار  عبدالواحد عزیز"," ",NULL,NULL,"kurdish","M","Married",NULL,NULL,NULL,NULL,NULL,NULL,NULL,NULL,NULL,NULL,NULL,NULL,NULL,NULL,NULL,NULL,NULL,"null",NULL,NULL,NULL,NULL,NULL,NULL,NULL,NULL,NULL,NULL,NULL,1,NULL,NULL,0,0,NULL,NULL,99999.999,4,"null",NULL,"null",NULL,"null","null",NULL,"null","null","null","null","null",NULL,"null",NULL,NULL,NULL,NULL,NULL,NULL,NULL,NULL,NULL,NULL,NULL,NULL,NULL,"uploads/blank_profile.png",NULL,NULL,NULL,NULL,NULL,NULL,0),
(49,NULL," ","دانا زکریا عزت"," ",NULL,NULL,"kurdish","M","Married",NULL,NULL,NULL,NULL,NULL,NULL,NULL,NULL,NULL,NULL,NULL,NULL,NULL,NULL,NULL,NULL,NULL,"null",NULL,NULL,NULL,NULL,NULL,NULL,NULL,NULL,NULL,NULL,NULL,0,NULL,NULL,0,0,NULL,NULL,99999.999,4,"null",NULL,"null",NULL,"null","null",NULL,"null","null","null","null","null",NULL,"null",NULL,NULL,NULL,NULL,NULL,NULL,NULL,NULL,NULL,NULL,NULL,NULL,NULL,"uploads/blank_profile.png",NULL,NULL,NULL,NULL,NULL,NULL,0),
(50,NULL," ","محمد شمس الدین عثمان"," ",NULL,NULL,"kurdish","M","Married",NULL,NULL,NULL,NULL,NULL,NULL,NULL,NULL,NULL,NULL,NULL,NULL,NULL,NULL,NULL,NULL,NULL,"null",NULL,NULL,NULL,NULL,NULL,NULL,NULL,NULL,NULL,NULL,NULL,1,NULL,NULL,0,0,NULL,NULL,99999.999,4,"null",NULL,"null",NULL,"null","null",NULL,"null","null","null","null","null",NULL,"null",NULL,NULL,NULL,NULL,NULL,NULL,NULL,NULL,NULL,NULL,NULL,NULL,NULL,"uploads/blank_profile.png",NULL,NULL,NULL,NULL,NULL,NULL,0),
(51,NULL," ","کۆمپانیای  بەرزە خاوێن کردن و بورتەر"," ",NULL,NULL,"kurdish","M","Married",NULL,NULL,NULL,NULL,NULL,NULL,NULL,NULL,NULL,NULL,NULL,NULL,NULL,NULL,NULL,NULL,NULL,"null",NULL,NULL,NULL,NULL,NULL,NULL,NULL,NULL,NULL,NULL,NULL,0,NULL,NULL,0,0,NULL,NULL,99999.999,1,"null",NULL,"null",NULL,"null","null",NULL,"null","null","null","null","null",NULL,"null",NULL,NULL,NULL,NULL,NULL,NULL,NULL,NULL,NULL,NULL,NULL,NULL,NULL,"uploads/blank_profile.png",NULL,NULL,NULL,NULL,NULL,NULL,0),
(52,NULL," ","رێکلامی مانگانە (گوران)"," ",NULL,NULL,"kurdish","M","Single",NULL,NULL,NULL,NULL,NULL,NULL,NULL,NULL,NULL,NULL,NULL,NULL,NULL,NULL,NULL,NULL,NULL,"null",NULL,NULL,NULL,NULL,NULL,NULL,NULL,NULL,NULL,NULL,NULL,1,NULL,NULL,0,0,NULL,NULL,99999.999,4,"null",NULL,"null",NULL,"null","null",NULL,"null","null","null","null","null",NULL,"null",NULL,NULL,NULL,NULL,NULL,NULL,NULL,NULL,NULL,NULL,NULL,NULL,NULL,"uploads/blank_profile.png",NULL,NULL,NULL,NULL,NULL,NULL,0),
(53,NULL," ","ئامانج جلال نامق"," ",NULL,NULL,"kurdish","M","Married",NULL,NULL,NULL,NULL,NULL,NULL,NULL,NULL,NULL,NULL,NULL,NULL,NULL,NULL,NULL,NULL,NULL,"null",NULL,NULL,NULL,NULL,NULL,NULL,NULL,NULL,NULL,NULL,NULL,0,NULL,NULL,0,0,NULL,NULL,99999.999,4,"null",NULL,"null",NULL,"null","null",NULL,"null","null","null","null","null",NULL,"null",NULL,NULL,NULL,NULL,NULL,NULL,NULL,NULL,NULL,NULL,NULL,NULL,NULL,"uploads/blank_profile.png",NULL,NULL,NULL,NULL,NULL,NULL,0),
(54,NULL," ","کتبیة ذنون یونس"," ",NULL,"1954-07-01","iraqi","F","Married",NULL,NULL,NULL,NULL,NULL,NULL,NULL,NULL,NULL,NULL,NULL,NULL,NULL,NULL,NULL,NULL,NULL,"null",NULL,NULL,NULL,NULL,NULL,NULL,NULL,NULL,NULL,NULL,NULL,1,NULL,NULL,0,0,NULL,NULL,99999.999,4,"null",NULL,"null",NULL,"null","null",NULL,"null","null","null","null","null",NULL,"null",NULL,NULL,NULL,NULL,NULL,NULL,NULL,NULL,NULL,NULL,NULL,NULL,NULL,"uploads/blank_profile.png",NULL,NULL,NULL,NULL,1,NULL,0),
(55,NULL," ","نبات هاشم فقی"," ",NULL,"2020-07-01",NULL,"F","Married",NULL,NULL,NULL,NULL,NULL,NULL,NULL,NULL,NULL,NULL,NULL,NULL,NULL,NULL,NULL,NULL,NULL,"null",NULL,NULL,NULL,NULL,NULL,NULL,NULL,NULL,NULL,NULL,NULL,1,NULL,NULL,0,0,NULL,NULL,99999.999,4,"null",NULL,"null",NULL,"null","null",NULL,"null","null","null","null","null",NULL,"null",NULL,NULL,NULL,NULL,NULL,NULL,NULL,NULL,NULL,NULL,NULL,NULL,NULL,"uploads/blank_profile.png",NULL,NULL,NULL,NULL,1,NULL,0),
(56,NULL," ","نەهلە صباح طاهر"," ",NULL,"1992-07-01","iraqi","F","Single",NULL,NULL,NULL,NULL,NULL,NULL,NULL,NULL,NULL,NULL,NULL,NULL,NULL,NULL,NULL,NULL,NULL,"null",NULL,NULL,NULL,NULL,NULL,NULL,NULL,NULL,NULL,NULL,NULL,1,NULL,NULL,0,0,NULL,NULL,0,1,"null",NULL,"null",NULL,"null","null",NULL,"null","null","null","null","null",NULL,"null",NULL,NULL,NULL,NULL,NULL,NULL,NULL,NULL,NULL,NULL,NULL,NULL,NULL,"uploads/blank_profile.png",NULL,NULL,NULL,NULL,NULL,NULL,0),
(57,NULL," ","ئەوین فاضل رشید"," ",NULL,"1997-11-01","iraqi","F","Single",NULL,NULL,NULL,NULL,NULL,NULL,NULL,NULL,NULL,NULL,NULL,NULL,NULL,NULL,NULL,NULL,NULL,"null",NULL,NULL,-1,NULL,NULL,NULL,NULL,NULL,NULL,NULL,NULL,1,NULL,NULL,0,0,NULL,NULL,0,1,"null",NULL,"null",NULL,"null","null",NULL,"null","null","null","null","null",NULL,"null",NULL,NULL,NULL,NULL,NULL,NULL,NULL,NULL,NULL,NULL,NULL,NULL,NULL,"uploads/blank_profile.png",NULL,NULL,NULL,-1,NULL,NULL,0),
(58,NULL," ","گوڵان کوردۆ احمد"," ",NULL,"1992-07-01","iraqi","F","Single",NULL,NULL,NULL,NULL,NULL,NULL,NULL,NULL,NULL,NULL,NULL,NULL,NULL,NULL,NULL,NULL,NULL,"null",NULL,NULL,NULL,NULL,NULL,NULL,NULL,NULL,NULL,NULL,NULL,1,NULL,NULL,0,0,NULL,NULL,0,1,"null",NULL,"null",NULL,"null","null",NULL,"null","null","null","null","null",NULL,"null",NULL,NULL,NULL,NULL,NULL,NULL,NULL,NULL,NULL,NULL,NULL,NULL,NULL,"uploads/blank_profile.png",NULL,NULL,NULL,NULL,NULL,NULL,0),
(59,NULL," ","Abdulla Faqe Yazdin"," ",NULL,NULL,NULL,"F","Single",NULL,NULL,NULL,NULL,NULL,"Rizgary teaching hosp-Erbil",NULL,NULL,NULL,NULL,NULL,NULL,7504453108,NULL,"pendroy2002@yahoo.com",NULL,NULL,"null",NULL,1,NULL,NULL,NULL,NULL,NULL,NULL,NULL,NULL,NULL,1,NULL,NULL,0,0,NULL,NULL,0,1,"null",NULL,"null",NULL,"null","null",NULL,"null","null","null","null","null",NULL,"null",NULL,NULL,NULL,NULL,NULL,NULL,NULL,NULL,NULL,NULL,NULL,NULL,NULL,"uploads/blank_profile.png",NULL,NULL,NULL,NULL,NULL,NULL,1),
(60,NULL,"  ","Aso Sabir Saeed"," ",NULL,NULL,NULL,"F","Single",NULL,NULL,NULL,NULL,NULL,"Rizgary teaching hosp-Erbil",NULL,NULL,NULL,NULL,NULL,NULL,7504453108,NULL,"pendroy2002@yahoo.com",NULL,NULL,"null",NULL,1,NULL,NULL,NULL,NULL,NULL,NULL,NULL,NULL,NULL,1,NULL,NULL,0,0,NULL,NULL,0,1,"null",NULL,"null",NULL,"null","null",NULL,"null","null","null","null","null",NULL,"null",NULL,NULL,NULL,NULL,NULL,NULL,NULL,NULL,NULL,NULL,NULL,NULL,NULL,"uploads/blank_profile.png",NULL,NULL,NULL,NULL,NULL,NULL,1),
(61,NULL," ","Faiq Braimok Basa"," ",NULL,NULL,NULL,"F","Single",NULL,NULL,NULL,NULL,NULL,"Rizgary teaching hosp-Erbil",NULL,NULL,NULL,NULL,NULL,NULL,7504223655,NULL,"faiqbasa@yahoo.com",NULL,NULL,"null",NULL,1,NULL,NULL,NULL,NULL,NULL,NULL,NULL,NULL,NULL,1,NULL,NULL,0,0,NULL,NULL,0,1,"null",NULL,"null",NULL,"null","null",NULL,"null","null","null","null","null",NULL,"null",NULL,NULL,NULL,NULL,NULL,NULL,NULL,NULL,NULL,NULL,NULL,NULL,NULL,"uploads/blank_profile.png",NULL,NULL,NULL,NULL,NULL,NULL,1),
(62,NULL," ","Azad Anwar Muhamad"," ",NULL,NULL,NULL,"F","Single",NULL,NULL,NULL,NULL,NULL,"Rizgary teaching hosp-Erbil",NULL,NULL,NULL,NULL,NULL,NULL,7504323247,NULL,NULL,NULL,NULL,"null",NULL,1,NULL,NULL,NULL,NULL,NULL,NULL,NULL,NULL,NULL,1,NULL,NULL,0,0,NULL,NULL,0,1,"null",NULL,"null",NULL,"null","null",NULL,"null","null","null","null","null",NULL,"null",NULL,NULL,NULL,NULL,NULL,NULL,NULL,NULL,NULL,NULL,NULL,NULL,NULL,"uploads/blank_profile.png",NULL,NULL,NULL,NULL,NULL,NULL,1),
(63,NULL," ","Abdulrahman Aziz Rasul"," ",NULL,NULL,NULL,"F","Single",NULL,NULL,NULL,NULL,NULL,"Rizgary teaching hosp-Erbil",NULL,NULL,NULL,NULL,NULL,NULL,7504660607,NULL,"abd.rania@ymail.com",NULL,NULL,"null",NULL,1,NULL,NULL,NULL,NULL,NULL,NULL,NULL,NULL,NULL,1,NULL,NULL,0,0,NULL,NULL,0,1,"null",NULL,"null",NULL,"null","null",NULL,"null","null","null","null","null",NULL,"null",NULL,NULL,NULL,NULL,NULL,NULL,NULL,NULL,NULL,NULL,NULL,NULL,NULL,"uploads/blank_profile.png",NULL,NULL,NULL,NULL,NULL,NULL,1),
(64,NULL," ","Muataz Fadhil Humadi"," ",NULL,NULL,NULL,"F","Single",NULL,NULL,NULL,NULL,NULL,"Rizgary teaching hosp-Erbil",NULL,NULL,NULL,NULL,NULL,NULL,7504961443,NULL,"mhummadi7@yahoo.com",NULL,NULL,"null",NULL,1,NULL,NULL,NULL,NULL,NULL,NULL,NULL,NULL,NULL,1,NULL,NULL,0,0,NULL,NULL,0,1,"null",NULL,"null",NULL,"null","null",NULL,"null","null","null","null","null",NULL,"null",NULL,NULL,NULL,NULL,NULL,NULL,NULL,NULL,NULL,NULL,NULL,NULL,NULL,"uploads/blank_profile.png",NULL,NULL,NULL,NULL,NULL,NULL,1),
(65,NULL," ","Ehsan Kareem Alshimary"," ",NULL,NULL,NULL,"F","Single",NULL,NULL,NULL,NULL,NULL,"Erbil Teaching Hospital-Erbil",NULL,NULL,NULL,NULL,NULL,NULL,7504946459,NULL,"eshimmery@yahoo.com",NULL,NULL,"null",NULL,1,NULL,NULL,NULL,NULL,NULL,NULL,NULL,NULL,NULL,1,NULL,NULL,0,0,NULL,NULL,0,1,"null",NULL,"null",NULL,"null","null",NULL,"null","null","null","null","null",NULL,"null",NULL,NULL,NULL,NULL,NULL,NULL,NULL,NULL,NULL,NULL,NULL,NULL,NULL,"uploads/blank_profile.png",NULL,NULL,NULL,NULL,NULL,NULL,1),
(66,NULL," ","Jihad Khidhr khursheed "," ",NULL,NULL,NULL,"F","Single",NULL,NULL,NULL,NULL,NULL,"Rizgary teaching hosp-Erbil",NULL,NULL,NULL,NULL,NULL,NULL,7504498406,NULL,"jihad.2006@yahoo.com",NULL,NULL,"null",NULL,1,NULL,NULL,NULL,NULL,NULL,NULL,NULL,NULL,NULL,1,NULL,NULL,0,0,NULL,NULL,0,1,"null",NULL,"null",NULL,"null","null",NULL,"null","null","null","null","null",NULL,"null",NULL,NULL,NULL,NULL,NULL,NULL,NULL,NULL,NULL,NULL,NULL,NULL,NULL,"uploads/blank_profile.png",NULL,NULL,NULL,NULL,NULL,NULL,1),
(67,NULL," ","Rekan Farhad Awny"," ",NULL,NULL,NULL,"F","Single",NULL,NULL,NULL,NULL,NULL,"Rizgary teaching hosp-Erbil",NULL,NULL,NULL,NULL,NULL,NULL,7504607155,NULL,"dr.rekan76@hotmail.com",NULL,NULL,"null",NULL,1,NULL,NULL,NULL,NULL,NULL,NULL,NULL,NULL,NULL,1,NULL,NULL,0,0,NULL,NULL,0,1,"null",NULL,"null",NULL,"null","null",NULL,"null","null","null","null","null",NULL,"null",NULL,NULL,NULL,NULL,NULL,NULL,NULL,NULL,NULL,NULL,NULL,NULL,NULL,"uploads/blank_profile.png",NULL,NULL,NULL,NULL,NULL,NULL,1),
(68,NULL," ","Amanj Jamal "," ",NULL,NULL,NULL,"F","Single",NULL,NULL,NULL,NULL,NULL,"Erbil Teaching Hospital-Erbil",NULL,NULL,NULL,NULL,NULL,NULL,7504577848,NULL,"amanj22@yahoo.com",NULL,NULL,"null",NULL,1,NULL,NULL,NULL,NULL,NULL,NULL,NULL,NULL,NULL,1,NULL,NULL,0,0,NULL,NULL,0,1,"null",NULL,"null",NULL,"null","null",NULL,"null","null","null","null","null",NULL,"null",NULL,NULL,NULL,NULL,NULL,NULL,NULL,NULL,NULL,NULL,NULL,NULL,NULL,"uploads/blank_profile.png",NULL,NULL,NULL,NULL,NULL,NULL,1),
(69,NULL," ","Srood Nazar Jirjees"," ",NULL,NULL,NULL,"F","Single",NULL,NULL,NULL,NULL,NULL,"Ashty General Hospital-Soran  ","Rozhalat Emergency Hospital-Erbil",NULL,NULL,NULL,NULL,NULL,7504536346,NULL,"drsnj7979@yahoo.com",NULL,NULL,"null",NULL,1,NULL,NULL,NULL,NULL,NULL,NULL,NULL,NULL,NULL,1,NULL,NULL,0,0,NULL,NULL,0,1,"null",NULL,"null",NULL,"null","null",NULL,"null","null","null","null","null",NULL,"null",NULL,NULL,NULL,NULL,NULL,NULL,NULL,NULL,NULL,NULL,NULL,NULL,NULL,"uploads/blank_profile.png",NULL,NULL,NULL,NULL,NULL,NULL,1),
(70,NULL," ","Jon Jawdat Shamun"," ",NULL,NULL,NULL,"F","Single",NULL,NULL,NULL,NULL,NULL,"Ashty General Hospital-Soran","Rozhalat Emergency Hospital-Erbil",NULL,NULL,NULL,NULL,NULL,7501440313,NULL,"john_jawdat@hotmail.com",NULL,NULL,"null",NULL,1,NULL,NULL,NULL,NULL,NULL,NULL,NULL,NULL,NULL,1,NULL,NULL,0,0,NULL,NULL,0,1,"null",NULL,"null",NULL,"null","null",NULL,"null","null","null","null","null",NULL,"null",NULL,NULL,NULL,NULL,NULL,NULL,NULL,NULL,NULL,NULL,NULL,NULL,NULL,"uploads/blank_profile.png",NULL,NULL,NULL,NULL,NULL,NULL,1),
(71,NULL," ","Farhang Jawhar Mawlood"," ",NULL,NULL,NULL,"F","Single",NULL,NULL,NULL,NULL,NULL,"Erbil Teaching Hospital-Erbil",NULL,NULL,NULL,NULL,NULL,NULL,7504729907,NULL,"ferhng_7807@yahoo.com",NULL,NULL,"null",NULL,1,NULL,NULL,NULL,NULL,NULL,NULL,NULL,NULL,NULL,1,NULL,NULL,0,0,NULL,NULL,0,1,"null",NULL,"null",NULL,"null","null",NULL,"null","null","null","null","null",NULL,"null",NULL,NULL,NULL,NULL,NULL,NULL,NULL,NULL,NULL,NULL,NULL,NULL,NULL,"uploads/blank_profile.png",NULL,NULL,NULL,NULL,NULL,NULL,1),
(72,NULL," ","Sarwan Husen Amin"," ",NULL,NULL,NULL,"F","Single",NULL,NULL,NULL,NULL,NULL,"Erbil Teaching Hospital-Erbil",NULL,NULL,NULL,NULL,NULL,NULL,7504557114,NULL,"dr_sarwan@yahoo.com",NULL,NULL,"null",NULL,1,NULL,NULL,NULL,NULL,NULL,NULL,NULL,NULL,NULL,1,NULL,NULL,0,0,NULL,NULL,0,1,"null",NULL,"null",NULL,"null","null",NULL,"null","null","null","null","null",NULL,"null",NULL,NULL,NULL,NULL,NULL,NULL,NULL,NULL,NULL,NULL,NULL,NULL,NULL,"uploads/blank_profile.png",NULL,NULL,NULL,NULL,NULL,NULL,1),
(73,NULL," ","Azad Hasan Khidhr"," ",NULL,NULL,NULL,"F","Single",NULL,NULL,NULL,NULL,NULL,"Rizgary teaching hosp-Erbil",NULL,NULL,NULL,NULL,NULL,NULL,7507159778,NULL,"azadneuro9@gmail.com",NULL,NULL,"null",NULL,1,NULL,NULL,NULL,NULL,NULL,NULL,NULL,NULL,NULL,1,NULL,NULL,0,0,NULL,NULL,0,1,"null",NULL,"null",NULL,"null","null",NULL,"null","null","null","null","null",NULL,"null",NULL,NULL,NULL,NULL,NULL,NULL,NULL,NULL,NULL,NULL,NULL,NULL,NULL,"uploads/blank_profile.png",NULL,NULL,NULL,NULL,NULL,NULL,1),
(74,NULL," ","Srwa Saeed"," ",NULL,NULL,NULL,"F","Single",NULL,NULL,NULL,NULL,NULL,"Rozhawa Emergency H-Erbil",NULL,NULL,NULL,NULL,NULL,NULL,7504899268,NULL,"dr.srwa@gmail.com",NULL,NULL,"null",NULL,1,NULL,NULL,NULL,NULL,NULL,NULL,NULL,NULL,NULL,1,NULL,NULL,0,0,NULL,NULL,0,1,"null",NULL,"null",NULL,"null","null",NULL,"null","null","null","null","null",NULL,"null",NULL,NULL,NULL,NULL,NULL,NULL,NULL,NULL,NULL,NULL,NULL,NULL,NULL,"uploads/blank_profile.png",NULL,NULL,NULL,NULL,NULL,NULL,1),
(75,NULL," ","Abbas  Nariman Sideeq"," ",NULL,NULL,NULL,"F","Single",NULL,NULL,NULL,NULL,NULL,NULL,NULL,NULL,NULL,NULL,NULL,NULL,NULL,NULL,NULL,NULL,NULL,"null",NULL,1,NULL,NULL,NULL,NULL,NULL,NULL,NULL,NULL,NULL,1,NULL,NULL,0,0,NULL,NULL,0,1,"null",NULL,"null",NULL,"null","null",NULL,"null","null","null","null","null",NULL,"null",NULL,NULL,NULL,NULL,NULL,NULL,NULL,NULL,NULL,NULL,NULL,NULL,NULL,"uploads/blank_profile.png",NULL,NULL,NULL,NULL,NULL,NULL,1),
(76,NULL," ","Ahmed Kawa"," ",NULL,NULL,NULL,"F","Single",NULL,NULL,NULL,NULL,NULL,NULL,NULL,NULL,NULL,NULL,NULL,NULL,NULL,NULL,NULL,NULL,NULL,"null",NULL,1,NULL,NULL,NULL,NULL,NULL,NULL,NULL,NULL,NULL,1,NULL,NULL,0,0,NULL,NULL,0,1,"null",NULL,"null",NULL,"null","null",NULL,"null","null","null","null","null",NULL,"null",NULL,NULL,NULL,NULL,NULL,NULL,NULL,NULL,NULL,NULL,NULL,NULL,NULL,"uploads/blank_profile.png",NULL,NULL,NULL,NULL,NULL,NULL,1),
(77,NULL,"  ","Abdulrahman Abdulkareem Ibrahim","  ",NULL,NULL,NULL,"F","Single",NULL,NULL,NULL,NULL,NULL,NULL,NULL,NULL,NULL,NULL,NULL,NULL,NULL,NULL,NULL,NULL,NULL,"null",NULL,1,NULL,NULL,NULL,NULL,NULL,NULL,NULL,NULL,NULL,1,NULL,NULL,0,0,NULL,NULL,0,1,"null",NULL,"null",NULL,"null","null",NULL,"null","null","null","null","null",NULL,"null",NULL,NULL,NULL,NULL,NULL,NULL,NULL,NULL,NULL,NULL,NULL,NULL,NULL,"uploads/blank_profile.png",NULL,NULL,NULL,NULL,NULL,NULL,1),
(78,NULL,"  ","Hasan Ali","  ",NULL,NULL,NULL,"F","Single",NULL,NULL,NULL,NULL,NULL,NULL,NULL,NULL,NULL,NULL,NULL,NULL,NULL,NULL,NULL,NULL,NULL,"null",NULL,1,NULL,NULL,NULL,NULL,NULL,NULL,NULL,NULL,NULL,1,NULL,NULL,0,0,NULL,NULL,0,1,"null",NULL,"null",NULL,"null","null",NULL,"null","null","null","null","null",NULL,"null",NULL,NULL,NULL,NULL,NULL,NULL,NULL,NULL,NULL,NULL,NULL,NULL,NULL,"uploads/blank_profile.png",NULL,NULL,NULL,NULL,NULL,NULL,1),
(80,NULL,"  ","Hilbin Abdulrazaq Adel","  ",NULL,NULL,NULL,"F","Single",NULL,NULL,NULL,NULL,NULL,NULL,NULL,NULL,NULL,NULL,NULL,NULL,NULL,NULL,NULL,NULL,NULL,"null",NULL,1,NULL,NULL,NULL,NULL,NULL,NULL,NULL,NULL,NULL,1,NULL,NULL,0,0,NULL,NULL,0,1,"null",NULL,"null",NULL,"null","null",NULL,"null","null","null","null","null",NULL,"null",NULL,NULL,NULL,NULL,NULL,NULL,NULL,NULL,NULL,NULL,NULL,NULL,NULL,"uploads/blank_profile.png",NULL,NULL,NULL,NULL,NULL,NULL,1),
(81,NULL,"  ","Hemn Tahir","  ",NULL,NULL,NULL,"F","Single",NULL,NULL,NULL,NULL,NULL,NULL,NULL,NULL,NULL,NULL,NULL,NULL,NULL,NULL,NULL,NULL,NULL,"null",NULL,1,NULL,NULL,NULL,NULL,NULL,NULL,NULL,NULL,NULL,1,NULL,NULL,0,0,NULL,NULL,0,1,"null",NULL,"null",NULL,"null","null",NULL,"null","null","null","null","null",NULL,"null",NULL,NULL,NULL,NULL,NULL,NULL,NULL,NULL,NULL,NULL,NULL,NULL,NULL,"uploads/blank_profile.png",NULL,NULL,NULL,NULL,NULL,NULL,1),
(82,NULL,"  ","Dr. Yasir Abdulhamid ","  ",NULL,NULL,NULL,"M","Single",NULL,NULL,NULL,NULL,NULL,NULL,NULL,NULL,NULL,NULL,NULL,NULL,NULL,NULL,NULL,NULL,NULL,"null",NULL,1,-1,NULL,NULL,NULL,NULL,NULL,NULL,NULL,NULL,1,NULL,NULL,0,0,NULL,NULL,0,1,"null",NULL,"null",NULL,"null","null",NULL,"null","null","null","null","null",NULL,"null",NULL,NULL,NULL,NULL,NULL,NULL,NULL,NULL,NULL,NULL,NULL,NULL,NULL,"uploads/blank_profile.png",NULL,NULL,NULL,-1,NULL,NULL,0),
(83,NULL,"  ","Majeed Salih Muhamad","  ",NULL,NULL,NULL,"F","Single",NULL,NULL,NULL,NULL,NULL,"Rizgary teaching hosp-Erbil",NULL,NULL,NULL,NULL,NULL,NULL,7504937452,NULL,"drmajeed39@yahoo.com",NULL,NULL,"null",NULL,1,NULL,NULL,NULL,NULL,NULL,NULL,NULL,NULL,NULL,1,NULL,NULL,0,0,NULL,NULL,0,1,"null",NULL,"null",NULL,"null","null",NULL,"null","null","null","null","null",NULL,"null",NULL,NULL,NULL,NULL,NULL,NULL,NULL,NULL,NULL,NULL,NULL,NULL,NULL,"uploads/blank_profile.png",NULL,NULL,NULL,NULL,NULL,NULL,1),
(84,NULL," ","Bran Mikail"," ",NULL,NULL,"iraqi","M","Married",NULL,NULL,NULL,NULL,NULL,NULL,NULL,NULL,NULL,NULL,NULL,NULL,NULL,NULL,NULL,NULL,NULL,"null",NULL,NULL,-1,NULL,NULL,NULL,NULL,NULL,NULL,NULL,NULL,0,NULL,NULL,0,0,NULL,NULL,0,1,"null",NULL,"null",NULL,"null","null",NULL,"null","null","null","null","null",NULL,"null",NULL,NULL,NULL,NULL,NULL,NULL,NULL,NULL,NULL,NULL,NULL,NULL,NULL,"uploads/blank_profile.png",NULL,NULL,NULL,-1,NULL,NULL,0),
(85,NULL," ","Dr. Muhammad Jawda"," ",NULL,NULL,"iraqi","M","Married",NULL,NULL,NULL,NULL,NULL,NULL,NULL,NULL,NULL,NULL,NULL,NULL,NULL,NULL,NULL,NULL,NULL,"null",NULL,1,-1,NULL,NULL,NULL,NULL,NULL,NULL,NULL,NULL,0,NULL,NULL,0,0,NULL,NULL,0,1,"null",NULL,"null",NULL,"null","null",NULL,"null","null","null","null","null",NULL,"null",NULL,NULL,NULL,NULL,NULL,NULL,NULL,NULL,NULL,NULL,NULL,NULL,NULL,"uploads/blank_profile.png",NULL,NULL,NULL,-1,NULL,NULL,0),
(86,NULL," ","Fryad Anwar Shalal"," ",NULL,NULL,"iraqi","M","Married",NULL,NULL,NULL,NULL,NULL,NULL,NULL,NULL,NULL,NULL,NULL,NULL,NULL,NULL,NULL,NULL,NULL,"null",NULL,0,-1,NULL,NULL,NULL,NULL,NULL,NULL,NULL,NULL,0,NULL,NULL,0,0,NULL,NULL,0,1,"null",NULL,"null",NULL,"null","null",NULL,"null","null","null","null","null",NULL,"null",NULL,NULL,NULL,NULL,NULL,NULL,NULL,NULL,NULL,NULL,NULL,NULL,NULL,"uploads/blank_profile.png",NULL,NULL,NULL,-1,NULL,NULL,0),
(87,NULL," ","Dr. Mustafa"," ",NULL,NULL,"iraqi","M","Married",NULL,NULL,NULL,NULL,NULL,NULL,NULL,NULL,NULL,NULL,NULL,NULL,NULL,NULL,NULL,NULL,NULL,"null",NULL,1,NULL,NULL,NULL,NULL,NULL,NULL,NULL,NULL,NULL,0,NULL,NULL,0,0,NULL,NULL,0,1,"null",NULL,"null",NULL,"null","null",NULL,"null","null","null","null","null",NULL,"null",NULL,NULL,NULL,NULL,NULL,NULL,NULL,NULL,NULL,NULL,NULL,NULL,NULL,"uploads/blank_profile.png",NULL,NULL,NULL,NULL,NULL,NULL,0),
(88,NULL," ","Dr. Farid Tahsin Haddad"," ",NULL,NULL,NULL,"M","Single",NULL,NULL,NULL,NULL,NULL,NULL,NULL,NULL,NULL,NULL,NULL,NULL,NULL,NULL,NULL,NULL,NULL,"null",NULL,1,NULL,NULL,NULL,NULL,NULL,NULL,NULL,NULL,NULL,1,NULL,NULL,0,0,NULL,NULL,0,1,"null",NULL,"null",NULL,"null","null",NULL,"null","null","null","null","null",NULL,"null",NULL,NULL,NULL,NULL,NULL,NULL,NULL,NULL,NULL,NULL,NULL,NULL,NULL,"uploads/blank_profile.png",NULL,NULL,NULL,NULL,NULL,NULL,0),
(89,NULL," ","دلێر طە"," ",NULL,NULL,NULL,"M","Single",NULL,NULL,NULL,NULL,NULL,NULL,NULL,NULL,NULL,NULL,NULL,NULL,NULL,NULL,NULL,NULL,NULL,"null",NULL,NULL,-1,NULL,NULL,NULL,NULL,NULL,NULL,NULL,NULL,1,NULL,NULL,0,0,NULL,NULL,0,1,"null",NULL,"null",NULL,"null","null",NULL,"null","null","null","null","null",NULL,"null",NULL,NULL,NULL,NULL,NULL,NULL,NULL,NULL,NULL,NULL,NULL,NULL,NULL,"uploads/blank_profile.png",NULL,NULL,NULL,-1,NULL,NULL,0),
(90,NULL," ","Dr. Redwan Qasm"," ",NULL,NULL,NULL,"M","Single",NULL,NULL,NULL,NULL,NULL,NULL,NULL,NULL,NULL,NULL,NULL,NULL,NULL,NULL,NULL,NULL,NULL,"null",NULL,1,-1,NULL,NULL,NULL,NULL,NULL,NULL,NULL,NULL,1,NULL,NULL,0,0,NULL,NULL,0,1,"null",NULL,"null",NULL,"null","null",NULL,"null","null","null","null","null",NULL,"null",NULL,NULL,NULL,NULL,NULL,NULL,NULL,NULL,NULL,NULL,NULL,NULL,NULL,"uploads/blank_profile.png",NULL,NULL,NULL,-1,NULL,NULL,0),
(91,NULL," ","Dr. Yousuf Zakaria Shakr"," ",NULL,NULL,NULL,"M","Single",NULL,NULL,NULL,NULL,NULL,NULL,NULL,NULL,NULL,NULL,NULL,NULL,NULL,NULL,NULL,NULL,NULL,"null",NULL,1,-1,NULL,NULL,NULL,NULL,NULL,NULL,NULL,NULL,1,NULL,NULL,0,0,NULL,NULL,0,1,"null",NULL,"null",NULL,"null","null",NULL,"null","null","null","null","null",NULL,"null",NULL,NULL,NULL,NULL,NULL,NULL,NULL,NULL,NULL,NULL,NULL,NULL,NULL,"uploads/blank_profile.png",NULL,NULL,NULL,-1,NULL,NULL,0),
(92,NULL," ","Dr. Ayad Samin"," ",NULL,NULL,NULL,"M","Single",NULL,NULL,NULL,NULL,NULL,NULL,NULL,NULL,NULL,NULL,NULL,NULL,NULL,NULL,NULL,NULL,NULL,"null",NULL,1,NULL,NULL,NULL,NULL,NULL,NULL,NULL,NULL,NULL,1,NULL,NULL,0,0,NULL,NULL,0,1,"null",NULL,"null",NULL,"null","null",NULL,"null","null","null","null","null",NULL,"null",NULL,NULL,NULL,NULL,NULL,NULL,NULL,NULL,NULL,NULL,NULL,NULL,NULL,"uploads/blank_profile.png",NULL,NULL,NULL,NULL,NULL,NULL,0),
(93,NULL," ","Dr. Bestoun Muhammad"," ",NULL,NULL,NULL,"M","Single",NULL,NULL,NULL,NULL,NULL,NULL,NULL,NULL,NULL,NULL,NULL,NULL,NULL,NULL,NULL,NULL,NULL,"null",NULL,1,NULL,NULL,NULL,NULL,NULL,NULL,NULL,NULL,NULL,1,NULL,NULL,0,0,NULL,NULL,0,1,"null",NULL,"null",NULL,"null","null",NULL,"null","null","null","null","null",NULL,"null",NULL,NULL,NULL,NULL,NULL,NULL,NULL,NULL,NULL,NULL,NULL,NULL,NULL,"uploads/blank_profile.png",NULL,NULL,NULL,NULL,NULL,NULL,0),
(94,NULL," ","Dr. Ali Barzinji"," ",NULL,NULL,NULL,"F","Single",NULL,NULL,NULL,NULL,NULL,NULL,NULL,NULL,NULL,NULL,NULL,NULL,NULL,NULL,NULL,NULL,NULL,"null",NULL,1,NULL,NULL,NULL,NULL,NULL,NULL,NULL,NULL,NULL,1,NULL,NULL,0,0,NULL,NULL,0,1,"null",NULL,"null",NULL,"null","null",NULL,"null","null","null","null","null",NULL,"null",NULL,NULL,NULL,NULL,NULL,NULL,NULL,NULL,NULL,NULL,NULL,NULL,NULL,"uploads/blank_profile.png",NULL,NULL,NULL,NULL,NULL,NULL,0),
(95,NULL," ","Dr. Yousif "," ",NULL,NULL,NULL,"M","Single",NULL,NULL,NULL,NULL,NULL,NULL,NULL,NULL,NULL,NULL,NULL,NULL,"0750 4770307",NULL,NULL,NULL,NULL,"null",NULL,1,-1,NULL,NULL,NULL,NULL,NULL,NULL,NULL,NULL,1,NULL,NULL,0,0,NULL,NULL,0,1,"null",NULL,"null",NULL,"null","null",NULL,"null","null","null","null","null",NULL,"null",NULL,NULL,NULL,NULL,NULL,NULL,NULL,NULL,NULL,NULL,NULL,NULL,NULL,"uploads/blank_profile.png",NULL,NULL,NULL,-1,NULL,NULL,0),
(96,NULL," ","Dr. Farman"," ",NULL,NULL,NULL,"F","Single",NULL,NULL,NULL,NULL,NULL,NULL,NULL,NULL,NULL,NULL,NULL,NULL,"0750 7545464",NULL,NULL,NULL,NULL,"null",NULL,1,NULL,NULL,NULL,NULL,NULL,NULL,NULL,NULL,NULL,1,NULL,NULL,0,0,NULL,NULL,0,1,"null",NULL,"null",NULL,"null","null",NULL,"null","null","null","null","null",NULL,"null",NULL,NULL,NULL,NULL,NULL,NULL,NULL,NULL,NULL,NULL,NULL,NULL,NULL,"uploads/blank_profile.png",NULL,NULL,NULL,NULL,NULL,NULL,0),
(97,NULL," ","Dr. Masood"," ",NULL,NULL,NULL,"F","Single",NULL,NULL,NULL,NULL,NULL,NULL,NULL,NULL,NULL,NULL,NULL,NULL,"0750 8986915",NULL,NULL,NULL,NULL,"null",NULL,1,NULL,NULL,NULL,NULL,NULL,NULL,NULL,NULL,NULL,1,NULL,NULL,0,0,NULL,NULL,0,1,"null",NULL,"null",NULL,"null","null",NULL,"null","null","null","null","null",NULL,"null",NULL,NULL,NULL,NULL,NULL,NULL,NULL,NULL,NULL,NULL,NULL,NULL,NULL,"uploads/blank_profile.png",NULL,NULL,NULL,NULL,NULL,NULL,0),
(98,NULL," ","Dr. Abdulrahman"," ",NULL,NULL,NULL,"F","Single",NULL,NULL,NULL,NULL,NULL,NULL,NULL,NULL,NULL,NULL,NULL,NULL,"0751 0032112",NULL,NULL,NULL,NULL,"null",NULL,1,NULL,NULL,NULL,NULL,NULL,NULL,NULL,NULL,NULL,1,NULL,NULL,0,0,NULL,NULL,0,1,"null",NULL,"null",NULL,"null","null",NULL,"null","null","null","null","null",NULL,"null",NULL,NULL,NULL,NULL,NULL,NULL,NULL,NULL,NULL,NULL,NULL,NULL,NULL,"uploads/blank_profile.png",NULL,NULL,NULL,NULL,NULL,NULL,0),
(99,NULL," ","Dr. Sarwar"," ",NULL,NULL,NULL,"F","Single",NULL,NULL,NULL,NULL,NULL,NULL,NULL,NULL,NULL,NULL,NULL,NULL,"0750 1838323",NULL,NULL,NULL,NULL,"null",NULL,1,NULL,NULL,NULL,NULL,NULL,NULL,NULL,NULL,NULL,1,NULL,NULL,0,0,NULL,NULL,0,1,"null",NULL,"null",NULL,"null","null",NULL,"null","null","null","null","null",NULL,"null",NULL,NULL,NULL,NULL,NULL,NULL,NULL,NULL,NULL,NULL,NULL,NULL,NULL,"uploads/blank_profile.png",NULL,NULL,NULL,NULL,NULL,NULL,0),
(100,NULL," ","dr. salwan"," ",NULL,NULL,NULL,"F","Single",NULL,NULL,NULL,NULL,NULL,NULL,NULL,NULL,NULL,NULL,NULL,NULL,"0750 3167484",NULL,NULL,NULL,NULL,"null",NULL,1,-1,NULL,NULL,NULL,NULL,NULL,NULL,NULL,NULL,1,NULL,NULL,0,0,NULL,NULL,0,1,"null",NULL,"null",NULL,"null","null",NULL,"null","null","null","null","null",NULL,"null",NULL,NULL,NULL,NULL,NULL,NULL,NULL,NULL,NULL,NULL,NULL,NULL,NULL,"uploads/blank_profile.png",NULL,NULL,NULL,-1,NULL,NULL,0),
(101,NULL," ","dr. ayman"," ",NULL,NULL,NULL,"F","Single",NULL,NULL,NULL,NULL,NULL,NULL,NULL,NULL,NULL,NULL,NULL,NULL,NULL,NULL,NULL,NULL,NULL,"null",NULL,1,NULL,NULL,NULL,NULL,NULL,NULL,NULL,NULL,NULL,1,NULL,NULL,0,0,NULL,NULL,0,1,"null",NULL,"null",NULL,"null","null",NULL,"null","null","null","null","null",NULL,"null",NULL,NULL,NULL,NULL,NULL,NULL,NULL,NULL,NULL,NULL,NULL,NULL,NULL,"uploads/blank_profile.png",NULL,NULL,NULL,NULL,NULL,NULL,0),
(102,NULL," ","Dr. muhammad fawzy"," ",NULL,NULL,NULL,"F","Single",NULL,NULL,NULL,NULL,NULL,NULL,NULL,NULL,NULL,NULL,NULL,NULL,"0750 7943394",NULL,NULL,NULL,NULL,"null",NULL,1,NULL,NULL,NULL,NULL,NULL,NULL,NULL,NULL,NULL,1,NULL,NULL,0,0,NULL,NULL,0,1,"null",NULL,"null",NULL,"null","null",NULL,"null","null","null","null","null",NULL,"null",NULL,NULL,NULL,NULL,NULL,NULL,NULL,NULL,NULL,NULL,NULL,NULL,NULL,"uploads/blank_profile.png",NULL,NULL,NULL,NULL,NULL,NULL,0),
(103,NULL," ","Dr. mansoor"," ",NULL,NULL,NULL,"F","Single",NULL,NULL,NULL,NULL,NULL,NULL,NULL,NULL,NULL,NULL,NULL,NULL,7504380848,NULL,NULL,NULL,NULL,"null",NULL,1,-1,NULL,NULL,NULL,NULL,NULL,NULL,NULL,NULL,1,NULL,NULL,0,0,NULL,NULL,0,1,"null",NULL,"null",NULL,"null","null",NULL,"null","null","null","null","null",NULL,"null",NULL,NULL,NULL,NULL,NULL,NULL,NULL,NULL,NULL,NULL,NULL,NULL,NULL,"uploads/blank_profile.png",NULL,NULL,NULL,-1,NULL,NULL,0),
(104,NULL," ","Ass. Anesthesia"," ",NULL,NULL,NULL,"M","Single",NULL,NULL,NULL,NULL,NULL,NULL,NULL,NULL,NULL,NULL,NULL,NULL,NULL,NULL,NULL,NULL,NULL,"null",NULL,1,NULL,NULL,NULL,NULL,NULL,NULL,NULL,NULL,NULL,1,NULL,NULL,0,0,NULL,NULL,0,1,"null",NULL,"null",NULL,"null","null",NULL,"null","null","null","null","null",NULL,"null",NULL,NULL,NULL,NULL,NULL,NULL,NULL,NULL,NULL,NULL,NULL,NULL,NULL,"uploads/blank_profile.png",NULL,NULL,NULL,NULL,NULL,NULL,0),
(105,NULL," ","Ass. Surgeon"," ",NULL,NULL,NULL,"M","Single",NULL,NULL,NULL,NULL,NULL,NULL,NULL,NULL,NULL,NULL,NULL,NULL,NULL,NULL,NULL,NULL,NULL,"null",NULL,1,NULL,NULL,NULL,NULL,NULL,NULL,NULL,NULL,NULL,1,NULL,NULL,0,0,NULL,NULL,0,1,"null",NULL,"null",NULL,"null","null",NULL,"null","null","null","null","null",NULL,"null",NULL,NULL,NULL,NULL,NULL,NULL,NULL,NULL,NULL,NULL,NULL,NULL,NULL,"uploads/blank_profile.png",NULL,NULL,NULL,NULL,NULL,NULL,0),
(106,NULL," ","Permanent Dr."," ",NULL,NULL,NULL,"M","Single",NULL,NULL,NULL,NULL,NULL,NULL,NULL,NULL,NULL,NULL,NULL,NULL,NULL,NULL,NULL,NULL,NULL,"null",NULL,1,NULL,NULL,NULL,NULL,NULL,NULL,NULL,NULL,NULL,1,NULL,NULL,0,0,NULL,NULL,0,1,"null",NULL,"null",NULL,"null","null",NULL,"null","null","null","null","null",NULL,"null",NULL,NULL,NULL,NULL,NULL,NULL,NULL,NULL,NULL,NULL,NULL,NULL,NULL,"uploads/blank_profile.png",NULL,NULL,NULL,NULL,NULL,NULL,0),
(107,NULL," ","Anesthesia"," ",NULL,NULL,NULL,"M","Single",NULL,NULL,NULL,NULL,NULL,NULL,NULL,NULL,NULL,NULL,NULL,NULL,NULL,NULL,NULL,NULL,NULL,"null",NULL,1,NULL,NULL,NULL,NULL,NULL,NULL,NULL,NULL,NULL,1,NULL,NULL,0,0,NULL,NULL,0,1,"null",NULL,"null",NULL,"null","null",NULL,"null","null","null","null","null",NULL,"null",NULL,NULL,NULL,NULL,NULL,NULL,NULL,NULL,NULL,NULL,NULL,NULL,NULL,"uploads/blank_profile.png",NULL,NULL,NULL,NULL,NULL,NULL,0),
(108,NULL," ","Sterilizer"," ",NULL,NULL,NULL,"M","Single",NULL,NULL,NULL,NULL,NULL,NULL,NULL,NULL,NULL,NULL,NULL,NULL,NULL,NULL,NULL,NULL,NULL,"null",NULL,1,NULL,NULL,NULL,NULL,NULL,NULL,NULL,NULL,NULL,1,NULL,NULL,0,0,NULL,NULL,0,1,"null",NULL,"null",NULL,"null","null",NULL,"null","null","null","null","null",NULL,"null",NULL,NULL,NULL,NULL,NULL,NULL,NULL,NULL,NULL,NULL,NULL,NULL,NULL,"uploads/blank_profile.png",NULL,NULL,NULL,NULL,NULL,NULL,0),
(109,NULL," ","Dr. Rebaz"," ",NULL,NULL,NULL,"M","Single",NULL,NULL,NULL,NULL,NULL,NULL,NULL,NULL,NULL,NULL,NULL,NULL,NULL,NULL,NULL,NULL,NULL,"null",NULL,1,NULL,NULL,NULL,NULL,NULL,NULL,NULL,NULL,NULL,1,NULL,NULL,0,0,NULL,NULL,0,1,"null",NULL,"null",NULL,"null","null",NULL,"null","null","null","null","null",NULL,"null",NULL,NULL,NULL,NULL,NULL,NULL,NULL,NULL,NULL,NULL,NULL,NULL,NULL,"uploads/blank_profile.png",NULL,NULL,NULL,NULL,NULL,NULL,0),
(110,NULL," ","Hawzhin","Physiotherapist",NULL,NULL,NULL,"F","Single",NULL,NULL,NULL,NULL,NULL,NULL,NULL,NULL,NULL,NULL,NULL,NULL,NULL,NULL,NULL,NULL,NULL,"null",NULL,1,NULL,NULL,NULL,NULL,NULL,NULL,NULL,NULL,NULL,1,NULL,NULL,0,0,NULL,NULL,0,1,"null",NULL,"null",NULL,"null","null",NULL,"null","null","null","null","null",NULL,"null",NULL,NULL,NULL,NULL,NULL,NULL,NULL,NULL,NULL,NULL,NULL,NULL,NULL,"uploads/blank_profile.png",NULL,NULL,NULL,NULL,NULL,NULL,0),
(111,NULL," ","Dr. sahand"," ",NULL,NULL,NULL,"F","Single",NULL,NULL,NULL,NULL,NULL,NULL,NULL,NULL,NULL,NULL,NULL,NULL,NULL,NULL,NULL,NULL,NULL,"null",NULL,1,NULL,NULL,NULL,NULL,NULL,NULL,NULL,NULL,NULL,1,NULL,NULL,0,0,NULL,NULL,0,1,"null",NULL,"null",NULL,"null","null",NULL,"null","null","null","null","null",NULL,"null",NULL,NULL,NULL,NULL,NULL,NULL,NULL,NULL,NULL,NULL,NULL,NULL,NULL,"uploads/blank_profile.png",NULL,NULL,NULL,NULL,NULL,NULL,0),
(112,NULL,"  ","Dr. Parwin","   ",NULL,NULL,NULL,"F","Single",NULL,NULL,NULL,NULL,NULL,NULL,NULL,NULL,NULL,NULL,NULL,NULL,NULL,NULL,NULL,NULL,NULL,"null",NULL,1,NULL,NULL,NULL,NULL,NULL,NULL,NULL,NULL,NULL,1,NULL,NULL,0,0,NULL,NULL,0,1,"null",NULL,"null",NULL,"null","null",NULL,"null","null","null","null","null",NULL,"null",NULL,NULL,NULL,NULL,NULL,NULL,NULL,NULL,NULL,NULL,NULL,NULL,NULL,"uploads/blank_profile.png",NULL,NULL,NULL,NULL,NULL,NULL,0),
(113,NULL,"  ","Dr.Suhayb","   ",NULL,NULL,NULL,"F","Single",NULL,NULL,NULL,NULL,NULL,NULL,NULL,NULL,NULL,NULL,NULL,NULL,NULL,NULL,NULL,NULL,NULL,"null",NULL,1,NULL,NULL,NULL,NULL,NULL,NULL,NULL,NULL,NULL,1,NULL,NULL,0,0,NULL,NULL,0,1,"null",NULL,"null",NULL,"null","null",NULL,"null","null","null","null","null",NULL,"null",NULL,NULL,NULL,NULL,NULL,NULL,NULL,NULL,NULL,NULL,NULL,NULL,NULL,"uploads/blank_profile.png",NULL,NULL,NULL,NULL,NULL,NULL,0),
(114,NULL,"  ","Dr.Chya","   ",NULL,NULL,NULL,"F","Single",NULL,NULL,NULL,NULL,NULL,NULL,NULL,NULL,NULL,NULL,NULL,NULL,NULL,NULL,NULL,NULL,NULL,"null",NULL,1,NULL,NULL,NULL,NULL,NULL,NULL,NULL,NULL,NULL,1,NULL,NULL,0,0,NULL,NULL,0,1,"null",NULL,"null",NULL,"null","null",NULL,"null","null","null","null","null",NULL,"null",NULL,NULL,NULL,NULL,NULL,NULL,NULL,NULL,NULL,NULL,NULL,NULL,NULL,"uploads/blank_profile.png",NULL,NULL,NULL,NULL,NULL,NULL,0),
(115,NULL,"   ","Dr.Abdulhakim","  ",NULL,NULL,NULL,"F","Single",NULL,NULL,NULL,NULL,NULL,NULL,NULL,NULL,NULL,NULL,NULL,NULL,NULL,NULL,NULL,NULL,NULL,"null",NULL,1,NULL,NULL,NULL,NULL,NULL,NULL,NULL,NULL,NULL,1,NULL,NULL,0,0,NULL,NULL,0,1,"null",NULL,"null",NULL,"null","null",NULL,"null","null","null","null","null",NULL,"null",NULL,NULL,NULL,NULL,NULL,NULL,NULL,NULL,NULL,NULL,NULL,NULL,NULL,"uploads/blank_profile.png",NULL,NULL,NULL,NULL,NULL,NULL,0),
(116,NULL,"   ","Dr.Muhammad faqe","   ",NULL,NULL,NULL,"F","Single",NULL,NULL,NULL,NULL,NULL,NULL,NULL,NULL,NULL,NULL,NULL,NULL,NULL,NULL,NULL,NULL,NULL,"null",NULL,1,NULL,NULL,NULL,NULL,NULL,NULL,NULL,NULL,NULL,1,NULL,NULL,0,0,NULL,NULL,0,1,"null",NULL,"null",NULL,"null","null",NULL,"null","null","null","null","null",NULL,"null",NULL,NULL,NULL,NULL,NULL,NULL,NULL,NULL,NULL,NULL,NULL,NULL,NULL,"uploads/blank_profile.png",NULL,NULL,NULL,NULL,NULL,NULL,0),
(117,NULL,"   ","Dr.Dlvin","  ",NULL,NULL,NULL,"F","Single",NULL,NULL,NULL,NULL,NULL,NULL,NULL,NULL,NULL,NULL,NULL,NULL,NULL,NULL,NULL,NULL,NULL,"null",NULL,1,NULL,NULL,NULL,NULL,NULL,NULL,NULL,NULL,NULL,1,NULL,NULL,0,0,NULL,NULL,0,1,"null",NULL,"null",NULL,"null","null",NULL,"null","null","null","null","null",NULL,"null",NULL,NULL,NULL,NULL,NULL,NULL,NULL,NULL,NULL,NULL,NULL,NULL,NULL,"uploads/blank_profile.png",NULL,NULL,NULL,NULL,NULL,NULL,0),
(118,NULL,"  ","Dr.Pola","  ",NULL,NULL,NULL,"F","Single",NULL,NULL,NULL,NULL,NULL,NULL,NULL,NULL,NULL,NULL,NULL,NULL,NULL,NULL,NULL,NULL,NULL,"null",NULL,1,NULL,NULL,NULL,NULL,NULL,NULL,NULL,NULL,NULL,1,NULL,NULL,0,0,NULL,NULL,0,1,"null",NULL,"null",NULL,"null","null",NULL,"null","null","null","null","null",NULL,"null",NULL,NULL,NULL,NULL,NULL,NULL,NULL,NULL,NULL,NULL,NULL,NULL,NULL,"uploads/blank_profile.png",NULL,NULL,NULL,NULL,NULL,NULL,0),
(119,NULL,"   ","Dr.Assim","   ",NULL,NULL,NULL,"F","Single",NULL,NULL,NULL,NULL,NULL,NULL,NULL,NULL,NULL,NULL,NULL,NULL,NULL,NULL,NULL,NULL,NULL,"null",NULL,1,NULL,NULL,NULL,NULL,NULL,NULL,NULL,NULL,NULL,1,NULL,NULL,0,0,NULL,NULL,0,1,"null",NULL,"null",NULL,"null","null",NULL,"null","null","null","null","null",NULL,"null",NULL,NULL,NULL,NULL,NULL,NULL,NULL,NULL,NULL,NULL,NULL,NULL,NULL,"uploads/blank_profile.png",NULL,NULL,NULL,NULL,NULL,NULL,0),
(120,NULL," ","Bran","M.",NULL,NULL,NULL,"F","Single",NULL,NULL,NULL,NULL,NULL,NULL,NULL,NULL,NULL,NULL,NULL,NULL,NULL,NULL,NULL,NULL,NULL,"null",NULL,1,NULL,NULL,NULL,NULL,NULL,NULL,NULL,NULL,NULL,1,NULL,NULL,0,0,NULL,NULL,0,1,"null",NULL,"null",NULL,"null","null",NULL,"null","null","null","null","null",NULL,"null",NULL,NULL,NULL,NULL,NULL,NULL,NULL,NULL,NULL,NULL,NULL,NULL,NULL,"uploads/blank_profile.png",NULL,NULL,NULL,NULL,NULL,NULL,0),
(121,NULL," ","Dr. Motaz"," ",NULL,NULL,NULL,"F","Single",NULL,NULL,NULL,NULL,NULL,NULL,NULL,NULL,NULL,NULL,NULL,NULL,NULL,NULL,NULL,NULL,NULL,"null",NULL,1,-1,NULL,NULL,NULL,NULL,NULL,NULL,NULL,NULL,1,NULL,NULL,0,0,NULL,NULL,0,1,"null",NULL,"null",NULL,"null","null",NULL,"null","null","null","null","null",NULL,"null",NULL,NULL,NULL,NULL,NULL,NULL,NULL,NULL,NULL,NULL,NULL,NULL,NULL,"uploads/blank_profile.png",NULL,NULL,NULL,-1,NULL,NULL,0),
(122,NULL," ","Dr. Alan","Kurdo",NULL,NULL,NULL,"F","Single",NULL,NULL,NULL,NULL,NULL,NULL,NULL,NULL,NULL,NULL,NULL,NULL,NULL,NULL,NULL,NULL,NULL,"null",NULL,1,NULL,NULL,NULL,NULL,NULL,NULL,NULL,NULL,NULL,1,NULL,NULL,0,0,NULL,NULL,0,1,"null",NULL,"null",NULL,"null","null",NULL,"null","null","null","null","null",NULL,"null",NULL,NULL,NULL,NULL,NULL,NULL,NULL,NULL,NULL,NULL,NULL,NULL,NULL,"uploads/blank_profile.png",NULL,NULL,NULL,NULL,NULL,NULL,0),
(123,NULL," ","Dr. Idris"," ",NULL,NULL,NULL,"F","Single",NULL,NULL,NULL,NULL,NULL,NULL,NULL,NULL,NULL,NULL,NULL,NULL,NULL,NULL,NULL,NULL,NULL,"null",NULL,1,NULL,NULL,NULL,NULL,NULL,NULL,NULL,NULL,NULL,1,NULL,NULL,0,0,NULL,NULL,0,1,"null",NULL,"null",NULL,"null","null",NULL,"null","null","null","null","null",NULL,"null",NULL,NULL,NULL,NULL,NULL,NULL,NULL,NULL,NULL,NULL,NULL,NULL,NULL,"uploads/blank_profile.png",NULL,NULL,NULL,NULL,NULL,NULL,0),
(124,NULL,"  ","Dr.Reem","  ",NULL,NULL,NULL,"F","Single",NULL,NULL,NULL,NULL,NULL,NULL,NULL,NULL,NULL,NULL,NULL,NULL,NULL,NULL,NULL,NULL,NULL,"null",NULL,1,NULL,NULL,NULL,NULL,NULL,NULL,NULL,NULL,NULL,1,NULL,NULL,0,0,NULL,NULL,0,1,"null",NULL,"null",NULL,"null","null",NULL,"null","null","null","null","null",NULL,"null",NULL,NULL,NULL,NULL,NULL,NULL,NULL,NULL,NULL,NULL,NULL,NULL,NULL,"uploads/blank_profile.png",NULL,NULL,NULL,NULL,NULL,NULL,0),
(125,NULL,"   ","Dr.Jawahr","   ",NULL,NULL,NULL,"F","Single",NULL,NULL,NULL,NULL,NULL,NULL,NULL,NULL,NULL,NULL,NULL,NULL,NULL,NULL,NULL,NULL,NULL,"null",NULL,1,NULL,NULL,NULL,NULL,NULL,NULL,NULL,NULL,NULL,1,NULL,NULL,0,0,NULL,NULL,0,1,"null",NULL,"null",NULL,"null","null",NULL,"null","null","null","null","null",NULL,"null",NULL,NULL,NULL,NULL,NULL,NULL,NULL,NULL,NULL,NULL,NULL,NULL,NULL,"uploads/blank_profile.png",NULL,NULL,NULL,NULL,NULL,NULL,0),
(126,NULL,"  ","Dr.Ghada","   ",NULL,NULL,NULL,"F","Single",NULL,NULL,NULL,NULL,NULL,NULL,NULL,NULL,NULL,NULL,NULL,NULL,NULL,NULL,NULL,NULL,NULL,"null",NULL,1,NULL,NULL,NULL,NULL,NULL,NULL,NULL,NULL,NULL,1,NULL,NULL,0,0,NULL,NULL,0,1,"null",NULL,"null",NULL,"null","null",NULL,"null","null","null","null","null",NULL,"null",NULL,NULL,NULL,NULL,NULL,NULL,NULL,NULL,NULL,NULL,NULL,NULL,NULL,"uploads/blank_profile.png",NULL,NULL,NULL,NULL,NULL,NULL,0),
(127,NULL,"  ","Dr.Hadil","   ",NULL,NULL,NULL,"F","Single",NULL,NULL,NULL,NULL,NULL,NULL,NULL,NULL,NULL,NULL,NULL,NULL,NULL,NULL,NULL,NULL,NULL,"null",NULL,1,NULL,NULL,NULL,NULL,NULL,NULL,NULL,NULL,NULL,1,NULL,NULL,0,0,NULL,NULL,0,1,"null",NULL,"null",NULL,"null","null",NULL,"null","null","null","null","null",NULL,"null",NULL,NULL,NULL,NULL,NULL,NULL,NULL,NULL,NULL,NULL,NULL,NULL,NULL,"uploads/blank_profile.png",NULL,NULL,NULL,NULL,NULL,NULL,0),
(128,NULL,"   ","Dr.Trifa","   ",NULL,NULL,NULL,"F","Single",NULL,NULL,NULL,NULL,NULL,NULL,NULL,NULL,NULL,NULL,NULL,NULL,NULL,NULL,NULL,NULL,NULL,"null",NULL,1,NULL,NULL,NULL,NULL,NULL,NULL,NULL,NULL,NULL,1,NULL,NULL,0,0,NULL,NULL,0,1,"null",NULL,"null",NULL,"null","null",NULL,"null","null","null","null","null",NULL,"null",NULL,NULL,NULL,NULL,NULL,NULL,NULL,NULL,NULL,NULL,NULL,NULL,NULL,"uploads/blank_profile.png",NULL,NULL,NULL,NULL,NULL,NULL,0),
(129,NULL,"  ","Dr.Zina","   ",NULL,NULL,NULL,"F","Single",NULL,NULL,NULL,NULL,NULL,NULL,NULL,NULL,NULL,NULL,NULL,NULL,NULL,NULL,NULL,NULL,NULL,"null",NULL,1,NULL,NULL,NULL,NULL,NULL,NULL,NULL,NULL,NULL,1,NULL,NULL,0,0,NULL,NULL,0,1,"null",NULL,"null",NULL,"null","null",NULL,"null","null","null","null","null",NULL,"null",NULL,NULL,NULL,NULL,NULL,NULL,NULL,NULL,NULL,NULL,NULL,NULL,NULL,"uploads/blank_profile.png",NULL,NULL,NULL,NULL,NULL,NULL,0),
(130,NULL,"   ","Dr.Rahel","    ",NULL,NULL,NULL,"F","Single",NULL,NULL,NULL,NULL,NULL,NULL,NULL,NULL,NULL,NULL,NULL,NULL,NULL,NULL,NULL,NULL,NULL,"null",NULL,1,NULL,NULL,NULL,NULL,NULL,NULL,NULL,NULL,NULL,1,NULL,NULL,0,0,NULL,NULL,0,1,"null",NULL,"null",NULL,"null","null",NULL,"null","null","null","null","null",NULL,"null",NULL,NULL,NULL,NULL,NULL,NULL,NULL,NULL,NULL,NULL,NULL,NULL,NULL,"uploads/blank_profile.png",NULL,NULL,NULL,NULL,NULL,NULL,0),
(131,NULL,"  ","Dr.Saad","  ",NULL,NULL,NULL,"F","Single",NULL,NULL,NULL,NULL,NULL,NULL,NULL,NULL,NULL,NULL,NULL,NULL,NULL,NULL,NULL,NULL,NULL,"null",NULL,1,NULL,NULL,NULL,NULL,NULL,NULL,NULL,NULL,NULL,1,NULL,NULL,0,0,NULL,NULL,0,1,"null",NULL,"null",NULL,"null","null",NULL,"null","null","null","null","null",NULL,"null",NULL,NULL,NULL,NULL,NULL,NULL,NULL,NULL,NULL,NULL,NULL,NULL,NULL,"uploads/blank_profile.png",NULL,NULL,NULL,NULL,NULL,NULL,0),
(132,NULL,"  ","Dr.Osman","  ",NULL,NULL,NULL,"F","Single",NULL,NULL,NULL,NULL,NULL,NULL,NULL,NULL,NULL,NULL,NULL,NULL,NULL,NULL,NULL,NULL,NULL,"null",NULL,1,NULL,NULL,NULL,NULL,NULL,NULL,NULL,NULL,NULL,1,NULL,NULL,0,0,NULL,NULL,0,1,"null",NULL,"null",NULL,"null","null",NULL,"null","null","null","null","null",NULL,"null",NULL,NULL,NULL,NULL,NULL,NULL,NULL,NULL,NULL,NULL,NULL,NULL,NULL,"uploads/blank_profile.png",NULL,NULL,NULL,NULL,NULL,NULL,0),
(133,NULL,"  ","Dr.Bilal","  ",NULL,NULL,NULL,"F","Single",NULL,NULL,NULL,NULL,NULL,NULL,NULL,NULL,NULL,NULL,NULL,NULL,NULL,NULL,NULL,NULL,NULL,"null",NULL,1,NULL,NULL,NULL,NULL,NULL,NULL,NULL,NULL,NULL,1,NULL,NULL,0,0,NULL,NULL,0,1,"null",NULL,"null",NULL,"null","null",NULL,"null","null","null","null","null",NULL,"null",NULL,NULL,NULL,NULL,NULL,NULL,NULL,NULL,NULL,NULL,NULL,NULL,NULL,"uploads/blank_profile.png",NULL,NULL,NULL,NULL,NULL,NULL,0),
(134,NULL,"  ","Dr.Hersh","  ",NULL,NULL,NULL,"F","Single",NULL,NULL,NULL,NULL,NULL,NULL,NULL,NULL,NULL,NULL,NULL,NULL,NULL,NULL,NULL,NULL,NULL,"null",NULL,1,NULL,NULL,NULL,NULL,NULL,NULL,NULL,NULL,NULL,1,NULL,NULL,0,0,NULL,NULL,0,1,"null",NULL,"null",NULL,"null","null",NULL,"null","null","null","null","null",NULL,"null",NULL,NULL,NULL,NULL,NULL,NULL,NULL,NULL,NULL,NULL,NULL,NULL,NULL,"uploads/blank_profile.png",NULL,NULL,NULL,NULL,NULL,NULL,0),
(135,NULL,"  ","Dr.Shwan","  ",NULL,NULL,NULL,"F","Single",NULL,NULL,NULL,NULL,NULL,NULL,NULL,NULL,NULL,NULL,NULL,NULL,NULL,NULL,NULL,NULL,NULL,"null",NULL,1,NULL,NULL,NULL,NULL,NULL,NULL,NULL,NULL,NULL,1,NULL,NULL,0,0,NULL,NULL,0,1,"null",NULL,"null",NULL,"null","null",NULL,"null","null","null","null","null",NULL,"null",NULL,NULL,NULL,NULL,NULL,NULL,NULL,NULL,NULL,NULL,NULL,NULL,NULL,"uploads/blank_profile.png",NULL,NULL,NULL,NULL,NULL,NULL,0),
(136,NULL,"  ","Dr.Muthana","  ",NULL,NULL,NULL,"F","Single",NULL,NULL,NULL,NULL,NULL,NULL,NULL,NULL,NULL,NULL,NULL,NULL,NULL,NULL,NULL,NULL,NULL,"null",NULL,1,NULL,NULL,NULL,NULL,NULL,NULL,NULL,NULL,NULL,1,NULL,NULL,0,0,NULL,NULL,0,1,"null",NULL,"null",NULL,"null","null",NULL,"null","null","null","null","null",NULL,"null",NULL,NULL,NULL,NULL,NULL,NULL,NULL,NULL,NULL,NULL,NULL,NULL,NULL,"uploads/blank_profile.png",NULL,NULL,NULL,NULL,NULL,NULL,0),
(137,NULL,"  ","Dr.Maysar","  ",NULL,NULL,NULL,"F","Single",NULL,NULL,NULL,NULL,NULL,NULL,NULL,NULL,NULL,NULL,NULL,NULL,NULL,NULL,NULL,NULL,NULL,"null",NULL,1,NULL,NULL,NULL,NULL,NULL,NULL,NULL,NULL,NULL,1,NULL,NULL,0,0,NULL,NULL,0,1,"null",NULL,"null",NULL,"null","null",NULL,"null","null","null","null","null",NULL,"null",NULL,NULL,NULL,NULL,NULL,NULL,NULL,NULL,NULL,NULL,NULL,NULL,NULL,"uploads/blank_profile.png",NULL,NULL,NULL,NULL,NULL,NULL,0),
(138,NULL,"  ","Dr. Edris","  ",NULL,NULL,NULL,"F","Single",NULL,NULL,NULL,NULL,NULL,NULL,NULL,NULL,NULL,NULL,NULL,NULL,NULL,NULL,NULL,NULL,NULL,"null",NULL,1,NULL,NULL,NULL,NULL,NULL,NULL,NULL,NULL,NULL,1,NULL,NULL,0,0,NULL,NULL,0,1,"null",NULL,"null",NULL,"null","null",NULL,"null","null","null","null","null",NULL,"null",NULL,NULL,NULL,NULL,NULL,NULL,NULL,NULL,NULL,NULL,NULL,NULL,NULL,"uploads/blank_profile.png",NULL,NULL,NULL,NULL,NULL,NULL,0),
(139,NULL,"  ","Dr.Ali Jumaa","  ",NULL,NULL,NULL,"F","Single",NULL,NULL,NULL,NULL,NULL,NULL,NULL,NULL,NULL,NULL,NULL,NULL,NULL,NULL,NULL,NULL,NULL,"null",NULL,1,NULL,NULL,NULL,NULL,NULL,NULL,NULL,NULL,NULL,1,NULL,NULL,0,0,NULL,NULL,0,1,"null",NULL,"null",NULL,"null","null",NULL,"null","null","null","null","null",NULL,"null",NULL,NULL,NULL,NULL,NULL,NULL,NULL,NULL,NULL,NULL,NULL,NULL,NULL,"uploads/blank_profile.png",NULL,NULL,NULL,NULL,NULL,NULL,0),
(140,NULL,"  ","Dr.Amir","  ",NULL,NULL,NULL,"F","Single",NULL,NULL,NULL,NULL,NULL,NULL,NULL,NULL,NULL,NULL,NULL,NULL,NULL,NULL,NULL,NULL,NULL,"null",NULL,1,NULL,NULL,NULL,NULL,NULL,NULL,NULL,NULL,NULL,1,NULL,NULL,0,0,NULL,NULL,0,1,"null",NULL,"null",NULL,"null","null",NULL,"null","null","null","null","null",NULL,"null",NULL,NULL,NULL,NULL,NULL,NULL,NULL,NULL,NULL,NULL,NULL,NULL,NULL,"uploads/blank_profile.png",NULL,NULL,NULL,NULL,NULL,NULL,0),
(141,NULL,"  ","Dr.Thulfaqar saaid","  ",NULL,NULL,NULL,"F","Single",NULL,NULL,NULL,NULL,NULL,NULL,NULL,NULL,NULL,NULL,NULL,NULL,NULL,NULL,NULL,NULL,NULL,"null",NULL,1,NULL,NULL,NULL,NULL,NULL,NULL,NULL,NULL,NULL,1,NULL,NULL,0,0,NULL,NULL,0,1,"null",NULL,"null",NULL,"null","null",NULL,"null","null","null","null","null",NULL,"null",NULL,NULL,NULL,NULL,NULL,NULL,NULL,NULL,NULL,NULL,NULL,NULL,NULL,"uploads/blank_profile.png",NULL,NULL,NULL,NULL,NULL,NULL,0),
(142,NULL,"   ","Dr.Usama","   ",NULL,NULL,NULL,"F","Single",NULL,NULL,NULL,NULL,NULL,NULL,NULL,NULL,NULL,NULL,NULL,NULL,NULL,NULL,NULL,NULL,NULL,"null",NULL,1,NULL,NULL,NULL,NULL,NULL,NULL,NULL,NULL,NULL,1,NULL,NULL,0,0,NULL,NULL,0,1,"null",NULL,"null",NULL,"null","null",NULL,"null","null","null","null","null",NULL,"null",NULL,NULL,NULL,NULL,NULL,NULL,NULL,NULL,NULL,NULL,NULL,NULL,NULL,"uploads/blank_profile.png",NULL,NULL,NULL,NULL,NULL,NULL,0),
(144,NULL,"  ","Dr.Nabaz","  ",NULL,NULL,NULL,"F","Single",NULL,NULL,NULL,NULL,NULL,NULL,NULL,NULL,NULL,NULL,NULL,NULL,NULL,NULL,NULL,NULL,NULL,"null",NULL,1,NULL,NULL,NULL,NULL,NULL,NULL,NULL,NULL,NULL,1,NULL,NULL,0,0,NULL,NULL,0,1,"null",NULL,"null",NULL,"null","null",NULL,"null","null","null","null","null",NULL,"null",NULL,NULL,NULL,NULL,NULL,NULL,NULL,NULL,NULL,NULL,NULL,NULL,NULL,"uploads/blank_profile.png",NULL,NULL,NULL,NULL,NULL,NULL,0),
(145,NULL,"   ","Dr.Ahmad Kamal","   ",NULL,NULL,NULL,"F","Single",NULL,NULL,NULL,NULL,NULL,NULL,NULL,NULL,NULL,NULL,NULL,NULL,NULL,NULL,NULL,NULL,NULL,"null",NULL,1,NULL,NULL,NULL,NULL,NULL,NULL,NULL,NULL,NULL,1,NULL,NULL,0,0,NULL,NULL,0,1,"null",NULL,"null",NULL,"null","null",NULL,"null","null","null","null","null",NULL,"null",NULL,NULL,NULL,NULL,NULL,NULL,NULL,NULL,NULL,NULL,NULL,NULL,NULL,"uploads/blank_profile.png",NULL,NULL,NULL,NULL,NULL,NULL,0),
(146,NULL,"   ","Dr.Ghazi Mustafa","   ",NULL,NULL,NULL,"F","Single",NULL,NULL,NULL,NULL,NULL,NULL,NULL,NULL,NULL,NULL,NULL,NULL,NULL,NULL,NULL,NULL,NULL,"null",NULL,1,NULL,NULL,NULL,NULL,NULL,NULL,NULL,NULL,NULL,1,NULL,NULL,0,0,NULL,NULL,0,1,"null",NULL,"null",NULL,"null","null",NULL,"null","null","null","null","null",NULL,"null",NULL,NULL,NULL,NULL,NULL,NULL,NULL,NULL,NULL,NULL,NULL,NULL,NULL,"uploads/blank_profile.png",NULL,NULL,NULL,NULL,NULL,NULL,0),
(147,NULL,"  ","Dr.Azhi","  ",NULL,NULL,NULL,"F","Single",NULL,NULL,NULL,NULL,NULL,NULL,NULL,NULL,NULL,NULL,NULL,NULL,NULL,NULL,NULL,NULL,NULL,"null",NULL,1,NULL,NULL,NULL,NULL,NULL,NULL,NULL,NULL,NULL,1,NULL,NULL,0,0,NULL,NULL,0,1,"null",NULL,"null",NULL,"null","null",NULL,"null","null","null","null","null",NULL,"null",NULL,NULL,NULL,NULL,NULL,NULL,NULL,NULL,NULL,NULL,NULL,NULL,NULL,"uploads/blank_profile.png",NULL,NULL,NULL,NULL,NULL,NULL,0),
(148,NULL,"  ","Dr.Ardalan","  ",NULL,NULL,NULL,"F","Single",NULL,NULL,NULL,NULL,NULL,NULL,NULL,NULL,NULL,NULL,NULL,NULL,NULL,NULL,NULL,NULL,NULL,"null",NULL,1,NULL,NULL,NULL,NULL,NULL,NULL,NULL,NULL,NULL,1,NULL,NULL,0,0,NULL,NULL,0,1,"null",NULL,"null",NULL,"null","null",NULL,"null","null","null","null","null",NULL,"null",NULL,NULL,NULL,NULL,NULL,NULL,NULL,NULL,NULL,NULL,NULL,NULL,NULL,"uploads/blank_profile.png",NULL,NULL,NULL,NULL,NULL,NULL,0),
(149,NULL,"  ","Dr.zana","  ",NULL,NULL,NULL,"F","Single",NULL,NULL,NULL,NULL,NULL,NULL,NULL,NULL,NULL,NULL,NULL,NULL,NULL,NULL,NULL,NULL,NULL,"null",NULL,1,NULL,NULL,NULL,NULL,NULL,NULL,NULL,NULL,NULL,1,NULL,NULL,0,0,NULL,NULL,0,1,"null",NULL,"null",NULL,"null","null",NULL,"null","null","null","null","null",NULL,"null",NULL,NULL,NULL,NULL,NULL,NULL,NULL,NULL,NULL,NULL,NULL,NULL,NULL,"uploads/blank_profile.png",NULL,NULL,NULL,NULL,NULL,NULL,0),
(150,NULL,"  ","Dr.Vinos","   ",NULL,NULL,NULL,"F","Single",NULL,NULL,NULL,NULL,NULL,NULL,NULL,NULL,NULL,NULL,NULL,NULL,NULL,NULL,NULL,NULL,NULL,"null",NULL,1,NULL,NULL,NULL,NULL,NULL,NULL,NULL,NULL,NULL,1,NULL,NULL,0,0,NULL,NULL,0,1,"null",NULL,"null",NULL,"null","null",NULL,"null","null","null","null","null",NULL,"null",NULL,NULL,NULL,NULL,NULL,NULL,NULL,NULL,NULL,NULL,NULL,NULL,NULL,"uploads/blank_profile.png",NULL,NULL,NULL,NULL,NULL,NULL,0),
(151,NULL,"  ","Dr.Chapook","  ",NULL,NULL,NULL,"F","Single",NULL,NULL,NULL,NULL,NULL,NULL,NULL,NULL,NULL,NULL,NULL,NULL,NULL,NULL,NULL,NULL,NULL,"null",NULL,1,NULL,NULL,NULL,NULL,NULL,NULL,NULL,NULL,NULL,1,NULL,NULL,0,0,NULL,NULL,0,1,"null",NULL,"null",NULL,"null","null",NULL,"null","null","null","null","null",NULL,"null",NULL,NULL,NULL,NULL,NULL,NULL,NULL,NULL,NULL,NULL,NULL,NULL,NULL,"uploads/blank_profile.png",NULL,NULL,NULL,NULL,NULL,NULL,0),
(152,NULL,"   ","Dr. Hunar","    ",NULL,NULL,NULL,"F","Single",NULL,NULL,NULL,NULL,NULL,NULL,NULL,NULL,NULL,NULL,NULL,NULL,NULL,NULL,NULL,NULL,NULL,"null",NULL,1,NULL,NULL,NULL,NULL,NULL,NULL,NULL,NULL,NULL,1,NULL,NULL,0,0,NULL,NULL,0,1,"null",NULL,"null",NULL,"null","null",NULL,"null","null","null","null","null",NULL,"null",NULL,NULL,NULL,NULL,NULL,NULL,NULL,NULL,NULL,NULL,NULL,NULL,NULL,"uploads/blank_profile.png",NULL,NULL,NULL,NULL,NULL,NULL,0);


DROP TABLE gigant_hr_rooms;

CREATE TABLE `gigant_hr_rooms` (
  `RoomId` int(11) NOT NULL AUTO_INCREMENT,
  `Name` varchar(500) NOT NULL,
  `CreateDate` datetime NOT NULL,
  `ModificationDate` datetime DEFAULT NULL,
  `Deleted` tinyint(4) NOT NULL DEFAULT 0,
  `Notes` longtext DEFAULT NULL,
  `CreatedByUserId` int(20) NOT NULL,
  `ModifiedByUserId` int(20) DEFAULT NULL,
  PRIMARY KEY (`RoomId`)
) ENGINE=InnoDB DEFAULT CHARSET=utf8;

DROP TABLE gigant_hr_subunit;

CREATE TABLE `gigant_hr_subunit` (
  `id` int(6) NOT NULL AUTO_INCREMENT,
  `Name` varchar(100) NOT NULL,
  `unit_id` varchar(100) DEFAULT NULL,
  `description` varchar(400) DEFAULT NULL,
  `lft` smallint(6) unsigned DEFAULT NULL,
  `rgt` smallint(6) unsigned DEFAULT NULL,
  `level` smallint(6) unsigned DEFAULT NULL,
  `Deleted` tinyint(1) DEFAULT 0,
  `CreateDate` datetime NOT NULL,
  `CreatedByUserId` int(11) NOT NULL,
  `ModificationDate` datetime DEFAULT NULL,
  `ModifiedByUserId` int(11) DEFAULT NULL,
  PRIMARY KEY (`id`)
) ENGINE=InnoDB AUTO_INCREMENT=20 DEFAULT CHARSET=utf8;

INSERT INTO gigant_hr_subunit VALUES
(1,"Administration",NULL,NULL,NULL,NULL,NULL,0,"2020-07-18 15:09:18",12,NULL,NULL),
(2,"Finance",NULL,NULL,NULL,NULL,NULL,0,"2020-07-18 15:09:26",12,NULL,NULL),
(3,"Accounting",NULL,NULL,NULL,NULL,NULL,0,"2020-07-18 15:09:39",12,NULL,NULL),
(4,"Human Resources",NULL,NULL,NULL,NULL,NULL,0,"2020-07-18 15:09:50",12,NULL,NULL),
(5,"Warehouse",NULL,NULL,NULL,NULL,NULL,0,"2020-07-18 15:10:10",12,NULL,NULL),
(6,"Laboratory",NULL,NULL,NULL,NULL,NULL,0,"2020-07-18 15:10:18",12,NULL,NULL),
(7,"Radiology",NULL,NULL,NULL,NULL,NULL,0,"2020-07-18 15:10:40",12,NULL,NULL),
(8,"Reception",NULL,NULL,NULL,NULL,NULL,0,"2020-07-18 15:10:52",12,NULL,NULL),
(9,"Physiotherapy",NULL,NULL,NULL,NULL,NULL,0,"2020-07-18 15:11:05",12,NULL,NULL),
(10,"Pharmacy",NULL,NULL,NULL,NULL,NULL,0,"2020-07-18 15:11:14",12,NULL,NULL),
(11,"Operation",NULL,NULL,NULL,NULL,NULL,0,"2020-07-18 15:11:21",12,NULL,NULL),
(12,"Emergency",NULL,NULL,NULL,NULL,NULL,0,"2020-07-18 15:11:30",12,NULL,NULL),
(13,"ICU",NULL,NULL,NULL,NULL,NULL,0,"2020-07-18 15:11:36",12,NULL,NULL),
(14,"CCU",NULL,NULL,NULL,NULL,NULL,0,"2020-07-18 15:11:42",12,NULL,NULL),
(15,"NICU",NULL,NULL,NULL,NULL,NULL,0,"2020-07-18 15:11:49",12,NULL,NULL),
(16,"Cathlab",NULL,NULL,NULL,NULL,NULL,0,"2020-07-18 15:11:58",12,NULL,NULL),
(17,"Postcathlab",NULL,NULL,NULL,NULL,NULL,0,"2020-07-18 15:12:08",12,NULL,NULL),
(18,"CICU",NULL,NULL,NULL,NULL,NULL,0,"2020-07-18 15:12:16",12,NULL,NULL),
(19,"Obstetrics",NULL,NULL,NULL,NULL,NULL,0,"2020-07-18 15:12:25",12,NULL,NULL);


DROP TABLE gigant_payroll_task_users;

CREATE TABLE `gigant_payroll_task_users` (
  `id` bigint(20) NOT NULL AUTO_INCREMENT,
  `payroll_task_id` bigint(20) NOT NULL,
  `employee_id` int(7) NOT NULL,
  `employee_payroll_task_detail` longtext NOT NULL,
  PRIMARY KEY (`id`),
  KEY `taskid_idx` (`payroll_task_id`),
  KEY `empID_idx` (`employee_id`),
  CONSTRAINT `empID` FOREIGN KEY (`employee_id`) REFERENCES `gigant_hr_employee` (`emp_number`),
  CONSTRAINT `taskid` FOREIGN KEY (`payroll_task_id`) REFERENCES `gigant_payroll_tasks` (`id`) ON DELETE NO ACTION ON UPDATE CASCADE
) ENGINE=InnoDB DEFAULT CHARSET=utf8;

DROP TABLE gigant_payroll_tasks;

CREATE TABLE `gigant_payroll_tasks` (
  `id` bigint(20) NOT NULL AUTO_INCREMENT,
  `CreateDate` datetime NOT NULL DEFAULT current_timestamp(),
  `CreatedByUserId` bigint(20) DEFAULT NULL,
  `Deleted` tinyint(1) NOT NULL DEFAULT 0,
  `DeletedByUserId` bigint(20) DEFAULT NULL,
  `GeneratedOn` datetime NOT NULL DEFAULT current_timestamp(),
  `CalculateFrom` date NOT NULL,
  `CalculateTo` date NOT NULL,
  `SubUnitName` varchar(250) DEFAULT '',
  `TaskName` varchar(250) NOT NULL COMMENT '1:Download,2:UserDashboard,3:Email',
  `DeliveryAs` set('1','2','3') NOT NULL,
  `templateId` bigint(20) NOT NULL,
  `ProjectName` varchar(250) DEFAULT NULL,
  PRIMARY KEY (`id`)
) ENGINE=InnoDB DEFAULT CHARSET=utf8;

DROP TABLE health_beds;

CREATE TABLE `health_beds` (
  `id` bigint(20) NOT NULL AUTO_INCREMENT,
  `room_id` bigint(20) NOT NULL,
  `department_id` bigint(20) NOT NULL,
  `name` varchar(256) NOT NULL,
  `code` varchar(256) DEFAULT NULL,
  `type` tinyint(1) DEFAULT 0 COMMENT '1: Normal room, 2: Private room, 3: Disabled room, 4: Intensive case, 5: Observation room, 6: Neonatal icu, 7: Ventilator, 8: Tube, 9: Suite room',
  `status` tinyint(1) DEFAULT 0 COMMENT '1: waiting, 2: cleaning, 3: free, 4:full, 5: resereved, 6: out of service',
  `created` int(11) DEFAULT NULL,
  `created_by` bigint(20) DEFAULT NULL,
  `modified` int(11) DEFAULT NULL,
  `modified_by` bigint(20) DEFAULT NULL,
  `deleted` tinyint(1) NOT NULL DEFAULT 0,
  PRIMARY KEY (`id`)
) ENGINE=InnoDB AUTO_INCREMENT=52 DEFAULT CHARSET=utf8;

INSERT INTO health_beds VALUES
(1,1,9,"P.C. 01","PC01",5,0,1605350110,12,NULL,NULL,0),
(2,1,9,"P.C. 02","PC02",5,0,1605350131,12,NULL,NULL,0),
(3,1,9,"P.C. 03","PC03",5,0,1605350155,12,NULL,NULL,0),
(4,1,9,"P.C. 04","PC04",5,0,1605350192,12,NULL,NULL,0),
(5,1,9,"P.C. 05","PC05",5,0,1605350209,12,NULL,NULL,0),
(6,2,10,301,301,4,0,1605352101,12,1605352488,12,0),
(7,3,10,302,302,4,0,1605352144,12,1605352475,12,0),
(8,4,10,303,303,4,0,1605352191,12,1605352465,12,0),
(9,5,10,304,304,4,0,1605352244,12,1605352454,12,0),
(10,6,15,"ICU 01","ICU01",4,0,1605352291,12,1605604947,12,0),
(11,6,15,"ICU 02","ICU02",4,0,1605352311,12,1605604955,12,0),
(12,6,15,"ICU 03","ICU03",4,0,1605352328,12,1605604964,12,0),
(13,6,15,"ICU 04","ICU 04",4,0,1605352343,12,1605604972,12,0),
(14,6,15,"ICU 05","ICU05",4,0,1605352360,12,1605604981,12,0),
(15,6,15,"ICU 06","ICU06",4,0,1605352374,12,1605604990,12,0),
(16,6,15,"ICU 07","ICU07",4,0,1605352389,12,1605604998,12,0),
(17,6,15,"ICU 08","ICU08",4,0,1605352403,12,1605605006,12,0),
(18,6,15,"ICU 09","ICU09",4,0,1605352422,12,1605605017,12,0),
(19,6,15,"ICU 10","ICU 10",4,0,1605352435,12,1605605028,12,0),
(20,7,11,"NICU 01","NICU01",6,0,1605352535,12,NULL,NULL,0),
(21,7,11,"NICU 02","NICU02",6,0,1605352562,12,1605352600,12,0),
(22,7,11,"NICU 03","NICU03",6,0,1605352593,12,NULL,NULL,0),
(23,7,10,"NICU 04","NICU04",6,0,1605352618,12,NULL,NULL,0),
(24,8,4,401,401,1,0,1605352683,12,NULL,NULL,0),
(25,9,4,402,402,1,0,1605352710,12,1605352864,12,0),
(26,10,4,403,403,1,0,1605352767,12,1605352853,12,0),
(27,11,4,404,404,1,0,1605352789,12,1605352842,12,0),
(28,12,4,405,405,1,0,1605352814,12,1605352831,12,0),
(29,13,4,406,406,1,0,1605352905,12,NULL,NULL,0),
(30,14,4,407,407,1,0,1605353031,12,NULL,NULL,0),
(31,15,4,408,408,1,0,1605353054,12,NULL,NULL,0),
(32,16,4,409,409,1,0,1605353076,12,NULL,NULL,0),
(33,17,4,410,410,1,0,1605353103,12,NULL,NULL,0),
(34,18,4,411,411,1,0,1605353134,12,NULL,NULL,0),
(35,19,4,412,412,1,0,1605353163,12,NULL,NULL,0),
(36,20,5,501,501,2,0,1605353235,12,NULL,NULL,0),
(37,21,5,502,502,2,0,1605353283,12,1605353297,12,0),
(38,22,5,503,503,2,0,1605353326,12,1605353337,12,0),
(39,23,5,504,504,2,0,1605353381,12,NULL,NULL,0),
(40,24,5,505,505,2,0,1605353419,12,NULL,NULL,0),
(41,25,5,506,506,2,0,1605353450,12,NULL,NULL,0),
(42,26,5,507,507,1,0,1605353512,12,NULL,NULL,0),
(43,27,5,508,508,1,0,1605353538,12,NULL,NULL,0),
(44,6,15,"ICU 11","ICU11",4,0,1605604754,12,NULL,NULL,0),
(45,6,15,"ICU 12","ICU12",4,0,1605604772,12,NULL,NULL,0),
(46,6,15,"ICU 13","ICU13",4,0,1605604808,12,NULL,NULL,0),
(47,6,15,"ICU 14","ICU14",4,0,1605604824,12,NULL,NULL,0),
(48,6,15,"ICU 15","ICU15",4,0,1605604855,12,NULL,NULL,0),
(49,6,15,"ICU 16","ICU16",4,0,1605604869,12,NULL,NULL,0),
(50,6,15,"ICU 17","ICU17",4,0,1605604903,12,1605604922,12,0),
(51,6,15,"ICU 18","ICU18",4,0,1605604937,12,NULL,NULL,0);


DROP TABLE health_blood_group;

CREATE TABLE `health_blood_group` (
  `id` int(11) NOT NULL AUTO_INCREMENT,
  `name` varchar(16) NOT NULL,
  `note` varchar(32) NOT NULL,
  `deleted` tinyint(1) NOT NULL DEFAULT 0,
  PRIMARY KEY (`id`)
) ENGINE=InnoDB AUTO_INCREMENT=9 DEFAULT CHARSET=utf8;

INSERT INTO health_blood_group VALUES
(1,"A+","A+",0),
(2,"A-","A-",0),
(3,"B+","B+",0),
(4,"B-","B-",0),
(5,"AB+","AB+",0),
(6,"AB-","AB-",0),
(7,"O+","O+",0),
(8,"O-","O-",0);


DROP TABLE health_building;

CREATE TABLE `health_building` (
  `id` bigint(20) NOT NULL AUTO_INCREMENT,
  `name` varchar(256) NOT NULL,
  `code` varchar(256) DEFAULT NULL,
  `type` tinyint(1) NOT NULL DEFAULT 0 COMMENT '1:block, 2: floor, 3:unit',
  `parent_id` bigint(20) DEFAULT NULL,
  `created` int(11) DEFAULT NULL,
  `created_by` bigint(20) DEFAULT NULL,
  `modified` int(11) DEFAULT NULL,
  `modified_by` bigint(20) DEFAULT NULL,
  `deleted` tinyint(1) NOT NULL DEFAULT 0,
  PRIMARY KEY (`id`)
) ENGINE=InnoDB AUTO_INCREMENT=8 DEFAULT CHARSET=utf8;

INSERT INTO health_building VALUES
(1,"Main","M",1,0,1605344474,12,NULL,NULL,0),
(2,"Ground Floor","GF",2,1,1605344504,12,NULL,NULL,0),
(3,"Floor 1","F1",2,1,1605345571,12,1605345579,12,0),
(4,"Floor 2","F2",2,1,1605345589,12,NULL,NULL,0),
(5,"Floor 3","F3",2,1,1605345598,12,NULL,NULL,0),
(6,"Floor 4","F4",2,1,1605345610,12,NULL,NULL,0),
(7,"Floor 5","F5",2,1,1605345620,12,NULL,NULL,0);


DROP TABLE health_cashier_period_visit_transactions;

CREATE TABLE `health_cashier_period_visit_transactions` (
  `id` bigint(20) NOT NULL AUTO_INCREMENT,
  `cashier_period_visit_id` bigint(20) NOT NULL,
  `visit_id` bigint(20) NOT NULL,
  `visit_transaction_id` int(11) NOT NULL,
  `patient_debt_amount` decimal(20,5) NOT NULL,
  `cancel_description_id` bigint(20) NOT NULL,
  `cancel_description` text DEFAULT NULL,
  `created` int(11) DEFAULT NULL,
  `created_by` bigint(20) DEFAULT NULL,
  `modified` int(11) DEFAULT NULL,
  `modified_by` bigint(20) DEFAULT NULL,
  `deleted` tinyint(1) NOT NULL DEFAULT 0,
  PRIMARY KEY (`id`)
) ENGINE=InnoDB DEFAULT CHARSET=utf8;

DROP TABLE health_cashier_period_visits;

CREATE TABLE `health_cashier_period_visits` (
  `id` bigint(20) NOT NULL AUTO_INCREMENT,
  `cashier_period_id` bigint(20) NOT NULL,
  `visit_id` bigint(20) NOT NULL,
  `patient_debt_amount` decimal(20,5) NOT NULL,
  `cancel_description_id` bigint(20) NOT NULL,
  `cancel_description` text DEFAULT NULL,
  `created` int(11) DEFAULT NULL,
  `created_by` bigint(20) DEFAULT NULL,
  `modified` int(11) DEFAULT NULL,
  `modified_by` bigint(20) DEFAULT NULL,
  `deleted` tinyint(1) NOT NULL DEFAULT 0,
  PRIMARY KEY (`id`)
) ENGINE=InnoDB DEFAULT CHARSET=utf8;

DROP TABLE health_cashier_periods;

CREATE TABLE `health_cashier_periods` (
  `id` bigint(20) NOT NULL AUTO_INCREMENT,
  `cashier_id` bigint(20) NOT NULL COMMENT 'user_id who has a cashier role',
  `section_id` bigint(20) DEFAULT NULL COMMENT 'department id or section id inside any department',
  `safe_id` bigint(20) DEFAULT 0,
  `opening_date` datetime NOT NULL,
  `closing_date` datetime DEFAULT NULL,
  `status` tinyint(4) DEFAULT 0 COMMENT '0: open, 1:closed, 2:approved',
  `transaction_totals` decimal(20,5) DEFAULT 0.00000,
  `base_transaction_totals` decimal(20,5) DEFAULT 0.00000,
  `collection_totals` decimal(20,5) DEFAULT 0.00000 COMMENT 'base currency',
  `collection_totals_usd` decimal(20,5) NOT NULL,
  `closing_user_id` bigint(20) DEFAULT NULL,
  `closing_description_id` bigint(20) DEFAULT NULL,
  `closing_description` text DEFAULT NULL,
  `approval_date` date DEFAULT NULL,
  `cancel_description_id` bigint(20) DEFAULT NULL,
  `cancel_description` text DEFAULT NULL,
  `delivered_base_amount` decimal(20,5) DEFAULT 0.00000,
  `delivered_currencies` int(11) DEFAULT NULL,
  `canceled_invoice_amount` decimal(20,5) DEFAULT 0.00000,
  `delivered_credit_card_amount` decimal(20,5) DEFAULT 0.00000,
  `created` int(11) DEFAULT NULL,
  `created_by` bigint(20) DEFAULT NULL,
  `modified` int(11) DEFAULT NULL,
  `modified_by` bigint(20) DEFAULT NULL,
  `deleted` tinyint(1) NOT NULL DEFAULT 0,
  PRIMARY KEY (`id`)
) ENGINE=InnoDB DEFAULT CHARSET=utf8;

DROP TABLE health_cashier_transaction_items;

CREATE TABLE `health_cashier_transaction_items` (
  `id` bigint(20) NOT NULL AUTO_INCREMENT,
  `cashier_transaction_id` bigint(20) NOT NULL,
  `visit_transaction_id` bigint(20) NOT NULL,
  `base_amount` decimal(20,5) NOT NULL,
  `amount` decimal(20,5) NOT NULL,
  `discount_type` tinyint(1) DEFAULT 0 COMMENT '1: amount, 2:percentage',
  `discount` decimal(20,5) DEFAULT 0.00000,
  `discount_amount` decimal(20,5) DEFAULT 0.00000,
  `base_discount_amount` decimal(20,5) DEFAULT 0.00000,
  `transaction_date` datetime NOT NULL,
  `transaction_type_id` int(11) NOT NULL,
  `invoice_no` bigint(20) NOT NULL,
  `created` int(11) DEFAULT NULL,
  `created_by` bigint(20) DEFAULT NULL,
  `modified` int(11) DEFAULT NULL,
  `modified_by` bigint(20) DEFAULT NULL,
  `deleted` tinyint(1) NOT NULL DEFAULT 0,
  PRIMARY KEY (`id`)
) ENGINE=InnoDB DEFAULT CHARSET=utf8;

DROP TABLE health_cashier_transactions;

CREATE TABLE `health_cashier_transactions` (
  `id` bigint(20) NOT NULL AUTO_INCREMENT,
  `visit_id` bigint(20) NOT NULL,
  `old_visit_id` bigint(20) DEFAULT NULL,
  `patient_id` bigint(20) NOT NULL,
  `organization_id` bigint(20) DEFAULT NULL,
  `transaction_type_id` int(11) NOT NULL COMMENT '1: advanced, 2:collection, 3:discount, 4:refund',
  `transaction_date` datetime NOT NULL,
  `invoice_no` bigint(20) DEFAULT NULL,
  `invoice_id` bigint(20) DEFAULT NULL,
  `payment_method` int(11) DEFAULT NULL,
  `base_amount` decimal(20,5) NOT NULL,
  `amount` decimal(20,5) NOT NULL,
  `currency_id` int(11) NOT NULL,
  `exchange_rate` decimal(20,5) NOT NULL,
  `description_id` bigint(20) DEFAULT NULL,
  `description` text DEFAULT NULL,
  `approved_user_id` bigint(20) DEFAULT NULL,
  `approved_date` date DEFAULT NULL,
  `cancel_description_id` bigint(20) DEFAULT NULL,
  `cancel_description` text DEFAULT NULL,
  `org_base_amount` decimal(20,5) DEFAULT 0.00000,
  `discount_amount` decimal(20,5) DEFAULT 0.00000,
  `cashier_id` bigint(20) NOT NULL,
  `cashier_period_id` int(11) NOT NULL,
  `created` int(11) DEFAULT NULL,
  `created_by` bigint(20) DEFAULT NULL,
  `modified` int(11) DEFAULT NULL,
  `modified_by` bigint(20) DEFAULT NULL,
  `deleted` tinyint(1) NOT NULL DEFAULT 0,
  `org_amount` decimal(20,5) DEFAULT 0.00000,
  PRIMARY KEY (`id`)
) ENGINE=InnoDB DEFAULT CHARSET=utf8;

DROP TABLE health_department_employees;

CREATE TABLE `health_department_employees` (
  `id` bigint(20) NOT NULL AUTO_INCREMENT,
  `employee_id` bigint(20) NOT NULL,
  `department_id` bigint(20) NOT NULL,
  `created` int(11) DEFAULT NULL,
  `created_by` bigint(20) DEFAULT NULL,
  `modified` int(11) DEFAULT NULL,
  `modified_by` bigint(20) DEFAULT NULL,
  `deleted` tinyint(1) NOT NULL DEFAULT 0,
  PRIMARY KEY (`id`)
) ENGINE=InnoDB DEFAULT CHARSET=utf8;

DROP TABLE health_departments;

CREATE TABLE `health_departments` (
  `id` bigint(20) NOT NULL AUTO_INCREMENT,
  `name` varchar(256) NOT NULL,
  `code` varchar(64) DEFAULT NULL,
  `description` text DEFAULT NULL,
  `deleted` tinyint(1) NOT NULL,
  PRIMARY KEY (`id`)
) ENGINE=InnoDB DEFAULT CHARSET=utf8;

DROP TABLE health_diagnoses;

CREATE TABLE `health_diagnoses` (
  `id` int(10) NOT NULL AUTO_INCREMENT,
  `code` varchar(128) DEFAULT NULL,
  `name` varchar(512) NOT NULL,
  PRIMARY KEY (`id`)
) ENGINE=InnoDB DEFAULT CHARSET=utf8;

DROP TABLE health_discharge_types;

CREATE TABLE `health_discharge_types` (
  `id` bigint(20) NOT NULL AUTO_INCREMENT,
  `name` varchar(256) NOT NULL,
  `code` varchar(64) DEFAULT NULL,
  `description` text DEFAULT NULL,
  `deleted` tinyint(1) NOT NULL DEFAULT 0,
  PRIMARY KEY (`id`)
) ENGINE=InnoDB AUTO_INCREMENT=4 DEFAULT CHARSET=utf8;

INSERT INTO health_discharge_types VALUES
(1,"Healing Discharge","HD",NULL,0),
(2,"Decease Dischage","DD",NULL,0),
(3,"Transfer Discharge","TD",NULL,0);


DROP TABLE health_drug_usages;

CREATE TABLE `health_drug_usages` (
  `id` bigint(20) NOT NULL AUTO_INCREMENT,
  `name` varchar(256) NOT NULL,
  `description` varchar(512) DEFAULT NULL,
  `created` int(11) DEFAULT NULL,
  `created_by` bigint(20) DEFAULT NULL,
  `modified` int(11) DEFAULT NULL,
  `modified_by` bigint(20) DEFAULT NULL,
  `deleted` tinyint(1) NOT NULL DEFAULT 0,
  PRIMARY KEY (`id`)
) ENGINE=InnoDB AUTO_INCREMENT=95 DEFAULT CHARSET=utf8;

INSERT INTO health_drug_usages VALUES
(1,"OPHTHALMIC",NULL,NULL,NULL,NULL,NULL,0),
(2,"ORAL",NULL,NULL,NULL,NULL,NULL,0),
(3,"INJECTION",NULL,NULL,NULL,NULL,NULL,0),
(4,"TOPICAL",NULL,NULL,NULL,NULL,NULL,0),
(5,"BUCCAL, SUBLINGUAL",NULL,NULL,NULL,NULL,NULL,0),
(6,"VAGINAL",NULL,NULL,NULL,NULL,NULL,0),
(7,"IMPLANTATION",NULL,NULL,NULL,NULL,NULL,0),
(8,"INHALATION",NULL,NULL,NULL,NULL,NULL,0),
(9,"RECTAL, SUBLINGUAL",NULL,NULL,NULL,NULL,NULL,0),
(10,"FOR RX COMPOUNDING",NULL,NULL,NULL,NULL,NULL,0),
(11,"RECTAL",NULL,NULL,NULL,NULL,NULL,0),
(12,"INTRAUTERINE",NULL,NULL,NULL,NULL,NULL,0),
(13,"OPHTHALMIC, OTIC",NULL,NULL,NULL,NULL,NULL,0),
(14,"SUBLINGUAL",NULL,NULL,NULL,NULL,NULL,0),
(15,"INTRALYMPHATIC, INTRAUTERINE",NULL,NULL,NULL,NULL,NULL,0),
(16,"INTRATRACHEAL",NULL,NULL,NULL,NULL,NULL,0),
(17,"URETERAL",NULL,NULL,NULL,NULL,NULL,0),
(18,"URETHRAL",NULL,NULL,NULL,NULL,NULL,0),
(19,"INTRAMUSCULAR",NULL,NULL,NULL,NULL,NULL,0),
(20,"SPINAL",NULL,NULL,NULL,NULL,NULL,0),
(21,"INJECTION, ORAL",NULL,NULL,NULL,NULL,NULL,0),
(22,"ORAL-20",NULL,NULL,NULL,NULL,NULL,0),
(23,"ORAL-21",NULL,NULL,NULL,NULL,NULL,0),
(24,"ORAL, RECTAL",NULL,NULL,NULL,NULL,NULL,0),
(25,"OTIC",NULL,NULL,NULL,NULL,NULL,0),
(26,"IRRIGATION",NULL,NULL,NULL,NULL,NULL,0),
(27,"IM-IV",NULL,NULL,NULL,NULL,NULL,0),
(28,"DENTAL",NULL,NULL,NULL,NULL,NULL,0),
(29,"NASAL",NULL,NULL,NULL,NULL,NULL,0),
(30,"INHALATION, ORAL",NULL,NULL,NULL,NULL,NULL,0),
(31,"ORAL-28",NULL,NULL,NULL,NULL,NULL,0),
(32,"INTRAOCULAR",NULL,NULL,NULL,NULL,NULL,0),
(33,"INTRAVENOUS",NULL,NULL,NULL,NULL,NULL,0),
(34,"Intravesical, Ureteral",NULL,NULL,NULL,NULL,NULL,0),
(35,"INTRAVESICAL",NULL,NULL,NULL,NULL,NULL,0),
(36,"INHALATION, INJECTION",NULL,NULL,NULL,NULL,NULL,0),
(37,"INTRAPERITONEAL",NULL,NULL,NULL,NULL,NULL,0),
(38,"IRRIGATION, URETHRAL",NULL,NULL,NULL,NULL,NULL,0),
(39,"INTRAVENOUS, ORAL",NULL,NULL,NULL,NULL,NULL,0),
(40,"INTRATHECAL",NULL,NULL,NULL,NULL,NULL,0),
(41,"TRANSDERMAL",NULL,NULL,NULL,NULL,NULL,0),
(42,"Topical",NULL,NULL,NULL,NULL,NULL,0),
(43,"PERFUSION, CARDIAC",NULL,NULL,NULL,NULL,NULL,0),
(44,"BUCCAL",NULL,NULL,NULL,NULL,NULL,0),
(45,"SUBCUTANEOUS",NULL,NULL,NULL,NULL,NULL,0),
(46,"INJECTION, ORAL, RECTAL",NULL,NULL,NULL,NULL,NULL,0),
(47,"INTRAMUSCULAR, INTRAVENOUS",NULL,NULL,NULL,NULL,NULL,0),
(48,"PERFUSION, BILIARY",NULL,NULL,NULL,NULL,NULL,0),
(49,"INTRAMUSCULAR, SUBCUTANEOUS",NULL,NULL,NULL,NULL,NULL,0),
(50,"ENDOCERVICAL",NULL,NULL,NULL,NULL,NULL,0),
(51,"Injection",NULL,NULL,NULL,NULL,NULL,0),
(52,"Transdermal",NULL,NULL,NULL,NULL,NULL,0),
(53,"INTRAVENOUS, SUBCUTANEOUS",NULL,NULL,NULL,NULL,NULL,0),
(54,"TOPICAL, VAGINAL",NULL,NULL,NULL,NULL,NULL,0),
(55,"IONTOPHORESIS",NULL,NULL,NULL,NULL,NULL,0),
(56,"Oral",NULL,NULL,NULL,NULL,NULL,0),
(57,"INTRAPLEURAL",NULL,NULL,NULL,NULL,NULL,0),
(58,"INTRACRANIAL",NULL,NULL,NULL,NULL,NULL,0),
(59,"TRANSMUCOSAL",NULL,NULL,NULL,NULL,NULL,0),
(60,"IV (INFUSION)",NULL,NULL,NULL,NULL,NULL,0),
(61,"SUBCUTANEOUS LYOPHILIZED POWER",NULL,NULL,NULL,NULL,NULL,0),
(62,"IV (INFUSION), SUBCUTANEOUS",NULL,NULL,NULL,NULL,NULL,0),
(63,"IONTOPHORESIS, TRANSDERMAL",NULL,NULL,NULL,NULL,NULL,0),
(64,"INTRA-ANAL",NULL,NULL,NULL,NULL,NULL,0),
(65,"PERIODONTAL",NULL,NULL,NULL,NULL,NULL,0),
(66,"Iv (Infusion)",NULL,NULL,NULL,NULL,NULL,0),
(67,"Subcutaneous",NULL,NULL,NULL,NULL,NULL,0),
(68,"IONTOPHORESIS, TOPICAL",NULL,NULL,NULL,NULL,NULL,0),
(69,"EPIDURAL",NULL,NULL,NULL,NULL,NULL,0),
(70,"INTRAVITREAL",NULL,NULL,NULL,NULL,NULL,0),
(71,"INHALATION, INTRAVENOUS",NULL,NULL,NULL,NULL,NULL,0),
(72,"ORALLY DISINTEGRATING",NULL,NULL,NULL,NULL,NULL,0),
(73,"INTRADERMAL",NULL,NULL,NULL,NULL,NULL,0),
(74,"INTRA-ARTICULAR, INTRAMUSCULAR, INTRAVITREAL",NULL,NULL,NULL,NULL,NULL,0),
(75,"SUSPENSION",NULL,NULL,NULL,NULL,NULL,0),
(76,"Inhalation, Oral",NULL,NULL,NULL,NULL,NULL,0),
(77,"ORAL AND TABLET",NULL,NULL,NULL,NULL,NULL,0),
(78,"SINGLE-USE",NULL,NULL,NULL,NULL,NULL,0),
(79,"MULTIDOSE",NULL,NULL,NULL,NULL,NULL,0),
(80,"INTRAVENOUS, INTRAVENOUS",NULL,NULL,NULL,NULL,NULL,0),
(81,"INTRAVENOUS, INTRAVESICULAR, OPHTHALMIC",NULL,NULL,NULL,NULL,NULL,0),
(82,"ORAL SUSPENSION",NULL,NULL,NULL,NULL,NULL,0),
(83,"INTRAMUSCULAR, ORAL",NULL,NULL,NULL,NULL,NULL,0),
(84,"ENTERAL",NULL,NULL,NULL,NULL,NULL,0),
(85,"INTRAMUSCULAR, INTRAVENOUS, SUBCUTANEOUS",NULL,NULL,NULL,NULL,NULL,0),
(86,"INTRAVENOUS, INTRAOCULAR, INTRAMUSCULAR, SUBCUTANEOUS",NULL,NULL,NULL,NULL,NULL,0),
(87,"CAPSULE, DELAYED REL PELLETS",NULL,NULL,NULL,NULL,NULL,0),
(88,"INTRA-ARTERIAL",NULL,NULL,NULL,NULL,NULL,0),
(89,"INTRACAVITARY, INTRAVENOUS, INTRAVESICAL",NULL,NULL,NULL,NULL,NULL,0),
(90,"INTRA-ARTICULAR",NULL,NULL,NULL,NULL,NULL,0),
(91,"INTRAVENOUS, INTRAMUSCULAR, SUBCUTANEOUS, INTRAOSSEOUS, ENDOTRACHEAL",NULL,NULL,NULL,NULL,NULL,0),
(92,"INTRAVENOUS, INTERSTITIAL",NULL,NULL,NULL,NULL,NULL,0),
(93,"PYELOCALYCEAL",NULL,NULL,NULL,NULL,NULL,0),
(94,"SINGLE-DOSE",NULL,NULL,NULL,NULL,NULL,0);


DROP TABLE health_hospitalization_requests;

CREATE TABLE `health_hospitalization_requests` (
  `id` bigint(20) NOT NULL AUTO_INCREMENT,
  `patient_id` bigint(20) NOT NULL,
  `visit_id` bigint(20) NOT NULL,
  `status` tinyint(1) DEFAULT 1 COMMENT '1:pending, 2:approved inpatient, 3:discharged',
  `hospitalization_type` tinyint(1) DEFAULT 0 COMMENT '1:hospitalization, 2:icu, 3:operation',
  `room_id` bigint(20) DEFAULT NULL,
  `bed_id` bigint(20) DEFAULT NULL,
  `companion_name` varchar(64) DEFAULT '0',
  `companion_phone` varchar(32) DEFAULT '0',
  `companion_notes` text DEFAULT NULL,
  `hospitalization_date` datetime DEFAULT NULL,
  `hospitalization_notes` text DEFAULT NULL,
  `request_date` datetime NOT NULL,
  `request_notes` text DEFAULT NULL,
  `approved_at` datetime DEFAULT NULL,
  `approved_by` bigint(20) DEFAULT NULL,
  `created` int(11) DEFAULT NULL,
  `created_by` bigint(20) DEFAULT NULL,
  `modified` int(11) DEFAULT NULL,
  `modified_by` bigint(20) DEFAULT NULL,
  `deleted` tinyint(1) NOT NULL DEFAULT 0,
  PRIMARY KEY (`id`)
) ENGINE=InnoDB DEFAULT CHARSET=utf8;

DROP TABLE health_invoice_advanced_payments;

CREATE TABLE `health_invoice_advanced_payments` (
  `id` bigint(20) NOT NULL AUTO_INCREMENT,
  `cashier_transaction_id` bigint(20) NOT NULL COMMENT 'advanced payment id',
  `invoice_id` bigint(20) NOT NULL,
  `visit_id` bigint(20) NOT NULL,
  `transaction_date` datetime NOT NULL,
  `amount` decimal(20,5) NOT NULL,
  `base_amount` decimal(20,5) NOT NULL,
  `created` int(11) DEFAULT NULL,
  `created_by` bigint(20) DEFAULT NULL,
  `modified` int(11) DEFAULT NULL,
  `modified_by` bigint(20) DEFAULT NULL,
  `deleted` int(11) NOT NULL DEFAULT 0,
  PRIMARY KEY (`id`)
) ENGINE=InnoDB DEFAULT CHARSET=utf8;

DROP TABLE health_invoice_items;

CREATE TABLE `health_invoice_items` (
  `id` bigint(20) NOT NULL AUTO_INCREMENT,
  `invoice_id` bigint(20) NOT NULL,
  `visit_transaction_id` bigint(20) NOT NULL,
  `base_amount` decimal(20,5) NOT NULL,
  `amount` decimal(20,5) NOT NULL,
  `discount_type` tinyint(1) DEFAULT 0 COMMENT '1: amount, 2:percentage',
  `discount` decimal(20,5) DEFAULT 0.00000,
  `discount_amount` decimal(20,5) DEFAULT 0.00000,
  `base_discount_amount` decimal(20,5) DEFAULT 0.00000,
  `transaction_date` datetime NOT NULL,
  `transaction_type_id` int(11) NOT NULL,
  `invoice_no` bigint(20) NOT NULL,
  `created` int(11) DEFAULT NULL,
  `created_by` bigint(20) DEFAULT NULL,
  `modified` int(11) DEFAULT NULL,
  `modified_by` bigint(20) DEFAULT NULL,
  `deleted` tinyint(1) NOT NULL DEFAULT 0,
  PRIMARY KEY (`id`)
) ENGINE=InnoDB DEFAULT CHARSET=utf8;

DROP TABLE health_invoices;

CREATE TABLE `health_invoices` (
  `id` bigint(20) NOT NULL AUTO_INCREMENT,
  `visit_id` bigint(20) NOT NULL,
  `old_visit_id` bigint(20) DEFAULT NULL,
  `patient_id` bigint(20) NOT NULL,
  `organization_id` bigint(20) DEFAULT NULL,
  `transaction_type_id` int(11) NOT NULL COMMENT '1: advanced, 2:collection, 3:discount, 4:refund, 5:quick',
  `transaction_date` datetime NOT NULL,
  `status` tinyint(1) DEFAULT 0 COMMENT '0: unpaid, 2:paid',
  `payment_method` int(11) DEFAULT NULL,
  `base_amount` decimal(20,5) NOT NULL,
  `amount` decimal(20,5) NOT NULL,
  `currency_id` int(11) NOT NULL,
  `exchange_rate` decimal(20,5) NOT NULL,
  `description_id` bigint(20) DEFAULT NULL,
  `description` text DEFAULT NULL,
  `approved_user_id` bigint(20) DEFAULT NULL,
  `approved_date` date DEFAULT NULL,
  `cancel_description_id` bigint(20) DEFAULT NULL,
  `cancel_description` text DEFAULT NULL,
  `org_base_amount` decimal(20,5) DEFAULT 0.00000,
  `org_amount` decimal(20,5) DEFAULT 0.00000,
  `cashier_id` bigint(20) NOT NULL,
  `cashier_period_id` int(11) NOT NULL,
  `created` int(11) DEFAULT NULL,
  `created_by` bigint(20) DEFAULT NULL,
  `modified` int(11) DEFAULT NULL,
  `modified_by` bigint(20) DEFAULT NULL,
  `deleted` tinyint(1) NOT NULL DEFAULT 0,
  PRIMARY KEY (`id`)
) ENGINE=InnoDB DEFAULT CHARSET=utf8;

DROP TABLE health_operation_request_services;

CREATE TABLE `health_operation_request_services` (
  `id` bigint(20) NOT NULL AUTO_INCREMENT,
  `operation_request_id` bigint(20) NOT NULL,
  `visit_id` bigint(20) NOT NULL,
  `service_id` bigint(20) NOT NULL,
  `base_price` decimal(20,5) NOT NULL,
  `created` int(11) DEFAULT NULL,
  `created_by` bigint(20) DEFAULT NULL,
  `modified` int(11) DEFAULT NULL,
  `modified_by` bigint(20) DEFAULT NULL,
  `deleted` tinyint(1) NOT NULL DEFAULT 0,
  PRIMARY KEY (`id`)
) ENGINE=InnoDB DEFAULT CHARSET=utf8;

DROP TABLE health_operation_request_teams;

CREATE TABLE `health_operation_request_teams` (
  `id` bigint(20) NOT NULL AUTO_INCREMENT,
  `operation_request_id` bigint(20) NOT NULL,
  `visit_id` bigint(20) NOT NULL,
  `employee_id` bigint(20) NOT NULL,
  `job_title_id` bigint(20) NOT NULL,
  `share` decimal(20,5) DEFAULT 0.00000,
  `share_type` tinyint(1) DEFAULT 0 COMMENT '1: percentage, 2: amount',
  `created` int(11) DEFAULT NULL,
  `created_by` bigint(20) DEFAULT NULL,
  `modified` int(11) DEFAULT NULL,
  `modified_by` bigint(20) DEFAULT NULL,
  `deleted` tinyint(1) NOT NULL DEFAULT 0,
  PRIMARY KEY (`id`)
) ENGINE=InnoDB DEFAULT CHARSET=utf8;

DROP TABLE health_operation_requests;

CREATE TABLE `health_operation_requests` (
  `id` bigint(20) NOT NULL AUTO_INCREMENT,
  `patient_id` bigint(20) NOT NULL,
  `visit_id` bigint(20) NOT NULL,
  `request_status` tinyint(1) DEFAULT 1 COMMENT '1:pending, 2:apprived',
  `operation_status` tinyint(4) DEFAULT 0 COMMENT '0:waiting, 1:request from ward, 2:patient in theater, 3: operation started, 4: operation ended, 5:sent back to ward, 6:back status',
  `operation_template_id` bigint(20) DEFAULT NULL,
  `theater_id` bigint(20) DEFAULT NULL,
  `needs_anesthesia` tinyint(1) DEFAULT 0 COMMENT '0:no, 1:yes',
  `needs_theater` tinyint(1) DEFAULT 0 COMMENT '0:no, 1:yes',
  `duration` float DEFAULT 0,
  `duration_type` tinyint(1) DEFAULT 0 COMMENT '1:houre, 2:minute',
  `request_date` datetime NOT NULL,
  `appointment_date` datetime DEFAULT NULL,
  `appointment_notes` text DEFAULT NULL,
  `operation_start_date` datetime DEFAULT NULL,
  `operation_end_date` datetime DEFAULT NULL,
  `approved_at` datetime DEFAULT NULL,
  `approved_by` bigint(20) DEFAULT NULL,
  `created` int(11) DEFAULT NULL,
  `created_by` bigint(20) DEFAULT NULL,
  `modified` int(11) DEFAULT NULL,
  `modified_by` bigint(20) DEFAULT NULL,
  `deleted` tinyint(1) NOT NULL DEFAULT 0,
  PRIMARY KEY (`id`)
) ENGINE=InnoDB DEFAULT CHARSET=utf8;

DROP TABLE health_operation_services;

CREATE TABLE `health_operation_services` (
  `id` bigint(20) NOT NULL AUTO_INCREMENT,
  `name` varchar(256) DEFAULT NULL,
  `code` varchar(128) DEFAULT NULL,
  `created` int(11) DEFAULT NULL,
  `created_by` bigint(20) DEFAULT NULL,
  `modified` int(11) DEFAULT NULL,
  `modified_by` bigint(20) DEFAULT NULL,
  `deleted` tinyint(1) NOT NULL DEFAULT 0,
  PRIMARY KEY (`id`)
) ENGINE=InnoDB DEFAULT CHARSET=utf8;

DROP TABLE health_operation_template_services;

CREATE TABLE `health_operation_template_services` (
  `id` bigint(20) NOT NULL AUTO_INCREMENT,
  `template_id` bigint(20) NOT NULL,
  `service_id` bigint(20) NOT NULL,
  `base_price` decimal(20,5) DEFAULT NULL,
  `created` int(11) DEFAULT NULL,
  `created_by` bigint(20) DEFAULT NULL,
  `modified` int(11) DEFAULT NULL,
  `modified_by` bigint(20) DEFAULT NULL,
  `deleted` tinyint(1) NOT NULL DEFAULT 0,
  PRIMARY KEY (`id`)
) ENGINE=InnoDB AUTO_INCREMENT=24 DEFAULT CHARSET=utf8;

INSERT INTO health_operation_template_services VALUES
(1,1,1036,125000,1605426463,12,NULL,NULL,0),
(2,1,1037,500000,1605426539,12,NULL,NULL,0),
(3,2,1038,125000,1605434494,12,NULL,NULL,0),
(4,2,1045,50000,1605434541,12,NULL,NULL,0),
(5,2,1052,800000,1605434598,12,NULL,NULL,0),
(6,3,1039,200000,1605434888,12,NULL,NULL,0),
(7,3,1046,75000,1605434917,12,NULL,NULL,0),
(8,3,1056,950000,1605434938,12,NULL,NULL,0),
(9,4,1040,275000,1605435341,12,NULL,NULL,0),
(10,4,1047,100000,1605435370,12,NULL,NULL,0),
(11,4,1054,1050000,1605435453,12,NULL,NULL,0),
(12,5,1041,300000,1605435812,12,NULL,NULL,0),
(13,5,1048,125000,1605435867,12,NULL,NULL,0),
(14,5,1055,1225000,1605435932,12,NULL,NULL,0),
(15,6,1042,450000,1605436415,12,NULL,NULL,0),
(16,6,1049,150000,1605436437,12,NULL,NULL,0),
(17,6,1057,1500000,1605436470,12,NULL,NULL,0),
(18,7,1043,675000,1605436700,12,NULL,NULL,0),
(19,7,1050,200000,1605436733,12,NULL,NULL,0),
(20,7,1058,2000000,1605436755,12,NULL,NULL,0),
(21,8,1044,800000,1605439194,12,NULL,NULL,0),
(22,8,1051,250000,1605439216,12,NULL,NULL,0),
(23,8,1059,2500000,1605439258,12,NULL,NULL,0);


DROP TABLE health_operation_template_teams;

CREATE TABLE `health_operation_template_teams` (
  `id` bigint(20) NOT NULL AUTO_INCREMENT,
  `template_id` bigint(20) NOT NULL,
  `employee_id` bigint(20) NOT NULL,
  `job_title_id` bigint(20) NOT NULL,
  `share` decimal(20,5) DEFAULT 0.00000,
  `share_type` tinyint(1) DEFAULT 0 COMMENT '1: percentage, 2: amount',
  `created` int(11) DEFAULT NULL,
  `created_by` bigint(20) DEFAULT NULL,
  `modified` int(11) DEFAULT NULL,
  `modified_by` bigint(20) DEFAULT NULL,
  `deleted` tinyint(1) NOT NULL DEFAULT 0,
  PRIMARY KEY (`id`)
) ENGINE=InnoDB AUTO_INCREMENT=38 DEFAULT CHARSET=utf8;

INSERT INTO health_operation_template_teams VALUES
(1,1,104,2,5000,2,1605432962,12,NULL,NULL,0),
(2,1,105,3,5000,2,1605432989,12,NULL,NULL,0),
(3,1,107,6,25000,2,1605433018,12,NULL,NULL,0),
(4,1,108,5,0.85,1,1605433406,12,NULL,NULL,0),
(5,2,104,2,10000,2,1605434655,12,NULL,NULL,0),
(6,2,105,3,10000,2,1605434685,12,NULL,NULL,0),
(7,2,107,6,35000,2,1605434720,12,NULL,NULL,0),
(8,2,108,5,0.85,1,1605434748,12,NULL,NULL,0),
(9,3,104,2,12500,2,1605435110,12,NULL,NULL,0),
(10,3,105,3,12500,2,1605435134,12,NULL,NULL,0),
(11,3,107,6,45000,2,1605435171,12,NULL,NULL,0),
(12,3,108,5,0.85,1,1605435196,12,NULL,NULL,0),
(13,4,104,2,15000,2,1605435599,12,NULL,NULL,0),
(14,4,105,3,15000,2,1605435622,12,NULL,NULL,0),
(15,4,106,4,15000,2,1605435653,12,NULL,NULL,0),
(16,4,107,6,60000,2,1605435679,12,NULL,NULL,0),
(17,4,108,5,0.85,1,1605435696,12,NULL,NULL,0),
(18,5,104,2,20000,2,1605436217,12,NULL,NULL,0),
(19,5,105,3,20000,2,1605436252,12,NULL,NULL,0),
(20,5,106,4,25000,2,1605436289,12,NULL,NULL,0),
(21,5,107,6,70000,2,1605436323,12,NULL,NULL,0),
(22,5,108,5,0.85,1,1605436341,12,NULL,NULL,0),
(23,6,104,2,25000,2,1605436532,12,NULL,NULL,0),
(24,6,105,3,25000,2,1605436548,12,NULL,NULL,0),
(25,6,106,4,35000,2,1605436571,12,NULL,NULL,0),
(26,6,107,6,110000,2,1605436591,12,NULL,NULL,0),
(27,6,108,5,0.85,1,1605436609,12,NULL,NULL,0),
(28,7,104,2,40000,2,1605438949,12,NULL,NULL,0),
(29,7,105,3,40000,2,1605438971,12,NULL,NULL,0),
(30,7,106,4,50000,2,1605438993,12,NULL,NULL,0),
(31,7,107,6,160000,2,1605439041,12,NULL,NULL,0),
(32,7,108,5,0.85,1,1605439063,12,NULL,NULL,0),
(33,8,104,2,55000,2,1605439287,12,NULL,NULL,0),
(34,8,105,3,55000,2,1605439307,12,NULL,NULL,0),
(35,8,106,4,60000,2,1605439326,12,NULL,NULL,0),
(36,8,107,6,200000,2,1605439348,12,NULL,NULL,0),
(37,8,108,5,0.85,1,1605439367,12,NULL,NULL,0);


DROP TABLE health_operation_templates;

CREATE TABLE `health_operation_templates` (
  `id` bigint(20) NOT NULL AUTO_INCREMENT,
  `name` varchar(256) NOT NULL,
  `code` varchar(256) DEFAULT NULL,
  `created` int(11) DEFAULT NULL,
  `created_by` bigint(20) DEFAULT NULL,
  `modified` int(11) DEFAULT NULL,
  `modified_by` bigint(20) DEFAULT NULL,
  `deleted` tinyint(1) NOT NULL DEFAULT 0,
  PRIMARY KEY (`id`)
) ENGINE=InnoDB AUTO_INCREMENT=9 DEFAULT CHARSET=utf8;

INSERT INTO health_operation_templates VALUES
(1,"LOCAL","UMISL",1605419616,12,1605519368,12,0),
(2,"صغرى","MIS1",1605434332,12,1605519379,12,0),
(3,"وسطى عادي","MES",1605434829,12,1605519386,12,0),
(4,"وسطى مبيت-١","MESR",1605435290,12,1605519395,12,0),
(5,"كبرى-١","MAS1",1605435745,12,1605519413,12,0),
(6,"فوق كبرى-١","SMAS",1605436385,12,1605519423,12,0),
(7,"خاصة-٢","SPES",1605436670,12,1605519431,12,0),
(8,"فوق خاصة-٢","SUSP",1605439166,12,1605519440,12,0);


DROP TABLE health_organizations;

CREATE TABLE `health_organizations` (
  `id` bigint(20) NOT NULL,
  `name` varchar(128) NOT NULL,
  `address` varchar(128) DEFAULT NULL,
  `phone` varchar(64) DEFAULT NULL,
  `deleted` tinyint(1) NOT NULL DEFAULT 0
) ENGINE=InnoDB DEFAULT CHARSET=utf8;

DROP TABLE health_patients;

CREATE TABLE `health_patients` (
  `id` bigint(20) NOT NULL AUTO_INCREMENT,
  `type` tinyint(4) NOT NULL COMMENT '1: normal, 2:vip',
  `name` varchar(64) NOT NULL,
  `name_kurdish` varchar(64) NOT NULL,
  `surname` varchar(64) DEFAULT NULL,
  `mother_name` varchar(64) DEFAULT NULL,
  `father_name` varchar(64) DEFAULT NULL,
  `phone` varchar(32) DEFAULT NULL,
  `birthdate` date DEFAULT NULL,
  `age` tinyint(4) DEFAULT NULL,
  `gender` tinyint(1) NOT NULL,
  `organization_id` bigint(20) DEFAULT NULL,
  `country_id` int(11) DEFAULT NULL,
  `city_id` int(11) DEFAULT NULL,
  `address` varchar(128) DEFAULT NULL,
  `nationality_id` int(11) DEFAULT NULL,
  `identity` varchar(64) DEFAULT NULL,
  `passport_no` varchar(32) DEFAULT NULL,
  `blood_group_id` int(5) DEFAULT NULL,
  `created` int(11) DEFAULT NULL,
  `created_by` bigint(20) DEFAULT NULL,
  `modified` int(11) DEFAULT NULL,
  `modified_by` bigint(20) DEFAULT NULL,
  `deleted` tinyint(1) NOT NULL DEFAULT 0,
  PRIMARY KEY (`id`)
) ENGINE=InnoDB DEFAULT CHARSET=utf8;

DROP TABLE health_pp_calculation_header;

CREATE TABLE `health_pp_calculation_header` (
  `id` bigint(20) NOT NULL AUTO_INCREMENT,
  `department_id` bigint(20) NOT NULL,
  `employee_id` bigint(20) NOT NULL,
  `ppheader_id` bigint(20) NOT NULL,
  `base_gross` decimal(20,5) NOT NULL,
  `base_net` decimal(20,5) NOT NULL,
  `from_date` datetime NOT NULL,
  `to_date` datetime NOT NULL,
  `status` tinyint(1) NOT NULL,
  `approved_by` bigint(20) DEFAULT NULL,
  `approved_date` datetime DEFAULT NULL,
  `calculation_date` datetime NOT NULL,
  `created` int(11) DEFAULT NULL,
  `created_by` bigint(20) DEFAULT NULL,
  `modified` int(11) DEFAULT NULL,
  `modified_by` bigint(20) DEFAULT NULL,
  `deleted` tinyint(1) NOT NULL DEFAULT 0,
  PRIMARY KEY (`id`)
) ENGINE=InnoDB DEFAULT CHARSET=utf8;

DROP TABLE health_pp_calculation_payment;

CREATE TABLE `health_pp_calculation_payment` (
  `id` bigint(20) NOT NULL AUTO_INCREMENT,
  `ppc_header_id` int(11) NOT NULL,
  `employee_id` bigint(20) NOT NULL,
  `paid_by` bigint(20) NOT NULL,
  `paid_date` datetime NOT NULL,
  `base_amount` decimal(20,5) NOT NULL,
  `description` text DEFAULT NULL,
  `created` int(11) DEFAULT NULL,
  `created_by` bigint(20) DEFAULT NULL,
  `modified` int(11) DEFAULT NULL,
  `modified_by` bigint(20) DEFAULT NULL,
  `deleted` tinyint(1) NOT NULL DEFAULT 0,
  PRIMARY KEY (`id`)
) ENGINE=InnoDB DEFAULT CHARSET=utf8;

DROP TABLE health_pp_calculation_transactions;

CREATE TABLE `health_pp_calculation_transactions` (
  `id` bigint(20) NOT NULL AUTO_INCREMENT,
  `ppc_header_id` bigint(20) NOT NULL COMMENT 'progress payment header id',
  `visit_transaction_id` bigint(20) NOT NULL,
  `ppheader_id` bigint(20) NOT NULL,
  `pp_template_id` bigint(20) NOT NULL,
  `base_gross` decimal(20,5) NOT NULL,
  `base_net` decimal(20,5) NOT NULL,
  `base_cost` decimal(20,5) DEFAULT 0.00000,
  `created` int(11) DEFAULT NULL,
  `created_by` bigint(20) DEFAULT NULL,
  `modified` int(11) DEFAULT NULL,
  `modified_by` bigint(20) DEFAULT NULL,
  `deleted` tinyint(1) NOT NULL DEFAULT 0,
  PRIMARY KEY (`id`)
) ENGINE=InnoDB DEFAULT CHARSET=utf8;

DROP TABLE health_ppheader_employees;

CREATE TABLE `health_ppheader_employees` (
  `id` bigint(20) NOT NULL AUTO_INCREMENT,
  `employee_id` bigint(20) NOT NULL,
  `ppheader_id` bigint(20) NOT NULL,
  `is_requester` tinyint(1) DEFAULT 0,
  `is_applier` tinyint(1) DEFAULT 0,
  `is_guest_doctor` tinyint(1) DEFAULT 0,
  `is_oncall` tinyint(1) DEFAULT 0,
  `is_net` tinyint(1) DEFAULT 0,
  `is_staff` tinyint(1) DEFAULT 0,
  `cost_type` tinyint(1) DEFAULT 0 COMMENT '0: skip overall cost deduction, 1: service cost deduction, 2: fixed cost deduction',
  `fixed_cost` decimal(20,5) DEFAULT 0.00000 COMMENT 'fixed cost in base price or percentage',
  `fixed_cost_type` tinyint(1) DEFAULT 0 COMMENT '1: percentage, 2: amount in base price',
  `created` int(11) DEFAULT NULL,
  `created_by` bigint(20) DEFAULT NULL,
  `modified` int(11) DEFAULT NULL,
  `modified_by` bigint(20) DEFAULT NULL,
  `deleted` tinyint(1) NOT NULL DEFAULT 0,
  PRIMARY KEY (`id`)
) ENGINE=InnoDB DEFAULT CHARSET=utf8;

DROP TABLE health_pptemplate_employees;

CREATE TABLE `health_pptemplate_employees` (
  `id` bigint(20) NOT NULL AUTO_INCREMENT,
  `ppheader_employee_id` bigint(20) NOT NULL,
  `pptemplate_id` bigint(20) NOT NULL,
  `ppheader_id` bigint(20) NOT NULL,
  `employee_id` bigint(20) NOT NULL,
  `cost` decimal(20,5) DEFAULT 0.00000,
  `cost_type` tinyint(1) DEFAULT 0 COMMENT '1: percentage, 2: amount',
  `created` int(11) DEFAULT NULL,
  `created_by` bigint(20) DEFAULT NULL,
  `modified` int(11) DEFAULT NULL,
  `modified_by` bigint(20) DEFAULT NULL,
  `deleted` tinyint(1) NOT NULL DEFAULT 0,
  PRIMARY KEY (`id`)
) ENGINE=InnoDB DEFAULT CHARSET=utf8;

DROP TABLE health_prescription_types;

CREATE TABLE `health_prescription_types` (
  `id` int(10) NOT NULL AUTO_INCREMENT,
  `name` varchar(512) NOT NULL,
  `code` varchar(128) DEFAULT NULL,
  `deleted` tinyint(1) NOT NULL DEFAULT 0,
  PRIMARY KEY (`id`)
) ENGINE=InnoDB AUTO_INCREMENT=5 DEFAULT CHARSET=utf8;

INSERT INTO health_prescription_types VALUES
(1,"Outpatient",NULL,0),
(2,"Discharge",NULL,0),
(3,"Emergency",NULL,0),
(4,"Home-care",NULL,0);


DROP TABLE health_progress_payment_header;

CREATE TABLE `health_progress_payment_header` (
  `id` bigint(20) NOT NULL AUTO_INCREMENT,
  `name` varchar(128) NOT NULL,
  `code` varchar(64) NOT NULL,
  `description` text NOT NULL,
  `created` int(11) NOT NULL,
  `created_by` bigint(20) NOT NULL,
  `modified` int(11) NOT NULL,
  `modified_by` bigint(20) NOT NULL,
  `deleted` tinyint(1) NOT NULL DEFAULT 0,
  PRIMARY KEY (`id`)
) ENGINE=InnoDB DEFAULT CHARSET=utf8;

DROP TABLE health_progress_payment_template;

CREATE TABLE `health_progress_payment_template` (
  `id` bigint(20) NOT NULL AUTO_INCREMENT,
  `ppheader_id` bigint(20) NOT NULL,
  `type` tinyint(1) DEFAULT 0 COMMENT '1: service, 2: item or material',
  `name` varchar(128) NOT NULL,
  `service_id` bigint(20) DEFAULT NULL COMMENT 'service',
  `service_category_id` bigint(20) DEFAULT NULL,
  `item_id` bigint(20) DEFAULT NULL COMMENT 'material',
  `item_category_id` bigint(20) DEFAULT NULL COMMENT 'material category',
  `requester_type` tinyint(1) DEFAULT 0 COMMENT '1: percentage, 2: amount.',
  `requester_percentage` float DEFAULT 0,
  `requester_amount` decimal(20,5) DEFAULT 0.00000,
  `applier_type` tinyint(1) DEFAULT 0 COMMENT '1: percentage, 2: amount.',
  `applier_percentage` float DEFAULT 0,
  `applier_amount` decimal(20,5) DEFAULT 0.00000,
  `guest_doctor_type` tinyint(1) DEFAULT 0 COMMENT '1: percentage, 2: amount.',
  `guest_doctor_percentage` float DEFAULT 0,
  `guest_doctor_amount` decimal(20,5) DEFAULT 0.00000,
  `oncall_type` tinyint(1) DEFAULT 0 COMMENT '1: percentage, 2: amount.',
  `oncall_percentage` float DEFAULT 0,
  `oncall_amount` decimal(20,5) DEFAULT 0.00000,
  `net_type` tinyint(1) DEFAULT 0 COMMENT '1: percentage, 2: amount.',
  `net_percentage` float DEFAULT 0,
  `net_amount` decimal(20,5) DEFAULT 0.00000,
  `staff_type` tinyint(1) DEFAULT 0 COMMENT '1: percentage, 2: amount.',
  `staff_percentage` float DEFAULT 0,
  `staff_amount` decimal(20,5) DEFAULT 0.00000,
  `visit_type_id` bigint(20) DEFAULT NULL,
  `organization_id` bigint(20) DEFAULT NULL,
  `timed` tinyint(1) DEFAULT 0 COMMENT '0: non-timed, 1: timed shares',
  `from_time` time DEFAULT NULL,
  `to_time` time DEFAULT NULL,
  `created` int(11) DEFAULT NULL,
  `created_by` bigint(20) DEFAULT NULL,
  `modified` int(11) DEFAULT NULL,
  `modified_by` bigint(20) DEFAULT NULL,
  `deleted` tinyint(1) NOT NULL DEFAULT 0,
  PRIMARY KEY (`id`)
) ENGINE=InnoDB DEFAULT CHARSET=utf8;

DROP TABLE health_rooms;

CREATE TABLE `health_rooms` (
  `id` bigint(20) NOT NULL AUTO_INCREMENT,
  `floor_unit_id` bigint(20) NOT NULL,
  `name` varchar(256) NOT NULL,
  `code` varchar(256) DEFAULT NULL,
  `type` tinyint(1) NOT NULL DEFAULT 0 COMMENT '1:office room, 2: patient room',
  `created` int(11) DEFAULT NULL,
  `created_by` bigint(20) DEFAULT NULL,
  `modified` int(11) DEFAULT NULL,
  `modified_by` bigint(20) DEFAULT NULL,
  `deleted` tinyint(1) NOT NULL DEFAULT 0,
  PRIMARY KEY (`id`)
) ENGINE=InnoDB AUTO_INCREMENT=28 DEFAULT CHARSET=utf8;

INSERT INTO health_rooms VALUES
(1,4,"Post Cath","PC",2,1605349605,12,NULL,NULL,0),
(2,5,301,301,2,1605350246,12,NULL,NULL,0),
(3,5,302,302,2,1605352118,12,NULL,NULL,0),
(4,5,303,303,2,1605352180,12,NULL,NULL,0),
(5,5,304,304,2,1605352216,12,NULL,NULL,0),
(6,5,"ICU","ICU",2,1605352261,12,NULL,NULL,0),
(7,6,"NICU","NICU",2,1605352502,12,NULL,NULL,0),
(8,6,401,401,2,1605352652,12,NULL,NULL,0),
(9,6,402,402,2,1605352697,12,NULL,NULL,0),
(10,6,403,403,2,1605352733,12,NULL,NULL,0),
(11,6,404,404,2,1605352777,12,NULL,NULL,0),
(12,6,405,405,2,1605352801,12,NULL,NULL,0),
(13,6,406,406,2,1605352886,12,NULL,NULL,0),
(14,6,407,407,2,1605353016,12,NULL,NULL,0),
(15,6,408,408,2,1605353043,12,NULL,NULL,0),
(16,6,409,409,2,1605353064,12,NULL,NULL,0),
(17,6,410,410,2,1605353091,12,NULL,NULL,0),
(18,6,411,411,2,1605353117,12,NULL,NULL,0),
(19,6,412,412,2,1605353149,12,NULL,NULL,0),
(20,7,"VIP 501","VIP501",2,1605353211,12,1605353264,12,0),
(21,7,"VIP 502","VIP502",2,1605353257,12,NULL,NULL,0),
(22,7,"VIP 503","VIP503",2,1605353314,12,NULL,NULL,0),
(23,7,"VIP 504","VIP504",2,1605353364,12,NULL,NULL,0),
(24,7,"VIP 505","VIP505",2,1605353398,12,NULL,NULL,0),
(25,7,"VIP 506","VIP506",2,1605353436,12,NULL,NULL,0),
(26,7,507,507,2,1605353493,12,NULL,NULL,0),
(27,7,508,508,2,1605353524,12,NULL,NULL,0);


DROP TABLE health_service_categories;

CREATE TABLE `health_service_categories` (
  `id` bigint(20) NOT NULL AUTO_INCREMENT,
  `name` varchar(256) NOT NULL,
  `code` varchar(64) DEFAULT NULL,
  `description` text DEFAULT NULL,
  `parent_id` bigint(20) DEFAULT NULL,
  `is_system` tinyint(1) DEFAULT 0 COMMENT 'non editable',
  `deleted` tinyint(1) NOT NULL DEFAULT 0,
  PRIMARY KEY (`id`)
) ENGINE=InnoDB AUTO_INCREMENT=21 DEFAULT CHARSET=utf8;

INSERT INTO health_service_categories VALUES
(1,"Laboratory Service","LS",NULL,NULL,1,0),
(2,"Radiology Service","RS",NULL,NULL,1,0),
(3,"Operation Service","OS",NULL,NULL,1,0),
(4,"Inpatient Service","IS",NULL,NULL,1,0),
(5,"Hospital Service","HS",NULL,NULL,1,0),
(6,"Emergency Service","ES",NULL,NULL,1,0),
(7,"Physiotherapy Service","PHS",NULL,NULL,1,0),
(8,"Laboratory Service","LS",NULL,1,0,0),
(9,"Radiology Service","RS",NULL,2,0,0),
(10,"Emergency Service","ES",NULL,6,0,0),
(11,"Physiotherapy Service","PHS",NULL,7,0,0),
(12,"COVID Services","CS",NULL,4,0,0),
(13,"Inpatient Service",NULL,NULL,5,0,0),
(14,"MRI","MRI",NULL,2,0,0),
(15,"CT Scan","CT",NULL,2,0,0),
(16,"X-Ray","XRAY",NULL,2,0,0),
(17,"Ultrasound","U/S",NULL,2,0,0),
(19,"Hospital Services","HS",NULL,5,0,0),
(20,"Operation Services","OS",NULL,3,0,0);


DROP TABLE health_service_custom_pricing;

CREATE TABLE `health_service_custom_pricing` (
  `id` bigint(20) NOT NULL AUTO_INCREMENT,
  `service_id` bigint(20) NOT NULL,
  `entity_type` tinyint(4) NOT NULL COMMENT '1: department, 2: doctor,  3: job title',
  `entity_type_id` bigint(20) NOT NULL COMMENT 'job_title_id or doctor_id or department_id',
  `base_price` decimal(20,5) NOT NULL,
  `price` decimal(20,5) NOT NULL,
  `currency_id` int(11) NOT NULL,
  `created` int(11) DEFAULT NULL,
  `created_by` bigint(20) DEFAULT NULL,
  `modified` int(11) DEFAULT NULL,
  `modified_by` bigint(20) DEFAULT NULL,
  `deleted` tinyint(1) DEFAULT 0,
  PRIMARY KEY (`id`)
) ENGINE=InnoDB AUTO_INCREMENT=2 DEFAULT CHARSET=utf8;

INSERT INTO health_service_custom_pricing VALUES
(1,1164,1,3,2000,2000,1,1612702275,12,NULL,NULL,0);


DROP TABLE health_service_packages;

CREATE TABLE `health_service_packages` (
  `id` bigint(20) NOT NULL AUTO_INCREMENT,
  `service_id` bigint(20) NOT NULL,
  `child_service_id` bigint(20) NOT NULL,
  `test_id` bigint(20) DEFAULT NULL,
  `type` tinyint(1) NOT NULL DEFAULT 0 COMMENT '0: normal, 1: lab test service, 2: rad service',
  `created` int(11) DEFAULT NULL,
  `created_by` bigint(20) DEFAULT NULL,
  `modified` int(11) DEFAULT NULL,
  `modified_by` bigint(20) DEFAULT NULL,
  `deleted` tinyint(1) NOT NULL DEFAULT 0,
  PRIMARY KEY (`id`)
) ENGINE=InnoDB AUTO_INCREMENT=23 DEFAULT CHARSET=utf8;

INSERT INTO health_service_packages VALUES
(1,1136,946,559,1,1609672986,NULL,NULL,NULL,0),
(2,1136,947,560,1,1609672986,NULL,NULL,NULL,0),
(3,1136,131,130,1,1609672986,NULL,NULL,NULL,0),
(4,1136,183,182,1,1609672986,NULL,NULL,NULL,0),
(5,1136,106,105,1,1609672986,NULL,NULL,NULL,0),
(6,1136,900,360,1,1609672986,NULL,NULL,NULL,0),
(7,1136,891,243,1,1609672986,NULL,NULL,NULL,0),
(8,1136,480,0,0,1609674109,NULL,NULL,NULL,1),
(9,1136,912,467,1,1609674109,NULL,NULL,NULL,0),
(10,1136,450,434,1,1609674109,NULL,NULL,NULL,0),
(11,1136,911,465,1,1609674109,NULL,NULL,NULL,0),
(12,1136,34,33,1,1609674109,NULL,NULL,NULL,0),
(13,1136,301,294,1,1609674109,NULL,NULL,NULL,0),
(14,1136,851,115,1,1609674109,NULL,NULL,NULL,0),
(15,1136,198,493,1,1609674109,NULL,NULL,NULL,0),
(16,1136,392,376,1,1609674109,NULL,NULL,NULL,0),
(17,1136,486,470,1,1609674109,NULL,NULL,NULL,0),
(18,1136,909,448,1,1609674109,NULL,NULL,NULL,0),
(19,1136,377,363,1,1609674109,NULL,NULL,NULL,0),
(20,1136,1034,585,1,1609674109,NULL,NULL,NULL,0),
(21,1136,242,236,1,1609674109,NULL,NULL,NULL,0),
(22,1136,241,235,1,1609674109,NULL,NULL,NULL,0);


DROP TABLE health_service_types;

CREATE TABLE `health_service_types` (
  `id` bigint(20) NOT NULL AUTO_INCREMENT,
  `name` varchar(256) NOT NULL,
  `code` varchar(64) DEFAULT NULL,
  `description` text DEFAULT NULL,
  `deleted` tinyint(1) NOT NULL DEFAULT 0,
  PRIMARY KEY (`id`)
) ENGINE=InnoDB AUTO_INCREMENT=8 DEFAULT CHARSET=utf8;

INSERT INTO health_service_types VALUES
(1,"Laboratory Service","LS",NULL,0),
(2,"Radiology Service","RS",NULL,0),
(3,"Operation Service","OS",NULL,0),
(4,"Inpatient Service","IS",NULL,0),
(5,"Hospital Service","HS",NULL,0),
(6,"Emergency Service","ES",NULL,0),
(7,"Physiotherapy Service","PHS",NULL,0);


DROP TABLE health_services;

CREATE TABLE `health_services` (
  `id` bigint(20) NOT NULL AUTO_INCREMENT,
  `service_type_id` bigint(11) DEFAULT NULL,
  `service_category_id` bigint(20) DEFAULT 0,
  `name` varchar(256) NOT NULL,
  `code` varchar(64) DEFAULT NULL,
  `description` text DEFAULT NULL,
  `cost` decimal(20,5) NOT NULL,
  `base_cost` decimal(20,5) NOT NULL,
  `price` decimal(20,5) NOT NULL,
  `base_price` decimal(20,5) NOT NULL,
  `currency_id` int(11) NOT NULL,
  `exchange_rate` decimal(12,5) NOT NULL,
  `is_package` tinyint(1) DEFAULT 1 COMMENT '1: normal service, 2: package',
  `created` int(11) DEFAULT NULL,
  `created_by` bigint(20) DEFAULT NULL,
  `modified` int(11) DEFAULT NULL,
  `modified_by` bigint(20) DEFAULT NULL,
  `deleted` tinyint(1) NOT NULL DEFAULT 0,
  PRIMARY KEY (`id`)
) ENGINE=InnoDB AUTO_INCREMENT=1165 DEFAULT CHARSET=utf8;

INSERT INTO health_services VALUES
(1,1,8,"17-OH Progestron","L1",NULL,0,0,30000,30000,1,0,1,1596092664,12,NULL,NULL,0),
(2,1,8,"17-OH Progestron (30)","L2"," ",0,0,30000,30000,1,0,1,1596092664,12,NULL,NULL,0),
(3,1,8,"17-OH Progestron (60 mint)","L3"," ",0,0,30000,30000,1,0,1,1596092664,12,NULL,NULL,0),
(4,1,8,"17-OH Progestron Base","L4"," ",0,0,30000,30000,1,0,1,1596092664,12,NULL,NULL,0),
(5,1,8,"2ME","L5"," ",0,0,10000,10000,1,0,1,1596092664,12,NULL,NULL,0),
(6,1,8,"5-HIAA","L6"," ",0,0,75000,75000,1,0,1,1596092664,12,NULL,NULL,0),
(7,1,8,"A.Ebv-Igm","L7"," ",0,0,30000,30000,1,0,1,1596092664,12,NULL,NULL,0),
(8,1,8,"A.V-Zost Ab IgG","L8"," ",0,0,30000,30000,1,0,1,1596092664,12,NULL,NULL,0),
(9,1,8,"A.V-Zost Ab IgM","L9"," ",0,0,30000,30000,1,0,1,1596092664,12,NULL,NULL,0),
(10,1,8,"ACTH","L10"," ",0,0,25000,25000,1,0,1,1596092664,12,NULL,NULL,0),
(11,1,8,"ACTH (30 min)","L11"," ",0,0,30000,30000,1,0,1,1596092664,12,NULL,NULL,0),
(12,1,8,"ACTH (60 min)","L12"," ",0,0,30000,30000,1,0,1,1596092664,12,NULL,NULL,0),
(13,1,8,"ACTH (90 min)","L13"," ",0,0,30000,30000,1,0,1,1596092664,12,NULL,NULL,0),
(14,1,8,"ACTH (Base)","L14"," ",0,0,30000,30000,1,0,1,1596092664,12,NULL,NULL,0),
(15,1,8,"Adenosine Deaminase","L15"," ",0,0,150000,150000,1,0,1,1596092664,12,NULL,NULL,0),
(16,1,8,"ADH level","L16"," ",0,0,160000,160000,1,0,1,1596092664,12,NULL,NULL,0),
(17,1,8,"AFB (Acid Fast Bacillus)","L17"," ",0,0,20000,20000,1,0,1,1596092664,12,NULL,NULL,0),
(18,1,8,"AFP","L18"," ",0,0,20000,20000,1,0,1,1596092664,12,NULL,NULL,0),
(19,1,8,"Albumin","L19"," ",0,0,8000,8000,1,0,1,1596092664,12,NULL,NULL,0),
(20,1,8,"Albumin (24 hour)","L20"," ",0,0,10000,10000,1,0,1,1596092664,12,NULL,NULL,0),
(21,1,8,"Albumin globulin ratio","L21"," ",0,0,10000,10000,1,0,1,1596092664,12,NULL,NULL,0),
(22,1,8,"Albumin in Urine","L22"," ",0,0,7000,7000,1,0,1,1596092664,12,NULL,NULL,0),
(23,1,8,"Albumin(Fluid)","L23"," ",0,0,7000,7000,1,0,1,1596092664,12,NULL,NULL,0),
(24,1,8,"Aldolase","L24"," ",0,0,15000,15000,1,0,1,1596092664,12,NULL,NULL,0),
(25,1,8,"Aldosterone","L25"," ",0,0,20000,20000,1,0,1,1596092664,12,NULL,NULL,0),
(26,1,8,"Aldosterone, 24 Hour, Urine","L26"," ",0,0,120000,120000,1,0,1,1596092664,12,NULL,NULL,0),
(27,1,8,"Alkaline Phosphate","L27"," ",0,0,6000,6000,1,0,1,1596092664,12,NULL,NULL,0),
(28,1,8,"ALL Panel","L28"," ",0,0,550000,550000,1,0,1,1596092664,12,NULL,NULL,0),
(29,1,8,"Alpha 1 Antitrypsin","L29"," ",0,0,40000,40000,1,0,1,1596092664,12,NULL,NULL,0),
(30,1,8,"Alpha Thallasemia (a-gloubin genemutations); 21 mutations","L30"," ",0,0,150000,150000,1,0,1,1596092664,12,NULL,NULL,0),
(31,1,8,"AMA","L31"," ",0,0,50000,50000,1,0,1,1596092664,12,NULL,NULL,0),
(32,1,8,"AMH II (cobas E411)","L32"," ",0,0,60000,60000,1,0,1,1596092664,12,NULL,NULL,0),
(33,1,8,"AMH(Eliza)","L33"," ",0,0,55000,55000,1,0,1,1596092664,12,NULL,NULL,0),
(34,1,8,"Amylase","L34"," ",0,0,10000,10000,1,0,1,1596092664,12,NULL,NULL,0),
(35,1,8,"ANA Test","L35"," ",0,0,25000,25000,1,0,1,1596092664,12,NULL,NULL,0),
(36,1,8,"ANA-Profile","L36"," ",0,0,150000,150000,1,0,1,1596092664,12,NULL,NULL,0),
(37,1,8,"Angiotensin Converting Enzyme","L37"," ",0,0,95000,95000,1,0,1,1596092664,12,NULL,NULL,0),
(38,1,8,"Anti C.C.P Ab","L38"," ",0,0,25000,25000,1,0,1,1596092664,12,NULL,NULL,0),
(39,1,8,"Anti Cardiolipin IgG","L39"," ",0,0,20000,20000,1,0,1,1596092664,12,NULL,NULL,0),
(40,1,8,"Anti Cardiolipin IgM","L40"," ",0,0,20000,20000,1,0,1,1596092664,12,NULL,NULL,0),
(41,1,8,"Anti Centromer B","L41"," ",0,0,60000,60000,1,0,1,1596092664,12,NULL,NULL,0),
(42,1,8,"Anti Chlamydia IgA","L42"," ",0,0,15000,15000,1,0,1,1596092664,12,NULL,NULL,0),
(43,1,8,"Anti Chlamydia IgG","L43"," ",0,0,15000,15000,1,0,1,1596092664,12,NULL,NULL,0),
(44,1,8,"Anti Chlamydia IgM","L44"," ",0,0,15000,15000,1,0,1,1596092664,12,NULL,NULL,0),
(45,1,8,"Anti Endomysial Ab-IgA","L45"," ",0,0,30000,30000,1,0,1,1596092664,12,NULL,NULL,0),
(46,1,8,"Anti Endomysial Ab-IgG","L46"," ",0,0,30000,30000,1,0,1,1596092664,12,NULL,NULL,0),
(47,1,8,"Anti GAD Ab","L47"," ",0,0,80000,80000,1,0,1,1596092664,12,NULL,NULL,0),
(48,1,8,"Anti Gliadin Ab. IgA","L48"," ",0,0,40000,40000,1,0,1,1596092664,12,NULL,NULL,0),
(49,1,8,"Anti Gliadin Ab. IgG","L49"," ",0,0,40000,40000,1,0,1,1596092664,12,NULL,NULL,0),
(50,1,8,"Anti HAV Ab","L50"," ",0,0,25000,25000,1,0,1,1596092664,12,NULL,NULL,0),
(51,1,8,"Anti HAV Igm","L51"," ",0,0,25000,25000,1,0,1,1596092664,12,NULL,NULL,0),
(52,1,8,"Anti HBC Ab","L52"," ",0,0,10000,10000,1,0,1,1596092664,12,NULL,NULL,0),
(53,1,8,"Anti Hbe Ab","L53"," ",0,0,10000,10000,1,0,1,1596092664,12,NULL,NULL,0),
(54,1,8,"Anti HBS Ab","L54"," ",0,0,10000,10000,1,0,1,1596092664,12,NULL,NULL,0),
(55,1,8,"Anti HCV Ab","L55"," ",0,0,15000,15000,1,0,1,1596092664,12,NULL,NULL,0),
(56,1,8,"Anti Histon Ab.","L56"," ",0,0,75000,75000,1,0,1,1596092664,12,NULL,NULL,0),
(57,1,8,"Anti intrinsic factors Abs","L57"," ",0,0,75000,75000,1,0,1,1596092664,12,NULL,NULL,0),
(58,1,8,"Anti Jo.1 Ab","L58"," ",0,0,75000,75000,1,0,1,1596092664,12,NULL,NULL,0),
(59,1,8,"Anti Liver, Kidney, Microsomal Antibody (LKM1) Test","L59"," ",0,0,40000,40000,1,0,1,1596092664,12,NULL,NULL,0),
(60,1,8,"Anti MUSC Ab.","L60"," ",0,0,150000,150000,1,0,1,1596092664,12,NULL,NULL,0),
(61,1,8,"Anti Parietal cells Abs","L61"," ",0,0,60000,60000,1,0,1,1596092664,12,NULL,NULL,0),
(62,1,8,"Anti Phospholipin IgG","L62"," ",0,0,20000,20000,1,0,1,1596092664,12,NULL,NULL,0),
(63,1,8,"Anti Phospholipin IgM","L63"," ",0,0,20000,20000,1,0,1,1596092664,12,NULL,NULL,0),
(64,1,8,"Anti PLA2 Receptor Ab","L64"," ",0,0,100000,100000,1,0,1,1596092664,12,NULL,NULL,0),
(65,1,8,"Anti SCL-70","L65"," ",0,0,50000,50000,1,0,1,1596092664,12,NULL,NULL,0),
(66,1,8,"Anti Smith Ab","L66"," ",0,0,50000,50000,1,0,1,1596092664,12,NULL,NULL,0),
(67,1,8,"Anti Smooth Muscle Ab","L67"," ",0,0,50000,50000,1,0,1,1596092664,12,NULL,NULL,0),
(68,1,8,"Anti Sperm Ab","L68"," ",0,0,30000,30000,1,0,1,1596092664,12,NULL,NULL,0),
(69,1,8,"Anti SSA/Ro","L69"," ",0,0,75000,75000,1,0,1,1596092664,12,NULL,NULL,0),
(70,1,8,"Anti SSB/La","L70"," ",0,0,75000,75000,1,0,1,1596092664,12,NULL,NULL,0),
(71,1,8,"Anti Thrombin III","L71"," ",0,0,25000,25000,1,0,1,1596092664,12,NULL,NULL,0),
(72,1,8,"Anti Thyroglobulin Ab.","L72"," ",0,0,25000,25000,1,0,1,1596092664,12,NULL,NULL,0),
(73,1,8,"Anti Thyroid Ab","L73"," ",0,0,25000,25000,1,0,1,1596092664,12,NULL,NULL,0),
(74,1,8,"Anti Tissue Transglutaminase Ab -IgA","L74"," ",0,0,35000,35000,1,0,1,1596092664,12,NULL,NULL,0),
(75,1,8,"Anti Tissue Transglutaminase Ab -IgG","L75"," ",0,0,35000,35000,1,0,1,1596092664,12,NULL,NULL,0),
(76,1,8,"Anti TPO","L76"," ",0,0,30000,30000,1,0,1,1596092664,12,NULL,NULL,0),
(77,1,8,"Anti Trypsin Level","L77"," ",0,0,30000,30000,1,0,1,1596092664,12,NULL,NULL,0),
(78,1,8,"Anti TSH Receptor","L78"," ",0,0,35000,35000,1,0,1,1596092664,12,NULL,NULL,0),
(79,1,8,"Anti-Acetylcholine Receptor Ab","L79"," ",0,0,90000,90000,1,0,1,1596092664,12,NULL,NULL,0),
(80,1,8,"Anti-HBC Ab","L80"," ",0,0,10000,10000,1,0,1,1596092664,12,NULL,NULL,0),
(81,1,8,"Apo lipo protein (A)","L81"," ",0,0,50000,50000,1,0,1,1596092664,12,NULL,NULL,0),
(82,1,8,"Apo lipo protein (B)","L82"," ",0,0,50000,50000,1,0,1,1596092664,12,NULL,NULL,0),
(83,1,8,"ASO Titer","L83"," ",0,0,15000,15000,1,0,1,1596092664,12,NULL,NULL,0),
(84,1,8,"Automated C/S (CSF)","L84"," ",0,0,45000,45000,1,0,1,1596092664,12,NULL,NULL,0),
(85,1,8,"Automated C/S (Fluid)","L85"," ",0,0,45000,45000,1,0,1,1596092664,12,NULL,NULL,0),
(86,1,8,"Automated C/S (H.V.S)","L86"," ",0,0,45000,45000,1,0,1,1596092664,12,NULL,NULL,0),
(87,1,8,"Automated C/S (Seminal)","L87"," ",0,0,45000,45000,1,0,1,1596092664,12,NULL,NULL,0),
(88,1,8,"Automated C/S (sputum )","L88"," ",0,0,45000,45000,1,0,1,1596092664,12,NULL,NULL,0),
(89,1,8,"Automated C/S (Stool)","L89"," ",0,0,45000,45000,1,0,1,1596092664,12,NULL,NULL,0),
(90,1,8,"Automated C/S (Swab)","L90"," ",0,0,45000,45000,1,0,1,1596092664,12,NULL,NULL,0),
(91,1,8,"Automated C/S (Urine)","L91"," ",0,0,45000,45000,1,0,1,1596092664,12,NULL,NULL,0),
(92,1,8,"Automated C/S (Wound)","L92"," ",0,0,45000,45000,1,0,1,1596092664,12,NULL,NULL,0),
(93,1,8,"B hCG Titer","L93"," ",0,0,12000,12000,1,0,1,1596092664,12,NULL,NULL,0),
(94,1,8,"B2 Glycoprotien IgG","L94"," ",0,0,25000,25000,1,0,1,1596092664,12,NULL,NULL,0),
(95,1,8,"B2 Glycoprotien IgM","L95"," ",0,0,25000,25000,1,0,1,1596092664,12,NULL,NULL,0),
(96,1,8,"B2 Microglobulin","L96"," ",0,0,40000,40000,1,0,1,1596092664,12,NULL,NULL,0),
(97,1,8,"B2 Microglobulin (Elisa)","L97"," ",0,0,30000,30000,1,0,1,1596092664,12,NULL,NULL,0),
(98,1,8,"Bence Jones Protein","L98"," ",0,0,45000,45000,1,0,1,1596092664,12,NULL,NULL,0),
(99,1,8,"Beta globulin gene","L99"," ",0,0,150000,150000,1,0,1,1596092664,12,NULL,NULL,0),
(100,1,8,"Bilirubin, Direct","L100"," ",0,0,7000,7000,1,0,1,1596092664,12,NULL,NULL,0),
(101,1,8,"Bilirubin, indirect","L101"," ",0,0,0,0,1,0,1,1596092664,12,NULL,NULL,0),
(102,1,8,"BK virus RT-PCR","L102"," ",0,0,220000,220000,1,0,1,1596092664,12,NULL,NULL,0),
(103,1,8,"Bleeding Time","L103"," ",0,0,6000,6000,1,0,1,1596092664,12,NULL,NULL,0),
(104,1,8,"Blood Culture","L104"," ",0,0,85000,85000,1,0,1,1596092664,12,1608460985,12,0),
(105,1,8,"Blood Film For Malaira","L105"," ",0,0,30000,30000,1,0,1,1596092664,12,NULL,NULL,0),
(106,1,8,"Blood Group","L106"," ",0,0,7000,7000,1,0,1,1596092664,12,NULL,NULL,0),
(107,1,8,"Blood Urea","L107"," ",0,0,6000,6000,1,0,1,1596092664,12,NULL,NULL,0),
(108,1,8,"Bone Marrow","L108"," ",0,0,40000,40000,1,0,1,1596092664,12,NULL,NULL,0),
(109,1,8,"Brain natriuretic peptide","L109"," ",0,0,60000,60000,1,0,1,1596092664,12,NULL,NULL,0),
(110,1,8,"BRCA1","L110"," ",0,0,160000,160000,1,0,1,1596092664,12,NULL,NULL,0),
(111,1,8,"BRCA2","L111"," ",0,0,160000,160000,1,0,1,1596092664,12,NULL,NULL,0),
(112,1,8,"Brucella IgG","L112"," ",0,0,15000,15000,1,0,1,1596092664,12,NULL,NULL,0),
(113,1,8,"Brucella IgM","L113"," ",0,0,15000,15000,1,0,1,1596092664,12,NULL,NULL,0),
(114,1,8,"Brucella Test","L114"," ",0,0,8000,8000,1,0,1,1596092664,12,NULL,NULL,0),
(115,1,8,"BUN (blood urea nitrogen)","L115"," ",0,0,6000,6000,1,0,1,1596092664,12,NULL,NULL,0),
(116,1,8,"C.R Protein","L116"," ",0,0,12000,12000,1,0,1,1596092664,12,NULL,NULL,0),
(117,1,8,"C1 inhibitor","L117"," ",0,0,65000,65000,1,0,1,1596092664,12,NULL,NULL,0),
(118,1,8,"C3","L118"," ",0,0,20000,20000,1,0,1,1596092664,12,NULL,NULL,0),
(119,1,8,"C4","L119"," ",0,0,20000,20000,1,0,1,1596092664,12,NULL,NULL,0),
(120,1,8,"CA 125","L120"," ",0,0,15000,15000,1,0,1,1596092664,12,NULL,NULL,0),
(121,1,8,"CA 15-3","L121"," ",0,0,15000,15000,1,0,1,1596092664,12,NULL,NULL,0),
(122,1,8,"CA 19.9","L122"," ",0,0,20000,20000,1,0,1,1596092664,12,NULL,NULL,0),
(123,1,8,"CA 72-4","L123"," ",0,0,25000,25000,1,0,1,1596092664,12,NULL,NULL,0),
(124,1,8,"Calcitonin","L124"," ",0,0,45000,45000,1,0,1,1596092664,12,NULL,NULL,0),
(125,1,8,"Calcium ( 24 hr)","L125"," ",0,0,7000,7000,1,0,1,1596092664,12,NULL,NULL,0),
(126,1,8,"Calcium (Spot Urine)","L126"," ",0,0,25000,25000,1,0,1,1596092664,12,NULL,NULL,0),
(127,1,8,"Calprotectin  (Fecal)","L127"," ",0,0,80000,80000,1,0,1,1596092664,12,NULL,NULL,0),
(128,1,8,"CALR Mutation Analysis","L128"," ",0,0,240000,240000,1,0,1,1596092664,12,NULL,NULL,0),
(129,1,8,"C-ANCA","L129"," ",0,0,30000,30000,1,0,1,1596092664,12,NULL,NULL,0),
(130,1,8,"Catecholamine 24 hr urine","L130"," ",0,0,180000,180000,1,0,1,1596092664,12,NULL,NULL,0),
(131,1,8,"CBC","L131"," ",0,0,12000,12000,1,0,1,1596092664,12,NULL,NULL,0),
(132,1,8,"CBP","L132"," ",0,0,20000,20000,1,0,1,1596092664,12,NULL,NULL,0),
(133,1,8,"CEA","L133"," ",0,0,15000,15000,1,0,1,1596092664,12,NULL,NULL,0),
(134,1,8,"Cell Count","L134"," ",0,0,15000,15000,1,0,1,1596092664,12,NULL,NULL,0),
(135,1,8,"Cell Count(CSF)","L135"," ",0,0,15000,15000,1,0,1,1596092664,12,NULL,NULL,0),
(136,1,8,"Cell Count(Fluid)","L136"," ",0,0,15000,15000,1,0,1,1596092664,12,NULL,NULL,0),
(137,1,8,"Ceruloplasmin","L137"," ",0,0,17000,17000,1,0,1,1596092664,12,NULL,NULL,0),
(138,1,8,"CH50","L138"," ",0,0,100000,100000,1,0,1,1596092664,12,NULL,NULL,0),
(139,1,8,"Chlamydia","L139"," ",0,0,20000,20000,1,0,1,1596092664,12,NULL,NULL,0),
(140,1,8,"Electrolyte","L140"," ",0,0,25000,25000,1,0,1,1596092664,12,NULL,NULL,0),
(141,1,8,"Chromogranin A","L141"," ",0,0,30000,30000,1,0,1,1596092664,12,NULL,NULL,0),
(142,1,8,"Chromosomal","L142"," ",0,0,0,0,1,0,1,1596092664,12,NULL,NULL,0),
(143,1,8,"Chromosomal (karyotype)","L143"," ",0,0,200000,200000,1,0,1,1596092664,12,NULL,NULL,0),
(144,1,8,"chromosomal analysis down\'s syndrome","L144"," ",0,0,220000,220000,1,0,1,1596092664,12,NULL,NULL,0),
(145,1,8,"Citrate (24 Hours)","L145"," ",0,0,110000,110000,1,0,1,1596092664,12,NULL,NULL,0),
(146,1,8,"Citrate (Spot Urine)","L146"," ",0,0,110000,110000,1,0,1,1596092664,12,NULL,NULL,0),
(147,1,8,"CK-MB","L147"," ",0,0,17000,17000,1,0,1,1596092664,12,NULL,NULL,0),
(148,1,8,"clostridium diffcile toxin A","L148"," ",0,0,30000,30000,1,0,1,1596092664,12,NULL,NULL,0),
(149,1,8,"clostridium diffcile toxin B","L149"," ",0,0,30000,30000,1,0,1,1596092664,12,NULL,NULL,0),
(150,1,8,"Clotting Time","L150"," ",0,0,7000,7000,1,0,1,1596092664,12,NULL,NULL,0),
(151,1,8,"CMV   lgM","L151"," ",0,0,17000,17000,1,0,1,1596092664,12,NULL,NULL,0),
(152,1,8,"CMV (RT-PCR)","L152"," ",0,0,120000,120000,1,0,1,1596092664,12,NULL,NULL,0),
(153,1,8,"Copper  In Urine(24-hr  )","L153"," ",0,0,20000,20000,1,0,1,1596092664,12,NULL,NULL,0),
(154,1,8,"Cortisol ( AM)","L154"," ",0,0,25000,25000,1,0,1,1596092664,12,NULL,NULL,0),
(155,1,8,"Cortisol ( PM)","L155"," ",0,0,25000,25000,1,0,1,1596092664,12,NULL,NULL,0),
(156,1,8,"Cortisol (30 min)","L156"," ",0,0,25000,25000,1,0,1,1596092664,12,NULL,NULL,0),
(157,1,8,"Cortisol (60min)","L157"," ",0,0,25000,25000,1,0,1,1596092664,12,NULL,NULL,0),
(158,1,8,"Cortisol (90min)","L158"," ",0,0,25000,25000,1,0,1,1596092664,12,NULL,NULL,0),
(159,1,8,"Cortisol Base","L159"," ",0,0,25000,25000,1,0,1,1596092664,12,NULL,NULL,0),
(160,1,8,"C-Peptide","L160"," ",0,0,25000,25000,1,0,1,1596092664,12,NULL,NULL,0),
(161,1,8,"CPK","L161"," ",0,0,15000,15000,1,0,1,1596092664,12,NULL,NULL,0),
(162,1,8,"Creatinine in fluid","L162"," ",0,0,10000,10000,1,0,1,1596092664,12,NULL,NULL,0),
(163,1,8,"Creatinine in Urine(24h)","L163"," ",0,0,10000,10000,1,0,1,1596092664,12,NULL,NULL,0),
(164,1,8,"Creatnine In Urine","L164"," ",0,0,10000,10000,1,0,1,1596092664,12,NULL,NULL,0),
(165,1,8,"culture / sensitivity","L165"," ",0,0,30000,30000,1,0,1,1596092664,12,1606750964,12,0),
(166,1,8,"Cyclosporin","L166"," ",0,0,120000,120000,1,0,1,1596092664,12,NULL,NULL,0),
(167,1,8,"Cyclosporin C-2 Blood Level","L167"," ",0,0,120000,120000,1,0,1,1596092664,12,NULL,NULL,0),
(168,1,8,"Cysteine","L168"," ",0,0,70000,70000,1,0,1,1596092664,12,NULL,NULL,0),
(169,1,8,"Cysteine  (24 Hours)","L169"," ",0,0,70000,70000,1,0,1,1596092664,12,NULL,NULL,0),
(170,1,8,"Cytology","L170"," ",0,0,70000,70000,1,0,1,1596092664,12,NULL,NULL,0),
(171,1,8,"D-Dimer","L171"," ",0,0,35000,35000,1,0,1,1596092664,12,NULL,NULL,0),
(172,1,8,"DHEA","L172"," ",0,0,18000,18000,1,0,1,1596092664,12,NULL,NULL,0),
(173,1,8,"Differential  Count(CSF)","L173"," ",0,0,25000,25000,1,0,1,1596092664,12,NULL,NULL,0),
(174,1,8,"Differential  Count(Fluid)","L174"," ",0,0,25000,25000,1,0,1,1596092664,12,NULL,NULL,0),
(175,1,8,"Differential  Count.","L175"," ",0,0,25000,25000,1,0,1,1596092664,12,NULL,NULL,0),
(176,1,8,"Direct coombs test","L176"," ",0,0,15000,15000,1,0,1,1596092664,12,NULL,NULL,0),
(177,1,8,"Direct Microscopic","L177"," ",0,0,7000,7000,1,0,1,1596092664,12,NULL,NULL,0),
(178,1,8,"dsDNA Ab","L178"," ",0,0,25000,25000,1,0,1,1596092664,12,NULL,NULL,0),
(179,1,8,"Endocervical Swab C/S","L179"," ",0,0,30000,30000,1,0,1,1596092664,12,NULL,NULL,0),
(180,1,8,"Eosinophils","L180"," ",0,0,10000,10000,1,0,1,1596092664,12,NULL,NULL,0),
(181,1,8,"Epinephrine","L181"," ",0,0,200000,200000,1,0,1,1596092664,12,NULL,NULL,0),
(182,1,8,"Erythropoietin","L182"," ",0,0,10000,10000,1,0,1,1596092664,12,NULL,NULL,0),
(183,1,8,"ESR","L183"," ",0,0,6000,6000,1,0,1,1596092664,12,NULL,NULL,0),
(184,1,8,"Estradiol II","L184"," ",0,0,20000,20000,1,0,1,1596092664,12,NULL,NULL,0),
(185,1,8,"F BLOOD SUGAR","L185"," ",0,0,6000,6000,1,0,1,1596092664,12,NULL,NULL,0),
(186,1,8,"F HCG/HCG Ratio","L186"," ",0,0,25000,25000,1,0,1,1596092664,12,NULL,NULL,0),
(187,1,8,"Factor 10","L187"," ",0,0,130000,130000,1,0,1,1596092664,12,NULL,NULL,0),
(188,1,8,"Factor 11","L188"," ",0,0,90000,90000,1,0,1,1596092664,12,NULL,NULL,0),
(189,1,8,"Factor 12","L189"," ",0,0,130000,130000,1,0,1,1596092664,12,NULL,NULL,0),
(190,1,8,"Factor 13","L190"," ",0,0,250000,250000,1,0,1,1596092664,12,NULL,NULL,0),
(191,1,8,"Factor 2","L191"," ",0,0,90000,90000,1,0,1,1596092664,12,NULL,NULL,0),
(192,1,8,"Factor 5","L192"," ",0,0,90000,90000,1,0,1,1596092664,12,NULL,NULL,0),
(193,1,8,"Factor 5 Leiden Mutation.","L193"," ",0,0,165000,165000,1,0,1,1596092664,12,NULL,NULL,0),
(194,1,8,"Factor 7","L194"," ",0,0,125000,125000,1,0,1,1596092664,12,NULL,NULL,0),
(195,1,8,"Factor 8","L195"," ",0,0,125000,125000,1,0,1,1596092664,12,NULL,NULL,0),
(196,1,8,"Factor IX","L196"," ",0,0,110000,110000,1,0,1,1596092664,12,NULL,NULL,0),
(197,1,8,"Familial Mediterranean Fever","L197"," ",0,0,185000,185000,1,0,1,1596092664,12,NULL,NULL,0),
(198,1,8,"Ferritin","L198"," ",0,0,15000,15000,1,0,1,1596092664,12,1600349032,12,0),
(199,1,8,"Fibrinogen","L199"," ",0,0,20000,20000,1,0,1,1596092664,12,NULL,NULL,0),
(200,1,8,"FISH (Abortion)","L200"," ",0,0,35000,35000,1,0,1,1596092664,12,NULL,NULL,0),
(201,1,8,"FIT","L201"," ",0,0,35000,35000,1,0,1,1596092664,12,NULL,NULL,0),
(202,1,8,"Folate","L202"," ",0,0,25000,25000,1,0,1,1596092664,12,NULL,NULL,0),
(203,1,8,"Folic acid","L203"," ",0,0,25000,25000,1,0,1,1596092664,12,NULL,NULL,0),
(204,1,8,"Food Allergic(Euroline)","L204"," ",0,0,80000,80000,1,0,1,1596092664,12,1603800578,12,0),
(205,1,8,"FOODPRINT Test","L205"," ",0,0,400000,400000,1,0,1,1596092664,12,NULL,NULL,0),
(206,1,8,"Free Androgen Index (FAI)","L206"," ",0,0,55000,55000,1,0,1,1596092664,12,NULL,NULL,0),
(207,1,8,"Free Cortisol In Urine(24h)","L207"," ",0,0,45000,45000,1,0,1,1596092664,12,NULL,NULL,0),
(208,1,8,"Free HCG","L208"," ",0,0,25000,25000,1,0,1,1596092664,12,NULL,NULL,0),
(209,1,8,"Free PSA","L209"," ",0,0,20000,20000,1,0,1,1596092664,12,NULL,NULL,0),
(210,1,8,"Free PSA Ratio","L210"," ",0,0,30000,30000,1,0,1,1596092664,12,NULL,NULL,0),
(211,1,8,"Free Testosteron","L211"," ",0,0,25000,25000,1,0,1,1596092664,12,NULL,NULL,0),
(212,1,8,"FSH","L212"," ",0,0,12000,12000,1,0,1,1596092664,12,NULL,NULL,0),
(213,1,8,"FT3","L213"," ",0,0,12000,12000,1,0,1,1596092664,12,1600689515,12,0),
(214,1,8,"FT4","L214"," ",0,0,12000,12000,1,0,1,1596092664,12,1600689544,12,0),
(215,1,8,"Fungus Direct Smear","L215"," ",0,0,25000,25000,1,0,1,1596092664,12,NULL,NULL,0),
(216,1,8,"G6-PDH","L216"," ",0,0,25000,25000,1,0,1,1596092664,12,NULL,NULL,0),
(217,1,8,"General Examination","L217"," ",0,0,0,0,1,0,1,1596092664,12,NULL,NULL,0),
(218,1,8,"Genetic - Chromosomal Analysis","L218"," ",0,0,200000,200000,1,0,1,1596092664,12,NULL,NULL,0),
(219,1,8,"GeneXpert MTB-RIF","L219"," ",0,0,110000,110000,1,0,1,1596092664,12,NULL,NULL,0),
(220,1,8,"GGT","L220"," ",0,0,15000,15000,1,0,1,1596092664,12,NULL,NULL,0),
(221,1,8,"Glomeruler Filtration Rate (eGFR)","L221"," ",0,0,15000,15000,1,0,1,1596092664,12,1610781002,12,0),
(222,1,8,"Glucose (Ascitic Fluid)","L222"," ",0,0,6000,6000,1,0,1,1596092664,12,NULL,NULL,0),
(223,1,8,"Glucose (CSF)","L223"," ",0,0,7000,7000,1,0,1,1596092664,12,NULL,NULL,0),
(224,1,8,"Glucose (Fluid)","L224"," ",0,0,7000,7000,1,0,1,1596092664,12,NULL,NULL,0),
(225,1,8,"Glucose After ( 90 Min)","L225"," ",0,0,7000,7000,1,0,1,1596092664,12,NULL,NULL,0),
(226,1,8,"Glucose After (120 Min)","L226"," ",0,0,7000,7000,1,0,1,1596092664,12,NULL,NULL,0),
(227,1,8,"Glucose After (30 Min)","L227"," ",0,0,7000,7000,1,0,1,1596092664,12,NULL,NULL,0),
(228,1,8,"Glucose After( 60 Min)","L228"," ",0,0,7000,7000,1,0,1,1596092664,12,NULL,NULL,0),
(229,1,8,"Glucose After(180 Min)","L229"," ",0,0,7000,7000,1,0,1,1596092664,12,NULL,NULL,0),
(230,1,8,"Glucose in Urine","L230"," ",0,0,6000,6000,1,0,1,1596092664,12,NULL,NULL,0),
(231,1,8,"Glucose(24 hour)","L231"," ",0,0,7000,7000,1,0,1,1596092664,12,NULL,NULL,0),
(232,1,8,"Gonococcus(GC)","L232"," ",0,0,15000,15000,1,0,1,1596092664,12,NULL,NULL,0),
(233,1,8,"Gram Stain ( CSF)","L233"," ",0,0,15000,15000,1,0,1,1596092664,12,NULL,NULL,0),
(234,1,8,"Gram staine","L234"," ",0,0,20000,20000,1,0,1,1596092664,12,NULL,NULL,0),
(235,1,8,"Growth Hormone ( R)","L235"," ",0,0,25000,25000,1,0,1,1596092664,12,NULL,NULL,0),
(236,1,8,"Growth hormone (120 Min )","L236"," ",0,0,25000,25000,1,0,1,1596092664,12,NULL,NULL,0),
(237,1,8,"Growth hormone (30 Min )","L237"," ",0,0,25000,25000,1,0,1,1596092664,12,NULL,NULL,0),
(238,1,8,"Growth hormone (60 Min )","L238"," ",0,0,25000,25000,1,0,1,1596092664,12,NULL,NULL,0),
(239,1,8,"Growth hormone (90 Min )","L239"," ",0,0,25000,25000,1,0,1,1596092664,12,NULL,NULL,0),
(240,1,8,"Growth hormone (Base )","L240"," ",0,0,25000,25000,1,0,1,1596092664,12,NULL,NULL,0),
(241,1,8,"GSE","L241"," ",0,0,6000,6000,1,0,1,1596092664,12,NULL,NULL,0),
(242,1,8,"GUE","L242"," ",0,0,6000,6000,1,0,1,1596092664,12,NULL,NULL,0),
(243,1,8,"H Pylory in stool","L243"," ",0,0,15000,15000,1,0,1,1596092664,12,NULL,NULL,0),
(244,1,8,"H. Pylori-AB","L244"," ",0,0,15000,15000,1,0,1,1596092664,12,NULL,NULL,0),
(245,1,8,"H.Pylori IgA","L245"," ",0,0,20000,20000,1,0,1,1596092664,12,NULL,NULL,0),
(246,1,8,"H.Pylori IgG","L246"," ",0,0,20000,20000,1,0,1,1596092664,12,NULL,NULL,0),
(247,1,8,"H.Pylori IgM","L247"," ",0,0,20000,20000,1,0,1,1596092664,12,NULL,NULL,0),
(248,1,8,"H.V. S   C/S","L248"," ",0,0,35000,35000,1,0,1,1596092664,12,NULL,NULL,0),
(249,1,8,"Hb Electrophorsis","L249"," ",0,0,45000,45000,1,0,1,1596092664,12,NULL,NULL,0),
(250,1,8,"Hb.A1c","L250"," ",0,0,12000,12000,1,0,1,1596092664,12,NULL,NULL,0),
(251,1,8,"HBc Ab titter","L251"," ",0,0,15000,15000,1,0,1,1596092664,12,NULL,NULL,0),
(252,1,8,"Hbe Ag","L252"," ",0,0,15000,15000,1,0,1,1596092664,12,NULL,NULL,0),
(253,1,8,"Hbe-Ag","L253"," ",0,0,15000,15000,1,0,1,1596092664,12,NULL,NULL,0),
(254,1,8,"HBs Ag Titer","L254"," ",0,0,15000,15000,1,0,1,1596092664,12,NULL,NULL,0),
(255,1,8,"HCV Detection (PCR)","L255"," ",0,0,160000,160000,1,0,1,1596092664,12,NULL,NULL,0),
(256,1,8,"HDL","L256"," ",0,0,6000,6000,1,0,1,1596092664,12,NULL,NULL,0),
(257,1,8,"Hepatitis B Viral Load (Quantitative)","L257"," ",0,0,150000,150000,1,0,1,1596092664,12,NULL,NULL,0),
(258,1,8,"Hepatitis C virus genotyping","L258"," ",0,0,175000,175000,1,0,1,1596092664,12,NULL,NULL,0),
(259,1,8,"Herps simplex .V-I(PCR)","L259"," ",0,0,130000,130000,1,0,1,1596092664,12,NULL,NULL,0),
(260,1,8,"Herps simplex .V-iI(PCR)","L260"," ",0,0,130000,130000,1,0,1,1596092664,12,NULL,NULL,0),
(261,1,8,"Herps simplex virus (IgG)","L261"," ",0,0,25000,25000,1,0,1,1596092664,12,NULL,NULL,0),
(262,1,8,"Herps simplex virus (IgM)","L262"," ",0,0,25000,25000,1,0,1,1596092664,12,NULL,NULL,0),
(263,1,8,"Hgb","L263"," ",0,0,7000,7000,1,0,1,1596092664,12,NULL,NULL,0),
(264,1,8,"Hiv (RT-PCT), Viral Load","L264"," ",0,0,175000,175000,1,0,1,1596092664,12,NULL,NULL,0),
(265,1,8,"HIV Combi Assay","L265"," ",0,0,12000,12000,1,0,1,1596092664,12,NULL,NULL,0),
(266,1,8,"HLA B27 (pcr)","L266"," ",0,0,135000,135000,1,0,1,1596092664,12,NULL,NULL,0),
(267,1,8,"HLA B51 (pcr)","L267"," ",0,0,170000,170000,1,0,1,1596092664,12,NULL,NULL,0),
(268,1,8,"HLA B52 (pcr)","L268"," ",0,0,170000,170000,1,0,1,1596092664,12,NULL,NULL,0),
(269,1,8,"HLA B57 (pcr)","L269"," ",0,0,170000,170000,1,0,1,1596092664,12,NULL,NULL,0),
(270,1,8,"HLA-B50 (pcr)","L270"," ",0,0,150000,150000,1,0,1,1596092664,12,NULL,NULL,0),
(271,1,8,"homocysteine levels in Serum","L271"," ",0,0,85000,85000,1,0,1,1596092664,12,NULL,NULL,0),
(272,1,8,"homocysteine levels in Urine","L272"," ",0,0,85000,85000,1,0,1,1596092664,12,NULL,NULL,0),
(273,1,8,"homovanillic acid 24 hour","L273"," ",0,0,100000,100000,1,0,1,1596092664,12,NULL,NULL,0),
(274,1,8,"HPV Detection (PCR)","L274"," ",0,0,140000,140000,1,0,1,1596092664,12,NULL,NULL,0),
(275,1,8,"HPV Genotyping (PCR)","L275"," ",0,0,160000,160000,1,0,1,1596092664,12,NULL,NULL,0),
(276,1,8,"Hydatid cyst IgG","L276"," ",0,0,30000,30000,1,0,1,1596092664,12,NULL,NULL,0),
(277,1,8,"Hydatid cyst IgM","L277"," ",0,0,125000,125000,1,0,1,1596092664,12,NULL,NULL,0),
(278,1,8,"IgA","L278"," ",0,0,20000,20000,1,0,1,1596092664,12,NULL,NULL,0),
(279,1,8,"IgE","L279"," ",0,0,20000,20000,1,0,1,1596092664,12,NULL,NULL,0),
(280,1,8,"IGF-1","L280"," ",0,0,50000,50000,1,0,1,1596092664,12,NULL,NULL,0),
(281,1,8,"IgG","L281"," ",0,0,20000,20000,1,0,1,1596092664,12,NULL,NULL,0),
(282,1,8,"IgG 4.","L282"," ",0,0,100000,100000,1,0,1,1596092664,12,NULL,NULL,0),
(283,1,8,"IgM","L283"," ",0,0,20000,20000,1,0,1,1596092664,12,NULL,NULL,0),
(284,1,8,"Indirect Coombs test","L284"," ",0,0,20000,20000,1,0,1,1596092664,12,NULL,NULL,0),
(285,1,8,"inhalative Allergic(Euroline)","L285"," ",0,0,135000,135000,1,0,1,1596092664,12,NULL,NULL,0),
(286,1,8,"Inhibin B","L286"," ",0,0,80000,80000,1,0,1,1596092664,12,NULL,NULL,0),
(287,1,8,"INR","L287"," ",0,0,0,0,1,0,1,1596092664,12,NULL,NULL,0),
(288,1,8,"Insulin","L288"," ",0,0,20000,20000,1,0,1,1596092664,12,NULL,NULL,0),
(289,1,8,"Ionized Ca","L289"," ",0,0,7000,7000,1,0,1,1596092664,12,NULL,NULL,0),
(290,1,8,"JAK II Gen(PCR)","L290"," ",0,0,125000,125000,1,0,1,1596092664,12,NULL,NULL,0),
(291,1,8,"Karyotype (Female)","L291"," ",0,0,175000,175000,1,0,1,1596092664,12,NULL,NULL,0),
(292,1,8,"Lactate","L292"," ",0,0,25000,25000,1,0,1,1596092664,12,NULL,NULL,0),
(293,1,8,"Latex","L293"," ",0,0,10000,10000,1,0,1,1596092664,12,NULL,NULL,0),
(294,1,8,"LDH","L294"," ",0,0,10000,10000,1,0,1,1596092664,12,NULL,NULL,0),
(295,1,8,"LDH (Fluid)","L295"," ",0,0,10000,10000,1,0,1,1596092664,12,NULL,NULL,0),
(296,1,8,"LDL","L296"," ",0,0,6000,6000,1,0,1,1596092664,12,NULL,NULL,0),
(297,1,8,"LE Cell","L297"," ",0,0,110000,110000,1,0,1,1596092664,12,NULL,NULL,0),
(298,1,8,"Leishmania Ab IgG","L298"," ",0,0,135000,135000,1,0,1,1596092664,12,NULL,NULL,0),
(299,1,8,"Leishmania Ab IgM","L299"," ",0,0,135000,135000,1,0,1,1596092664,12,NULL,NULL,0),
(300,1,8,"LH","L300"," ",0,0,12000,12000,1,0,1,1596092664,12,NULL,NULL,0),
(301,1,8,"Lipase","L301"," ",0,0,10000,10000,1,0,1,1596092664,12,NULL,NULL,0),
(302,1,8,"Lizozomal Screening","L302"," ",0,0,130000,130000,1,0,1,1596092664,12,NULL,NULL,0),
(303,1,8,"Lupus Anticoagulant","L303"," ",0,0,15000,15000,1,0,1,1596092664,12,NULL,NULL,0),
(304,1,8,"Magnesium","L304"," ",0,0,7000,7000,1,0,1,1596092664,12,NULL,NULL,0),
(305,1,8,"Malaria Test","L305"," ",0,0,20000,20000,1,0,1,1596092664,12,NULL,NULL,0),
(306,1,8,"Meningitis Panel PCR(Bacterial & Viral )","L306"," ",0,0,320000,320000,1,0,1,1596092664,12,NULL,NULL,0),
(307,1,8,"Metanephrin(24 hour)","L307"," ",0,0,200000,200000,1,0,1,1596092664,12,NULL,NULL,0),
(308,1,8,"Metanephrine","L308"," ",0,0,160000,160000,1,0,1,1596092664,12,NULL,NULL,0),
(309,1,8,"Micro Albumin in Urine","L309"," ",0,0,10000,10000,1,0,1,1596092664,12,NULL,NULL,0),
(310,1,8,"MPN (Panal)","L310"," ",0,0,420000,420000,1,0,1,1596092664,12,NULL,NULL,0),
(311,1,8,"MTHFR Mutation Analusis","L311"," ",0,0,260000,260000,1,0,1,1596092664,12,NULL,NULL,0),
(312,1,8,"Multiple Drug screen","L312"," ",0,0,0,0,1,0,1,1596092664,12,NULL,NULL,0),
(313,1,8,"Mycobacterium tuberculosis (PCR)","L313"," ",0,0,220000,220000,1,0,NULL,1596092664,12,1601813273,12,0),
(314,1,8,"Myeloproliferative Neoplasms (MPNs), MLPA.","L314"," ",0,0,500000,500000,1,0,1,1596092664,12,NULL,NULL,0),
(315,1,8,"Myoglobin","L315"," ",0,0,35000,35000,1,0,1,1596092664,12,NULL,NULL,0),
(316,1,8,"Neunatal Screen 1","L316"," ",0,0,160000,160000,1,0,1,1596092664,12,NULL,NULL,0),
(317,1,8,"Neuron-specific enolase","L317"," ",0,0,110000,110000,1,0,1,1596092664,12,NULL,NULL,0),
(318,1,8,"Nor Metanephrin (24 hour)","L318"," ",0,0,190000,190000,1,0,1,1596092664,12,NULL,NULL,0),
(319,1,8,"Norepinephrine","L319"," ",0,0,200000,200000,1,0,1,1596092664,12,NULL,NULL,0),
(321,1,8,"Oxalate (24 Hours)","L321"," ",0,0,85000,85000,1,0,1,1596092664,12,NULL,NULL,0),
(322,1,8,"Oxalate (Spot Urine)","L322"," ",0,0,85000,85000,1,0,1,1596092664,12,NULL,NULL,0),
(323,1,8,"P.C.V","L323"," ",0,0,7000,7000,1,0,1,1596092664,12,NULL,NULL,0),
(324,1,8,"P-ANCA","L324"," ",0,0,30000,30000,1,0,1,1596092664,12,NULL,NULL,0),
(325,1,8,"Panel-1","L325"," ",0,0,140000,140000,1,0,1,1596092664,12,NULL,NULL,0),
(326,1,8,"Pap Smear","L326"," ",0,0,35000,35000,1,0,1,1596092664,12,NULL,NULL,0),
(327,1,8,"Parathyroid hormone(PTH)","L327"," ",0,0,20000,20000,1,0,1,1596092664,12,NULL,NULL,0),
(328,1,8,"Parovirus B19 IgG.","L328"," ",0,0,55000,55000,1,0,1,1596092664,12,NULL,NULL,0),
(329,1,8,"Parovirus B19 IgM.","L329"," ",0,0,55000,55000,1,0,1,1596092664,12,NULL,NULL,0),
(330,1,8,"Parvovirus B19 PCR","L330"," ",0,0,110000,110000,1,0,1,1596092664,12,NULL,NULL,0),
(331,1,8,"Pathology (Large)","L331"," ",0,0,100000,100000,1,0,1,1596092664,12,NULL,NULL,0),
(332,1,8,"Pathology (Medium)","L332"," ",0,0,70000,70000,1,0,1,1596092664,12,NULL,NULL,0),
(333,1,8,"Pathology (Small)","L333"," ",0,0,55000,55000,1,0,1,1596092664,12,NULL,NULL,0),
(334,1,8,"PCR for BCR/ABL","L334"," ",0,0,330000,330000,1,0,1,1596092664,12,NULL,NULL,0),
(335,1,8,"PCT","L335"," ",0,0,20000,20000,1,0,1,1596092664,12,NULL,NULL,0),
(336,1,8,"PCT(Postcoital test)","L336"," ",0,0,20000,20000,1,0,1,1596092664,12,NULL,NULL,0),
(337,1,8,"Phosphorus","L337"," ",0,0,7000,7000,1,0,1,1596092664,12,NULL,NULL,0),
(338,1,8,"phosphorus (24 hour)","L338"," ",0,0,10000,10000,1,0,1,1596092664,12,NULL,NULL,0),
(339,1,8,"Platelets","L339"," ",0,0,10000,10000,1,0,1,1596092664,12,NULL,NULL,0),
(340,1,8,"Pneuminia PCR Panel","L340"," ",0,0,300000,300000,1,0,1,1596092664,12,NULL,NULL,0),
(341,1,8,"Potassium (electrolyte)","L341"," ",0,0,0,0,1,0,1,1596092664,12,NULL,NULL,0),
(342,1,8,"PPD After  1 Hour","L342"," ",0,0,7000,7000,1,0,1,1596092664,12,NULL,NULL,0),
(343,1,8,"PPD After 1 hour","L343"," ",0,0,7000,7000,1,0,1,1596092664,12,NULL,NULL,0),
(344,1,8,"PPD After 2 Hours","L344"," ",0,0,7000,7000,1,0,1,1596092664,12,NULL,NULL,0),
(345,1,8,"PPD Fasting","L345"," ",0,0,7000,7000,1,0,1,1596092664,12,NULL,NULL,0),
(346,1,8,"PRA","L346"," ",0,0,250000,250000,1,0,1,1596092664,12,NULL,NULL,0),
(347,1,8,"Pregnancy Test","L347"," ",0,0,12000,12000,1,0,1,1596092664,12,NULL,NULL,0),
(348,1,8,"Private Test","L348"," ",0,0,0,0,1,0,1,1596092664,12,NULL,NULL,0),
(349,1,8,"Procalcitonin (Serum)","L349"," ",0,0,45000,45000,1,0,1,1596092664,12,1608460777,12,0),
(350,1,8,"Progesteron","L350"," ",0,0,15000,15000,1,0,1,1596092664,12,NULL,NULL,0),
(351,1,8,"Proinsulin","L351"," ",0,0,70000,70000,1,0,1,1596092664,12,NULL,NULL,0),
(352,1,8,"Prolactin (PRL)","L352"," ",0,0,12000,12000,1,0,1,1596092664,12,NULL,NULL,0),
(353,1,8,"Protein (CSF)","L353"," ",0,0,10000,10000,1,0,1,1596092664,12,NULL,NULL,0),
(354,1,8,"Protein C , Functional","L354"," ",0,0,110000,110000,1,0,1,1596092664,12,NULL,NULL,0),
(355,1,8,"Protein Electrophorsis","L355"," ",0,0,70000,70000,1,0,1,1596092664,12,NULL,NULL,0),
(356,1,8,"Protein In Urine","L356"," ",0,0,7000,7000,1,0,1,1596092664,12,NULL,NULL,0),
(357,1,8,"Protein S , Total","L357"," ",0,0,10000,10000,1,0,1,1596092664,12,NULL,NULL,0),
(358,1,8,"Protein(24 hr)","L358"," ",0,0,7000,7000,1,0,1,1596092664,12,NULL,NULL,0),
(359,1,8,"Protein(Fluid)","L359"," ",0,0,5000,5000,1,0,1,1596092664,12,NULL,NULL,0),
(360,1,8,"Prothrombin G20210A Mutation","L360"," ",0,0,150000,150000,1,0,1,1596092664,12,NULL,NULL,0),
(361,1,8,"PRP(Plazma )","L361"," ",0,0,15000,15000,1,0,1,1596092664,12,NULL,NULL,0),
(362,1,8,"PSA","L362"," ",0,0,15000,15000,1,0,1,1596092664,12,NULL,NULL,0),
(363,1,8,"PT","L363"," ",0,0,10000,10000,1,0,1,1596092664,12,NULL,NULL,0),
(364,1,8,"PT (Patient)","L364"," ",0,0,0,0,1,0,1,1596092664,12,NULL,NULL,0),
(365,1,8,"PT(Mixing-after incubation)","L365"," ",0,0,0,0,1,0,1,1596092664,12,NULL,NULL,0),
(366,1,8,"PT(Mixing-Immediate)","L366"," ",0,0,0,0,1,0,1,1596092664,12,NULL,NULL,0),
(367,1,8,"PTH","L367"," ",0,0,20000,20000,1,0,1,1596092664,12,NULL,NULL,0),
(368,1,8,"PTT","L368"," ",0,0,15000,15000,1,0,1,1596092664,12,NULL,NULL,0),
(369,1,8,"PTT (Patient)","L369"," ",0,0,0,0,1,0,1,1596092664,12,NULL,NULL,0),
(370,1,8,"PTT(Control)","L370"," ",0,0,0,0,1,0,1,1596092664,12,NULL,NULL,0),
(371,1,8,"PTT(Mix-after incubation)","L371"," ",0,0,0,0,1,0,1,1596092664,12,NULL,NULL,0),
(372,1,8,"PTT(Mix-Immediate)","L372"," ",0,0,0,0,1,0,1,1596092664,12,NULL,NULL,0),
(373,1,8,"Quantiferon Tb Gold test(Qiagen)","L373"," ",0,0,160000,160000,1,0,1,1596092664,12,NULL,NULL,0),
(374,1,8,"R BLOOD SUGAR","L374"," ",0,0,6000,6000,1,0,1,1596092664,12,NULL,NULL,0),
(375,1,8,"Reticulocyte","L375"," ",0,0,10000,10000,1,0,1,1596092664,12,NULL,NULL,0),
(376,1,8,"Reticulocyte (newborn)","L376"," ",0,0,10000,10000,1,0,1,1596092664,12,NULL,NULL,0),
(377,1,8,"RF Factor","L377"," ",0,0,15000,15000,1,0,1,1596092664,12,NULL,NULL,0),
(378,1,8,"Rota Virus(instool)","L378"," ",0,0,35000,35000,1,0,1,1596092664,12,NULL,NULL,0),
(379,1,8,"Rubella   lgG","L379"," ",0,0,15000,15000,1,0,1,1596092664,12,NULL,NULL,0),
(380,1,8,"Rubella   lgM","L380"," ",0,0,15000,15000,1,0,1,1596092664,12,NULL,NULL,0),
(381,1,8,"S. Aldosterone","L381"," ",0,0,60000,60000,1,0,1,1596092664,12,NULL,NULL,0),
(382,1,8,"S. Ca","L382"," ",0,0,8000,8000,1,0,1,1596092664,12,NULL,NULL,0),
(383,1,8,"S. Cholestrole","L383"," ",0,0,6000,6000,1,0,1,1596092664,12,NULL,NULL,0),
(384,1,8,"S. Chromogranin A","L384"," ",0,0,100000,100000,1,0,1,1596092664,12,NULL,NULL,0),
(385,1,8,"S. Copper","L385"," ",0,0,15000,15000,1,0,1,1596092664,12,NULL,NULL,0),
(386,1,8,"S. Creatinine","L386"," ",0,0,6000,6000,1,0,1,1596092664,12,NULL,NULL,0),
(387,1,8,"S. Electrolyte_","L387"," ",0,0,25000,25000,1,0,1,1596092664,12,NULL,NULL,0),
(388,1,8,"S. Ferritin","L388"," ",0,0,15000,15000,1,0,1,1596092664,12,1600608956,12,0),
(389,1,8,"S. Gastrin","L389"," ",0,0,110000,110000,1,0,1,1596092664,12,NULL,NULL,0),
(390,1,8,"S. GLOBULIN","L390"," ",0,0,20000,20000,1,0,1,1596092664,12,NULL,NULL,0),
(391,1,8,"S. Immuno Fixation","L391"," ",0,0,120000,120000,1,0,1,1596092664,12,NULL,NULL,0),
(392,1,8,"S. Iron","L392"," ",0,0,10000,10000,1,0,1,1596092664,12,NULL,NULL,0),
(393,1,8,"s. Renin","L393"," ",0,0,110000,110000,1,0,1,1596092664,12,NULL,NULL,0),
(394,1,8,"S. Zinc Level","L394"," ",0,0,15000,15000,1,0,1,1596092664,12,NULL,NULL,0),
(395,1,8,"S.F.A (Automated)","L395"," ",0,0,25000,25000,1,0,1,1596092664,12,NULL,NULL,0),
(396,1,8,"S.F.A (Manuel)","L396"," ",0,0,10000,10000,1,0,1,1596092664,12,NULL,NULL,0),
(397,1,8,"S.G.O.T","L397"," ",0,0,7000,7000,1,0,1,1596092664,12,NULL,NULL,0),
(398,1,8,"S.G.P.T","L398"," ",0,0,7000,7000,1,0,1,1596092664,12,NULL,NULL,0),
(399,1,8,"Salmonella IgG","L399"," ",0,0,6000,6000,1,0,1,1596092664,12,NULL,NULL,0),
(400,1,8,"Salmonella IgM","L400"," ",0,0,6000,6000,1,0,1,1596092664,12,NULL,NULL,0),
(401,1,8,"Scl-70","L401"," ",0,0,60000,60000,1,0,1,1596092664,12,NULL,NULL,0),
(402,1,8,"Scraping for fungus","L402"," ",0,0,10000,10000,1,0,1,1596092664,12,NULL,NULL,0),
(403,1,8,"Serum amyloid A","L403"," ",0,0,130000,130000,1,0,1,1596092664,12,NULL,NULL,0),
(404,1,8,"Serum Free Light Chains","L404"," ",0,0,100000,100000,1,0,1,1596092664,12,NULL,NULL,0),
(405,1,8,"SHBG","L405"," ",0,0,35000,35000,1,0,1,1596092664,12,NULL,NULL,0),
(406,1,8,"Sodium(Electrolyte)","L406"," ",0,0,8000,8000,1,0,1,1596092664,12,NULL,NULL,0),
(407,1,8,"sp.Gravity.","L407"," ",0,0,5000,5000,1,0,1,1596092664,12,NULL,NULL,0),
(408,1,8,"S-Renin","L408"," ",0,0,50000,50000,1,0,1,1596092664,12,NULL,NULL,0),
(409,1,8,"Stone Analysis","L409"," ",0,0,30000,30000,1,0,1,1596092664,12,NULL,NULL,0),
(410,1,8,"Stool Elastase","L410"," ",0,0,160000,160000,1,0,1,1596092664,12,NULL,NULL,0),
(411,1,8,"Stool Occult Blood","L411"," ",0,0,15000,15000,1,0,1,1596092664,12,NULL,NULL,0),
(412,1,8,"Syphilis Ab","L412"," ",0,0,15000,15000,1,0,1,1596092664,12,NULL,NULL,0),
(413,1,8,"Syphilis IgG","L413"," ",0,0,35000,35000,1,0,1,1596092664,12,NULL,NULL,0),
(414,1,8,"Syphilis IgM","L414"," ",0,0,35000,35000,1,0,1,1596092664,12,NULL,NULL,0),
(415,1,8,"T P H A","L415"," ",0,0,15000,15000,1,0,1,1596092664,12,NULL,NULL,0),
(416,1,8,"T.I.B.C","L416"," ",0,0,15000,15000,1,0,1,1596092664,12,NULL,NULL,0),
(417,1,8,"T.S.B","L417"," ",0,0,8000,8000,1,0,1,1596092664,12,NULL,NULL,0),
(418,1,8,"T.S.P","L418"," ",0,0,7000,7000,1,0,1,1596092664,12,NULL,NULL,0),
(419,1,8,"T3","L419"," ",0,0,10000,10000,1,0,1,1596092664,12,NULL,NULL,0),
(420,1,8,"T4","L420"," ",0,0,10000,10000,1,0,1,1596092664,12,NULL,NULL,0),
(421,1,8,"Tacrolimus Level","L421"," ",0,0,110000,110000,1,0,1,1596092664,12,NULL,NULL,0),
(422,1,8,"Testosteron","L422"," ",0,0,15000,15000,1,0,1,1596092664,12,NULL,NULL,0),
(423,1,8,"Thick Blood Film(Malaria)","L423"," ",0,0,15000,15000,1,0,1,1596092664,12,NULL,NULL,0),
(424,1,8,"Thin Blood film(Malaria)","L424"," ",0,0,15000,15000,1,0,1,1596092664,12,NULL,NULL,0),
(425,1,8,"Thrombophilia Panel","L425"," ",0,0,360000,360000,1,0,1,1596092664,12,NULL,NULL,0),
(426,1,8,"Thyroglobulin","L426"," ",0,0,25000,25000,1,0,1,1596092664,12,NULL,NULL,0),
(427,1,8,"Toxoplasma IgG","L427"," ",0,0,15000,15000,1,0,1,1596092664,12,NULL,NULL,0),
(428,1,8,"Toxoplasma IgM","L428"," ",0,0,15000,15000,1,0,1,1596092664,12,NULL,NULL,0),
(429,1,8,"Toxoplasma(RT-PCR)","L429"," ",0,0,125000,125000,1,0,1,1596092664,12,NULL,NULL,0),
(430,1,8,"TP in Fluid","L430"," ",0,0,7000,7000,1,0,1,1596092664,12,NULL,NULL,0),
(431,1,8,"TP(CSF)","L431"," ",0,0,5000,5000,1,0,1,1596092664,12,NULL,NULL,0),
(432,1,8,"Transferrin","L432"," ",0,0,25000,25000,1,0,1,1596092664,12,NULL,NULL,0),
(433,1,8,"Transferrin Saturation","L433"," ",0,0,40000,40000,1,0,1,1596092664,12,NULL,NULL,0),
(434,1,8,"Triglycerides(TG)","L434"," ",0,0,6000,6000,1,0,1,1596092664,12,NULL,NULL,0),
(435,1,8,"Troponin T","L435"," ",0,0,15000,15000,1,0,1,1596092664,12,NULL,NULL,0),
(436,1,8,"TSH","L436"," ",0,0,10000,10000,1,0,1,1596092664,12,NULL,NULL,0),
(437,1,8,"Tuberculosis IGG","L437"," ",0,0,20000,20000,1,0,1,1596092664,12,NULL,NULL,0),
(438,1,8,"Tuberculosis IGM","L438"," ",0,0,20000,20000,1,0,1,1596092664,12,NULL,NULL,0),
(439,1,8,"U. Immuno Fixation","L439"," ",0,0,160000,160000,1,0,1,1596092664,12,NULL,NULL,0),
(440,1,8,"U. Protein Electrophoresis(24 H)","L440"," ",0,0,70000,70000,1,0,1,1596092664,12,NULL,NULL,0),
(441,1,8,"UACR(Urine albumin creatine ratio)","L441"," ",0,0,25000,25000,1,0,1,1596092664,12,NULL,NULL,0),
(442,1,8,"UIBC","L442"," ",0,0,6000,6000,1,0,1,1596092664,12,NULL,NULL,0),
(443,1,8,"UPCR(Urine protein creatinine ratio)","L443"," ",0,0,25000,25000,1,0,1,1596092664,12,NULL,NULL,0),
(444,1,8,"Urea Breath Test","L444"," ",0,0,37000,37000,1,0,1,1596092664,12,NULL,NULL,0),
(445,1,8,"Urea in Fluid","L445"," ",0,0,7000,7000,1,0,1,1596092664,12,NULL,NULL,0),
(446,1,8,"Urea in urine","L446"," ",0,0,7000,7000,1,0,1,1596092664,12,NULL,NULL,0),
(447,1,8,"Urea in urine(24h)","L447"," ",0,0,7000,7000,1,0,1,1596092664,12,NULL,NULL,0),
(448,1,8,"Urea nitrogen (BUN)","L448"," ",0,0,7000,7000,1,0,1,1596092664,12,NULL,NULL,0),
(449,1,8,"Urethral Discharge","L449"," ",0,0,15000,15000,1,0,1,1596092664,12,NULL,NULL,0),
(450,1,8,"Uric acid","L450"," ",0,0,6000,6000,1,0,1,1596092664,12,NULL,NULL,0),
(451,1,8,"Uric acid  in Urine","L451"," ",0,0,7000,7000,1,0,1,1596092664,12,NULL,NULL,0),
(452,1,8,"Uric acid  in Urine (24hrs)","L452"," ",0,0,9000,9000,1,0,1,1596092664,12,NULL,NULL,0),
(453,1,8,"Urine 24 hr for epinephrine","L453"," ",0,0,200000,200000,1,0,1,1596092664,12,NULL,NULL,0),
(454,1,8,"Urine C/S","L454"," ",0,0,25000,25000,1,0,1,1596092664,12,NULL,NULL,0),
(455,1,8,"Urine for Bense Jonce Protien","L455"," ",0,0,10000,10000,1,0,1,1596092664,12,NULL,NULL,0),
(456,1,8,"Urine for Bense Jonce Protien (24 hr)","L456"," ",0,0,10000,10000,1,0,1,1596092664,12,NULL,NULL,0),
(457,1,8,"Urine for Gonorrhea","L457"," ",0,0,7000,7000,1,0,1,1596092664,12,NULL,NULL,0),
(458,1,8,"Urine Immuno Fixation","L458"," ",0,0,170000,170000,1,0,1,1596092664,12,NULL,NULL,0),
(459,1,8,"Urine Osmolality","L459"," ",0,0,40000,40000,1,0,1,1596092664,12,NULL,NULL,0),
(460,1,8,"Urine Phophorus(24 hour)","L460"," ",0,0,7000,7000,1,0,1,1596092664,12,NULL,NULL,0),
(461,1,8,"Urine Specific Gravity","L461"," ",0,0,5000,5000,1,0,1,1596092664,12,NULL,NULL,0),
(462,1,8,"V.D.R.L","L462"," ",0,0,10000,10000,1,0,1,1596092664,12,NULL,NULL,0),
(463,1,8,"Vitamin B12 (cobalamin)","L463"," ",0,0,20000,20000,1,0,1,1596092664,12,NULL,NULL,0),
(464,1,8,"Vitamin D3 (25-OH )","L464"," ",0,0,25000,25000,1,0,1,1596092664,12,NULL,NULL,0),
(465,1,8,"VLDL","L465"," ",0,0,5000,5000,1,0,1,1596092664,12,NULL,NULL,0),
(466,1,8,"VMA in Urine(24Hrs)","L466"," ",0,0,60000,60000,1,0,1,1596092664,12,NULL,NULL,0),
(467,1,8,"Von Wellibrand Factor(VWF)","L467"," ",0,0,125000,125000,1,0,1,1596092664,12,NULL,NULL,0),
(468,1,8,"WBC (Child)","L468"," ",0,0,10000,10000,1,0,1,1596092664,12,NULL,NULL,0),
(469,1,8,"WBC (Female)","L469"," ",0,0,10000,10000,1,0,1,1596092664,12,NULL,NULL,0),
(470,1,8,"WBC (Male)","L470"," ",0,0,10000,10000,1,0,1,1596092664,12,NULL,NULL,0),
(471,1,8,"Widal Test - IgG","L471"," ",0,0,6000,6000,1,0,1,1596092664,12,NULL,NULL,0),
(472,1,8,"Widal Test - IgM","L472"," ",0,0,6000,6000,1,0,1,1596092664,12,NULL,NULL,0),
(473,1,8,"Widal Test - IgM","L473"," ",0,0,6000,6000,1,0,1,1596092664,12,NULL,NULL,0),
(474,1,8,"CMV IgG","L474"," ",0,0,15000,15000,1,0,1,1596092664,12,NULL,NULL,0),
(475,1,8,"Bilharzia","L475"," ",0,0,10000,10000,1,0,1,1596092664,12,NULL,NULL,0),
(476,1,8,"Urine volume (24 hr)","L476"," ",0,0,10000,10000,1,0,1,1596092664,12,NULL,NULL,0),
(477,1,8,"Keton In Urine","L477"," ",0,0,7000,7000,1,0,1,1596092664,12,NULL,NULL,0),
(478,1,8,"Immunohistochemistry","L478"," ",0,0,180000,180000,1,0,1,1596092664,12,NULL,NULL,0),
(479,1,8,"HLA B55 (pcr)","L479"," ",0,0,150000,150000,1,0,1,1596092664,12,NULL,NULL,0),
(480,1,8,"Lipid Profile Test","L480"," ",0,0,24000,24000,1,0,1,1596092664,12,NULL,NULL,0),
(481,1,8,"liver Function Test","L481"," ",0,0,35000,35000,1,0,1,1596092664,12,NULL,NULL,0),
(482,1,8,"GOT(AST)","L482"," ",0,0,7000,7000,1,0,1,1596092664,12,NULL,NULL,0),
(483,1,8,"GPT(ALT)","L483"," ",0,0,7000,7000,1,0,1,1596092664,12,NULL,NULL,0),
(484,1,8,"A.Ebv-IgG","L484"," ",0,0,30000,30000,1,0,1,1596092664,12,NULL,NULL,0),
(485,1,8,"ALP","L485"," ",0,0,10000,10000,1,0,1,1596092664,12,NULL,NULL,0),
(486,1,8,"TFT","L486"," ",0,0,27000,27000,1,0,1,1596092664,12,NULL,NULL,0),
(487,1,8,"Carbamazipin","L487"," ",0,0,35000,35000,1,0,1,1596092664,12,NULL,NULL,1),
(488,1,8,"valporic acid ","L488"," ",0,0,45000,45000,1,0,1,1596092664,12,1600689578,12,0),
(490,2,15,"Abdomen CT angiography (enhanced)","R1"," ",0,0,190000,190000,1,0,1,1596092664,12,NULL,NULL,0),
(491,2,17,"Abdominal  US","R2"," ",0,0,20000,20000,1,0,1,1596092664,12,NULL,NULL,0),
(492,2,15,"Abdominal Aortic CT-Angiography","R3"," ",0,0,180000,180000,1,0,1,1596092664,12,1608473008,12,0),
(493,2,17,"Abdominal aortoiliac and Mesenteric branches doppler","R4"," ",0,0,40000,40000,1,0,1,1596092664,12,NULL,NULL,0),
(494,2,15,"Abdominal CT with I.V Contrast","R5"," ",0,0,120000,120000,1,0,1,1596092664,12,NULL,NULL,0),
(495,2,14,"Abdominal MRI  Angiography (MRA)","R6"," ",0,0,160000,160000,1,0,1,1596092664,12,NULL,NULL,0),
(496,2,9,"Anesthesia fees","R7"," ",0,0,125000,125000,1,0,1,1596092664,12,1610265473,12,0),
(497,2,15,"Ankle Joint Ct ( Both Side)","R8"," ",0,0,130000,130000,1,0,1,1596092664,12,NULL,NULL,0),
(498,2,15,"Ankle Joint Ct ( One side)","R9"," ",0,0,70000,70000,1,0,1,1596092664,12,NULL,NULL,0),
(499,2,14,"Ankle Joint MRI (Both)","R10"," ",0,0,200000,200000,1,0,1,1596092664,12,NULL,NULL,0),
(500,2,14,"Ankle Joint MRI (One side)","R11"," ",0,0,110000,110000,1,0,1,1596092664,12,NULL,NULL,0),
(501,2,16,"Antegrade Cysturethrogram","R12"," ",0,0,100000,100000,1,0,1,1596092664,12,NULL,NULL,0),
(502,2,16,"Barium Enema ( Double contrast)","R13"," ",0,0,100000,100000,1,0,1,1596092664,12,NULL,NULL,0),
(503,2,16,"Barium Enema( Paediatric)","R14"," ",0,0,80000,80000,1,0,1,1596092664,12,NULL,NULL,0),
(504,2,16,"Barium follow through","R15"," ",0,0,130000,130000,1,0,1,1596092664,12,NULL,NULL,0),
(505,2,16,"Barium Meal","R16"," ",0,0,100000,100000,1,0,1,1596092664,12,NULL,NULL,0),
(506,2,16,"Barium Swallow","R17"," ",0,0,100000,100000,1,0,1,1596092664,12,NULL,NULL,0),
(507,2,15,"Barium Swallow & Meal","R18"," ",0,0,150000,150000,1,0,1,1596092664,12,NULL,NULL,0),
(508,2,15,"Brain +Neck+Thorax+Abdomen CT with I.V Contrast","R19"," ",0,0,290000,290000,1,0,1,1596092664,12,NULL,NULL,0),
(509,2,15,"Brain CT( NATIVE)","R20"," ",0,0,70000,70000,1,0,1,1596092664,12,NULL,NULL,0),
(510,2,15,"Brain CT+ Cerebral Angiography","R21"," ",0,0,160000,160000,1,0,1,1596092664,12,NULL,NULL,0),
(511,2,14,"Brain MRA","R22"," ",0,0,65000,65000,1,0,1,1596092664,12,NULL,NULL,0),
(512,2,14,"Brain MRI","R23"," ",0,0,65000,65000,1,0,1,1596092664,12,NULL,NULL,0),
(513,2,14,"Brain MRI & MRA","R24"," ",0,0,130000,130000,1,0,1,1596092664,12,NULL,NULL,0),
(514,2,14,"Brain MRI & MRA & MRV","R25"," ",0,0,190000,190000,1,0,1,1596092664,12,NULL,NULL,0),
(515,2,14,"Brain MRI & MRV","R26"," ",0,0,130000,130000,1,0,1,1596092664,12,NULL,NULL,0),
(516,2,14,"Brain MRV","R27"," ",0,0,65000,65000,1,0,1,1596092664,12,NULL,NULL,0),
(517,2,17,"Breast Ultrasonography","R28"," ",0,0,25000,25000,1,0,1,1596092664,12,NULL,NULL,0),
(518,2,15,"Cardiac CT - Coronary Angiography","R29"," ",0,0,235000,235000,1,0,1,1596092664,12,NULL,NULL,0),
(519,2,17,"Carotid and Vertebral U/S","R30"," ",0,0,40000,40000,1,0,1,1596092664,12,NULL,NULL,0),
(520,2,15,"Carotid Angiography CT","R31"," ",0,0,160000,160000,1,0,1,1596092664,12,NULL,NULL,0),
(521,2,17,"Carotid Arteries Color Doppler USG","R32"," ",0,0,40000,40000,1,0,1,1596092664,12,NULL,NULL,0),
(522,2,14,"Carotid MRA (I.V Contarst)","R33"," ",0,0,120000,120000,1,0,1,1596092664,12,NULL,NULL,0),
(523,2,17,"Cavernosography","R34"," ",0,0,140000,140000,1,0,1,1596092664,12,NULL,NULL,0),
(524,2,14,"Cereberal&Carotid MRA","R35"," ",0,0,150000,150000,1,0,1,1596092664,12,NULL,NULL,0),
(525,2,15,"Cerebral & Carotid Angiography CT","R36"," ",0,0,190000,190000,1,0,1,1596092664,12,NULL,NULL,0),
(526,2,15,"Cervical & thoarcic (dorsal) spine CT","R37"," ",0,0,140000,140000,1,0,1,1596092664,12,NULL,NULL,0),
(527,2,14,"Cervical & thoarcic (dorsal) spine MRI","R38"," ",0,0,130000,130000,1,0,1,1596092664,12,NULL,NULL,0),
(528,2,15,"Cervical Spine CT","R39"," ",0,0,70000,70000,1,0,1,1596092664,12,NULL,NULL,0),
(529,2,14,"Cervical Spine MRI","R40"," ",0,0,65000,65000,1,0,1,1596092664,12,NULL,NULL,0),
(530,2,15,"Chest CT (NATIVE) or high resolution CT","R41"," ",0,0,70000,70000,1,0,1,1596092664,12,NULL,NULL,0),
(531,2,15,"chest CT with contrast","R42"," ",0,0,120000,120000,1,0,1,1596092664,12,NULL,NULL,0),
(532,2,15,"CHEST+ABDOMEN with I.V Contrast","R43"," ",0,0,190000,190000,1,0,1,1596092664,12,NULL,NULL,0),
(533,2,9,"Contrast","R44"," ",0,0,50000,50000,1,0,1,1596092664,12,NULL,NULL,0),
(534,2,15,"CT  Guided true Cut Biopsy","R45"," ",0,0,250000,250000,1,0,1,1596092664,12,NULL,NULL,0),
(535,2,15,"CT guided catheter drianage","R46"," ",0,0,250000,250000,1,0,1,1596092664,12,NULL,NULL,0),
(536,2,15,"CT Guided FNA","R47"," ",0,0,250000,250000,1,0,1,1596092664,12,NULL,NULL,0),
(537,2,15,"CT KUB","R48"," ",0,0,70000,70000,1,0,1,1596092664,12,NULL,NULL,0),
(538,2,15,"CT- Myelogram","R49"," ",0,0,245000,245000,1,0,1,1596092664,12,NULL,NULL,0),
(539,2,15,"CT scan of Pelvis","R50"," ",0,0,70000,70000,1,0,1,1596092664,12,NULL,NULL,0),
(540,2,15,"CT scan of Pelvis with I.V contrast","R51"," ",0,0,120000,120000,1,0,1,1596092664,12,NULL,NULL,0),
(541,2,15,"CT-Abdomen ( NATIVE)","R52"," ",0,0,70000,70000,1,0,1,1596092664,12,NULL,NULL,0),
(542,2,15,"CT-Colonogrpahy","R53"," ",0,0,150000,150000,1,0,1,1596092664,12,NULL,NULL,0),
(543,2,15,"CT-Whole Body","R54"," ",0,0,350000,350000,1,0,1,1596092664,12,NULL,NULL,0),
(544,2,17,"Doppler US of Left Lower Limb vessel","R55"," ",0,0,50000,50000,1,0,1,1596092664,12,NULL,NULL,0),
(545,2,14,"Dynamic breast study MRI","R56"," ",0,0,130000,130000,1,0,1,1596092664,12,NULL,NULL,0),
(546,2,15,"Elbow Joint CT (both sides)","R57"," ",0,0,140000,140000,1,0,1,1596092664,12,NULL,NULL,0),
(547,2,15,"Elbow Joint CT (one Side)","R58"," ",0,0,70000,70000,1,0,1,1596092664,12,NULL,NULL,0),
(548,2,14,"Elbow Joint MRI (Both)","R59"," ",0,0,200000,200000,1,0,1,1596092664,12,NULL,NULL,0),
(549,2,14,"Elbow Joint MRI (One Side)","R60"," ",0,0,110000,110000,1,0,1,1596092664,12,NULL,NULL,0),
(550,2,16,"Excretory Urogram (IVU)- Adult","R61"," ",0,0,130000,130000,1,0,1,1596092664,12,NULL,NULL,0),
(551,2,16,"Excretory Urogram (IVU)- Paediatric","R62"," ",0,0,100000,100000,1,0,1,1596092664,12,NULL,NULL,0),
(552,2,16,"Fistulogram","R63"," ",0,0,120000,120000,1,0,1,1596092664,12,NULL,NULL,0),
(553,2,17,"Hepatic Color Doppler USG","R64"," ",0,0,40000,40000,1,0,1,1596092664,12,NULL,NULL,0),
(554,2,14,"Hepatic MRI + MRCP","R65"," ",0,0,180000,180000,1,0,1,1596092664,12,NULL,NULL,0),
(555,2,15,"Hip Joint CT (both)","R66"," ",0,0,70000,70000,1,0,1,1596092664,12,NULL,NULL,0),
(556,2,14,"Hip Joint MRI","R67"," ",0,0,110000,110000,1,0,1,1596092664,12,NULL,NULL,0),
(557,2,17,"Hysterosalpingography(HSG)","R68"," ",0,0,100000,100000,1,0,1,1596092664,12,NULL,NULL,0),
(558,2,17,"Joint Ultrasonography","R69"," ",0,0,20000,20000,1,0,1,1596092664,12,NULL,NULL,0),
(559,2,15,"Knee Joint CT (Both Side)","R70"," ",0,0,140000,140000,1,0,1,1596092664,12,NULL,NULL,0),
(560,2,15,"Knee Joint CT (One Side)","R71"," ",0,0,70000,70000,1,0,1,1596092664,12,NULL,NULL,0),
(561,2,14,"Knee Joint MRI (Both Side)","R72"," ",0,0,130000,130000,1,0,1,1596092664,12,NULL,NULL,0),
(562,2,14,"Knee Joint MRI (One side)","R73"," ",0,0,65000,65000,1,0,1,1596092664,12,NULL,NULL,0),
(563,2,14,"Lower & Upper exteremity MRA","R74"," ",0,0,150000,150000,1,0,1,1596092664,12,NULL,NULL,0),
(564,2,17,"Lower Extremity Doppler Study ( Both Sides)","R75"," ",0,0,80000,80000,1,0,1,1596092664,12,NULL,NULL,0),
(565,2,17,"Lower Extremity Doppler Study (One Side)","R76"," ",0,0,40000,40000,1,0,1,1596092664,12,NULL,NULL,0),
(566,2,15,"Lower Limb CT-Angiography","R77"," ",0,0,180000,180000,1,0,1,1596092664,12,1608473016,12,0),
(567,2,15,"Lumbar Spine CT","R78"," ",0,0,70000,70000,1,0,1,1596092664,12,NULL,NULL,0),
(568,2,14,"Lumbosacral Spine MRI","R79"," ",0,0,65000,65000,1,0,1,1596092664,12,NULL,NULL,0),
(569,2,15,"Maxillofacial bones CT (NATIVE)","R80"," ",0,0,70000,70000,1,0,1,1596092664,12,NULL,NULL,0),
(570,2,16,"Micturating Cystourethrogram (MCUG)","R81"," ",0,0,100000,100000,1,0,1,1596092664,12,NULL,NULL,0),
(571,2,14,"MR Contrast-Enhanced","R82"," ",0,0,50000,50000,1,0,1,1596092664,12,NULL,NULL,0),
(572,2,14,"MRCP","R83"," ",0,0,90000,90000,1,0,1,1596092664,12,NULL,NULL,0),
(573,2,14,"MRS","R84"," ",0,0,250000,250000,1,0,1,1596092664,12,NULL,NULL,0),
(574,2,14,"MRU","R85"," ",0,0,150000,150000,1,0,1,1596092664,12,NULL,NULL,0),
(575,2,15,"Neck CT ( NATIVE)","R86"," ",0,0,70000,70000,1,0,1,1596092664,12,NULL,NULL,0),
(576,2,14,"Neck MRI","R87"," ",0,0,130000,130000,1,0,1,1596092664,12,NULL,NULL,0),
(577,2,17,"Neck Ultrasonography","R88"," ",0,0,20000,20000,1,0,1,1596092664,12,NULL,NULL,0),
(578,2,15,"Neck+ Chest with I.V Contrast","R89"," ",0,0,180000,180000,1,0,1,1596092664,12,NULL,NULL,0),
(579,2,15,"Neck+ Chest+ ABDOMEN with I.V Contrast","R90"," ",0,0,250000,250000,1,0,1,1596092664,12,NULL,NULL,0),
(580,2,17,"Obstetric (Fetal) Doppler Study","R91"," ",0,0,40000,40000,1,0,1,1596092664,12,NULL,NULL,0),
(581,2,17,"Obstetric Ultrasonography","R92"," ",0,0,20000,20000,1,0,1,1596092664,12,NULL,NULL,0),
(582,2,15,"Orbital CT( NATIVE)","R93"," ",0,0,70000,70000,1,0,1,1596092664,12,NULL,NULL,0),
(583,2,14,"Orbital MRI","R94"," ",0,0,100000,100000,1,0,1,1596092664,12,NULL,NULL,0),
(584,2,17,"Orbital Ultrasonography","R95"," ",0,0,20000,20000,1,0,1,1596092664,12,NULL,NULL,0),
(585,2,15,"Paranasal Sinus CT ( NATIVE)","R96"," ",0,0,70000,70000,1,0,1,1596092664,12,NULL,NULL,0),
(586,2,14,"Para-Nasal Sinuses MRI","R97"," ",0,0,100000,100000,1,0,1,1596092664,12,NULL,NULL,0),
(587,2,15,"Pelvic Bones CT","R98"," ",0,0,70000,70000,1,0,1,1596092664,12,NULL,NULL,0),
(588,2,14,"Pelvic MRI","R99"," ",0,0,90000,90000,1,0,1,1596092664,12,NULL,NULL,0),
(589,2,17,"Penis Color Doppler USG","R100"," ",0,0,40000,40000,1,0,1,1596092664,12,NULL,NULL,0),
(590,2,17,"Percutaneous Aspiration Diagnostic (Ascites & Pleural effusion)","R101"," ",0,0,100000,100000,1,0,1,1596092664,12,NULL,NULL,0),
(591,2,17,"Percutaneous Aspiration Therapeutic (Ascites & Pleural effusion)","R102"," ",0,0,100000,100000,1,0,1,1596092664,12,NULL,NULL,0),
(592,2,17,"Percutanous Liver and Renal Cyst Aspiration","R103"," ",0,0,130000,130000,1,0,1,1596092664,12,NULL,NULL,0),
(593,2,14,"Pituitary gland MRI (DYNAMIC STUDY)","R104"," ",0,0,130000,130000,1,0,1,1596092664,12,NULL,NULL,0),
(594,2,16,"Portable AP","R105"," ",0,0,30000,30000,1,0,1,1596092664,12,NULL,NULL,0),
(595,2,16,"Portable( AP+Lat)","R106"," ",0,0,50000,50000,1,0,1,1596092664,12,NULL,NULL,0),
(596,2,15,"Pulmonary Arteries CT-Angiography","R107"," ",0,0,180000,180000,1,0,1,1596092664,12,1608473027,12,0),
(597,2,17,"Renal Artery Color Doppler USG","R108"," ",0,0,40000,40000,1,0,1,1596092664,12,NULL,NULL,0),
(598,2,15,"Renal artery CT-Angiography","R109"," ",0,0,180000,180000,1,0,1,1596092664,12,1608473035,12,0),
(599,2,15,"Sacroiliac Joint CT","R110"," ",0,0,70000,70000,1,0,1,1596092664,12,NULL,NULL,0),
(600,2,14,"Sacroiliac Joints MRI","R111"," ",0,0,100000,100000,1,0,1,1596092664,12,NULL,NULL,0),
(601,2,17,"Scrotal Doppler","R112"," ",0,0,40000,40000,1,0,1,1596092664,12,NULL,NULL,0),
(602,2,17,"Scrotal Ultrasonography","R113"," ",0,0,20000,20000,1,0,1,1596092664,12,NULL,NULL,0),
(603,2,15,"Shoulder Joint CT ( both sides)","R114"," ",0,0,140000,140000,1,0,1,1596092664,12,NULL,NULL,0),
(604,2,15,"Shoulder Joint CT (one side)","R115"," ",0,0,70000,70000,1,0,1,1596092664,12,NULL,NULL,0),
(605,2,14,"Shoulder Joint MRI (Both)","R116"," ",0,0,180000,180000,1,0,1,1596092664,12,NULL,NULL,0),
(606,2,14,"Shoulder Joint MRI (One Side)","R117"," ",0,0,100000,100000,1,0,1,1596092664,12,NULL,NULL,0),
(607,2,16,"Sialography","R118"," ",0,0,120000,120000,1,0,1,1596092664,12,NULL,NULL,0),
(608,2,17,"Small Part Ultrasound Examination","R119"," ",0,0,20000,20000,1,0,1,1596092664,12,NULL,NULL,0),
(609,2,17,"Standard Ultrasound Examination","R120"," ",0,0,20000,20000,1,0,1,1596092664,12,NULL,NULL,0),
(610,2,17,"Stereotactic Breast Biopsy","R121"," ",0,0,300000,300000,1,0,1,1596092664,12,NULL,NULL,0),
(611,2,15,"Temporal Bone CT( NATIVE)","R122"," ",0,0,70000,70000,1,0,1,1596092664,12,NULL,NULL,0),
(612,2,14,"Temporal bone MRI","R123"," ",0,0,100000,100000,1,0,1,1596092664,12,NULL,NULL,0),
(613,2,15,"Thoacic (Dorsal) & lumbar Spine CT","R124"," ",0,0,120000,120000,1,0,1,1596092664,12,NULL,NULL,0),
(614,2,14,"Thoacic(Dorsal) & lumbar Spine MRI","R125"," ",0,0,130000,130000,1,0,1,1596092664,12,NULL,NULL,0),
(615,2,14,"Thoracal (Dorsal) Spine MRI","R126"," ",0,0,65000,65000,1,0,1,1596092664,12,NULL,NULL,0),
(616,2,15,"Thoracal Spine CT","R127"," ",0,0,70000,70000,1,0,1,1596092664,12,NULL,NULL,0),
(617,2,15,"Thoracic and Abdominal Aortic Angiography","R128"," ",0,0,190000,190000,1,0,1,1596092664,12,NULL,NULL,0),
(618,2,15,"Thoracic Cage (Ribs) CT","R129"," ",0,0,70000,70000,1,0,1,1596092664,12,NULL,NULL,0),
(619,2,14,"TMJ(Tempo-mandibulary) MRI","R130"," ",0,0,130000,130000,1,0,1,1596092664,12,NULL,NULL,0),
(620,2,17,"Transrectal Ultrasonography","R131"," ",0,0,20000,20000,1,0,1,1596092664,12,NULL,NULL,0),
(621,2,17,"Transvaginal Ultrasonography","R132"," ",0,0,20000,20000,1,0,1,1596092664,12,NULL,NULL,0),
(622,2,17,"Ultrasound Guided abdominal FNA","R133"," ",0,0,100000,100000,1,0,1,1596092664,12,NULL,NULL,0),
(623,2,17,"Ultrasound guided catheter drianage","R134"," ",0,0,160000,160000,1,0,1,1596092664,12,NULL,NULL,0),
(624,2,17,"Ultrasound Guided FNA( Neck , Breast & Extremity)","R135"," ",0,0,120000,120000,1,0,1,1596092664,12,NULL,NULL,0),
(625,2,17,"Ultrasound Guided lung  FNA","R136"," ",0,0,120000,120000,1,0,1,1596092664,12,NULL,NULL,0),
(626,2,17,"Ultrasound Guided true cut Biopsy ( Neck , Breast & Extremity)","R137"," ",0,0,160000,160000,1,0,1,1596092664,12,NULL,NULL,0),
(627,2,17,"Ultrasound Guided ture cut Biopsy( Abdomen)","R138"," ",0,0,160000,160000,1,0,1,1596092664,12,NULL,NULL,0),
(628,2,14,"Upper Abdomen MRI","R139"," ",0,0,100000,100000,1,0,1,1596092664,12,1608472759,12,0),
(629,2,17,"Upper Extremity Doppler Study (One Side)","R140"," ",0,0,40000,40000,1,0,1,1596092664,12,NULL,NULL,0),
(630,2,17,"Upper Extremity Doppler Study(Both Sides)","R141"," ",0,0,80000,80000,1,0,1,1596092664,12,NULL,NULL,0),
(631,2,15,"Upper Limb CT-Angiography (Both Sides)","R142"," ",0,0,180000,180000,1,0,1,1596092664,12,1608473050,12,0),
(632,2,15,"Upper Limb CT-Angiography (One Side)","R143"," ",0,0,180000,180000,1,0,1,1596092664,12,1608473060,12,0),
(633,2,14,"Whole Abdominal MRI","R144"," ",0,0,200000,200000,1,0,1,1596092664,12,NULL,NULL,0),
(634,2,14,"Whole Spinal  MRI","R145"," ",0,0,195000,195000,1,0,1,1596092664,12,NULL,NULL,0),
(635,2,15,"Whole Spine CT","R146"," ",0,0,150000,150000,1,0,1,1596092664,12,NULL,NULL,0),
(636,2,14,"Wrist Joint  MRI (One Side)","R147"," ",0,0,100000,100000,1,0,1,1596092664,12,NULL,NULL,0),
(637,2,15,"Wrist Joint- Hand CT (Both Sides )","R148"," ",0,0,140000,140000,1,0,1,1596092664,12,NULL,NULL,0),
(638,2,14,"Wrist Joint MRI (Both Sides)","R149"," ",0,0,180000,180000,1,0,1,1596092664,12,NULL,NULL,0),
(639,2,15,"Wrist Joint-Hand CT (One Side)","R150"," ",0,0,70000,70000,1,0,1,1596092664,12,NULL,NULL,0),
(640,2,16,"X-Ray (Abdomen) AP","R151"," ",0,0,20000,20000,1,0,1,1596092664,12,NULL,NULL,0),
(641,2,16,"X-Ray (K.U.B) AP","R152"," ",0,0,20000,20000,1,0,1,1596092664,12,NULL,NULL,0),
(642,2,16,"X-Ray Ankle Joint (AP+Lat)","R153"," ",0,0,30000,30000,1,0,1,1596092664,12,1597575003,NULL,0),
(643,2,16,"X-Ray Ankle Joint AP","R154"," ",0,0,20000,20000,1,0,1,1596092664,12,NULL,NULL,0),
(644,2,16,"X-Ray Arm (AP+Lat)","R155"," ",0,0,30000,30000,1,0,1,1596092664,12,1597575017,NULL,0),
(645,2,16,"X-Ray Arm AP","R156"," ",0,0,20000,20000,1,0,1,1596092664,12,NULL,NULL,0),
(646,2,16,"X-Ray Booth Ankle Joint (AP+Lat)","R157"," ",0,0,50000,50000,1,0,1,1596092664,12,1597575035,NULL,0),
(647,2,16,"X-Ray Booth Arm (AP+Lat)","R158"," ",0,0,50000,50000,1,0,1,1596092664,12,1597575061,NULL,0),
(648,2,16,"X-Ray Booth Elbow Joint (AP+Lat)","R159"," ",0,0,50000,50000,1,0,1,1596092664,12,1597575070,NULL,0),
(649,2,16,"X-Ray Booth Foot (AP+Lat)","R160"," ",0,0,50000,50000,1,0,1,1596092664,12,1597575081,NULL,0),
(650,2,16,"X-Ray Booth For Arm (AP+Lat)","R161"," ",0,0,50000,50000,1,0,1,1596092664,12,1597575094,NULL,0),
(651,2,16,"X-Ray Booth Hand (AP+Lat)","R162"," ",0,0,50000,50000,1,0,1,1596092664,12,1597575111,NULL,0),
(652,2,16,"X-Ray Booth Knee Joint (AP+Lat)","R163"," ",0,0,50000,50000,1,0,1,1596092664,12,1597575127,NULL,0),
(653,2,16,"X-Ray Booth Leg (AP+Lat)","R164"," ",0,0,50000,50000,1,0,1,1596092664,12,1597575139,NULL,0),
(654,2,16,"X-Ray Booth Wrise Joint (AP+Lat)","R165"," ",0,0,50000,50000,1,0,1,1596092664,12,1597575155,NULL,0),
(655,2,16,"X-Ray Clavica AP","R166"," ",0,0,20000,20000,1,0,1,1596092664,12,NULL,NULL,0),
(656,2,16,"X-Ray Elbow Joint (AP+Lat)","R167"," ",0,0,30000,30000,1,0,1,1596092664,12,1597575168,NULL,0),
(657,2,16,"X-Ray Elbow Joint AP","R168"," ",0,0,20000,20000,1,0,1,1596092664,12,NULL,NULL,0),
(658,2,16,"X-Ray Foot (AP+Lat)","R169"," ",0,0,30000,30000,1,0,1,1596092664,12,1597575181,NULL,0),
(659,2,16,"X-Ray For Arm (AP+Lat)","R170"," ",0,0,30000,30000,1,0,1,1596092664,12,1597575191,NULL,0),
(660,2,16,"X-Ray For Arm AP","R171"," ",0,0,20000,20000,1,0,1,1596092664,12,NULL,NULL,0),
(661,2,16,"X-Ray Hand (AP+Lat)","R172"," ",0,0,30000,30000,1,0,1,1596092664,12,1597575201,NULL,0),
(662,2,16,"X-Ray Hand AP","R173"," ",0,0,20000,20000,1,0,1,1596092664,12,NULL,NULL,0),
(663,2,16,"X-Ray Hip Joint (AP+Lat)","R174"," ",0,0,30000,30000,1,0,1,1596092664,12,1597575210,NULL,0),
(664,2,16,"X-Ray Hip Joint AP","R175"," ",0,0,20000,20000,1,0,1,1596092664,12,NULL,NULL,0),
(665,2,16,"X-Ray Knee Joint (AP+Lat)","R176"," ",0,0,30000,30000,1,0,1,1596092664,12,1597575219,NULL,0),
(666,2,16,"X-Ray Leg (AP+Lat)","R177"," ",0,0,30000,30000,1,0,1,1596092664,12,1597575238,NULL,0),
(667,2,16,"X-Ray Leg AP","R178"," ",0,0,20000,20000,1,0,1,1596092664,12,NULL,NULL,0),
(668,2,16,"X-Ray Lumber Lat Flexion + Extension","R179"," ",0,0,30000,30000,1,0,1,1596092664,12,1597575249,NULL,0),
(669,2,16,"X-Ray Lumber Sacral Spine (AP+Lat)","R180"," ",0,0,30000,30000,1,0,1,1596092664,12,1597575264,NULL,0),
(670,2,16,"X-Ray Lumber Sacral Spine AP","R181"," ",0,0,20000,20000,1,0,1,1596092664,12,NULL,NULL,0),
(671,2,16,"X-Ray Pelvic AP","R182"," ",0,0,20000,20000,1,0,1,1596092664,12,NULL,NULL,0),
(672,2,16,"X-Ray Portable (AP+Lat)","R183"," ",0,0,55000,55000,1,0,1,1596092664,12,NULL,NULL,0),
(673,2,16,"X-Ray Portable AP","R184"," ",0,0,30000,30000,1,0,1,1596092664,12,NULL,NULL,0),
(674,2,16,"X-Ray Servical (AP+Lat)","R185"," ",0,0,30000,30000,1,0,1,1596092664,12,1597575284,NULL,0),
(675,2,16,"X-Ray Servical AP","R186"," ",0,0,20000,20000,1,0,1,1596092664,12,NULL,NULL,0),
(676,2,16,"X-Ray Chest PA","R187"," ",0,0,20000,0,1,0,1,1596092664,12,1600342211,12,0),
(677,2,16,"X-Ray Shoulder (AP+Lat)","R188"," ",0,0,30000,30000,1,0,1,1596092664,12,1597575293,NULL,0),
(678,2,16,"X-Ray Shoulder AP","R189"," ",0,0,20000,20000,1,0,1,1596092664,12,NULL,NULL,0),
(679,2,16,"X-Ray Skull (AP+Lat)","R190"," ",0,0,30000,30000,1,0,1,1596092664,12,1597575301,NULL,0),
(680,2,16,"X-Ray Skull AP","R191"," ",0,0,20000,20000,1,0,1,1596092664,12,NULL,NULL,0),
(681,2,16,"X-Ray Skyline (AP+Lat)","R192"," ",0,0,30000,30000,1,0,1,1596092664,12,1597575316,NULL,0),
(682,2,16,"X-Ray Thigh (AP+Lat)","R193"," ",0,0,30000,30000,1,0,1,1596092664,12,1597575325,NULL,0),
(683,2,16,"X-Ray Thigh AP","R194"," ",0,0,20000,20000,1,0,1,1596092664,12,NULL,NULL,0),
(684,2,16,"X-Ray Wrise Joint (AP+Lat)","R195"," ",0,0,30000,30000,1,0,1,1596092664,12,1597575333,NULL,0),
(685,2,16,"X-Ray Wrise Joint AP","R196"," ",0,0,20000,20000,1,0,1,1596092664,12,NULL,NULL,0),
(686,2,15,"Brain CT( NATIVE)-N&F","R197"," ",0,0,90000,90000,1,0,1,1596092664,12,NULL,NULL,0),
(687,2,15,"Chest CT (NATIVE) or high resolution/N&F","R198"," ",0,0,90000,90000,1,0,1,1596092664,12,NULL,NULL,0),
(688,2,15,"CT-Abdomen ( NATIVE)/N&F","R199"," ",0,0,90000,90000,1,0,1,1596092664,12,NULL,NULL,0),
(689,2,14,"Brain MRA-N&F","R200"," ",0,0,85000,85000,1,0,1,1596092664,12,NULL,NULL,0),
(690,2,14,"Brain MRI-N&F","R201"," ",0,0,85000,85000,1,0,1,1596092664,12,NULL,NULL,0),
(691,2,14,"Brain MRV/N&F","R202"," ",0,0,85000,85000,1,0,1,1596092664,12,NULL,NULL,0),
(692,2,14,"Brain MRV/N&F","R203"," ",0,0,85000,85000,1,0,1,1596092664,12,NULL,NULL,0),
(693,2,14,"Brain MRI & MRV/N&F","R204"," ",0,0,160000,160000,1,0,1,1596092664,12,NULL,NULL,0),
(694,2,14,"Brain MRI & MRA/N&F","R205"," ",0,0,160000,160000,1,0,1,1596092664,12,NULL,NULL,0),
(695,2,14,"Lumbosacral Spine MRI N&F","R206"," ",0,0,85000,85000,1,0,1,1596092664,12,NULL,NULL,0),
(696,2,15,"CT-Neck+chest + Abdomen +IV contrast","R207"," ",0,0,230000,230000,1,0,1,1596092664,12,NULL,NULL,0),
(697,6,19,"Night Stay","E1",NULL,0,0,100000,100000,1,0,1,1596097393,12,NULL,NULL,0),
(698,6,19,"Night Stay 1/2","E2"," ",0,0,50000,50000,1,0,1,1596092664,12,NULL,NULL,0),
(699,6,19,"Emergency Admission 1 hour ","E3"," ",10000,10000,10000,10000,1,0,1,1596092664,12,1610969809,12,0),
(700,6,19,"Allermine amp","E4"," ",0,0,1500,1500,1,0,1,1596092664,12,NULL,NULL,0),
(701,6,19,"Back slab by Nurse A","E5"," ",0,0,25000,25000,1,0,1,1596092664,12,NULL,NULL,0),
(702,6,19,"Back slab by Nurse B","E6"," ",0,0,35000,35000,1,0,1,1596092664,12,NULL,NULL,0),
(703,6,19,"Bandage","E7"," ",0,0,2000,2000,1,0,1,1596092664,12,NULL,NULL,0),
(704,6,19,"Blood transfusion","E8"," ",0,0,50000,50000,1,0,1,1596092664,12,NULL,NULL,0),
(705,6,19,"Blood Transfusion set","E9"," ",0,0,2000,2000,1,0,1,1596092664,12,NULL,NULL,0),
(706,6,19,"Cannula","E10"," ",0,0,500,500,1,0,1,1596092664,12,NULL,NULL,0),
(707,6,19,"Cannulation","E11"," ",0,0,3000,3000,1,0,1,1596092664,12,NULL,NULL,0),
(708,6,19,"Condom Catheter","E12"," ",0,0,1000,1000,1,0,1,1596092664,12,NULL,NULL,0),
(709,6,19,"Cotton Role","E13"," ",0,0,1000,1000,1,0,1,1596092664,12,NULL,NULL,0),
(710,6,19,"Dexamethasone amp","E14"," ",0,0,2000,2000,1,0,1,1596092664,12,NULL,NULL,0),
(711,6,19,"dextrose saline 500 ML","E15"," ",0,0,1500,1500,1,0,1,1596092664,12,NULL,NULL,0),
(712,6,19,"Doctor visit (Specialist)","E16"," ",0,0,50000,50000,1,0,1,1596092664,12,NULL,NULL,0),
(713,6,19,"Drain,Stitch,chest tube remove","E17"," ",0,0,10000,10000,1,0,1,1596092664,12,NULL,NULL,0),
(714,6,19,"ECG","E18"," ",0,0,10000,10000,1,0,1,1596092664,12,NULL,NULL,0),
(715,6,19,"Echo","E19"," ",0,0,50000,50000,1,0,1,1596092664,12,NULL,NULL,0),
(716,6,19,"Electrocardiogram (E.C.G)","E20"," ",0,0,10000,10000,1,0,1,1596092664,12,NULL,NULL,0),
(717,6,19,"Emergency Doctor","E21"," ",0,0,20000,20000,1,0,1,1596092664,12,NULL,NULL,0),
(718,6,19,"ER Stay/ 2 Hours","E22"," ",0,0,8000,8000,1,0,1,1596092664,12,NULL,NULL,0),
(719,6,19,"ER Stay/ 3 Hours","E23"," ",0,0,10000,10000,1,0,1,1596092664,12,NULL,NULL,0),
(720,6,19,"Extention line set","E24"," ",0,0,1500,1500,1,0,1,1596092664,12,NULL,NULL,0),
(721,6,19,"Eye wash 1eye","E25"," ",0,0,5000,5000,1,0,1,1596092664,12,NULL,NULL,0),
(722,6,19,"Fasting blood suger FBS","E26"," ",0,0,5000,5000,1,0,1,1596092664,12,NULL,NULL,0),
(723,6,19,"Folleys Catheter","E27"," ",0,0,4000,4000,1,0,1,1596092664,12,NULL,NULL,0),
(724,6,19,"Folleys Catheter removal","E28"," ",0,0,5000,5000,1,0,1,1596092664,12,NULL,NULL,0),
(725,6,19,"Folleys Catheter(procedure)","E29"," ",0,0,20000,20000,1,0,1,1596092664,12,NULL,NULL,0),
(726,6,19,"G/S 500cc","E30"," ",0,0,2000,2000,1,0,1,1596092664,12,NULL,NULL,0),
(727,6,19,"G/W 500cc","E31"," ",0,0,2000,2000,1,0,1,1596092664,12,NULL,NULL,0),
(728,6,19,"Hydrocortisone vial","E32"," ",0,0,2000,2000,1,0,1,1596092664,12,NULL,NULL,0),
(729,6,19,"I.M Injection","E33"," ",0,0,1500,1500,1,0,1,1596092664,12,NULL,NULL,0),
(730,6,19,"I.V Fluid","E34"," ",0,0,3000,3000,1,0,1,1596092664,12,NULL,NULL,0),
(731,6,19,"I.V Injection","E35"," ",0,0,1500,1500,1,0,1,1596092664,12,NULL,NULL,0),
(732,6,19,"Installation of canulla","E36"," ",0,0,3000,3000,1,0,1,1596092664,12,NULL,NULL,0),
(733,6,19,"IV Fluid adminstration","E37"," ",0,0,3000,3000,1,0,1,1596092664,12,NULL,NULL,0),
(734,6,19,"IV set","E38"," ",0,0,1000,1000,1,0,1,1596092664,12,NULL,NULL,0),
(735,6,19,"IV,IM,S.C injection","E39"," ",0,0,1500,1500,1,0,1,1596092664,12,NULL,NULL,0),
(736,6,19,"lasix amp","E40"," ",0,0,2000,2000,1,0,1,1596092664,12,NULL,NULL,0),
(737,6,19,"Lidocaine ssolution 1cc","E41"," ",0,0,1000,1000,1,0,1,1596092664,12,NULL,NULL,0),
(738,6,19,"Lumber Puncture(procedure)","E42"," ",0,0,120000,120000,1,0,1,1596092664,12,NULL,NULL,0),
(739,6,19,"N/S 100cc","E43"," ",0,0,2000,2000,1,0,1,1596092664,12,NULL,NULL,0),
(740,6,19,"N/S 500cc","E44"," ",0,0,2000,2000,1,0,1,1596092664,12,NULL,NULL,0),
(741,6,19,"Nasal packing","E45"," ",0,0,15000,15000,1,0,1,1596092664,12,NULL,NULL,0),
(742,6,19,"Nebulizer Procedure","E46"," ",0,0,15000,15000,1,0,1,1596092664,12,1612339639,12,0),
(743,6,19,"Nebulizer Mask","E47"," ",0,0,2000,2000,1,0,1,1596092664,12,NULL,NULL,0),
(744,6,19,"NG tube","E48"," ",0,0,750,750,1,0,1,1596092664,12,NULL,NULL,0),
(745,6,19,"NG tube (procedure)","E49"," ",0,0,20000,20000,1,0,1,1596092664,12,NULL,NULL,0),
(746,6,19,"NoName","E50"," ",0,0,169500,169500,1,0,1,1596092664,12,NULL,NULL,0),
(747,6,19,"Normal Room Extra","E51"," ",0,0,50000,50000,1,0,1,1596092664,12,1605512959,12,0),
(748,6,19,"Octa plaster L/S","E52"," ",0,0,1000,1000,1,0,1,1596092664,12,NULL,NULL,0),
(749,6,19,"Oxygen / 1hour","E53"," ",0,0,2000,2000,1,0,1,1596092664,12,NULL,NULL,0),
(750,6,19,"Oxygen Mask","E54"," ",0,0,2000,2000,1,0,1,1596092664,12,NULL,NULL,0),
(751,6,19,"Paracetomol bottle","E55"," ",0,0,5000,5000,1,0,1,1596092664,12,NULL,NULL,0),
(752,6,19,"Phenobarbital sodium amp","E56"," ",0,0,1500,1500,1,0,1,1596092664,12,NULL,NULL,0),
(753,6,19,"Plasil amp","E57"," ",0,0,2000,2000,1,0,1,1596092664,12,NULL,NULL,0),
(754,6,19,"Plasma&Platelets Admin.","E58"," ",0,0,15000,15000,1,0,1,1596092664,12,NULL,NULL,0),
(755,6,19,"plaster roll 20 cm","E59"," ",0,0,500,500,1,0,1,1596092664,12,NULL,NULL,0),
(756,6,19,"POP","E60"," ",0,0,1000,1000,1,0,1,1596092664,12,NULL,NULL,0),
(757,6,19,"R/L 500cc","E61"," ",0,0,2000,2000,1,0,1,1596092664,12,NULL,NULL,0),
(758,6,19,"RBS","E62"," ",0,0,3000,3000,1,0,1,1596092664,12,NULL,NULL,0),
(759,6,19,"Rectal enema","E63"," ",0,0,15000,15000,1,0,1,1596092664,12,NULL,NULL,0),
(760,6,19,"Spinal needle","E64"," ",0,0,2000,2000,1,0,1,1596092664,12,NULL,NULL,0),
(761,6,19,"pak gauze","E65"," ",0,0,6750,6750,1,0,1,1596092664,12,1610389736,12,0),
(762,6,19,"Sterile surgical gloves","E66"," ",0,0,1000,1000,1,0,1,1596092664,12,NULL,NULL,0),
(763,6,19,"Subcutaneous Injection","E67"," ",0,0,1500,1500,1,0,1,1596092664,12,NULL,NULL,0),
(764,6,19,"Suction Catheter","E68"," ",0,0,1000,1000,1,0,1,1596092664,12,NULL,NULL,0),
(765,6,19,"Suction set","E69"," ",0,0,2000,2000,1,0,1,1596092664,12,NULL,NULL,0),
(766,6,19,"Suture material Nylon,proleneand silk","E70"," ",0,0,4000,4000,1,0,1,1596092664,12,NULL,NULL,0),
(767,6,19,"Suturing A","E71"," ",0,0,5000,5000,1,0,1,1596092664,12,NULL,NULL,0),
(768,6,19,"Suturing B","E72"," ",0,0,20000,20000,1,0,1,1596092664,12,NULL,NULL,0),
(769,6,19,"Syring 1cc-20cc","E73"," ",0,0,500,500,1,0,1,1596092664,12,NULL,NULL,0),
(770,6,19,"Syring 50 cc","E74"," ",0,0,1000,1000,1,0,1,1596092664,12,NULL,NULL,0),
(771,6,19,"Syring 50cc","E75"," ",0,0,1000,1000,1,0,1,1596092664,12,NULL,NULL,0),
(772,6,19,"Tramadol a m p","E76"," ",0,0,2500,2500,1,0,1,1596092664,12,NULL,NULL,0),
(773,6,19,"Tramadol amp","E77"," ",0,0,2000,2000,1,0,1,1596092664,12,NULL,NULL,0),
(774,6,19,"UGA","E78"," ",0,0,115000,115000,1,0,1,1596092664,12,NULL,NULL,0),
(775,6,19,"Under pad","E79"," ",0,0,1000,1000,1,0,1,1596092664,12,NULL,NULL,0),
(776,6,19,"Urine bag","E80"," ",0,0,1000,1000,1,0,1,1596092664,12,NULL,NULL,0),
(777,6,19,"Urine collecter","E81"," ",0,0,2000,2000,1,0,1,1596092664,12,NULL,NULL,0),
(778,6,19,"Ventolin solution","E82"," ",0,0,1000,1000,1,0,1,1596092664,12,NULL,NULL,0),
(779,6,19,"Vicryl and PDS","E83"," ",0,0,5000,5000,1,0,1,1596092664,12,NULL,NULL,0),
(780,6,19,"Vital signs (outpatient)","E84"," ",0,0,2000,2000,1,0,1,1596092664,12,NULL,NULL,0),
(781,6,19,"welcome set","E85"," ",0,0,10000,10000,1,0,1,1596092664,12,NULL,NULL,0),
(782,6,19,"Wound dressing A","E86"," ",0,0,10000,10000,1,0,1,1596092664,12,NULL,NULL,0),
(783,6,19,"Wound dressing B","E87"," ",0,0,20000,20000,1,0,1,1596092664,12,NULL,NULL,0),
(784,6,19,"Wound dressing C","E88"," ",0,0,30000,30000,1,0,1,1596092664,12,NULL,NULL,0),
(785,7,11,"Back 20","PH1",NULL,0,0,20000,20000,1,0,1,1596098259,12,1598871682,12,0),
(786,7,11,"Back 25","PH2"," ",0,0,25000,25000,1,0,1,1596092664,12,1598871707,12,0),
(787,7,11,"Back 30","PH3"," ",0,0,30000,30000,1,0,1,1596092664,12,1598871730,12,0),
(788,7,11,"Back 35","PH4"," ",0,0,35000,35000,1,0,1,1596092664,12,1598871772,12,0),
(789,7,11,"Back 40","PH5"," ",0,0,40000,40000,1,0,1,1596092664,12,1598871805,12,0),
(790,7,11,"Back 50","PH6"," ",50000,50000,50000,50000,1,0,1,1596092664,12,1598871857,12,0),
(791,7,11,"Stroke 300","PH7"," ",300000,300000,300000,300000,1,0,1,1596092664,12,1598871905,12,0),
(792,7,11,"Stroke 400","PH8"," ",0,0,400000,400000,1,0,1,1596092664,12,1598871926,12,0),
(793,7,11,"Stroke 500","PH9"," ",0,0,500000,500000,1,0,1,1596092664,12,1598871948,12,0),
(794,7,11,"Stroke 600","PH10"," ",0,0,600000,600000,1,0,1,1596092664,12,1598872017,12,0),
(795,7,11,"Emergency 2","PH11"," ",0,0,35000,35000,1,0,1,1596092664,12,NULL,NULL,0),
(796,7,11,"I.C.U","PH12"," ",0,0,50000,50000,1,0,1,1596092664,12,NULL,NULL,0),
(797,7,11,"Stroke 700","PH13"," ",0,0,700000,700000,1,0,1,1596092664,12,1598872067,12,0),
(798,7,11,"Stroke 800","PH14"," ",0,0,800000,800000,1,0,1,1596092664,12,1598872100,12,0),
(799,7,11,"Stroke 900","PH15"," ",0,0,900000,900000,1,0,1,1596092664,12,1598872130,12,0),
(800,7,11,"Stroke 1040000","PH16"," ",0,0,1040000,1040000,1,0,1,1596092664,12,1598872259,12,0),
(851,1,8,"CRP","CRP",NULL,0,0,12000,12000,1,0,1,1597131564,12,NULL,NULL,0),
(852,2,15,"COVID ct chest","ccc",NULL,0,0,100000,100000,1,0,1,1597131804,12,NULL,NULL,0),
(853,2,16,"COVID Portable X-Ray","cpxr",NULL,0,0,35000,35000,1,0,1,1597131879,12,NULL,NULL,1),
(855,0,19,"COVID ICU Package","CIPS",NULL,0,0,1815000,1815000,1,0,1,1597562632,12,1597562991,12,0),
(856,0,19,"COVID Ward5 Package","CWP",NULL,0,0,1599000,1599000,1,0,1,1597562809,12,1597562976,12,0),
(857,0,19,"COVID Ward4 Package","CW4P",NULL,0,0,1599000,1599000,1,0,1,1597563078,12,NULL,NULL,0),
(859,0,19,"Atrocurium Amp","AA",NULL,0,0,4500,4500,1,0,1,1597564156,12,NULL,NULL,0),
(860,0,19,"Midazolam","Mid",NULL,0,0,3500,3500,1,0,1,1597564226,12,NULL,NULL,0),
(861,0,19,"A.B.G","ABG",NULL,0,0,25000,25000,1,0,1,1597564302,12,NULL,NULL,0),
(862,0,19,"Silk","Silk",NULL,0,0,4500,4500,1,0,1,1597564341,12,NULL,NULL,0),
(863,0,19,"Circulatory System","CS",NULL,0,0,15000,15000,1,0,1,1597564404,12,NULL,NULL,0),
(864,0,19,"Metoprolol Amp","MA",NULL,0,0,6000,6000,1,0,1,1597564449,12,NULL,NULL,0),
(865,0,19,"Mannitol","Mannitol",NULL,0,0,8000,8000,1,0,1,1597564485,12,NULL,NULL,0),
(866,0,19,"c.v linen","CVL",NULL,0,0,40000,40000,1,0,1,1597564553,12,NULL,NULL,0),
(867,0,19,"c.v linen Procedure","CVLP",NULL,0,0,100000,100000,1,0,1,1597564600,12,1612267204,12,0),
(868,0,19,"Tube","Tube",NULL,0,0,1500,1500,1,0,1,1597564632,12,NULL,NULL,0),
(869,0,19,"Feeding bag","FB",NULL,0,0,4000,4000,1,0,1,1597564657,12,NULL,NULL,0),
(870,0,19,"section bag","SB",NULL,0,0,3000,3000,1,0,1,1597564684,12,NULL,NULL,0),
(871,6,19,"COVID admission hourly","CVDAH",NULL,0,0,50000,50000,1,0,1,1598432000,12,1598432137,12,0),
(872,6,19,"Adrenaline","EMGA",NULL,0,0,1000,1000,1,0,1,1599297209,12,NULL,NULL,0),
(873,1,8,"S.Albumin","L489",NULL,0,0,7000,7000,1,0,1,1599638050,12,NULL,NULL,0),
(874,1,8,"Albumin in Urine (24 hour)","L490",NULL,0,0,10000,10000,1,0,1,1599638120,12,NULL,NULL,0),
(877,1,8,"Anti Mullerian Hormone(AMH)","L491",NULL,0,0,60000,60000,1,0,1,1599638050,12,NULL,NULL,0),
(878,1,8,"AMH(Anti Mullerian Hormone)","L492",NULL,0,0,55000,55000,1,0,1,1599638050,12,NULL,NULL,0),
(879,1,8,"ANA","L493",NULL,0,0,25000,25000,1,0,1,1599638050,12,NULL,NULL,0),
(880,1,8,"Anti CCP","L494",NULL,0,0,25000,25000,1,0,1,1599638050,12,NULL,NULL,0),
(881,1,8,"Anti Centromer ","L495",NULL,0,0,60000,60000,1,0,1,1599638050,12,NULL,NULL,0),
(882,1,8,"Anti HAV total","L496",NULL,0,0,25000,25000,1,0,1,1599638050,12,NULL,NULL,0),
(883,1,8,"HBS Ab","L497",NULL,0,0,10000,10000,1,0,1,1599638050,12,NULL,NULL,0),
(884,1,8,"HCV Ab","L498",NULL,0,0,15000,15000,1,0,1,1599638050,12,NULL,NULL,0),
(885,1,8,"B.Urea","L499",NULL,0,0,6000,6000,1,0,1,1599638050,12,NULL,NULL,0),
(886,1,8,"Chloride(Cl-)","L500",NULL,0,0,6000,6000,1,0,1,1599638050,12,NULL,NULL,0),
(887,1,8,"H.Pylori in stool","L501",NULL,0,0,15000,15000,1,0,1,1599638050,12,NULL,NULL,0),
(888,1,8,"Anti H.Pylori Ab-IgA","L502",NULL,0,0,20000,20000,1,0,1,1599638050,12,NULL,NULL,0),
(889,1,8,"Anti H.Pylori Ab-IgG","L503",NULL,0,0,20000,20000,1,0,1,1599638050,12,NULL,NULL,0),
(890,1,8,"Anti H.Pylori Ab-IgM","L504",NULL,0,0,20000,20000,1,0,1,1599638050,12,NULL,NULL,0),
(891,1,8,"HbA1c","L505",NULL,0,0,12000,12000,1,0,1,1599638050,12,NULL,NULL,0),
(892,1,8,"HBss Ab titter","L506",NULL,0,0,15000,15000,1,0,1,1599638050,12,NULL,NULL,0),
(893,1,8,"HBs Ag","L507",NULL,0,0,10000,10000,1,0,1,1599638050,12,NULL,NULL,0),
(894,1,8,"HIV Combi","L508",NULL,0,0,12000,12000,1,0,1,1599638050,12,NULL,NULL,0),
(895,1,8,"Serum IgE","L509",NULL,0,0,20000,20000,1,0,1,1599638050,12,NULL,NULL,0),
(896,1,8,"Ca++ (Ionized Calcium)","L510",NULL,0,0,6000,6000,1,0,1,1599638050,12,NULL,NULL,0),
(897,1,8,"Parathyroid hormone","L511",NULL,0,0,0,0,1,0,1,1599638050,12,NULL,NULL,0),
(898,1,8,"Potassium(K+)","L512",NULL,0,0,6000,6000,1,0,1,1599638050,12,NULL,NULL,0),
(899,1,8,"T.PSA","L513",NULL,0,0,15000,15000,1,0,1,1599638050,12,NULL,NULL,0),
(900,1,8,"Glucose","L514",NULL,0,0,6000,6000,1,0,1,1599638050,12,NULL,NULL,0),
(901,1,8,"Cholestrole Total","L515",NULL,0,0,6000,6000,1,0,1,1599638050,12,NULL,NULL,0),
(902,1,8,"S.Creatinine","L516",NULL,0,0,6000,6000,1,0,1,1599638050,12,NULL,NULL,0),
(903,1,8,"S. Zinc","L517",NULL,0,0,15000,15000,1,0,1,1599638050,12,NULL,NULL,0),
(904,1,8,"AST (GOT)","L518",NULL,0,0,7000,7000,1,0,1,1599638050,12,NULL,NULL,0),
(905,1,8,"ALT (GPT)","L519",NULL,0,0,7000,7000,1,0,1,1599638050,12,NULL,NULL,0),
(906,1,8,"Sodium(Na+)","L520",NULL,0,0,6000,6000,1,0,1,1599638050,12,NULL,NULL,0),
(907,1,8,"Urine Culture and Sensitivity","L521",NULL,0,0,30000,30000,1,0,1,1599638050,12,1608461085,12,0),
(908,1,8,"Vitamin B12","L522",NULL,0,0,20000,20000,1,0,1,1599638050,12,NULL,NULL,0),
(909,1,8,"Vitamin D3","L523",NULL,0,0,25000,25000,1,0,1,1599638050,12,NULL,NULL,0),
(910,1,8,"Lipid Profi","L524",NULL,0,0,24000,24000,1,0,1,1599638050,12,1600349076,12,0),
(911,1,8,"LFT","L525",NULL,0,0,27000,27000,1,0,1,1599638050,12,1600348900,12,0),
(912,1,8,"RFT ","L526",NULL,0,0,12000,12000,1,0,1,1599638050,12,1600256425,12,0),
(913,1,8,"Total Calcium","L527",NULL,0,0,6000,6000,1,0,1,1599638050,12,NULL,NULL,0),
(914,1,8,"S.Electrolytes","L528",NULL,0,0,24000,24000,1,0,1,1599638050,12,1600342034,12,0),
(915,1,8,"Viral Screen","L529",NULL,0,0,37000,37000,1,0,1,1599638050,12,1600248566,12,0),
(916,1,8,"Bilirubin Total","L530",NULL,0,0,7000,7000,1,0,1,1599638050,12,NULL,NULL,0),
(917,1,8,"Protein Total","L531",NULL,0,0,7000,7000,1,0,1,1599638050,12,NULL,NULL,0),
(918,1,8,"Globulin Serum","L532",NULL,0,0,0,0,1,0,1,1599638050,12,NULL,NULL,0),
(919,1,8,"Cardiac Enzymes ","L533",NULL,0,0,32000,32000,1,0,1,1599638050,12,1600341976,12,0),
(920,1,8,"Biopsy Small Size ","L534",NULL,0,0,60000,60000,1,0,1,1599638050,12,NULL,NULL,0),
(921,1,8,"Wound Swab","L535",NULL,0,0,35000,35000,1,0,1,1599638050,12,NULL,NULL,0),
(922,1,8,"Cross match","L536",NULL,0,0,10000,10000,1,0,1,1599638050,12,NULL,NULL,0),
(923,1,8,"Carbamazepine","L537",NULL,0,0,45000,45000,1,0,1,1599638050,12,1600608725,12,0),
(924,1,8,"Anti-Valporic Acid","L538",NULL,0,0,45000,45000,1,0,1,1599638050,12,NULL,NULL,0),
(925,1,8,"Hct","L539",NULL,0,0,5000,5000,1,0,1,1599638050,12,NULL,NULL,0),
(926,1,8,"Widal Test - Titer","L540",NULL,0,0,10000,10000,1,0,1,1599638050,12,NULL,NULL,0),
(927,1,8,"Salmonella Typhi O","L541",NULL,0,0,0,0,1,0,1,1599638050,12,NULL,NULL,0),
(928,1,8,"Salmonella Typhi H","L542",NULL,0,0,0,0,1,0,1,1599638050,12,NULL,NULL,0),
(929,1,8,"Salmonella Paratyphi AO","L543",NULL,0,0,0,0,1,0,1,1599638050,12,NULL,NULL,0),
(930,1,8,"Salmonella Paratyphi BO","L544",NULL,0,0,0,0,1,0,1,1599638050,12,NULL,NULL,0),
(931,1,8,"Salmonella Paratyphi AH","L545",NULL,0,0,0,0,1,0,1,1599638050,12,NULL,NULL,0),
(932,1,8,"Salmonella Paratyphi BH","L546",NULL,0,0,0,0,1,0,1,1599638050,12,NULL,NULL,0),
(933,1,8,"PCV","L547",NULL,0,0,5000,5000,1,0,1,1599638050,12,NULL,NULL,0),
(934,1,8,"Coagulation test ","L548",NULL,0,0,25000,25000,1,0,1,1599638050,12,1600075460,12,0),
(935,1,8,"Biopsy large size ","L549",NULL,0,0,120000,120000,1,0,1,1599638050,12,NULL,NULL,0),
(936,1,8,"SFA","L550",NULL,0,0,25000,25000,1,0,1,1599638050,12,NULL,NULL,0),
(937,1,8,"Urine Sodium","L551",NULL,0,0,10000,10000,1,0,1,1599638050,12,NULL,NULL,0),
(938,1,8,"Urine Potassium","L552",NULL,0,0,10000,10000,1,0,1,1599638050,12,NULL,NULL,0),
(939,1,8,"Urine Chloride ","L553",NULL,0,0,10000,10000,1,0,1,1599638050,12,NULL,NULL,0),
(940,1,8,"Random Urine Electrolytes","L554",NULL,0,0,0,0,1,0,1,1599638050,12,NULL,NULL,0),
(941,1,8,"Anti RNP ","L555",NULL,0,0,0,0,1,0,1,1599638050,12,NULL,NULL,0),
(942,2,16,"X-RAY portable COVID","X-RAY portable",NULL,0,0,70000,70000,1,0,1,1599740718,12,1609676650,12,0),
(945,6,19,"Lumber Puncture COVID(procedure)","Lumber COVID(procedure)",NULL,0,0,120000,120000,1,0,1,1600168830,12,NULL,NULL,0),
(946,1,8,"Covid 19 - IgG","LIgg",NULL,0,0,25000,25000,1,0,1,1600243080,12,1600779237,12,0),
(947,1,8,"Covid 19 - IgM","LIgm",NULL,0,0,25000,25000,1,0,1,1600243109,12,1600779251,12,0),
(948,1,8,"Sputum Culture / Sensitivity","LSCS",NULL,0,0,60000,60000,1,0,1,1600507883,12,1608461115,12,0),
(949,2,17,"US N&F","USNF",NULL,0,0,50000,50000,1,0,1,1600585928,12,1600597760,12,0),
(950,2,17,"Doppler One Side N&F","DONF",NULL,0,0,75000,75000,1,0,1,1600586019,12,NULL,NULL,0),
(951,2,17,"Doppler Both Side N&F","DBNF",NULL,0,0,150000,150000,1,0,1,1600586087,12,NULL,NULL,0),
(952,2,14,"Thigh MRI","TMRI",NULL,0,0,120000,120000,1,0,1,1600586127,12,NULL,NULL,0),
(953,2,15,"Thigh CT Scan","TCT",NULL,0,0,70000,70000,1,0,1,1600586163,12,NULL,NULL,0),
(955,0,13,"Room Ward 4","RW4",NULL,0,0,120000,120000,1,0,1,1600592268,12,NULL,NULL,0),
(956,0,13,"Doctor Visit Ward4",NULL,NULL,0,0,50000,50000,1,0,1,1600592361,12,NULL,NULL,0),
(957,0,0,"Mabola urine ","Mabola (U)",NULL,0,0,3000,3000,1,0,1,1600610253,12,NULL,NULL,0),
(958,0,19,"Mabola urine ","Mabola (U)",NULL,0,0,3000,3000,1,0,1,1600610309,12,NULL,NULL,0),
(959,6,13,"Arterial line ","Art(line)",NULL,0,0,50000,50000,1,0,1,1600760791,12,NULL,NULL,0),
(960,0,0,"Anesthesia circuit tube","Anes CT",NULL,0,0,12000,12000,1,0,1,1600760914,12,NULL,NULL,0),
(961,0,0,"Anesthesia circuit tube","Anes CT",NULL,0,0,12000,12000,1,0,1,1600760977,12,NULL,NULL,0),
(962,0,13,"Paracetamol","paracetamol",NULL,0,0,1000,1000,1,0,1,1600761109,12,NULL,NULL,0),
(963,0,19,"Folly catheter size","Folly cath",NULL,0,0,1500,1500,1,0,1,1600761351,12,NULL,NULL,0),
(964,0,13,"Infusion set","Infusion set",NULL,0,0,500,500,1,0,1,1600761450,12,NULL,NULL,0),
(965,0,13,"sodiumBicarb",NULL,NULL,0,0,3000,3000,1,0,1,1600761512,12,NULL,NULL,0),
(966,0,13,"Three way",NULL,NULL,0,0,1000,1000,1,0,1,1600763365,12,1608017454,12,0),
(967,0,13,"Chest tube",NULL,NULL,0,0,11000,11000,1,0,1,1600763489,12,NULL,NULL,0),
(968,0,13,"Micro-dropper",NULL,NULL,0,0,2000,2000,1,0,1,1600763558,12,NULL,NULL,0),
(969,0,13,"N-G tube size",NULL,NULL,0,0,500,500,1,0,1,1600763615,12,NULL,NULL,0),
(970,0,13,"Trachyastomy",NULL,NULL,0,0,15000,15000,1,0,1,1600763838,12,NULL,NULL,0),
(971,0,13,"Morphin",NULL,NULL,0,0,15000,15000,1,0,1,1600764462,12,NULL,NULL,0),
(972,0,13,"allarmine",NULL,NULL,0,0,1000,1000,1,0,1,1600764549,12,NULL,NULL,0),
(973,0,13,"Aminophylline",NULL,NULL,0,0,2000,2000,1,0,1,1600764679,12,NULL,NULL,0),
(974,0,13,"Atracurim",NULL,NULL,0,0,4500,4500,1,0,1,1600765987,12,NULL,NULL,0),
(975,0,13,"Atropine",NULL,NULL,0,0,2000,2000,1,0,1,1600766218,12,NULL,NULL,0),
(976,0,13,"Calcium gluconate",NULL,NULL,0,0,2500,2500,1,0,1,1600766926,12,NULL,NULL,0),
(977,0,13,"Cordaron",NULL,NULL,0,0,7000,7000,1,0,1,1600767005,12,NULL,NULL,0),
(978,0,13,"Cyclocapron",NULL,NULL,0,0,2000,2000,1,0,1,1600778525,12,NULL,NULL,0),
(979,0,13,"Diazepam",NULL,NULL,0,0,1250,1250,1,0,1,1600778570,12,NULL,NULL,0),
(980,0,13,"Digoxine",NULL,NULL,0,0,3500,3500,1,0,1,1600778613,12,NULL,NULL,0),
(981,0,13,"Decadrone",NULL,NULL,0,0,1000,1000,1,0,1,1600778650,12,NULL,NULL,0),
(982,0,13,"dopamine",NULL,NULL,0,0,3500,3500,1,0,1,1600778694,12,NULL,NULL,0),
(983,0,13,"Dobutamine",NULL,NULL,0,0,14000,14000,1,0,1,1600778737,12,NULL,NULL,0),
(984,0,13,"Esmiron",NULL,NULL,0,0,15000,15000,1,0,1,1600778780,12,NULL,NULL,0),
(985,0,13,"FentanyI",NULL,NULL,0,0,15000,15000,1,0,1,1600778816,12,NULL,NULL,0),
(986,0,13,"Hydrocortisone",NULL,NULL,0,0,3500,3500,1,0,1,1600779486,12,NULL,NULL,0),
(987,0,13,"Isoptin",NULL,NULL,0,0,11000,11000,1,0,1,1600779525,12,NULL,NULL,0),
(988,0,13,"KCL-potasium",NULL,NULL,0,0,3500,3500,1,0,1,1600779590,12,NULL,NULL,0),
(989,0,13,"Ketamen",NULL,NULL,0,0,8000,8000,1,0,1,1600779625,12,NULL,NULL,0),
(990,0,13,"NOSTGMINE AMP",NULL,NULL,0,0,4000,4000,1,0,1,1600779772,12,NULL,NULL,0),
(991,0,13,"Iv control",NULL,NULL,0,0,1500,1500,1,0,1,1600779807,12,NULL,NULL,0),
(992,0,13,"Nitrogiycerin/Angiecid",NULL,NULL,0,0,9000,9000,1,0,1,1600779863,12,NULL,NULL,0),
(993,0,13,"Propofol Amp",NULL,NULL,0,0,10000,10000,1,0,1,1600779913,12,1609678143,12,0),
(994,0,13,"Zantik",NULL,NULL,0,0,1500,1500,1,0,1,1600779943,12,NULL,NULL,0),
(995,0,13,"Ephidrin",NULL,NULL,0,0,5000,5000,1,0,1,1600779976,12,NULL,NULL,0),
(996,0,13,"Fluids",NULL,NULL,0,0,12500,12500,1,0,1,1600780018,12,NULL,NULL,0),
(997,0,13,"Flamizin",NULL,NULL,0,0,12500,12500,1,0,1,1600845464,12,NULL,NULL,0),
(998,0,13,"Pethidne Amp",NULL,NULL,0,0,17000,17000,1,0,1,1600845499,12,NULL,NULL,0),
(999,0,13,"Noradrenaline 4mg",NULL,NULL,0,0,15000,15000,1,0,1,1600845549,12,NULL,NULL,1),
(1000,0,13,"Noadrenaline 8mg",NULL,NULL,0,0,18000,18000,1,0,1,1600845591,12,NULL,NULL,0),
(1001,0,13,"Fentany 2ml",NULL,NULL,0,0,7000,7000,1,0,1,1600845632,12,NULL,NULL,0),
(1002,0,13,"Air way",NULL,NULL,0,0,1250,1250,1,0,1,1600845671,12,NULL,NULL,0),
(1003,0,13,"Blood sugar",NULL,NULL,0,0,3000,3000,1,0,1,1600845700,12,NULL,NULL,0),
(1004,0,13,"Bandge 7.5cm",NULL,NULL,0,0,500,500,1,0,1,1600845731,12,NULL,NULL,0),
(1005,0,13,"Bandge 15cm",NULL,NULL,0,0,1000,1000,1,0,1,1600845758,12,NULL,NULL,0),
(1006,0,13,"E.C.G",NULL,NULL,0,0,10000,10000,1,0,1,1600845787,12,NULL,NULL,0),
(1007,0,13,"ETT size ",NULL,NULL,0,0,1500,1500,1,0,1,1600845823,12,NULL,NULL,0),
(1008,0,13,"Triflo",NULL,NULL,0,0,8000,8000,1,0,1,1600845878,12,NULL,NULL,0),
(1009,0,13,"Hand fix",NULL,NULL,0,0,2000,2000,1,0,1,1600845908,12,NULL,NULL,0),
(1010,0,13,"Tub fix",NULL,NULL,0,0,13000,13000,1,0,1,1600845936,12,NULL,NULL,0),
(1011,0,13,"Scoline",NULL,NULL,0,0,5000,5000,1,0,1,1600845964,12,NULL,NULL,0),
(1012,0,13,"heparine",NULL,NULL,0,0,17000,17000,1,0,1,1600845996,12,NULL,NULL,0),
(1013,0,13,"pentothal",NULL,NULL,0,0,6000,6000,1,0,1,1600846023,12,NULL,NULL,0),
(1014,0,13,"protamine",NULL,NULL,0,0,10000,10000,1,0,1,1600846052,12,NULL,NULL,0),
(1015,0,13,"Dressing",NULL,NULL,0,0,3500,3500,1,0,1,1600846079,12,NULL,NULL,0),
(1016,0,13,"Remifentanil 2mg",NULL,NULL,0,0,30000,0,1,0,1,1600846112,12,1609925740,12,0),
(1017,0,13,"cannula size",NULL,NULL,0,0,500,500,1,0,1,1600846333,12,NULL,NULL,0),
(1018,0,13,"Feeding syringe",NULL,NULL,0,0,1000,1000,1,0,1,1600846374,12,NULL,NULL,0),
(1019,0,13,"Chest tube bottle",NULL,NULL,0,0,10000,10000,1,0,1,1600846413,12,NULL,NULL,0),
(1020,0,13,"Urine bag",NULL,NULL,0,0,500,0,1,0,1,1600846451,12,1608448283,12,0),
(1021,0,13,"Noradrenaline",NULL,NULL,0,0,7000,7000,1,0,1,1600846487,12,NULL,NULL,0),
(1022,0,13,"Syringe 2",NULL,NULL,0,0,500,500,1,0,1,1600846524,12,NULL,NULL,0),
(1023,0,13,"Furos mide/Lasix",NULL,NULL,0,0,2000,2000,1,0,1,1600846568,12,NULL,NULL,0),
(1024,0,13,"Hypertonicglucose",NULL,NULL,0,0,6000,6000,1,0,1,1600846606,12,NULL,NULL,0),
(1025,0,8,"PH (Fluid)","PH",NULL,0,0,5000,5000,1,0,1,1601813061,12,NULL,NULL,0),
(1026,0,8,"Plasma Osmolality",NULL,NULL,0,0,30000,30000,1,0,NULL,1601887753,12,NULL,NULL,0),
(1027,0,17,"U/S Portable","USP",NULL,0,0,50000,50000,1,0,1,1602325045,12,NULL,NULL,0),
(1028,0,17,"Doppler Portable","DP",NULL,0,0,75000,75000,1,0,1,1602325146,12,NULL,NULL,0),
(1029,0,17,"Covid U/S","CU",NULL,0,0,50000,50000,1,0,1,1602325190,12,NULL,NULL,0),
(1030,0,17,"Covid Doppler U/S","CDU",NULL,0,0,75000,75000,1,0,1,1602325229,12,NULL,NULL,0),
(1032,6,19,"LP","LP",NULL,0,0,100000,100000,1,0,1,1602418682,12,NULL,NULL,0),
(1033,0,8,"Interleukin6","IL6",NULL,0,0,70000,70000,1,0,1,1603198376,12,1608460846,12,0),
(1034,0,8,"H.Pylori in Blood","HPiB",NULL,0,0,10000,10000,1,0,1,1603628454,12,NULL,NULL,0),
(1035,0,0,"B type Natriuretic Peptide (BNP)","BNP",NULL,0,0,70000,70000,1,0,1,1603802996,12,NULL,NULL,0),
(1036,0,19,"Hospital Services(LOCAL)","HSL",NULL,0,0,125000,125000,1,0,1,1605420425,12,1605421411,12,0),
(1037,0,20,"Dr. Service (Local)","DSL",NULL,0,0,500000,500000,1,0,1,1605421061,12,NULL,NULL,0),
(1038,0,19,"Hospital Services (صغرى)",NULL,NULL,0,0,125000,125000,1,0,1,1605421232,12,NULL,NULL,0),
(1039,0,19,"Hospital Services (وسطى عادي)","HSWA",NULL,0,0,200000,200000,1,0,1,1605421559,12,NULL,NULL,0),
(1040,0,19,"Hospital Services(وسطى مبيت-١)","HSWM1",NULL,0,0,275000,275000,1,0,1,1605422763,12,NULL,NULL,0),
(1041,0,19,"Hospital Services(كبرى-١)","HSK1",NULL,0,0,300000,300000,1,0,1,1605423123,12,NULL,NULL,0),
(1042,0,19,"Hospital Services(فوق كبرى-١)","HSFK",NULL,0,0,450000,450000,1,0,1,1605423255,12,NULL,NULL,0),
(1043,0,19,"Hospital Services(خاصة-٢)","HSKH2",NULL,0,0,675000,675000,1,0,1,1605423353,12,NULL,NULL,0),
(1044,0,19,"Hospital Services(فوق خاصة-٢)","HSFKH2",NULL,0,0,800000,800000,1,0,1,1605423874,12,NULL,NULL,0),
(1045,0,19,"Services (صغرى)","SL",NULL,0,0,50000,50000,1,0,1,1605424202,12,NULL,NULL,0),
(1046,0,19,"Services (وسطى عادي)","SWA",NULL,0,0,75000,75000,1,0,1,1605424372,12,NULL,NULL,0),
(1047,0,19,"Services (وسطى مبيت-١)","SWM1",NULL,0,0,100000,100000,1,0,1,1605424485,12,NULL,NULL,0),
(1048,0,19,"Services (كبرى-١)","SK1",NULL,0,0,125000,125000,1,0,1,1605424577,12,NULL,NULL,0),
(1049,0,19,"Services (فوق كبرى-١)","SFK1",NULL,0,0,150000,150000,1,0,1,1605424812,12,NULL,NULL,0),
(1050,0,19,"Services (خاصة-٢)","SKH2",NULL,0,0,200000,200000,1,0,1,1605425006,12,NULL,NULL,0),
(1051,0,19,"Services (فوق خاصة-٢)","SFKH2",NULL,0,0,250000,250000,1,0,1,1605425163,12,NULL,NULL,0),
(1052,0,20,"Dr. Service (صغرى)","DSS",NULL,0,0,800000,800000,1,0,1,1605425404,12,NULL,NULL,0),
(1053,0,0,"Dr. Service (وسطى عادي)","DWA",NULL,0,0,950000,950000,1,0,1,1605425507,12,NULL,NULL,0),
(1054,0,20,"Dr. Service (وسطى مبيت-١)","DWM1",NULL,0,0,1050000,1050000,1,0,1,1605425642,12,NULL,NULL,0),
(1055,0,20,"Dr. Service (كبرى-١)","DSK1",NULL,0,0,1225000,1225000,1,0,1,1605425729,12,NULL,NULL,0),
(1056,0,20,"Dr. Service (وسطى عادي)","DWA",NULL,0,0,950000,950000,1,0,1,1605425854,12,NULL,NULL,0),
(1057,0,20,"Dr. Service (فوق كبرى-١)","DSFK1",NULL,0,0,1500000,1500000,1,0,1,1605426026,12,NULL,NULL,0),
(1058,0,20,"Dr. Service (خاصة-٢)","DSX2",NULL,0,0,2000000,2000000,1,0,1,1605426112,12,NULL,NULL,0),
(1059,0,20,"Dr. Service (فوق خاصة-٢)","DSFX",NULL,0,0,2500000,2500000,1,0,1,1605426248,12,NULL,NULL,0),
(1060,0,8,"Labortary service","LABS",NULL,0,0,0,0,1,0,1,1605512321,12,NULL,NULL,0),
(1061,0,9,"Radiology service","RADS",NULL,0,0,0,0,1,0,1,1605512393,12,NULL,NULL,0),
(1062,6,19,"COVID ICU Bed",NULL,NULL,0,0,1500000,1500000,1,0,1,1605513065,12,NULL,NULL,0),
(1063,0,0,"ICU Bed",NULL,NULL,0,0,600000,600000,1,0,1,1605513172,12,NULL,NULL,0),
(1064,0,19,"COVID ICU Room",NULL,NULL,0,0,900000,900000,1,0,1,1605513316,12,NULL,NULL,0),
(1065,0,19,"COVID Dr. Visit",NULL,NULL,0,0,100000,100000,1,0,1,1605513418,12,NULL,NULL,0),
(1066,0,19,"Total Services",NULL,NULL,0,0,0,0,1,0,1,1605615083,12,NULL,NULL,0),
(1067,0,13,"Fluid 100 cc",NULL,NULL,0,0,750,750,1,0,1,1605628622,12,NULL,NULL,0),
(1068,0,13,"Fluids",NULL,NULL,0,0,2000,2000,1,0,1,1605629088,12,NULL,NULL,0),
(1069,0,8,"Glucose Tolerance Test","GTT",NULL,0,0,20000,20000,1,0,1,1606229371,12,NULL,NULL,0),
(1070,0,8,"glucose tolerance test (GTT)","GTT",NULL,0,0,20000,20000,1,0,1,1606392346,12,NULL,NULL,0),
(1071,0,8,"Swab Culture and Sensitivity",NULL,NULL,0,0,30000,30000,1,0,1,1606748827,12,NULL,NULL,0),
(1072,0,8,"Fluid Culture and Sensitivity",NULL,NULL,0,0,30000,30000,1,0,1,1606748870,12,NULL,NULL,0),
(1073,0,13,"set humudifire",NULL,NULL,0,0,60000,60000,1,0,1,1606913108,12,NULL,NULL,0),
(1074,0,13,"RBS",NULL,NULL,0,0,1000,1000,1,0,1,1606913143,12,NULL,NULL,0),
(1075,0,13,"ABG",NULL,NULL,0,0,25000,25000,1,0,1,1606913179,12,NULL,NULL,0),
(1076,0,0,"Bandge",NULL,NULL,0,0,500,500,1,0,1,1606913229,12,NULL,NULL,0),
(1077,0,13,"sterial",NULL,NULL,0,0,1000,1000,1,0,1,1606913256,12,NULL,NULL,0),
(1078,0,13,"gown",NULL,NULL,0,0,2000,0,1,0,1,1606913283,12,1610797525,12,0),
(1079,0,13,"condom catheter",NULL,NULL,0,0,1000,1000,1,0,1,1606913317,12,NULL,NULL,0),
(1080,0,13,"XYLOCANE %2 gel",NULL,NULL,0,0,3000,3000,1,0,1,1606913367,12,NULL,NULL,0),
(1081,0,19,"Kitchen Service",NULL,NULL,0,0,25000,25000,1,0,1,1607757843,12,NULL,NULL,0),
(1082,0,19,"Kitchen Service",NULL,NULL,0,0,25000,25000,1,0,1,1607757975,12,NULL,NULL,1),
(1083,0,0,"ambubag",NULL,NULL,0,0,25000,25000,1,0,1,1607940404,12,NULL,NULL,0),
(1084,0,19,"set suction","yankauer",NULL,0,0,5000,5000,1,0,1,1607940545,12,NULL,NULL,0),
(1085,0,13,"bottle suction",NULL,NULL,0,0,5000,5000,1,0,1,1607940595,12,NULL,NULL,0),
(1086,1,13,"viral filtter",NULL,NULL,0,0,5000,5000,1,0,1,1607940701,12,NULL,NULL,0),
(1087,0,13,"ECG charge",NULL,NULL,0,0,10000,10000,1,0,1,1607940794,12,NULL,NULL,1),
(1088,0,19,"ECG leed",NULL,NULL,0,0,100,100,1,0,1,1607940922,12,NULL,NULL,0),
(1089,0,13,"plaster dressing",NULL,NULL,0,0,0,0,1,0,1,1607940992,12,NULL,NULL,0),
(1090,0,19,"disposable gloves",NULL,NULL,0,0,15000,15000,1,0,1,1608017420,12,NULL,NULL,0),
(1091,0,13,"Flow meter",NULL,NULL,0,0,2000,0,1,0,1,1608017503,12,1608814285,12,0),
(1092,0,13,"disposable gloves",NULL,NULL,0,0,20000,20000,1,0,1,1608019818,12,1608191308,12,0),
(1093,0,13,"non R breathing mask",NULL,NULL,0,0,5000,5000,1,0,1,1608037351,12,1608037367,12,0),
(1094,0,13,"set ventilator",NULL,NULL,0,0,20000,20000,1,0,1,1608037873,12,NULL,NULL,0),
(1095,0,13,"Oxygyn mask",NULL,NULL,0,0,1750,1750,1,0,1,1608190319,12,NULL,NULL,0),
(1096,0,13,"Nasal mask",NULL,NULL,0,0,1750,1750,1,0,1,1608190402,12,NULL,NULL,0),
(1097,0,13,"Nebulization mask",NULL,NULL,0,0,2000,2000,1,0,1,1608190483,12,NULL,NULL,0),
(1098,0,13,"Suction cathetar",NULL,NULL,0,0,750,750,1,0,1,1608190550,12,NULL,NULL,0),
(1099,0,13,"Blood set",NULL,NULL,0,0,1250,1250,1,0,1,1608190618,12,NULL,NULL,0),
(1100,0,13,"IV set",NULL,NULL,0,0,750,750,1,0,1,1608190686,12,NULL,NULL,0),
(1101,0,13,"IV Cannula",NULL,NULL,0,0,750,750,1,0,1,1608190745,12,NULL,NULL,0),
(1102,0,13,"Sterile gloves",NULL,NULL,0,0,17000,17000,1,0,1,1608191134,12,NULL,NULL,0),
(1103,0,13,"N.G tube",NULL,NULL,0,0,750,750,1,0,1,1608192050,12,NULL,NULL,0),
(1104,0,13,"surgical bladers",NULL,NULL,0,0,250,250,1,0,1,1608198285,12,NULL,NULL,0),
(1105,0,13,"connection ventilator",NULL,NULL,0,0,1000,1000,1,0,1,1608379860,12,NULL,NULL,0),
(1106,2,14,"pelvis MRI",NULL,NULL,0,0,100000,100000,1,0,1,1608472910,12,NULL,NULL,0),
(1107,0,8,"Blood Film ",NULL,NULL,0,0,0,0,1,0,1,1608538016,12,NULL,NULL,1),
(1108,0,8,"PCR",NULL,NULL,0,0,90000,90000,1,0,1,1608559496,12,NULL,NULL,0),
(1109,0,13,"Physiotherapy",NULL,NULL,0,0,50000,0,1,0,1,1608722741,12,1608722813,12,0),
(1110,0,15,"Triphasic Ct-scan liver",NULL,NULL,0,0,150000,150000,1,0,1,1609225059,12,NULL,NULL,0),
(1111,0,19,"Fiber catheter",NULL,NULL,0,0,5000,5000,1,0,1,1609320149,12,NULL,NULL,0),
(1112,0,19,"Bed cover",NULL,NULL,0,0,1000,1000,1,0,1,1609401176,12,NULL,NULL,0),
(1113,0,19,"Back slab procedure",NULL,NULL,0,0,15000,15000,1,0,1,1609406162,12,NULL,NULL,0),
(1114,0,19,"Fiber cast 5",NULL,NULL,0,0,10000,10000,1,0,1,1609406190,12,NULL,NULL,0),
(1115,0,19,"Pop procedure",NULL,NULL,0,0,15000,15000,1,0,1,1609406218,12,NULL,NULL,0),
(1116,0,19,"Chest tube procedure",NULL,NULL,0,0,100000,100000,1,0,1,1609406274,12,NULL,NULL,0),
(1117,0,19,"Reservior mask",NULL,NULL,0,0,5000,5000,1,0,1,1609406306,12,NULL,NULL,0),
(1118,0,19,"Gauze swab one",NULL,NULL,0,0,1250,1250,1,0,1,1609406341,12,1610389820,12,0),
(1119,0,19,"Suturing remove per stich",NULL,NULL,0,0,2000,2000,1,0,1,1609406478,12,1611131129,12,0),
(1120,0,19,"Dislocating reduction A",NULL,NULL,0,0,15000,15000,1,0,1,1609406512,12,NULL,NULL,0),
(1121,0,19,"Dislocation reduction B",NULL,NULL,0,0,20000,20000,1,0,1,1609406544,12,NULL,NULL,0),
(1122,0,19,"Dressing bandge small",NULL,NULL,0,0,1000,1000,1,0,1,1609406579,12,NULL,NULL,0),
(1123,0,19,"Dressing bandge medium ",NULL,NULL,0,0,15000,15000,1,0,1,1609406614,12,NULL,NULL,0),
(1124,0,19,"Dressing bandge lrge ",NULL,NULL,0,0,2000,2000,1,0,1,1609406658,12,NULL,NULL,0),
(1125,0,19,"Voltarine amp",NULL,NULL,0,0,1000,1000,1,0,1,1609406698,12,NULL,NULL,0),
(1126,0,19,"Lidocine amp",NULL,NULL,0,0,1000,1000,1,0,1,1609406732,12,NULL,NULL,0),
(1127,0,19,"Thread silk 0.2",NULL,NULL,0,0,1000,1000,1,0,1,1609406773,12,NULL,NULL,0),
(1128,0,19,"Thread silk 0.3",NULL,NULL,0,0,1000,1000,1,0,1,1609406802,12,NULL,NULL,0),
(1129,0,19,"Thread silk 0.4",NULL,NULL,0,0,1000,1000,1,0,1,1609406828,12,NULL,NULL,0),
(1130,0,19,"Thread nylon 0.1",NULL,NULL,0,0,1000,1000,1,0,1,1609406853,12,NULL,NULL,0),
(1131,0,19,"Thread nylon 0.3",NULL,NULL,0,0,1000,1000,1,0,1,1609406899,12,NULL,NULL,0),
(1132,0,19,"Fiber cast 2",NULL,NULL,0,0,5000,5000,1,0,1,1609406971,12,NULL,NULL,0),
(1133,0,19,"Ear wash procedure",NULL,NULL,0,0,5000,5000,1,0,1,1609407006,12,NULL,NULL,0),
(1134,0,19,"Thread nylon 0.2",NULL,NULL,0,0,2000,2000,1,0,1,1609407136,12,NULL,NULL,0),
(1135,0,19,"LP assistant",NULL,NULL,0,0,15000,15000,1,0,1,1609418989,12,NULL,NULL,0),
(1136,0,8,"Offer 2021",NULL,NULL,0,0,0,0,1,0,2,1609672984,12,1611868144,12,0),
(1137,0,13,"Propofol Vial 50ml",NULL,NULL,0,0,20000,20000,1,0,1,1609678130,12,NULL,NULL,0),
(1138,0,13,"Remifentanil 5mg",NULL,NULL,0,0,50000,50000,1,0,1,1609925723,12,NULL,NULL,0),
(1139,0,13,"NICU admission 24hour",NULL,NULL,0,0,240000,240000,1,0,1,1610004729,12,NULL,NULL,0),
(1140,0,13,"Breakfast",NULL,NULL,0,0,5000,5000,1,0,1,1610007936,12,NULL,NULL,0),
(1141,0,13,"Lunch",NULL,NULL,0,0,10000,10000,1,0,1,1610007972,12,NULL,NULL,0),
(1142,0,13,"Dinner",NULL,NULL,0,0,10000,10000,1,0,1,1610008004,12,NULL,NULL,0),
(1143,0,13,"Doctor visit( NICU )",NULL,NULL,0,0,40000,40000,1,0,1,1610017484,12,NULL,NULL,0),
(1144,0,16,"XRAY N&F",NULL,NULL,0,0,30000,30000,1,0,1,1610028104,12,NULL,NULL,0),
(1145,0,16,"XRAY AP-LAT N&F",NULL,NULL,0,0,45000,45000,1,0,1,1610028159,12,NULL,NULL,0),
(1146,0,0,"gauze roll",NULL,NULL,0,0,17000,17000,1,0,1,1610390139,12,NULL,NULL,0),
(1147,0,19,"gauze roll",NULL,NULL,0,0,17000,17000,1,0,1,1610390287,12,NULL,NULL,0),
(1148,0,8,"HOMA-IR",NULL,NULL,0,0,0,0,1,0,1,1610780407,12,1610781123,12,0),
(1149,0,19,"Blood administration(Procedur)",NULL,NULL,0,0,15000,0,1,0,1,1610969629,12,1610970123,12,0),
(1150,0,14,"Pelvis MRI (Dr.marwan)",NULL,NULL,0,0,85000,85000,1,0,1,1611046446,12,NULL,NULL,0),
(1151,0,19,"Suturing C",NULL,NULL,0,0,30000,30000,1,0,1,1611131198,12,NULL,NULL,0),
(1152,0,8,"COVID-19 (IGG)by ELISA",NULL,NULL,0,0,12500,12500,1,0,1,1611133247,12,NULL,NULL,0),
(1153,0,8,"COVID-19 (IGM)by ELISA",NULL,NULL,0,0,12500,12500,1,0,1,1611133305,12,NULL,NULL,0),
(1154,0,19,"Doctor visit (COVID-19-)",NULL,NULL,0,0,100000,100000,1,0,1,1611387724,12,NULL,NULL,0),
(1155,0,14,"MRI Morning Offer","MMO",NULL,0,0,49000,49000,1,0,1,1611951278,12,1611951484,12,0),
(1156,0,15,"CT Morning Offer","CMO",NULL,0,0,49000,49000,1,0,1,1611951362,12,NULL,NULL,0),
(1157,0,9,"Contrast Morning Offer",0,NULL,0,0,40000,40000,1,0,1,1611951423,12,NULL,NULL,0),
(1158,0,19,"Homecare A","HCA",NULL,0,0,15000,15000,1,0,1,1612338045,12,NULL,NULL,0),
(1159,0,19,"Homecare B","HCBS",NULL,0,0,30000,30000,1,0,1,1612338083,12,NULL,NULL,0),
(1160,0,19,"Homecare C","HCCS",NULL,0,0,50000,50000,1,0,1,1612338115,12,NULL,NULL,0),
(1161,0,19,"Homecare D","HCSD",NULL,0,0,100000,100000,1,0,1,1612338687,12,NULL,NULL,0),
(1162,0,19,"Operation Dr. Fee","ODF",NULL,0,0,0,0,1,0,1,1612344918,12,NULL,NULL,0),
(1163,0,19,"Cannula plaster",NULL,NULL,0,0,250,250,1,0,1,1612596390,12,NULL,NULL,0),
(1164,0,8,"Testttt",7,NULL,0,0,5000,5000,1,0,1,1612702250,12,NULL,NULL,0);


