DROP TABLE restaurant_company;

CREATE TABLE `restaurant_company` (
  `CompanyId` int(11) NOT NULL AUTO_INCREMENT,
  `Name` varchar(500) NOT NULL,
  `CreateDate` datetime NOT NULL,
  `ModificationDate` datetime DEFAULT NULL,
  `Deleted` tinyint(4) NOT NULL DEFAULT 0,
  `Notes` longtext DEFAULT NULL,
  `CreatedByUserId` int(20) NOT NULL,
  `ModifiedByUserId` int(20) DEFAULT NULL,
  PRIMARY KEY (`CompanyId`)
) ENGINE=InnoDB AUTO_INCREMENT=2 DEFAULT CHARSET=utf8;

INSERT INTO restaurant_company VALUES
(1,"Arzheen Hospital","2020-07-18 00:00:00",NULL,0,NULL,12,NULL);


DROP TABLE restaurant_employee_credit_meal_counts;

CREATE TABLE `restaurant_employee_credit_meal_counts` (
  `CreditMealCountId` int(11) NOT NULL AUTO_INCREMENT,
  `CreditId` int(11) NOT NULL,
  `MealId` int(11) NOT NULL,
  `PerMealCount` int(5) DEFAULT NULL,
  `MonthlyMealLimit` int(5) DEFAULT NULL,
  `Deleted` tinyint(1) NOT NULL DEFAULT 0,
  `CreateDate` datetime NOT NULL,
  `CreatedByUserId` int(11) NOT NULL,
  `ModificationDate` datetime DEFAULT NULL,
  `ModifiedByUserId` int(11) DEFAULT NULL,
  PRIMARY KEY (`CreditMealCountId`)
) ENGINE=InnoDB DEFAULT CHARSET=utf8;

DROP TABLE restaurant_employee_crediting_details;

CREATE TABLE `restaurant_employee_crediting_details` (
  `CreditingDetailId` int(11) NOT NULL AUTO_INCREMENT,
  `CreditId` int(11) NOT NULL,
  `Emp_Id` int(11) NOT NULL,
  `Deleted` tinyint(1) NOT NULL DEFAULT 0,
  `CreateDate` datetime NOT NULL,
  `CreatedByUserId` int(11) NOT NULL,
  `ModificationDate` datetime DEFAULT NULL,
  `ModifiedByUserId` int(11) DEFAULT NULL,
  PRIMARY KEY (`CreditingDetailId`)
) ENGINE=InnoDB DEFAULT CHARSET=utf8;

DROP TABLE restaurant_employee_credits;

CREATE TABLE `restaurant_employee_credits` (
  `CreditId` int(11) NOT NULL AUTO_INCREMENT,
  `Name` varchar(250) NOT NULL,
  `CreditingDate` date NOT NULL,
  `CreditingStartDate` date NOT NULL,
  `CreditingEndDate` date NOT NULL,
  `ProgramId` int(11) NOT NULL,
  `TerminalId` int(11) NOT NULL,
  `CreditingOption` enum('1','2','3','4') NOT NULL COMMENT '1:Meal,2:Credit,3:Free,4:Paid',
  `PerMealCount` int(5) DEFAULT NULL,
  `MonthlyMealLimit` int(5) DEFAULT NULL,
  `Credits` int(5) DEFAULT NULL,
  `CreditingApplicationDate` date DEFAULT NULL,
  `Deleted` tinyint(1) NOT NULL DEFAULT 0,
  `CreateDate` datetime NOT NULL,
  `CreatedByUserId` int(11) NOT NULL,
  `ModificationDate` datetime DEFAULT NULL,
  `ModifiedByUserId` int(11) DEFAULT NULL,
  PRIMARY KEY (`CreditId`)
) ENGINE=InnoDB DEFAULT CHARSET=utf8;

DROP TABLE restaurant_meals;

CREATE TABLE `restaurant_meals` (
  `MealId` int(10) NOT NULL AUTO_INCREMENT,
  `MealName` varchar(250) NOT NULL,
  `MealPrice` decimal(10,0) NOT NULL,
  `CurrencyId` bigint(20) NOT NULL,
  `CreateDate` datetime NOT NULL,
  `CreatedByUserId` int(11) NOT NULL,
  `ModificationDate` datetime DEFAULT NULL,
  `ModifiedByUserId` int(11) DEFAULT NULL,
  `Deleted` tinyint(4) NOT NULL DEFAULT 0,
  PRIMARY KEY (`MealId`)
) ENGINE=InnoDB DEFAULT CHARSET=utf8;

DROP TABLE restaurant_program_detail;

CREATE TABLE `restaurant_program_detail` (
  `ProgramDetailId` int(10) NOT NULL AUTO_INCREMENT,
  `ProgramId` int(11) NOT NULL,
  `ProgramName` varchar(250) NOT NULL,
  `TerminalId` int(10) NOT NULL,
  `MealId` int(11) NOT NULL,
  `Sat_In` time NOT NULL,
  `Sat_Out` time NOT NULL,
  `Sun_In` time NOT NULL,
  `Sun_Out` time NOT NULL,
  `Mon_In` time NOT NULL,
  `Mon_Out` time NOT NULL,
  `Tue_In` time NOT NULL,
  `Tue_Out` time NOT NULL,
  `Wed_In` time NOT NULL,
  `Wed_Out` time NOT NULL,
  `Thu_In` time NOT NULL,
  `Thu_Out` time NOT NULL,
  `Fri_In` time NOT NULL,
  `Fri_Out` time NOT NULL,
  `Price` decimal(10,0) DEFAULT NULL,
  `MealRightCount` int(5) DEFAULT NULL,
  `Deleted` tinyint(4) NOT NULL DEFAULT 0,
  `CreatedByUserId` int(11) NOT NULL,
  `CreateDate` datetime DEFAULT NULL,
  `ModifiedByUserId` int(11) DEFAULT NULL,
  `ModificationDate` datetime DEFAULT NULL,
  PRIMARY KEY (`ProgramDetailId`)
) ENGINE=InnoDB DEFAULT CHARSET=utf8;

DROP TABLE restaurant_programs;

CREATE TABLE `restaurant_programs` (
  `ProgramId` int(10) NOT NULL AUTO_INCREMENT,
  `ProgramName` varchar(250) NOT NULL,
  `TerminalId` int(10) NOT NULL,
  `Deleted` tinyint(4) NOT NULL DEFAULT 0,
  `CreatedByUserId` int(11) NOT NULL,
  `CreateDate` datetime DEFAULT NULL,
  `ModifiedByUserId` int(11) DEFAULT NULL,
  `ModificationDate` datetime DEFAULT NULL,
  PRIMARY KEY (`ProgramId`)
) ENGINE=InnoDB DEFAULT CHARSET=utf8;

DROP TABLE restaurant_sections;

CREATE TABLE `restaurant_sections` (
  `SectionId` int(11) NOT NULL AUTO_INCREMENT,
  `Name` varchar(500) NOT NULL,
  `CreateDate` datetime NOT NULL,
  `ModificationDate` datetime DEFAULT NULL,
  `Deleted` tinyint(4) NOT NULL DEFAULT 0,
  `Notes` longtext DEFAULT NULL,
  `CreatedByUserId` int(20) NOT NULL,
  `ModifiedByUserId` int(20) DEFAULT NULL,
  PRIMARY KEY (`SectionId`)
) ENGINE=InnoDB AUTO_INCREMENT=2 DEFAULT CHARSET=utf8;

INSERT INTO restaurant_sections VALUES
(1,"Main","2020-07-18 15:12:35",NULL,0,NULL,12,NULL);


DROP TABLE restaurant_transactions;

CREATE TABLE `restaurant_transactions` (
  `TransactionId` int(10) NOT NULL AUTO_INCREMENT,
  `EmployeeId` int(10) NOT NULL,
  `TransactionDate` date NOT NULL,
  `TransactionTime` time NOT NULL,
  `Status` enum('0','1') NOT NULL DEFAULT '0' COMMENT '0 for given 1 for not given',
  `MealId` int(10) DEFAULT NULL,
  `TerminalId` int(10) DEFAULT NULL,
  `ProgramId` int(10) DEFAULT NULL,
  `CardNo` int(20) DEFAULT NULL,
  `Price` decimal(10,0) DEFAULT NULL,
  `CurrencyId` int(11) DEFAULT NULL,
  `Credit` int(11) DEFAULT NULL,
  `Notes` longtext DEFAULT NULL,
  PRIMARY KEY (`TransactionId`)
) ENGINE=InnoDB DEFAULT CHARSET=utf8;

DROP TABLE safe_periods;

CREATE TABLE `safe_periods` (
  `id` bigint(20) NOT NULL AUTO_INCREMENT,
  `accountant_id` bigint(20) NOT NULL COMMENT 'user_id who has a cashier or accountant role',
  `section_id` bigint(20) DEFAULT NULL COMMENT 'department id or section id inside any department',
  `safe_id` bigint(20) NOT NULL,
  `opening_date` datetime NOT NULL,
  `closing_date` datetime DEFAULT NULL,
  `status` tinyint(1) DEFAULT 0 COMMENT '0: open, 1:closed, 2:approved',
  `opening_amount` decimal(20,5) DEFAULT 0.00000,
  `opening_amount_usd` decimal(20,5) DEFAULT 0.00000,
  `transaction_totals` decimal(20,5) DEFAULT 0.00000,
  `base_transaction_totals` decimal(20,5) DEFAULT 0.00000,
  `closing_amount` decimal(20,5) DEFAULT 0.00000,
  `closing_amount_usd` decimal(20,5) DEFAULT 0.00000,
  `closing_user_id` bigint(20) DEFAULT NULL,
  `closing_description_id` bigint(20) DEFAULT NULL,
  `closing_description` text DEFAULT NULL,
  `approval_date` date DEFAULT NULL,
  `created` int(11) DEFAULT NULL,
  `created_by` bigint(20) DEFAULT NULL,
  `modified` int(11) DEFAULT NULL,
  `modified_by` bigint(20) DEFAULT NULL,
  `deleted` tinyint(1) NOT NULL DEFAULT 0,
  PRIMARY KEY (`id`)
) ENGINE=InnoDB DEFAULT CHARSET=utf8;

DROP TABLE safe_transactions;

CREATE TABLE `safe_transactions` (
  `id` bigint(20) NOT NULL AUTO_INCREMENT,
  `safe_id` bigint(20) NOT NULL,
  `transfer_safe_id` int(11) DEFAULT NULL COMMENT 'source and destination safe id for transfer safes',
  `transaction_type` tinyint(4) NOT NULL,
  `operation_type` tinyint(4) NOT NULL,
  `accountant_id` bigint(20) NOT NULL,
  `period_id` bigint(20) DEFAULT NULL,
  `period_type` int(11) DEFAULT 1 COMMENT '1: safe, 2: cashier',
  `contact_id` bigint(20) DEFAULT NULL,
  `contact_name` varchar(64) DEFAULT NULL,
  `payment_id` bigint(20) DEFAULT NULL,
  `amount` decimal(20,5) NOT NULL,
  `base_amount` int(11) NOT NULL,
  `currency_id` int(11) NOT NULL,
  `exchange_rate` decimal(20,5) DEFAULT 0.00000,
  `transaction_date` datetime NOT NULL,
  `notes` text DEFAULT NULL,
  `created` int(11) DEFAULT NULL,
  `created_by` bigint(20) DEFAULT NULL,
  `modified` int(11) DEFAULT NULL,
  `modified_by` bigint(20) DEFAULT NULL,
  `deleted` int(11) NOT NULL DEFAULT 0,
  PRIMARY KEY (`id`)
) ENGINE=InnoDB DEFAULT CHARSET=utf8;

DROP TABLE safes;

CREATE TABLE `safes` (
  `SafeId` bigint(20) NOT NULL AUTO_INCREMENT,
  `Code` varchar(500) DEFAULT NULL,
  `Name` varchar(500) CHARACTER SET utf8mb4 DEFAULT NULL,
  `CurrencyId` bigint(20) DEFAULT NULL,
  `AccountId` bigint(20) DEFAULT NULL,
  `Status` tinyint(4) DEFAULT 0 COMMENT '0: not opened, 1:opened',
  `Balance` longtext CHARACTER SET utf8mb4 COLLATE utf8mb4_bin DEFAULT NULL,
  `Deleted` tinyint(1) DEFAULT 0,
  `CreateDate` datetime DEFAULT NULL,
  `ModificationDate` datetime DEFAULT NULL,
  `CreatedByUserId` bigint(20) DEFAULT NULL,
  `ModifiedByUserId` bigint(20) DEFAULT NULL,
  `Notes` longtext CHARACTER SET utf8mb4 DEFAULT NULL,
  PRIMARY KEY (`SafeId`),
  KEY `FK_Safes_Accounts` (`AccountId`),
  KEY `FK_Safes_Currencies` (`CurrencyId`)
) ENGINE=InnoDB AUTO_INCREMENT=15 DEFAULT CHARSET=utf8;

INSERT INTO safes VALUES
(10,"E1","Erbil Safe",1,33,1,"{\"1\":{\"a\":0,\"b\":0,\"s\":\"IQD\"},\"2\":{\"a\":0,\"b\":0,\"s\":\"$\"}}",0,NULL,NULL,NULL,NULL,NULL),
(11,"S2","Safe",1,33,0,NULL,1,NULL,NULL,NULL,NULL,NULL),
(12,"B1","Baghdad Safe",1,33,1,"{\"1\":{\"a\":0,\"b\":0,\"s\":\"IQD\"},\"2\":{\"a\":0,\"b\":0,\"s\":\"$\"}}",0,NULL,NULL,NULL,NULL,NULL),
(13,"S4","Radiology Safe",1,33,1,"{\"1\":{\"a\":0,\"b\":0,\"s\":0,\"IQD\"},\"2\":{\"a\":0,\"b\":0,\"s\":\"$\"}}",1,NULL,NULL,NULL,NULL,NULL),
(14,"S5","Emergency Safe",1,33,1,"{\"1\":{\"a\":0,\"b\":0,\"s\":\"IQD\"},\"2\":{\"a\":0,\"b\":0,\"s\":\"$\"}}",1,NULL,NULL,NULL,NULL,NULL);


DROP TABLE scanner_companies;

CREATE TABLE `scanner_companies` (
  `id` int(11) unsigned NOT NULL AUTO_INCREMENT,
  `name` varchar(250) DEFAULT NULL,
  `created` datetime DEFAULT NULL,
  `createdBy` int(11) DEFAULT NULL,
  `modified` datetime DEFAULT NULL,
  `modifiedBy` int(11) DEFAULT NULL,
  `deleted` tinyint(1) DEFAULT 0,
  PRIMARY KEY (`id`)
) ENGINE=InnoDB AUTO_INCREMENT=4 DEFAULT CHARSET=utf8;

INSERT INTO scanner_companies VALUES
(1,"Kurdistan Region Government","2020-03-04 22:14:22",12,NULL,NULL,0),
(2,"Ster Company","2020-03-04 22:17:39",12,NULL,NULL,0),
(3,"Shad Company","2020-03-04 22:18:04",12,NULL,NULL,0);


DROP TABLE scanner_company_locations;

CREATE TABLE `scanner_company_locations` (
  `id` int(11) unsigned NOT NULL AUTO_INCREMENT,
  `companyId` int(11) DEFAULT NULL,
  `locationId` int(11) DEFAULT NULL,
  `shareAmount` double DEFAULT NULL,
  PRIMARY KEY (`id`)
) ENGINE=InnoDB AUTO_INCREMENT=13 DEFAULT CHARSET=utf8;

INSERT INTO scanner_company_locations VALUES
(1,1,1,20),
(2,1,4,20),
(3,1,2,20),
(4,1,3,20),
(7,2,1,68.5),
(8,2,4,68.5),
(9,2,2,68.5),
(10,2,3,68.5),
(11,3,1,31.5),
(12,3,2,31.5);


DROP TABLE scanner_locations;

CREATE TABLE `scanner_locations` (
  `id` int(11) unsigned NOT NULL AUTO_INCREMENT,
  `name` varchar(250) DEFAULT NULL,
  `prefix` varchar(100) DEFAULT NULL,
  `created` datetime DEFAULT NULL,
  `createdBy` int(11) DEFAULT NULL,
  `modified` datetime DEFAULT NULL,
  `modifiedBy` int(11) DEFAULT NULL,
  `deleted` tinyint(1) DEFAULT 0,
  PRIMARY KEY (`id`)
) ENGINE=InnoDB AUTO_INCREMENT=5 DEFAULT CHARSET=utf8;

INSERT INTO scanner_locations VALUES
(1,"بازگەی خازر","KH","2020-02-08 02:36:34",12,NULL,NULL,0),
(2,"بازگەی شێراوە","SH","2020-02-08 03:37:05",12,NULL,NULL,0),
(3,"بازگەی مەخمور","MK","2020-02-08 15:49:12",12,NULL,NULL,0),
(4,"بازگەی دێگەڵە","DG","2020-02-08 15:49:12",12,NULL,NULL,0);


DROP TABLE scanner_services;

CREATE TABLE `scanner_services` (
  `id` int(11) unsigned NOT NULL AUTO_INCREMENT,
  `name` varchar(250) DEFAULT NULL,
  `price` double NOT NULL,
  `icon` varchar(128) DEFAULT NULL,
  `priority` int(11) NOT NULL DEFAULT 0,
  `weight` varchar(15) DEFAULT NULL,
  `created` datetime DEFAULT NULL,
  `createdBy` int(11) DEFAULT NULL,
  `modified` datetime DEFAULT NULL,
  `modifiedBy` int(11) DEFAULT NULL,
  `deleted` tinyint(1) DEFAULT 0,
  PRIMARY KEY (`id`)
) ENGINE=InnoDB AUTO_INCREMENT=5 DEFAULT CHARSET=utf8;

INSERT INTO scanner_services VALUES
(1,"ئوتومبێڵی تایبەت بەتاڵ",5000,"empty-truck",1,"تایبەت بەتاڵ","2020-02-08 02:37:23",12,"2020-02-11 20:18:11",12,0),
(2,"تانکەر و بارهەڵگری بەتاڵ قەبارەی 3 تەن",10000,"sm-truck",2,"3 تەن بەتاڵ","2020-02-09 02:08:39",12,"2020-02-11 20:18:16",12,0),
(3,"تانکەر و بارهەڵگری بەتاڵ قەبارەی 3 تەن زیاتر",15000,"md-truck",3,"+3 تەن بەتاڵ","2020-02-09 02:08:49",12,"2020-02-11 20:18:07",12,0),
(4,"بارهەڵگر بە پڕکراوی کە لە 3 تەن زیاتر هەڵبگرێت",30000,"lg-truck",4,"+3 تەن","2020-02-09 02:10:26",12,"2020-02-11 20:18:26",12,0);


DROP TABLE scanner_transactions;

CREATE TABLE `scanner_transactions` (
  `id` int(25) unsigned NOT NULL AUTO_INCREMENT,
  `uuid` varchar(36) NOT NULL,
  `driverName` varchar(250) DEFAULT NULL,
  `carPlateNo` varchar(100) DEFAULT NULL,
  `transactionDate` datetime DEFAULT NULL,
  `serviceId` int(11) DEFAULT NULL,
  `serviceAmount` decimal(10,3) DEFAULT NULL,
  `locationId` int(11) DEFAULT NULL,
  `barcode` varchar(250) DEFAULT NULL COMMENT 'you can add location prefix and the id number',
  `isProcessed` tinyint(1) DEFAULT 0 COMMENT 'It means that this car is passed or not to prevent multi use',
  `created` datetime DEFAULT NULL,
  `createdBy` int(11) DEFAULT NULL,
  `modified` datetime DEFAULT NULL,
  `modifiedBy` int(11) DEFAULT NULL,
  `uploaded` tinyint(1) DEFAULT 0,
  `deletedReason` varchar(128) DEFAULT NULL,
  `deleted` tinyint(1) DEFAULT 0,
  PRIMARY KEY (`id`)
) ENGINE=InnoDB DEFAULT CHARSET=utf8;

DROP TABLE scanner_transactions_old;

CREATE TABLE `scanner_transactions_old` (
  `id` int(11) unsigned NOT NULL AUTO_INCREMENT,
  `uuid` varchar(36) NOT NULL,
  `driverName` varchar(250) DEFAULT NULL,
  `carPlateNo` varchar(100) DEFAULT NULL,
  `transactionDate` datetime DEFAULT NULL,
  `serviceId` int(11) DEFAULT NULL,
  `serviceAmount` decimal(10,3) DEFAULT NULL,
  `locationId` int(11) DEFAULT NULL,
  `barcode` varchar(250) DEFAULT NULL COMMENT 'you can add location prefix and the id number',
  `isProcessed` tinyint(1) DEFAULT 0 COMMENT 'It means that this car is passed or not to prevent multi use',
  `created` datetime DEFAULT NULL,
  `createdBy` int(11) DEFAULT NULL,
  `modified` datetime DEFAULT NULL,
  `modifiedBy` int(11) DEFAULT NULL,
  `uploaded` tinyint(1) DEFAULT 0,
  `deletedReason` varchar(128) DEFAULT NULL,
  `deleted` tinyint(1) DEFAULT 0,
  PRIMARY KEY (`id`)
) ENGINE=InnoDB DEFAULT CHARSET=utf8;

DROP TABLE sliter;

CREATE TABLE `sliter` (
  `sliterId` int(11) NOT NULL AUTO_INCREMENT,
  `lotNo` varchar(45) DEFAULT NULL,
  `date` date DEFAULT NULL,
  `price` decimal(10,2) DEFAULT NULL,
  `transId` bigint(20) DEFAULT NULL,
  `itemName` varchar(45) DEFAULT NULL,
  `Deleted` tinyint(1) DEFAULT 0,
  `materialInventory` int(11) DEFAULT 0,
  `sliterInventory` int(11) DEFAULT 0,
  `itemId` int(11) DEFAULT NULL,
  `orderNo` varchar(45) DEFAULT NULL,
  `weight` decimal(10,2) DEFAULT NULL,
  `description` mediumtext DEFAULT NULL,
  PRIMARY KEY (`sliterId`),
  KEY `TransId_idx` (`transId`),
  CONSTRAINT `TransId` FOREIGN KEY (`transId`) REFERENCES `transactions` (`TransactionId`) ON UPDATE CASCADE
) ENGINE=InnoDB DEFAULT CHARSET=utf8;

DROP TABLE sliteritems;

CREATE TABLE `sliteritems` (
  `sliteritemId` int(11) NOT NULL AUTO_INCREMENT,
  `sliterId` int(11) DEFAULT NULL,
  `itemCode` varchar(45) DEFAULT NULL,
  `weight` decimal(10,2) DEFAULT NULL,
  `note` varchar(120) DEFAULT NULL,
  `price` decimal(10,2) DEFAULT NULL,
  PRIMARY KEY (`sliteritemId`),
  KEY `SLITERFK_idx` (`sliterId`),
  CONSTRAINT `SLITERFK` FOREIGN KEY (`sliterId`) REFERENCES `sliter` (`sliterId`) ON DELETE NO ACTION ON UPDATE NO ACTION
) ENGINE=InnoDB DEFAULT CHARSET=utf8;

DROP TABLE sysdiagrams;

CREATE TABLE `sysdiagrams` (
  `name` varchar(160) NOT NULL,
  `principal_id` int(11) NOT NULL,
  `diagram_id` int(11) NOT NULL AUTO_INCREMENT,
  `version` int(11) DEFAULT NULL,
  `definition` longblob DEFAULT NULL,
  PRIMARY KEY (`diagram_id`),
  UNIQUE KEY `UK_principal_name` (`principal_id`,`name`)
) ENGINE=InnoDB DEFAULT CHARSET=utf8;

DROP TABLE system_authorities;

CREATE TABLE `system_authorities` (
  `id` int(11) unsigned NOT NULL AUTO_INCREMENT,
  `code` varchar(2000) NOT NULL DEFAULT '',
  `parent_code` varchar(2000) DEFAULT NULL,
  `name` varchar(2000) DEFAULT NULL,
  `description` text DEFAULT NULL,
  `value_type` tinyint(1) DEFAULT NULL,
  `default_value` varchar(2000) DEFAULT NULL,
  `is_group` tinyint(1) DEFAULT NULL,
  `table_name` varchar(250) DEFAULT NULL,
  `column_name` varchar(250) DEFAULT NULL,
  `column_id` varchar(150) DEFAULT NULL,
  `where` varchar(2000) DEFAULT NULL,
  `form_key` varchar(128) DEFAULT NULL,
  PRIMARY KEY (`id`)
) ENGINE=InnoDB AUTO_INCREMENT=241 DEFAULT CHARSET=utf8;

INSERT INTO system_authorities VALUES
(1,"Authority.Accounting",NULL,"Accounting Authorities","Accounting Authorities",1,"F",1,NULL,NULL,NULL,NULL,"core"),
(2,"Authority.Accounting.Sales","Authority.Accounting","Sales Authorities","Sales Authorities",1,"F",1,NULL,NULL,NULL,NULL,"core"),
(3,"Authority.Accounting.Sales.CanDoDiscount","Authority.Accounting.Sales","Can Do Discount","The user can perform discount action",1,"F",0,NULL,NULL,NULL,NULL,"core"),
(4,"Authority.Accounting.Sales.MaxDiscountAmount","Authority.Accounting.Sales","Max Discount Amount","The user can do max discount amount up to",2,0,0,NULL,NULL,NULL,NULL,"core"),
(5,"Authority.Data",NULL,"Data Authorities","Data Authorities",3,0,1,NULL,NULL,NULL,NULL,"core"),
(6,"Authority.Data.Project","Authority.Data","which projects?","The user can work on which projects?",3,-1,0,"project_projects","Name","ProjectId","Deleted=0","core"),
(7,"Authority.Modals",NULL,"Modal Authorities","Modals Authorities",1,0,1,NULL,NULL,NULL,NULL,"core"),
(9,"Authority.Modals.CanModal","Authority.Modals","categoryForm","categoryForm modal",1,"T",0,NULL,NULL,NULL,NULL,"core"),
(10,"Authority.Modals.CanModal","Authority.Modals","viewItem","viewItem modal",1,"T",0,NULL,NULL,NULL,NULL,"core"),
(11,"Authority.Modals.CanModal","Authority.Modals","manufactureForm","manufactureForm modal",1,"T",0,NULL,NULL,NULL,NULL,"core"),
(12,"Authority.Modals.CanModal","Authority.Modals","countryForm","countryForm modal",1,"T",0,NULL,NULL,NULL,NULL,"core"),
(13,"Authority.Modals.CanModal","Authority.Modals","unitForm","unitForm modal",1,"T",0,NULL,NULL,NULL,NULL,"core"),
(14,"Authority.Modals.CanModal","Authority.Modals","unitTypeForm","unitTypeForm modal",1,"T",0,NULL,NULL,NULL,NULL,"core"),
(15,"Authority.Modals.CanModal","Authority.Modals","viewField","viewField modal",1,"T",0,NULL,NULL,NULL,NULL,"core"),
(16,"Authority.Modals.CanModal","Authority.Modals","newField","newField modal",1,"T",0,NULL,NULL,NULL,NULL,"core"),
(17,"Authority.Modals.CanModal","Authority.Modals","newTemplate","newTemplate modal",1,"T",0,NULL,NULL,NULL,NULL,"core"),
(18,"Authority.Modals.CanModal","Authority.Modals","editTemplate","editTemplate modal",1,"T",0,NULL,NULL,NULL,NULL,"core"),
(19,"Authority.Modals.CanModal","Authority.Modals","assignPayroll","assignPayroll modal",1,"T",0,NULL,NULL,NULL,NULL,"core"),
(20,"Authority.Modals.CanModal","Authority.Modals","viewSalary","viewSalary modal",1,"T",0,NULL,NULL,NULL,NULL,"core"),
(21,"Authority.Modals.CanModal","Authority.Modals","newContact","newContact modal",1,"T",0,NULL,NULL,NULL,NULL,"core"),
(22,"Authority.Modals.CanModal","Authority.Modals","cityForm","cityForm modal",1,"T",0,NULL,NULL,NULL,NULL,"core"),
(23,"Authority.Modals.CanModal","Authority.Modals","townForm","townForm modal",1,"T",0,NULL,NULL,NULL,NULL,"core"),
(24,"Authority.Modals.CanModal","Authority.Modals","editContact","editContact modal",1,"T",0,NULL,NULL,NULL,NULL,"core"),
(25,"Authority.Modals.CanModal","Authority.Modals","newAccount","newAccount modal",1,"T",0,NULL,NULL,NULL,NULL,"core"),
(26,"Authority.Modals.CanModal","Authority.Modals","editAccount","editAccount modal",1,"T",0,NULL,NULL,NULL,NULL,"core"),
(27,"Authority.Modals.CanModal","Authority.Modals","newInventory","newInventory modal",1,"T",0,NULL,NULL,NULL,NULL,"core"),
(28,"Authority.Modals.CanModal","Authority.Modals","editInventory","editInventory modal",1,"T",0,NULL,NULL,NULL,NULL,"core"),
(29,"Authority.Modals.CanModal","Authority.Modals","inventoryItems","inventoryItems modal",1,"T",0,NULL,NULL,NULL,NULL,"core"),
(30,"Authority.Modals.CanModal","Authority.Modals","inventoryExpireItems","inventoryExpireItems modal",1,"T",0,NULL,NULL,NULL,NULL,"core"),
(31,"Authority.Modals.CanModal","Authority.Modals","newBank","newBank modal",1,"T",0,NULL,NULL,NULL,NULL,"core"),
(32,"Authority.Modals.CanModal","Authority.Modals","editBank","editBank modal",1,"T",0,NULL,NULL,NULL,NULL,"core"),
(33,"Authority.Modals.CanModal","Authority.Modals","newSafe","newSafe modal",1,"T",0,NULL,NULL,NULL,NULL,"core"),
(34,"Authority.Modals.CanModal","Authority.Modals","editSafe","editSafe modal",1,"T",0,NULL,NULL,NULL,NULL,"core"),
(35,"Authority.Modals.CanModal","Authority.Modals","newBankAccount","newBankAccount modal",1,"T",0,NULL,NULL,NULL,NULL,"core"),
(36,"Authority.Modals.CanModal","Authority.Modals","editBankAccount","editBankAccount modal",1,"T",0,NULL,NULL,NULL,NULL,"core"),
(37,"Authority.Modals.CanModal","Authority.Modals","newPurchase","newPurchase modal",1,"T",0,NULL,NULL,NULL,NULL,"core"),
(38,"Authority.Modals.CanModal","Authority.Modals","editPurchase","editPurchase modal",1,"T",0,NULL,NULL,NULL,NULL,"core"),
(39,"Authority.Modals.CanModal","Authority.Modals","makePayment","makePayment modal",1,"T",0,NULL,NULL,NULL,NULL,"core"),
(40,"Authority.Modals.CanModal","Authority.Modals","editMakePayment","editMakePayment modal",1,"T",0,NULL,NULL,NULL,NULL,"core"),
(41,"Authority.Modals.CanModal","Authority.Modals","newSale","newSale modal",1,"T",0,NULL,NULL,NULL,NULL,"core"),
(42,"Authority.Modals.CanModal","Authority.Modals","editSale","editSale modal",1,"T",0,NULL,NULL,NULL,NULL,"core"),
(43,"Authority.Modals.CanModal","Authority.Modals","recivePayment","recivePayment modal",1,"T",0,NULL,NULL,NULL,NULL,"core"),
(44,"Authority.Modals.CanModal","Authority.Modals","editRecivePayment","editRecivePayment modal",1,"T",0,NULL,NULL,NULL,NULL,"core"),
(45,"Authority.Modals.CanModal","Authority.Modals","newJornalEntry","newJornalEntry modal",1,"T",0,NULL,NULL,NULL,NULL,"core"),
(46,"Authority.Modals.CanModal","Authority.Modals","editJornalEntry","editJornalEntry modal",1,"T",0,NULL,NULL,NULL,NULL,"core"),
(47,"Authority.Modals.CanModal","Authority.Modals","newInventoryTransfer","newInventoryTransfer modal",1,"T",0,NULL,NULL,NULL,NULL,"core"),
(48,"Authority.Modals.CanModal","Authority.Modals","editInventoryTransfer","editInventoryTransfer modal",1,"T",0,NULL,NULL,NULL,NULL,"core"),
(49,"Authority.Modals.CanModal","Authority.Modals","newExpense","newExpense modal",1,"T",0,NULL,NULL,NULL,NULL,"core"),
(50,"Authority.Modals.CanModal","Authority.Modals","editExpense","editExpense modal",1,"T",0,NULL,NULL,NULL,NULL,"core"),
(51,"Authority.Modals.CanModal","Authority.Modals","newCurrencyRate","newCurrencyRate modal",1,"T",0,NULL,NULL,NULL,NULL,"core"),
(52,"Authority.Modals.CanModal","Authority.Modals","editCurrencyRate","editCurrencyRate modal",1,"T",0,NULL,NULL,NULL,NULL,"core"),
(53,"Authority.Modals.CanModal","Authority.Modals","newPermession","newPermession modal",1,"T",0,NULL,NULL,NULL,NULL,"core"),
(54,"Authority.Modals.CanModal","Authority.Modals","editPermession","editPermession modal",1,"T",0,NULL,NULL,NULL,NULL,"core"),
(55,"Authority.Modals.CanModal","Authority.Modals","newUser","newUser modal",1,"T",0,NULL,NULL,NULL,NULL,"core"),
(56,"Authority.Modals.CanModal","Authority.Modals","editUser","editUser modal",1,"T",0,NULL,NULL,NULL,NULL,"core"),
(57,"Authority.Modals.CanModal","Authority.Modals","newProduction","newProduction modal",1,"T",0,NULL,NULL,NULL,NULL,"core"),
(58,"Authority.Modals.CanModal","Authority.Modals","editProduction","editProduction modal",1,"T",0,NULL,NULL,NULL,NULL,"core"),
(59,"Authority.Modals.CanModal","Authority.Modals","newSliter","newSliter modal",1,"T",0,NULL,NULL,NULL,NULL,"core"),
(60,"Authority.Modals.CanModal","Authority.Modals","editSliter","editSliter modal",1,"T",0,NULL,NULL,NULL,NULL,"core"),
(61,"Authority.Modals.CanModal","Authority.Modals","inventoryAnalysis","inventoryAnalysis modal",1,"T",0,NULL,NULL,NULL,NULL,"core"),
(62,"Authority.Modals.CanModal","Authority.Modals","StartingInventory.php","StartingInventory.php modal",1,"T",0,NULL,NULL,NULL,NULL,"core"),
(63,"Authority.Modals.CanModal","Authority.Modals","newStartingInventory","newStartingInventory modal",1,"T",0,NULL,NULL,NULL,NULL,"core"),
(64,"Authority.Modals.CanModal","Authority.Modals","editStartingInventory","editStartingInventory modal",1,"T",0,NULL,NULL,NULL,NULL,"core"),
(65,"Authority.Modals.CanModal","Authority.Modals","newStartingBalance","newStartingBalance modal",1,"T",0,NULL,NULL,NULL,NULL,"core"),
(66,"Authority.Modals.CanModal","Authority.Modals","newBalance","newBalance modal",1,"T",0,NULL,NULL,NULL,NULL,"core"),
(67,"Authority.Modals.CanModal","Authority.Modals","emergencyContact","emergencyContact modal",1,"T",0,NULL,NULL,NULL,NULL,"core"),
(68,"Authority.Modals.CanModal","Authority.Modals","salaryComponent","salaryComponent modal",1,"T",0,NULL,NULL,NULL,NULL,"core"),
(69,"Authority.Modals.CanModal","Authority.Modals","dependents","dependents modal",1,"T",0,NULL,NULL,NULL,NULL,"core"),
(70,"Authority.Modals.CanModal","Authority.Modals","immigration","immigration modal",1,"T",0,NULL,NULL,NULL,NULL,"core"),
(71,"Authority.Modals.CanModal","Authority.Modals","reportSupervisor","reportSupervisor modal",1,"T",0,NULL,NULL,NULL,NULL,"core"),
(72,"Authority.Modals.CanModal","Authority.Modals","reportSubordinates","reportSubordinates modal",1,"T",0,NULL,NULL,NULL,NULL,"core"),
(73,"Authority.Modals.CanModal","Authority.Modals","qualificationsWork","qualificationsWork modal",1,"T",0,NULL,NULL,NULL,NULL,"core"),
(74,"Authority.Modals.CanModal","Authority.Modals","qualificationsEducation","qualificationsEducation modal",1,"T",0,NULL,NULL,NULL,NULL,"core"),
(75,"Authority.Modals.CanModal","Authority.Modals","qualificationsSkill","qualificationsSkill modal",1,"T",0,NULL,NULL,NULL,NULL,"core"),
(76,"Authority.Modals.CanModal","Authority.Modals","qualificationsLanguage","qualificationsLanguage modal",1,"T",0,NULL,NULL,NULL,NULL,"core"),
(77,"Authority.Modals.CanModal","Authority.Modals","qualificationsLicense","qualificationsLicense modal",1,"T",0,NULL,NULL,NULL,NULL,"core"),
(78,"Authority.Modals.CanModal","Authority.Modals","membership","membership modal",1,"T",0,NULL,NULL,NULL,NULL,"core"),
(79,"Authority.Modals.CanModal","Authority.Modals","newLeaveType","newLeaveType modal",1,"T",0,NULL,NULL,NULL,NULL,"core"),
(80,"Authority.Modals.CanModal","Authority.Modals","holiday","holiday modal",1,"T",0,NULL,NULL,NULL,NULL,"core"),
(81,"Authority.Modals.CanModal","Authority.Modals","EmployeeEntitlement","EmployeeEntitlement modal",1,"T",0,NULL,NULL,NULL,NULL,"core"),
(82,"Authority.Modals.CanModal","Authority.Modals","MultipleEntitlement","MultipleEntitlement modal",1,"T",0,NULL,NULL,NULL,NULL,"core"),
(83,"Authority.Modals.CanModal","Authority.Modals","newVacancy","newVacancy modal",1,"T",0,NULL,NULL,NULL,NULL,"core"),
(84,"Authority.Modals.CanModal","Authority.Modals","newCandidate","newCandidate modal",1,"T",0,NULL,NULL,NULL,NULL,"core"),
(85,"Authority.Modals.CanModal","Authority.Modals","generateAttendanceLogs","generateAttendanceLogs modal",1,"T",0,NULL,NULL,NULL,NULL,"core"),
(86,"Authority.Modals.CanModal","Authority.Modals","in/outlogs","in/outlogs modal",1,"T",0,NULL,NULL,NULL,NULL,"core"),
(87,"Authority.Modals.CanModal","Authority.Modals","newLocation","newLocation modal",1,"T",0,NULL,NULL,NULL,NULL,"core"),
(88,"Authority.Modals.CanModal","Authority.Modals","editLocation","editLocation modal",1,"T",0,NULL,NULL,NULL,NULL,"core"),
(89,"Authority.Modals.CanModal","Authority.Modals","newCompany","newCompany modal",1,"T",0,NULL,NULL,NULL,NULL,"core"),
(90,"Authority.Modals.CanModal","Authority.Modals","editCompany","editCompany modal",1,"T",0,NULL,NULL,NULL,NULL,"core"),
(91,"Authority.Modals.CanModal","Authority.Modals","newDepartment","newDepartment modal",1,"T",0,NULL,NULL,NULL,NULL,"core"),
(92,"Authority.Modals.CanModal","Authority.Modals","editDepartment","editDepartment modal",1,"T",0,NULL,NULL,NULL,NULL,"core"),
(93,"Authority.Modals.CanModal","Authority.Modals","newSection","newSection modal",1,"T",0,NULL,NULL,NULL,NULL,"core"),
(94,"Authority.Modals.CanModal","Authority.Modals","editSection","editSection modal",1,"T",0,NULL,NULL,NULL,NULL,"core"),
(95,"Authority.Modals.CanModal","Authority.Modals","newhrdepartment","newhrdepartment modal",1,"T",0,NULL,NULL,NULL,NULL,"core"),
(96,"Authority.Modals.CanModal","Authority.Modals","newMeal","newMeal modal",1,"T",0,NULL,NULL,NULL,NULL,"core"),
(97,"Authority.Modals.CanModal","Authority.Modals","editMeal","editMeal modal",1,"T",0,NULL,NULL,NULL,NULL,"core"),
(98,"Authority.Modals.CanModal","Authority.Modals","newShift","newShift modal",1,"T",0,NULL,NULL,NULL,NULL,"core"),
(99,"Authority.Modals.CanModal","Authority.Modals","newProgram","newProgram modal",1,"T",0,NULL,NULL,NULL,NULL,"core"),
(100,"Authority.Modals.CanModal","Authority.Modals","editProgram","editProgram modal",1,"T",0,NULL,NULL,NULL,NULL,"core"),
(101,"Authority.Modals.CanModal","Authority.Modals","newCrediting","newCrediting modal",1,"T",0,NULL,NULL,NULL,NULL,"core"),
(102,"Authority.Modals.CanModal","Authority.Modals","editCrediting","editCrediting modal",1,"T",0,NULL,NULL,NULL,NULL,"core"),
(103,"Authority.Modals.CanModal","Authority.Modals","newClinicVisit","newClinicVisit modal",1,"T",0,NULL,NULL,NULL,NULL,"core"),
(104,"Authority.Modals.CanModal","Authority.Modals","editClinicVisit","editClinicVisit modal",1,"T",0,NULL,NULL,NULL,NULL,"core"),
(105,"Authority.Modals.CanModal","Authority.Modals","newProjectDonor","newProjectDonor modal",1,"T",0,NULL,NULL,NULL,NULL,"core"),
(106,"Authority.Modals.CanModal","Authority.Modals","editProjectDonor","editProjectDonor modal",1,"T",0,NULL,NULL,NULL,NULL,"core"),
(107,"Authority.Modals.CanModal","Authority.Modals","newProject","newProject modal",1,"T",0,NULL,NULL,NULL,NULL,"core"),
(108,"Authority.Modals.CanModal","Authority.Modals","editProject","editProject modal",1,"T",0,NULL,NULL,NULL,NULL,"core"),
(109,"Authority.Modals.CanModal","Authority.Modals","newEmployeeProject","newEmployeeProject modal",1,"T",0,NULL,NULL,NULL,NULL,"core"),
(110,"Authority.Modals.CanModal","Authority.Modals","editEmployeeProject","editEmployeeProject modal",1,"T",0,NULL,NULL,NULL,NULL,"core"),
(111,"Authority.Modals.CanModal","Authority.Modals","newInventoryAdjustment","newInventoryAdjustment modal",1,"T",0,NULL,NULL,NULL,NULL,"core"),
(112,"Authority.Modals.CanModal","Authority.Modals","editInventoryAdjustment","editInventoryAdjustment modal",1,"T",0,NULL,NULL,NULL,NULL,"core"),
(113,"Authority.Modals.CanModal","Authority.Modals","newContactBalance","newContactBalance modal",1,"T",0,NULL,NULL,NULL,NULL,"core"),
(114,"Authority.Modals.CanModal","Authority.Modals","viewContactBalance","viewContactBalance modal",1,"T",0,NULL,NULL,NULL,NULL,"core"),
(115,"Authority.Modals.CanModal","Authority.Modals","editAdvancedPayment","editAdvancedPayment modal",1,"T",0,NULL,NULL,NULL,NULL,"core"),
(116,"Authority.Modals.CanModal","Authority.Modals","applyPaymentToSale","applyPaymentToSale modal",1,"T",0,NULL,NULL,NULL,NULL,"core"),
(117,"Authority.Modals.CanModal","Authority.Modals","applyPaymentToPurchase","applyPaymentToPurchase modal",1,"T",0,NULL,NULL,NULL,NULL,"core"),
(118,"Authority.Modals.CanModal","Authority.Modals","newHrJobResponsibility","newHrJobResponsibility modal",1,"T",0,NULL,NULL,NULL,NULL,"core"),
(119,"Authority.Modals.CanModal","Authority.Modals","newProjectPaymentVoucher","newProjectPaymentVoucher modal",1,"T",0,NULL,NULL,NULL,NULL,"core"),
(120,"Authority.Modals.CanModal","Authority.Modals","editProjectPaymentVoucher","editProjectPaymentVoucher modal",1,"T",0,NULL,NULL,NULL,NULL,"core"),
(121,"Authority.Modals.CanModal","Authority.Modals","newLogisticsPurchaseRequest","newLogisticsPurchaseRequest modal",1,"T",0,NULL,NULL,NULL,NULL,"core"),
(122,"Authority.Modals.CanModal","Authority.Modals","newLogisticsPurchaseOrder","newLogisticsPurchaseOrder modal",1,"T",0,NULL,NULL,NULL,NULL,"core"),
(123,"Authority.Modals.CanModal","Authority.Modals","newLogisticTransportation","newLogisticTransportation modal",1,"T",0,NULL,NULL,NULL,NULL,"core"),
(124,"Authority.Modals.CanModal","Authority.Modals","editLogisticTransportation","editLogisticTransportation modal",1,"T",0,NULL,NULL,NULL,NULL,"core"),
(125,"Authority.Modals.CanModal","Authority.Modals","newTimeSheet","newTimeSheet modal",1,"T",0,NULL,NULL,NULL,NULL,"core"),
(126,"Authority.Modals.CanModal","Authority.Modals","newProjectPaymentReceipt","newProjectPaymentReceipt modal",1,"T",0,NULL,NULL,NULL,NULL,"core"),
(127,"Authority.Modals.CanModal","Authority.Modals","newEmployeeShift","newEmployeeShift modal",1,"T",0,NULL,NULL,NULL,NULL,"core"),
(128,"Authority.Modals.CanModal","Authority.Modals","editEmployeeShift","editEmployeeShift modal",1,"T",0,NULL,NULL,NULL,NULL,"core"),
(129,"Authority.Modals.CanModal","Authority.Modals","newEmployeeAsset","newEmployeeAsset modal",1,"T",0,NULL,NULL,NULL,NULL,"core"),
(130,"Authority.Modals.CanModal","Authority.Modals","expensePayment","expensePayment modal",1,"T",0,NULL,NULL,NULL,NULL,"core"),
(131,"Authority.Modals.CanModal","Authority.Modals","assignleave","assignleave modal",1,"T",0,NULL,NULL,NULL,NULL,"core"),
(132,"Authority.Modals.CanModal","Authority.Modals","editLogisticPurchase","editLogisticPurchase modal",1,"T",0,NULL,NULL,NULL,NULL,"core"),
(133,"Authority.Modals.CanModal","Authority.Modals","newRoom","newRoom modal",1,"T",0,NULL,NULL,NULL,NULL,"core"),
(134,"Authority.Modals.CanModal","Authority.Modals","newInOutLog","newInOutLog modal",1,"T",0,NULL,NULL,NULL,NULL,"core"),
(135,"Authority.Modals.CanModal","Authority.Modals","editInOutLog","editInOutLog modal",1,"T",0,NULL,NULL,NULL,NULL,"core"),
(136,"Authority.Modals.CanModal","Authority.Modals","newEmployeeContract","newEmployeeContract modal",1,"T",0,NULL,NULL,NULL,NULL,"core"),
(137,"Authority.Modals.CanModal","Authority.Modals","newNgoAsset","newNgoAsset modal",1,"T",0,NULL,NULL,NULL,NULL,"core"),
(138,"Authority.Modals.CanModal","Authority.Modals","trackLogisticRequest","trackLogisticRequest modal",1,"T",0,NULL,NULL,NULL,NULL,"core"),
(139,"Authority.Modals.CanModal","Authority.Modals","terminateEmployee","terminateEmployee modal",1,"T",0,NULL,NULL,NULL,NULL,"core"),
(140,"Authority.Modals.CanModal","Authority.Modals","reemploymentEmployee","reemploymentEmployee modal",1,"T",0,NULL,NULL,NULL,NULL,"core"),
(142,"Authority.Data.Location","Authority.Data","which location?","The user can work on which locations?",3,-1,0,"locations","Name","LocationId","Deleted=0","core"),
(143,"Authority.Data.Section","Authority.Data","which section?","The user can work on which sections?",3,-1,0,"restaurant_sections","Name","SectionId","Deleted=0","core"),
(144,"Authority.Modals.CanModal","Authority.Modals","viewEmployeeShift","viewEmployeeShift modal",1,"T",0,NULL,NULL,NULL,NULL,"core"),
(145,"Authority.Data.Inventory","Authority.Data","which inventory?","The user can work on which inventory?",3,-1,0,"inventories","Name","InventoryId","Deleted=0","core"),
(146,"Authority.Data.Safe","Authority.Data","How many safes?","Safe are assigned to user?",3,-1,0,"safes","Name","SafeId","Deleted=0","core"),
(147,"Authority.Data.SalePerson","Authority.Accounting.Sales","Is user a sales person?","Is user a sales person or not?",1,"T",0,NULL,NULL,NULL,NULL,"core"),
(148,"Authority.Accounting.Safe","Authority.Accounting.Sales","which safe?","Which safe is assigned to user?",2,0,0,"safes","Name","SafeId","Deleted=0","core"),
(149,"Authority.Inventory",NULL,"Invenyory Authorities","Invenyory  Authorities",1,"F",1,NULL,NULL,NULL,NULL,"core"),
(150,"Authority.Inventory.InventoryId","Authority.Inventory","Assign Invenyory to User","Assign Invenyory Id to user",2,0,0,NULL,NULL,NULL,NULL,"core"),
(151,"Authority.Accounting.CanReturnItems","Authority.Accounting.Sales","Can return items?","Are the sales perons can return items?",1,"T",0,NULL,NULL,NULL,NULL,"core"),
(152,"Authority.Data.DestinationInventory","Authority.Data","Which Destination inventory?","The user can transfer to which inventory?",3,-1,0,"inventories","Name","InventoryId","Deleted=0","core"),
(153,"Authority.ScannerLocation",NULL,"Scanner Location Authorities","Scanner Location Authorities",1,"F",1,NULL,NULL,NULL,NULL,"core"),
(154,"Authority.ScannerLocation.LocationId","Authority.ScannerLocation","Assign Scanner Location to Users","Assign Location Id to users",2,0,0,NULL,NULL,NULL,NULL,"core"),
(155,"Authority.Data.ScannerCompany","Authority.Data","Which Scanner Company?","The user has which company share in scanner locations?",3,-1,0,"scanner_companies","name","id","deleted=0","core"),
(156,"Authority.Data.User","Authority.Data","Which User?","The user has which other users?",3,-1,0,"users","userNickname","userId","Deleted=0","core"),
(157,"Authority.Scanner",NULL,"Scanner Authorities","Scanner Authorities",1,"F",1,NULL,NULL,NULL,NULL,"core"),
(158,"Authority.Scanner.Reports","Authority.Scanner","Scanner Reports","Scanner Authorities",1,"F",1,NULL,NULL,NULL,NULL,"core"),
(159,"Authority.Scanner.MasterReports","Authority.Scanner","Scanner Master Reports","Scanner Master Reports",1,"F",1,NULL,NULL,NULL,NULL,"core"),
(160,"Authority.Scanner.Reports.CanSeeOverview","Authority.Scanner.Reports","Can See Overview Report","Scanner Overview Report",1,"T",0,NULL,NULL,NULL,NULL,"core"),
(161,"Authority.Scanner.Reports.CanSeeDetail","Authority.Scanner.Reports","Can See Detail Report","Scanner Detail Report",1,"T",0,NULL,NULL,NULL,NULL,"core"),
(162,"Authority.Scanner.Reports.CanSeeTotalByDate","Authority.Scanner.Reports","Can See Total by Date Report","Scanner Total by Date Report",1,"T",0,NULL,NULL,NULL,NULL,"core"),
(163,"Authority.Scanner.Reports.CanSeeTotalByLocation","Authority.Scanner.Reports","Can See Total by Location Report","Scanner Total by Location Report",1,"T",0,NULL,NULL,NULL,NULL,"core"),
(164,"Authority.Scanner.MasterReports.CanSeeOverview","Authority.Scanner.MasterReports","Can See Overview Master Report","Scanner Overview Master Report",1,"T",0,NULL,NULL,NULL,NULL,"core"),
(165,"Authority.Scanner.MasterReports.CanSeeDetail","Authority.Scanner.MasterReports","Can See Detail Master Report","Scanner Detail Master Report",1,"T",0,NULL,NULL,NULL,NULL,"core"),
(166,"Authority.Scanner.MasterReports.CanSeeTotalByDate","Authority.Scanner.MasterReports","Can See Total by Date Master Report","Scanner Total by Date Master Report",1,"T",0,NULL,NULL,NULL,NULL,"core"),
(167,"Authority.Scanner.MasterReports.CanSeeTotalByLocation","Authority.Scanner.MasterReports","Can See Total by Location Master Report","Scanner Total by Location Master Report",1,"T",0,NULL,NULL,NULL,NULL,"core"),
(168,"Authority.Scanner.MasterReports.CanSeeCompanyShare","Authority.Scanner.MasterReports","Scanner Company Share Master Report","Scanner Company Share Master Report",1,"T",0,NULL,NULL,NULL,NULL,"core"),
(169,"Authority.Accounting.SalePrices","Authority.Accounting","Sale Prices Authorities","Sale Prices Authorities",1,"F",1,NULL,NULL,NULL,NULL,"core"),
(170,"Authority.Accounting.SalePrices.HideNormalSalePrice","Authority.Accounting.SalePrices","Hide Normal Sale Price Tab","Hide Normal Sale Price Tab",1,"F",0,NULL,NULL,NULL,NULL,"core"),
(171,"Authority.Accounting.SalePrices.HideSpecialSalePrice","Authority.Accounting.SalePrices","Hide Special Sale Price Tab","Hide Special Sale Price Tab",1,"F",0,NULL,NULL,NULL,NULL,"core"),
(172,"Authority.Accounting.SalePrices.HidePurchasePriceModal","Authority.Accounting.SalePrices","Hide Purchase Price Modal","Hide Purchase Price Modal",1,"F",0,NULL,NULL,NULL,NULL,"core"),
(173,"Authority.Accounting.SalePrices.CanAddNormalSalePrice","Authority.Accounting.SalePrices","Can Add Normal Sale Price","Can Add Normal Sale Price",1,"F",0,NULL,NULL,NULL,NULL,"core"),
(174,"Authority.Accounting.SalePrices.CanAddSpecialSalePrice","Authority.Accounting.SalePrices","Can Add Special Sale Price","Can Add Special Sale Price",1,"F",0,NULL,NULL,NULL,NULL,"core"),
(175,"Authority.Accounting.Reports","Authority.Accounting","Inventory Report Authorities","Inventory Report Authorities",1,"F",1,NULL,NULL,NULL,NULL,"core"),
(176,"Authority.Accounting.Reports.ViewISReport","Authority.Accounting.Reports","Can See Inventory Stock Report","Can See Inventory Stock Report",1,"T",0,NULL,NULL,NULL,NULL,"core"),
(177,"Authority.Accounting.Reports.ViewISPReport","Authority.Accounting.Reports","Can See Sales Person Report","Can See Sales Person Report",1,"T",0,NULL,NULL,NULL,NULL,"core"),
(178,"Authority.Accounting.Reports.ViewISaleReport","Authority.Accounting.Reports","Can See Sales Report","Can See Sales Report",1,"T",0,NULL,NULL,NULL,NULL,"core"),
(179,"Authority.Accounting.Reports.ViewIMReport","Authority.Accounting.Reports","Can See Inventory Movement Report","Can See Inventory Movement Report",1,"T",0,NULL,NULL,NULL,NULL,"core"),
(180,"Authority.Accounting.Reports.ViewITReport","Authority.Accounting.Reports","Can See Transfer Report","Can See Transfer Report",1,"T",0,NULL,NULL,NULL,NULL,"core"),
(181,"Authority.Accounting.Reports.ViewMOReport","Authority.Accounting.Reports","Can See Overview Report","Can See Overview Report",1,"T",0,NULL,NULL,NULL,NULL,"core"),
(182,"Authority.Accounting.Reports.ViewMGPReport","Authority.Accounting.Reports","Can See Gross Profit Report","Can See Gross Profit Report",1,"T",0,NULL,NULL,NULL,NULL,"core"),
(183,"Authority.Inventory.ViewCostPriceInTransfer","Authority.Inventory","Can See Cost Price in Transfer","Can See Cost Price in Transfer",1,"F",0,NULL,NULL,NULL,NULL,"core"),
(184,"Authority.Health",NULL,"Authority.Health","Health Authorities",1,"F",1,NULL,NULL,NULL,NULL,"core"),
(185,"Authority.Health.Department","Authority.Health","Assign Department to User","Assign Department Id to user",2,0,0,NULL,NULL,NULL,NULL,"core"),
(186,"Authority.Data.Department","Authority.Health.Data","Which Medical Department?","The user has which Medical Department?",3,-1,0,"health_departments","name","id","deleted=0","core"),
(187,"Authority.Health.HasCashierTab","Authority.Health","Assign Casher Tab to a User","Assign Casher Tab to a User",1,"F",0,NULL,NULL,NULL,NULL,"core"),
(188,"Authority.Data.VisitType","Authority.Health.Data","Which Visit Type?","The user has which Visit Type?",3,-1,0,"health_visit_types","name","id","deleted=0","core"),
(189,"Authority.Health.CanAddAdvancedPayment","Authority.Health","User can add Advanced Payment","Assign Advanced Payment to a User",1,"F",0,NULL,NULL,NULL,NULL,"core"),
(190,"Authority.Health.CanAddRefundPayment","Authority.Health","User can add Refund Payment","Assign Refund Payment to a User",1,"F",0,NULL,NULL,NULL,NULL,"core"),
(191,"Authority.Health.CanAddCollectionPayment","Authority.Health","User can add Collection Payment","Assign Collection Payment to a User",1,"F",0,NULL,NULL,NULL,NULL,"core"),
(192,"Authority.Health.CanAddQuickPayment","Authority.Health","User can add Quick Payment","Assign Quick Payment to a User",1,"F",0,NULL,NULL,NULL,NULL,"core"),
(193,"Authority.Health.CanAddDiscount","Authority.Health","User can add Discount in Payment","Assign Discount to a User",1,"F",0,NULL,NULL,NULL,NULL,"core"),
(194,"Authority.Health.HasInvoiceAuth","Authority.Health","User has Invoice Section","Assign Invoices Section to a User",1,"F",0,NULL,NULL,NULL,NULL,"core"),
(195,"Authority.Health.CanAddInvoice","Authority.Health","User can add Invoice","Assign Invoices to a User",1,"F",0,NULL,NULL,NULL,NULL,"core"),
(196,"Authority.Health.HasServiceTab","Authority.Health","User can see the Services tab in visits ","Assign Services tab to a User",1,"F",0,NULL,NULL,NULL,NULL,"core"),
(197,"Authority.Health.HasItemTab","Authority.Health","User can add Items to visits","Assign Items tab to a User",1,"F",0,NULL,NULL,NULL,NULL,"core"),
(198,"Authority.Health.HasLogTab","Authority.Health","User can see visit detail logs","Assign log tab to a User",1,"F",0,NULL,NULL,NULL,NULL,"core"),
(199,"Authority.Health.HasRequestTab","Authority.Health","User can see request/result tab","Assign reqult tab to a User",1,"F",0,NULL,NULL,NULL,NULL,"core"),
(200,"Authority.Health.HasInvoicePayment","Authority.Health","User can apply payments for invoices","Assign invoice payment to a User",1,"F",0,NULL,NULL,NULL,NULL,"core"),
(201,"Authority.Health.HasLabRequest","Authority.Health","User can add laboratory requests","Assing Laboratory request authority to a User",1,"F",0,NULL,NULL,NULL,NULL,"core"),
(202,"Authority.Health.HasRadRequest","Authority.Health","User can add radiology requests","Assing Radiology request authority to a User",1,"F",0,NULL,NULL,NULL,NULL,"core"),
(203,"Authority.Health.CanEditServicePrice","Authority.Health","User can edit service price in basket","User can edit service price in basket",1,"T",0,NULL,NULL,NULL,NULL,"core"),
(204,"Authority.Health.CanEditItemPrice","Authority.Health","User can edit item price in basket","User can edit item price in basket",1,"T",0,NULL,NULL,NULL,NULL,"core"),
(205,"Authority.Laboratory",NULL,"Authority.Laboratory","Laboratory Authorities",1,"F",1,NULL,NULL,NULL,NULL,"core"),
(206,"Authority.Lab.CanCancelTestApproval","Authority.Laboratory","Can user cancel test approval","User can cancel test approval",1,"F",0,NULL,NULL,NULL,NULL,"core"),
(207,"Authority.Lab.CanCancelTest","Authority.Laboratory","Can user cancel test","User can cancel test",1,"F",0,NULL,NULL,NULL,NULL,"core"),
(208,"Authority.Lab.CanCancelRequest","Authority.Laboratory","Can user cancel request","User can cancel request",1,"F",0,NULL,NULL,NULL,NULL,"core"),
(209,"Authority.Lab.Reports","Authority.Laboratory","Laboratory Report Authorities","Laboratory Report Authorities",1,"F",1,NULL,NULL,NULL,NULL,"core"),
(210,"Authority.Lab.Reports.ViewLabDetailReport","Authority.Lab.Reports","View lab detail report","User can see lab detail report",1,"F",0,NULL,NULL,NULL,NULL,"core"),
(211,"Authority.Lab.Reports.ViewLabAccountingReport","Authority.Lab.Reports","View lab accounting report","User can see lab accounting report",1,"F",0,NULL,NULL,NULL,NULL,"core"),
(212,"Authority.Lab.LabPhlebotomyMode","Authority.Laboratory","Laboratory Phlebotomy Mode","Laboratory user can not enter result",1,"F",0,NULL,NULL,NULL,NULL,"core"),
(213,"Authority.Lab.LabTechnicianMode","Authority.Laboratory","Laboratory Technician Mode","Laboratory user do all actions",1,"F",0,NULL,NULL,NULL,NULL,"core"),
(214,"Authority.Data.ItemCategory","Authority.Health.Data","How many item categories?","Item categories are assigned to user?",3,-1,0,"itemcategories","Name","ItemCategoryId","Deleted=0","core"),
(217,"Authority.Data.WhichFloor","Authority.Health.Data","Which Building Floors?","The user has which building floors?",3,-1,0,"health_building","name","id","deleted=0 AND type=2","core"),
(218,"Authority.Health.IsRegisterationTVScreen","Authority.Health","Is TV screen for regsiteraiton","Is TV screen for regsiteraiton",1,"T",0,NULL,NULL,NULL,NULL,"core"),
(219,"Authority.Health.CanAddServices","Authority.Health","Can add services in visit detail","View add service button in visit detail",1,"T",0,NULL,NULL,NULL,NULL,"core"),
(220,"Authority.Health.ServiceGroupedByCategory","Authority.Health","Services are grouped in visit detail?","Services are grouped in visit detail?",1,"T",0,NULL,NULL,NULL,NULL,"core"),
(221,"Authority.Accounting.Reports.ViewExpenseReport","Authority.Accounting.Reports","View expense reports","User can see expense reports",1,"F",0,NULL,NULL,NULL,NULL,"core"),
(222,"Authority.Health.Reports.ViewVisitAccountingReport","Authority.Health.Reports","View Visit Accounting Report","User can see visit accounting report",1,"F",0,NULL,NULL,NULL,NULL,"core"),
(223,"Authority.Health.Reports.ViewLabAccountingReport","Authority.Health.Reports","View lab accounting report","User can see lab accounting report",1,"F",0,NULL,NULL,NULL,NULL,"core"),
(224,"Authority.Health.Reports.ViewHealthStatisticReport","Authority.Health.Reports","View Health Statistic Report","User can see health statistic report",1,"F",0,NULL,NULL,NULL,NULL,"core"),
(225,"Authority.Health.Reports.ViewRadiologyStatisticReport","Authority.Health.Reports","View Radiology Statistic Report","User can see radiology statistic report",1,"F",0,NULL,NULL,NULL,NULL,"core"),
(226,"Authority.Health.Reports.ViewRadiologyDetailReport","Authority.Health.Reports","View Radiology Detail Report","User can see radiology detail report",1,"F",0,NULL,NULL,NULL,NULL,"core"),
(227,"Authority.Data.WhichSystemServiceCategory","Authority.Health.Data","Which System Service Category","Show service line based on selected system service category in visit detail",3,-1,0,"health_service_categories","name","id","deleted=0 AND is_system=1","core"),
(228,"Authority.Health.Reports","Authority.Health","Health Report Authorities","Health Report Authorities",1,"F",1,NULL,NULL,NULL,NULL,"core"),
(229,"Authority.Health.Reports.ViewHealthVisitStatisticReport","Authority.Health.Reports","View Health Visit Statistic Report","User can see radiology statistic report",1,"F",0,NULL,NULL,NULL,NULL,"core"),
(230,"Authority.Health.Reports.ViewGenderVisitStatisticReport","Authority.Health.Reports","View Gender Visit Statistic Report","User can see radiology detail report",1,"F",0,NULL,NULL,NULL,NULL,"core"),
(231,"Authority.Accounting.Reports.ViewInventoryValueReport","Authority.Accounting.Reports","View Inventory Value reports","User can see inventory value reports",1,"F",0,NULL,NULL,NULL,NULL,"core"),
(232,"Authority.Accounting.Reports.ViewDirectInventoryValueReport","Authority.Accounting.Reports","View Direct Inventory Value report","User can see direct inventory value report",1,"F",0,NULL,NULL,NULL,NULL,"core"),
(233,"Authority.Accounting.Reports.ViewDirectMGPReport","Authority.Accounting.Reports","View Direct Gross and Profit report","User can see direct gross and profit report",1,"F",0,NULL,NULL,NULL,NULL,"core"),
(234,"Authority.Accounting.Reports.ViewInventoryCountingReport","Authority.Accounting.Reports","View Inventory Counting report","User can see inventory counting report",1,"F",0,NULL,NULL,NULL,NULL,"core"),
(235,"Authority.Accounting.Reports.ViewItemTrackingReport","Authority.Accounting.Reports","View item tracking report","User can see item tracking report",1,"F",0,NULL,NULL,NULL,NULL,"core"),
(236,"Authority.Accounting.Reports.ViewCashierDirectMGPReport","Authority.Accounting.Reports","View Cashier Direct Gross and Profit report","User can see cashier direct gross and profit report",1,"F",0,NULL,NULL,NULL,NULL,"core"),
(237,"Authority.Health.Data",NULL,"Health Data Authorities","Health Data Authorities",3,0,1,NULL,NULL,NULL,NULL,"core"),
(238,"Authority.Data.WhichHealthCashierInvoices","Authority.Health.Data","Which Health Cashier Invoice","Show invoices of selected cashier in cashier tab",3,-1,0,"users","userNickname","userId","Deleted=0","core"),
(239,"Authority.Data.WhichDoctorVisit","Authority.Health.Data","Which Doctor Visit","Show visits of selected doctors in clinic",3,-1,0,"gigant_hr_employee","emp_firstname","emp_number","Deleted=0 AND emp_is_doctor=1","core"),
(240,"Authority.Accounting.Reports.ViewContactStatementReport","Authority.Accounting.Reports","View Contact Statement report","User can see contact statement report",1,"F",0,NULL,NULL,NULL,NULL,"core");


DROP TABLE system_forms;

CREATE TABLE `system_forms` (
  `id` int(11) NOT NULL AUTO_INCREMENT,
  `code` varchar(256) DEFAULT NULL,
  `name` varchar(128) DEFAULT NULL,
  `form_icon` varchar(25) DEFAULT NULL,
  `form_key` varchar(128) DEFAULT NULL,
  `page_name` varchar(128) DEFAULT NULL,
  `page_url` varchar(256) DEFAULT '#',
  `parent_id` int(11) DEFAULT NULL,
  `sort` tinyint(3) DEFAULT NULL,
  `is_group` tinyint(1) DEFAULT 0 COMMENT '0: child, 1: group',
  `is_hidden` tinyint(1) NOT NULL DEFAULT 0 COMMENT '-1: hidden but accessable; 0: hidden; 1 : visible,',
  `is_disabled` tinyint(1) DEFAULT 0,
  PRIMARY KEY (`id`),
  KEY `Parent_Mennu_FK_idx` (`parent_id`)
) ENGINE=InnoDB AUTO_INCREMENT=272 DEFAULT CHARSET=utf8 COMMENT='this table will controll the menus displayed in the sidebar';

INSERT INTO system_forms VALUES
(1,"Items","Items","icon-cube4","items","itemList.php","itemList.php",77,1,0,0,0),
(2,"Contacts","Contacts","icon-user-tie","contacts","contacts.php","contacts.php",57,2,0,0,0),
(3,"Accounts","Accounts","icon-lan2","accounts","accounts.php","accounts.php",57,3,0,0,0),
(6,"Inventories","Inventories","icon-home2","inventories","inventories.php","inventories.php",77,4,0,0,0),
(7,"Banks","Banks","icon-library2","banks","#","#",57,16,1,0,0),
(8,"Safe Managemnt","Safe Management","icon-safe","safe","safe.php","safe.php",57,20,0,0,0),
(10,"Bank List","Bank List","icon-list-ordered","banklist","banks.php","banks.php",7,16,0,0,0),
(11,"Bank Accounts","Bank Accounts","icon-clipboard4","bank-accounts","bankaccounts.php","bankaccounts.php",7,17,0,0,0),
(12,"Purchases","Purchases","icon-cart-add2","purchases","#","#",57,17,1,0,0),
(13,"Bills","Bills","icon-list-ordered","bills","purchases.php","purchases.php",12,9,0,0,0),
(14,"Bill Payments","Bill Payments","icon-clipboard4","bill-payments","purchasePayments.php","purchasePayments.php",12,10,0,0,0),
(15,"Sales","Sales"," icon-cart-remove","sales","#","#",57,18,1,0,0),
(16,"Sales List","Sales List","icon-list-ordered","sales-list","sales.php","sales.php",15,6,0,0,0),
(17,"Receive Payments","Receive Payments","icon-clipboard4","receive-payments","salePayments.php","salePayments.php",15,7,0,0,0),
(18,"Transfer Inventories","Transfer Inventories","icon-stackoverflow","transfer-inventory","transferInventory.php","transferInventory.php",77,12,0,0,0),
(19,"Expense","Expense","icon-bus","expense","expense.php","expense.php",57,13,0,0,0),
(20,"Manual Journal","Manual Journal","icon-book","manual-journal","manualJornal.php","manualJornal.php",57,11,0,0,0),
(21,"Safes","Safes","icon-safe","safes","safes.php","safes.php",8,14,0,0,0),
(22,"Currency Rates","Currency Rates"," icon-chart","currency-rates","currencyRates.php","currencyRates.php",83,15,0,0,0),
(23,"System Options","System Options"," icon-gear","systemoptions","systemOptions.php","systemOptions.php",83,16,0,0,0),
(24,"Dashbord","Dashbord"," icon-stats-bars2","dashboard","accounting-dashboard.php","accounting-dashboard.php",NULL,-128,0,0,0),
(25,"Add Item {Hidden Menu}","Add Item {Hidden Menu}","icon-package","add-item","addItemForm.php","addItemForm.php",77,1,0,1,0),
(26,"Edit Item {Hidden Menu}","Edit Item {Hidden Menu}","icon-package","edit-item","editItemForm.php","editItemForm.php",77,1,0,1,0),
(27,"Trial Balance {Hidden Menu}","Trial Balance {Hidden Menu}"," icon-balance","trial-balance","trialBalance.php","trialBalance.php",57,1,0,1,0),
(28,"Reports","Reports","icon-graph","reports","Reports.php","Reports.php",169,20,0,0,0),
(29,"Profit & loss {Hidden Menu}","Profit & loss {Hidden Menu}"," icon-coin-dollar","profit-loss","profit&loss.php","profit&loss.php",57,1,0,1,0),
(30,"Balance Sheet {Hidden Menu}","Balance Sheet {Hidden Menu}","icon-cash","balance-sheet","balanceSheet.php","balanceSheet.php",57,1,0,1,0),
(31,"Production","Production"," icon-design","production","#","#",NULL,15,1,0,0),
(32,"Production List","Production List","icon-design","production-list","production.php","production.php",31,9,0,0,0),
(33,"Sleter List","Sleter List","icon-design","sleter-list","sliter.php","sliter.php",31,10,0,0,0),
(34,"Purchase Report {Hidden Menu}","Purchase Report {Hidden Menu}"," icon-stats-dots","purchase-report","purchaseReport.php","purchaseReport.php",57,1,0,1,0),
(35,"Sales Report {Hidden Menu}","Sales Report {Hidden Menu}"," icon-stats-dots","sale-report","saleReport.php","saleReport.php",57,1,0,1,0),
(36,"Starting Inventory","Starting Inventory","icon-newspaper2","starting-inventory","Startinginventory.php","Startinginventory.php",77,4,0,0,0),
(37,"Starting Balance","Starting Balance","icon-user-tie","starting-balance","startingBalance.php","startingBalance.php",57,2,0,1,0),
(38,"Print Sale {Hidden Menu}","Print Sale {Hidden Menu}","icon-printer","print-sale","printSale.php","printSale.php",57,1,0,1,0),
(39,"Extract Account Transactions {Hidden Menu}","Extract Account Transactions {Hidden Menu}"," icon-printer","extract-account-transation","extractAccountTrans.php","extractAccountTrans.php",57,1,0,1,0),
(40,"Payroll","Payroll"," icon-wallet","payroll","payroll.php","payroll.php",NULL,6,1,0,0),
(41,"Payroll Fields","Payroll Fields"," icon-puzzle2","payroll-fields","Fields.php","payroll/Fields.php",40,2,0,0,0),
(42,"Payroll Template","Payroll Template"," icon-table2","payroll-template","Template.php","payroll/Template.php",40,2,0,0,0),
(43,"Generate Salary","Generate Salary"," icon-gear","generate-salary","AssignPayroll.php","payroll/AssignPayroll.php",40,2,0,0,0),
(44,"Contact Balance","Contact Balance","icon-user-tie","contact-balance","contactBalance.php","contactBalance.php",57,2,0,1,0),
(45,"Human Resource","Human Resource"," icon-users4","hr","hr.php","hr.php",NULL,3,1,0,0),
(46,"HR Setting","HR Setting"," icon-briefcase","hr-admin","#","#",45,13,1,0,0),
(47,"HR Users","HR Users"," icon-users","hr-user","users.php","hr/users.php",46,5,0,0,0),
(48,"HR Jobs","HR Jobs"," icon-reading","hr-jobs","#","#",46,8,1,0,0),
(49,"HR Organization","HR Organization"," icon-city","hr-organization","#","#",46,9,1,0,0),
(50,"HR  Nationalities","HR  Nationalities"," icon-earth","nationalities","nationalities.php","hr/nationalities.php",46,5,0,1,0),
(51,"HR PIM","HR PIM","icon-typewriter","hr-pim","#","#",45,5,1,1,0),
(52,"Employee List","Employee List"," icon-list","hr-employee-list","emplist.php","hr/emplist.php",45,1,0,0,0),
(53,"HR  New Employee","HR  New Employee"," icon-plus","new-employee","newemp.php","hr/newemp.php",45,5,0,1,0),
(54,"Job Titles","Job Titles"," icon-reading","job-title","jobs.php","hr/jobs.php",48,5,0,0,0),
(56,"Job Catagory","Job Catagory"," icon-tree7","job-category","jobcatagory.php","hr/jobcatagory.php",48,5,0,0,0),
(57,"Accounting","Accounting","icon-notebook","accounting","accounting.php","accounting.php",NULL,1,1,0,0),
(58,"Employment Status","Employment Status"," icon-notebook","employment-status","employmentstatus.php","hr/employmentstatus.php",48,5,0,0,0),
(59,"Orgnazation Info","Orgnazation Info"," icon-city","organization-info","organization.php","hr/organization.php",49,5,0,0,0),
(60,"Leave Holiday","Leave Holiday"," icon-list-numbered","leave-holiday","viewHolidayList.php","hr/viewHolidayList.php",64,5,0,0,0),
(61,"Leave Management","Leave Management"," icon-exit3","hr-leave","#","#",45,10,1,0,0),
(62,"Leave Types","Leave Types"," icon-list-numbered","leave-types","leaveType.php","hr/leaveType.php",64,5,0,0,0),
(63,"Work Weeks","Work Weeks"," icon-list-numbered","work-weeks","workWeek.php","hr/workWeek.php",64,5,0,0,0),
(64,"Leave Setting","Leave Setting"," icon-gear","leave-config","#","#",61,11,1,0,0),
(65,"Leave Period","Leave Period"," icon-list-numbered","leave-period","leavePeriod.php","hr/leavePeriod.php",64,5,0,0,0),
(66,"Entitlements","Entitlements"," icon-book","entitlements","viewLeaveEntitlements.php","hr/viewLeaveEntitlements.php",64,5,0,0,0),
(68,"Assign Leave","Assign Leave","icon-exit","assign-leave","assignLeave.php","hr/assignLeave.php",61,5,0,0,0),
(69,"Leave Report","Leave Report"," icon-list2","leave-list","viewLeaveList.php","hr/viewLeaveList.php",61,6,0,0,0),
(70,"Notifications","Notifications"," icon-bubble-notification","hr-user-dashboard","HrUserDashboard.php","hr/HrUserDashboard.php",61,2,0,0,0),
(71,"My Leave Requests","My Leave Requests","icon-drawer-out","hr-personal-leave-list","HrUserPersonalLeaveList.php","hr/HrUserPersonalLeaveList.php",61,2,0,0,0),
(72,"Ask for Leave","Ask for Leave","icon-add","hr-request-leave","requestLeave.php","hr/requestLeave.php",61,5,0,0,0),
(73,"My Leave Balance","My Leave Balance"," icon-bubble-notification","hr-employee-dashboard","HrEmpDashboard.php","hr/HrEmpDashboard.php",61,2,0,0,0),
(74,"Face Recognizer","Face Recognizer","icon-eye","face-recognizer","faceRecognizer.php","faceRecognizer.php",NULL,1,0,0,0),
(75,"HR Recruitment","HR Recruitment","icon-users4","hr-recruitment","#","#",45,12,1,0,0),
(76,"HR Vacancy","HR Vacancy","icon-users","hr-vacancy","vacancy.php","hr/vacancy.php",75,5,0,0,0),
(77,"Inventory","Inventory","icon-package","inventory","inventory.php","inventory.php",NULL,4,1,0,0),
(78,"HR Candidates","HR Candidates","icon-users","hr-candidate","viewCandidates.php","hr/viewCandidates.php",75,5,0,0,0),
(79,"Contact Report {Hidden Menu}","Contact Report {Hidden Menu}"," icon-stats-dots","contact-report","contactReport.php","contactReport.php",57,1,0,1,0),
(80,"Reporting Tools","Reporting Tools"," icon-file-stats","reporting-tools","#","#",83,15,1,0,0),
(81,"Report Designer","Report Designer"," icon-file-stats","report-designer","reportDesigner.php","reportDesigner.php",80,15,0,0,0),
(82,"Report List","Report List"," icon-list","report-list","reportList.php","reportList.php",80,15,0,0,0),
(83,"System Setting","System Setting"," icon-gear","core","core.php","core.php",NULL,13,1,0,0),
(84,"Trash","Trash","icon-trash","trashcan","trashcan.php","trashcan.php",57,100,0,0,0),
(86,"Attendance","Attendance","icon-list-numbered","attendance","attendance.php","attendance.php",NULL,2,1,0,0),
(87,"Shift List","Shift List"," icon-list-numbered","shift-list","shiftList.php","attendance/shiftList.php",86,7,0,0,0),
(88,"Timetable List","Timetable List"," icon-list-numbered","time-sheet-list","timeSheetList.php","attendance/timeSheetList.php",86,6,0,0,0),
(89,"Departments","Departments","fa fa-sitemap","hr-departments","hrdepartments.php","hr/hrdepartments.php",46,22,0,0,0),
(90,"Check IN/Out","Check IN/Out"," icon-alarm","checkin-out","checkin-out.php","attendance/checkin-out.php",86,0,0,0,0),
(91,"Generate Logs","Generate Logs"," icon-book","attendance-logs","attendancelogs.php","attendance/attendancelogs.php",86,2,0,0,0),
(92,"Manual Checkin/checkout","Manual Checkin/checkout"," icon-hand","manual-attendance","manualattend.php","attendance/manualattend.php",86,23,0,0,0),
(93,"Payslip Receipt","Payslip Receipt"," icon-printer4","payslip","payslip.php","payroll/payslip.php",40,23,0,1,0),
(94,"Import From Device","Import From Device"," icon-enter6","import-logs","importlogs.php","attendance/importlogs.php",86,1,0,0,0),
(95,"Restaurant","Restaurant"," icon-coffee","restaurant","#","#",NULL,10,1,0,0),
(96,"Import From Device (Restaurant)","Import From Device (Restaurant)"," icon-enter6","restaurant-import-logs","importlogs.php","restaurant/importlogs.php",95,23,0,0,0),
(97,"Definitions","Definitions"," icon-equalizer","restaurant-definitions","definitions.php","restaurant/definitions.php",95,23,0,0,0),
(98,"Orgnazation Structure","Orgnazation Structure","fa fa-sitemap","organization-structure","definitions.php","hr/definitions.php",49,5,0,0,0),
(99,"Meals","Meals","fa fa-cutlery","meals","meals.php","restaurant/meals.php",95,24,0,0,0),
(100,"Restaurant Programs","Restaurant Programs","fa fa-cutlery","restaurant-programs","restaurant_programs.php","restaurant/restaurant_programs.php",95,25,0,0,0),
(101,"Employee Crediting","Employee Crediting","fa fa-cutlery","employee-crediting","employee_crediting.php","restaurant/employee_crediting.php",95,26,0,0,0),
(102,"Restaurant Transactions","Restaurant Transactions","fa fa-cutlery","restaurant-transactions","restaurant_transactions.php","restaurant/restaurant_transactions.php",95,27,0,0,0),
(103,"Clinic","Clinic","fa fa-hospital-o","visit-clinic","#","#",NULL,12,1,0,0),
(104,"Visit List","Visit List","icon-list","visit-list-clinic","clinic_visit_list.php","clinic/clinic_visit_list.php",103,1,0,0,0),
(105,"Restaurant Reports","Restaurant Reports","icon-graph","restaurant-reports","Reports.php","restaurant/Reports.php",95,28,0,0,0),
(106,"Report Restaurant Transactions (Hidden Menu)","Report Restaurant Transactions (Hidden Menu)","icon-graph","restaurant-transaction-reports","report_restaurant_transactions.php","restaurant/report_restaurant_transactions.php",95,29,0,1,0),
(107,"Project Management","Project Management","fa fa-tasks","project","project.php","project.php",NULL,11,1,0,0),
(108,"Project Definitions","Project Definitions"," icon-equalizer","project-definitions","definitions.php","project/definitions.php",107,6,0,0,0),
(109,"Projects","Projects"," fa fa-tasks","projects","projects.php","project/projects.php",107,1,0,0,0),
(110,"Extract Transactions Types {Hidden Menu}","Extract Transactions Types {Hidden Menu}","icon-printer","extract-transaction-types","extractTransTypes.php","extractTransTypes.php",NULL,1,0,1,0),
(111,"Track Item Report {Hidden Menu}","Track Item Report {Hidden Menu}","icon-printer","item-transaction-report","itemtransactionReport.php","itemtransactionReport.php",NULL,1,0,1,0),
(112,"Inventory Adjustments","Inventory Adjustments"," icon-design","inventory-adjustment","inventroyAdjustments.php","inventroyAdjustments.php",77,5,0,0,0),
(119,"Advanced Payments","Advanced Payments","icon-clipboard4","advanced-payment","advancedPayments.php","advancedPayments.php",2,7,0,1,0),
(120,"Responsibilities","Responsibilities","fa fa-tasks","hr-job-responsibilities","hr_job_responsibilities.php","hr/hr_job_responsibilities.php",48,0,0,0,0),
(121,"Logistics","Logistics","fa fa-car","logistic","logistic.php","logistic.php",NULL,8,1,0,0),
(122,"Purchase Requests","Purchase Requests","fa fa-list-alt","purchase-requests","purchases.php?type=1","logistic/purchases.php?type=1",121,1,0,0,0),
(124,"Purchase Orders","Purchase Orders","fa fa-list-alt","purchase-orders","purchases.php?type=2","logistic/purchases.php?type=2",121,2,0,0,0),
(125,"Transportation Plan","Transportation Plan","fa fa-list-alt","transportation-plans","transportations.php?type=1","logistics/transportations.php?type=1",129,3,0,0,0),
(126,"Actual Transportation","Actual Transportation","fa fa-list-alt","transportation-report","transportations.php?type=2","logistics/transportations.php?type=2",129,4,0,0,0),
(128,"Payment Vouchers","Payment Vouchers","fa fa-file","payment-vouchers","payment_vouchers.php","project/payment_vouchers.php",107,7,0,0,0),
(129,"Transportation","Transportation","fa fa-car","transportation","transportation.php","transportation.php",NULL,7,1,0,0),
(130,"Work Flow","Work Flow","fa fa-recycle","hr-workflows","hr_job_workflows.php","hr/hr_job_workflows.php",48,4,0,0,0),
(131,"Expense Payments (Hidden Menu)","Expense Payments (Hidden Menu)","icon-graph","expense-payments","expensePayments.php","expensePayments.php",57,5,0,1,0),
(132,"Employee Schedules","Employee Schedules","icon-list-numbered","employee-shift-list","employeeShiftList.php","attendance/employeeShiftList.php",86,8,0,0,0),
(133,"Payment Receipts","Payment Receipts","fa fa-file","payment-receipts","payment_receipts.php","project/payment_receipts.php",107,8,0,0,0),
(134,"Check IN/OUT List","Check IN/OUT List","icon-book","inout-log-list","inoutloglist.php","attendance/inoutloglist.php",86,2,0,0,0),
(135,"Project Reports","Project Reports","icon-graph","project-reports","project-reports.php","project/Reports.php",107,20,0,0,0),
(136,"HR Reports","HR Reports"," icon-graph","hr-reports","HR_Reports.php","hr/HR_Reports.php",45,5,0,0,0),
(137,"NGO Assets","NGO Assets"," icon-graph","ngo-assets","ngo_assets.php","hr/ngo_assets.php",139,15,0,0,0),
(138,"Transportation Reports","Transportation Reports"," icon-graph","transportation-reports","transportation-reports.php","logistics/Reports.php",129,15,0,0,0),
(139,"Administrator","Administrator","fa fa-shield","administrator","administrator.php","administrator.php",NULL,14,1,0,0),
(140,"Transfer","Transfer","icon-drawer","transfer-pending","transfer-pending.php","transfer-pending.php",77,10,0,0,0),
(141,"Item Revision","Item Revision","icon-drawer","item-revision","item-revision.php","apps/inventory/view/item-revision.php",77,8,0,0,0),
(142,"Attendance Settings","Attendance Settings","icon-cog","attendance-settings","attendance-settings.php","apps/attendance/view/attendance-settings.php",86,9,0,0,0),
(143,"Generated Logs","Generated Logs","icon-stack","generated-logs","generated-logs.php","apps/attendance/view/generated-logs.php",86,3,0,0,0),
(144,"Actual Logs","Actual Logs","icon-calendar5","actual-logs","actual-logs.php","apps/attendance/view/actual-logs.php",86,4,0,0,0),
(145,"Logs on Map","Logs on Map","icon-location4","checkin-out-list-on-map","checkin-out-list-on-map.php","apps/attendance/view/checkin-out-list-on-map.php",86,5,0,0,0),
(146,"Project Budget Report","Project Budget Report","icon-graph","project-budget-line-report","project_budget_line_report.php","apps/project/view/project_budget_line_report.php",107,15,0,-1,0),
(147,"Transaction List","Transaction List","icon-graph","project-transaction-list","transaction_list.php","apps/project/view/transaction_list.php",107,16,0,-1,0),
(148,"Edit HR Employee","Edit HR Employee","icon-pencil","edit-employee","editemp.php","hr/editemp.php",45,10,0,-1,0),
(149,"Users and Roles","Users and Roles"," icon-user-lock","user-roles","user-roles.php","user-roles.php",83,16,0,0,0),
(150,"Profile","Profile"," icon-user","profile","profile.php","profile.php",83,16,0,1,0),
(151,"Expense Definitions","Expense Definitions","icon-coins","expense-definitions","expense-definitions.php","expense-definitions.php",57,15,0,0,0),
(152,"Add Purchase","Add Purchase Order ","icon-list-ordered","purchase-add","purchase-add.php","purchases-add.php",12,9,0,1,0),
(153,"Edit Purchase","Edit Purchase Order ","icon-list-ordered","purchase-edit","purchase-edit.php","purchases-edit.php",12,9,0,1,0),
(154,"Add Sale Order","Add Sale Order","icon-list-ordered","sale-add","sale-add.php","sale-add.php",15,6,0,1,0),
(155,"Edit Sale Order","Edit Sale Order","icon-list-ordered","sale-edit","sale-edit.php","sale-edit.php",15,6,0,1,0),
(156,"Sale Price Settings","Sale Price Settings"," icon-price-tag","sale-prices","sale-prices.php","sale-prices.php",15,6,0,0,0),
(157,"Core","Core","fa fa-shield","core","#","#",NULL,0,0,-1,0),
(158,"Add Starting Inventory","Add Start Inventory","icon-newspaper2","start-inventory","start-inventory.php","start-inventory.php",77,4,0,1,0),
(159,"Add Damage","Add Damage","icon-newspaper2","damage-add","damage-add.php","damage-add.php",77,4,0,1,0),
(160,"Edit Damage","Edit Damage","icon-newspaper2","damage-edit","damage-edit.php","damage-edit.php",77,4,0,1,0),
(161,"Damages","Damages","icon-trash","damages","damages.php","damages.php",77,4,0,0,0),
(162,"Transfer items","Transfer Items","icon-stackoverflow","transfer-items","transfer-items.php","transfer-items.php",77,12,0,1,0),
(163,"Chart reports","Chart reports","icon-graph","chart-reports","ChartReports.php","ChartReports.php",169,21,0,0,0),
(164,"GigantERP POS","GigantERP POS","icon-screen3","pos","pos.php","pos.php",57,21,0,0,0),
(165,"Purchase Pending","Purchase Pending","icon-drawer","purchase-pending","purchase-pending.php","purchase-pending.php",12,9,0,0,0),
(166,"Transfer view","Transfer View","icon-stackoverflow","transfer-view","transfer-view.php","transfer-view.php",77,12,0,1,0),
(167,"View Starting Inventory","View Start Inventory","icon-newspaper2","view-inventory","view-inventory.php","view-inventory.php",77,4,0,1,0),
(169,"All Reports","All Reports","icon-graph","all-report","#","#",57,20,1,0,0),
(170,"Inventory Reports","Inventory Reports","icon-graph","inventory-reports","inventory-reports.php","inventory-reports.php",169,2,0,0,0),
(171,"Returns","Returns","icon-rotate-ccw","return-group","#","#",57,19,1,0,0),
(172,"Returns List","Returns List","icon-list-ordered","returns","returns.php","returns.php",171,6,0,0,0),
(173,"Add Returns Order","Add Return Order","icon-list-ordered","return-add","return-add.php","return-add.php",171,6,0,1,0),
(174,"Edit Return Order","Edit Return Order","icon-list-ordered","return-edit","return-edit.php","return-edit.php",171,6,0,1,0),
(175,"Barcode & Label Printer","Barcode & Label Printer","icon-barcode2","barcode-printer","barcode-printer.php","barcode-printer.php",77,8,0,0,0),
(176,"Add Employee Shift List","Add Employee Shift List","icon-list-ordered","employee-shift-add","employee-shift-add.php","employee-shift-add.php",86,12,0,1,0),
(177,"Edit Employee Shift List","Edit Employee Shift List","icon-list-ordered","employee-shift-edit","employee-shift-edit.php","employee-shift-edit.php",86,13,0,1,0),
(178,"New Expense","New Expense","icon-list-ordered","expense-add","expense-add.php","expense-add.php",57,18,0,1,0),
(179,"Edit Expense","Edit Expense","icon-list-ordered","expense-edit","expense-edit.php","expense-edit.php",57,19,0,1,0),
(180,"Import Starting Inventory","Import Start Inventory","icon-newspaper2","start-inventory-import","start-inventory-import.php","start-inventory-import.php",77,4,0,1,0),
(181,"Management Reports","Management Reports","icon-graph","management-reports","management-reports.php","management-reports.php",169,2,0,0,0),
(182,"My Timesheets","My Timesheets","icon-graph","my-timesheets","my_timesheets.php","apps/hr/view/my_timesheets.php",45,6,0,0,0),
(183,"Scanner","Scanner","icon-truck","scanner","scanner.php","scanner.php",NULL,9,1,0,0),
(184,"Scanner Services","Scanner Services","icon-truck","scanner-services","scanner-services.php","scanner-services.php",183,1,0,0,0),
(185,"Scanner Companies","Scanner Companies","icon-office","scanner-companies","scanner-companies.php","scanner-companies.php",183,2,0,0,0),
(186,"Scanner Locations","Scanner Locations","icon-location4","scanner-locations","scanner-locations.php","scanner-locations.php",183,3,0,0,0),
(187,"Scanner Transactions","Scanner Transactions"," icon-qrcode","scanner-transactions","scanner-transactions.php","scanner-transactions.php",183,4,0,0,0),
(188,"Scanner POS","Scanner POS"," icon-screen3","scanner-pos","scanner-pos.php","scanner-pos.php",183,5,0,0,0),
(189,"Scanner Report","Scanner Report"," icon-graph","scanner-reports","scanner-reports.php","scanner-reports.php",183,7,0,0,0),
(190,"Scanner Check","Scanner Check","icon-screen3","scanner-check","scanner-check.php","scanner-check.php",183,6,0,0,0),
(191,"Scanner Master Report","Scanner Master Report"," icon-graph","scanner-master-reports","scanner-master-reports.php","scanner-master-reports.php",183,8,0,0,0),
(192,"Scanner Client Sync","Scanner Client Sync","icon-sync","scanner-client-sync","scanner-client-sync.php","scanner-client-sync.php",183,9,0,0,0),
(193,"Scanner Users","Scanner Users","icon-users","scanner-users","scanner-users.php","scanner-users.php",183,10,0,0,0),
(194,"System Backup","System Backup","icon-database-check","backup","backup.php","backup.php.php",83,16,0,0,0),
(195,"Corporate Sales","Corporate Sales"," icon-cart-remove","corporate-sales","#","#",57,18,1,0,0),
(196,"Corporate Sales List","Corporate Sales List","icon-list-ordered","corporate-sales-list","corporate-sales.php","corporate-sales.php",195,6,0,0,0),
(197,"Add Corporate Sale Order","Add Corporate Sale Order","icon-list-ordered","corporate-sale-add","corporate-sale-add.php","corporate-sale-add.php",195,8,0,1,0),
(198,"Edit Corporate Sale Order","Edit Corporate Sale Order","icon-list-ordered","corporate-sale-edit","corporate-sale-edit.php","corporate-sale-edit.php",195,9,0,1,0),
(199,"GigantERP MAX POS","GigantERP MAX POS","icon-screen3","maxpos","maxpos.php","maxpos.php",57,23,0,0,0),
(200,"Start","Start","icon-screen2","start","start.php","start.php",NULL,0,0,1,0),
(201,"Health care","Health care","icon-aid-kit","health","health.php","health.php",NULL,1,1,0,0),
(202,"Patients","Patients","icon-accessibility2","patients","patients.php","patients.php",201,2,0,0,0),
(203,"Reception","Reception","icon-user-plus","reception","reception.php","reception.php",201,3,0,0,0),
(204,"Visits","Visits","icon-transmission","visits","visits.php","visits.php",201,4,0,0,0),
(205,"Visit Details","Visit Details","icon-stack-text","visit-details","visit-details.php","visit-details.php",201,5,0,1,0),
(206,"Cashier Periods","Cashier Periods","icon-safe","cashier-periods","cashier-periods.php","cashier-periods.php",201,6,0,0,0),
(207,"Health Settings","Health Settings","icon-gear","health-settings","health-settings.php","health-settings.php",201,100,1,0,0),
(208,"Health Services","Health Services","icon-folder-heart","services","services.php","services.php",207,8,0,0,0),
(209,"Visit Types","Visit Types","icon-list-ordered","visit-types","visit-types.php","visit-types.php",207,9,0,0,0),
(210,"Medical Departments","Medical Departments","icon-list-ordered","departments","departments.php","departments.php",207,10,0,0,0),
(211,"Service Types","Service Types","icon-tree6","service-types","service-types.php","service-types.php",207,10,0,0,0),
(212,"Service Categories","Service Categories","icon-tree6","service-category","service-category.php","service-category.php",207,10,0,0,0),
(213,"Discharge Types","Discharge Types","icon-clipboard2","discharge-types","discharge-types.php","discharge-types.php",207,10,0,0,0),
(214,"Cashier Period Delivery","Cashier Period Delivery","icon-history","cashier-period-delivery","cashier-delivery.php","cashier-delivery.php",201,12,0,0,0),
(215,"Progress Payments","Progress Payments","icon-stack4","progress-payments","progress-payments.php","progress-payments.php",201,13,0,0,0),
(216,"Progress Payment Templates","Progress Payment Templates","icon-insert-template","progress-payment-template","payment-template.php","payment-template.php",215,13,0,0,0),
(217,"Assign Progress Payment","Assign Progress Payment","icon-user-check","assign-progress-payment","assign-payment-template.php","assign-payment-template.php",215,14,0,0,0),
(218,"Payment Template Detail","Payment Template Detail","icon-design","payment-template-detail","payment-template-detail.php","payment-template-detail.php",215,12,0,1,0),
(219,"Progress Payment Calculation","Progress Payment Calculation","icon-calculator2","pp-calculation","pp-calculation.php","pp-calculation.php",215,15,0,0,0),
(220,"Progress Payment","Progress Payment","icon-pie-chart3","progress-payment","progress-payment.php","progress-payment.php",215,16,0,0,0),
(221,"Reports","Reports","icon-file-stats","health-reports","health-report.php","health-report.php",201,17,0,0,0),
(222,"Health Reports","Health Reports","icon-file-stats","health-report","health-report.php","health-report.php",221,18,0,0,0),
(223,"Health Status Reports","Health Status Reports","icon-file-stats","health-status-report","health-status-report.php","health-status-report.php",221,19,0,0,0),
(224,"Safe Period","Safe Period","icon-history","safe-periods","safe-periods.php","safe-periods.php",8,20,0,0,0),
(225,"Safe Transactions","Safe Transactions","icon-safe","safe-transactions","safe-transactions.php","safe-transactions.php",8,21,0,0,0),
(226,"Laboratory","Laboratory","icon-microscope","lab","lab.php","lab.php",NULL,3,0,0,0),
(227,"Requests","Requests","icon-inbox","requests","requests.php","requests.php",226,1,0,0,0),
(228,"Laboratory Settings","Laboratory Settings","icon-gear","lab-settings","lab-settings.php","lab-settings.php",226,10,0,0,0),
(229,"Laboratories","Laboratories","icon-microscope","laboratories","laboratories.php","laboratories.php",228,1,0,0,0),
(230,"Tests","Tests","icon-lab","tests","tests.php","tests.php",228,2,0,0,0),
(231,"Lab Kits","Lab Kits","icon-aid-kit","lab-kits","lab-kits.php","lab-kits.php",228,2,0,0,0),
(232,"Sample Types","Sample Types","icon-color-sampler","sample-types","sample-types.php","sample-types.php",228,3,0,0,0),
(233,"Tube Types","Tube Types","icon-eyedropper2","tube-types","tube-types.php","tube-types.php",228,4,0,0,0),
(234,"Devices","Devices","icon-server","devices","devices.php","devices.php",228,4,0,0,1),
(235,"Study Types","Study Types","icon-eyedropper2","study-types","study-types.php","study-types.php",228,4,0,1,1),
(236,"Device Types","Device Types","icon-tree6","device-types","device-types.php","device-types.php",228,5,0,0,0),
(237,"Laboratory Reports","Laboratory Reports","icon-file-stats","lab-reports","lab-reports.php","lab-reports.php",226,2,0,0,0),
(238,"Cost Price Report","Cost Price Report","icon-graph","cost-price-report","cost-price-report.php","cost-price-report.php",169,3,0,0,0),
(239,"POS MAX Discount","POS MAX Discount","icon-screen3","maxpos-disc","maxpos-disc.php","maxpos-disc.php",57,24,0,0,0),
(242,"Buildng Structure","Buildng Structure","icon-office","building-structure","building-structure.php","building-structure.php",207,12,0,0,0),
(243,"Operation Theaters","Operation Theaters","icon-office","operation-theaters","operation-theaters.php","operation-theaters.php",207,13,0,0,0),
(244,"Category Brands","Category Brands","icon-tree6","category-brands","category-brands.php","category-brands.php",77,13,0,0,0),
(245,"Hospitalization Requests","Hospitalization Requests","icon-inbox","hospitalization","hospitalization.php","hospitalization.php",201,5,0,0,0),
(246,"Operation Templates","Operation Templates","icon-clipboard3","operation-templates","operation-templates.php","operation-templates.php",207,14,0,0,0),
(248,"Operation Requests","Operation Requests","icon-inbox","operation-requests","operation-requests.php","operation-requests.php",201,6,0,0,0),
(249,"TV Screen","TV Screen","icon-display","tv-screen","tv-screen.php","tv-screen.php",201,12,0,0,0),
(250,"Payment Template View","Payment Template View","icon-display","payment-template-view","payment-template-view.php","payment-template-view.php",215,13,0,1,0),
(251,"Account Transactions","Account Transactions","icon-safe","account-transactions","account-transactions.php","account-transactions.php",57,21,0,1,0),
(252,"Health Statistic Reports","Health Statistic Reports","icon-file-stats","health-statistic-report","health-statistic-report.php","health-statistic-report.php",221,30,0,0,0),
(253,"Radiology Reports","Radiology Reports","icon-file-stats","radiology-report","radiology-report.php","radiology-report.php",221,31,0,0,0),
(254,"Consumptions","Consumptions","icon-file-minus2","consumptions","consumptions.php","consumptions.php",77,5,0,0,0),
(255,"Add Consumption","Add Consumption","icon-newspaper2","consumption-add","consumption-add.php","consumption-add.php",77,5,0,1,0),
(256,"Edit Consumption","Edit Consumption","icon-newspaper2","consumption-edit","consumption-edit.php","consumption-edit.php",77,5,0,1,0),
(257,"POS MAX Item Discount","POS MAX Item Discount","icon-screen3","maxpos-item-disc","maxpos-item-disc.php","maxpos-item-disc.php",57,25,0,0,0),
(258,"POS Unpaid Item Discount","POS Unpaid Item Discount","icon-screen3","maxpos-item-disc-unpaid","maxpos-item-disc-unpaid.php","maxpos-item-disc-unpaid.php",57,25,0,0,0),
(259,"Lazy Visit Details","Lazy Visit Details","icon-stack-text","visit","visit.php","visit.php",201,6,0,1,0),
(260,"Simple Items","Simple Items","icon-cube2","simple-items","simple-items.php","simple-items.php",77,2,0,0,0),
(261,"Clinic","Clinic","icon-archive","clinic","clinic.php","clinic.php",201,5,0,0,0),
(262,"Examination Details","Examination Details","icon-stack-text","examination","examination.php","examination.php",201,9,0,1,0),
(271,"Zones","Zones","icon-city","zones","zones.php","zones.php",83,18,0,0,0);


DROP TABLE system_forms_old;

CREATE TABLE `system_forms_old` (
  `id` int(11) unsigned NOT NULL AUTO_INCREMENT,
  `code` varchar(256) DEFAULT NULL,
  `parent_code` varchar(256) DEFAULT NULL,
  `name` varchar(256) DEFAULT NULL,
  `is_group` tinyint(1) DEFAULT NULL,
  PRIMARY KEY (`id`)
) ENGINE=InnoDB AUTO_INCREMENT=5 DEFAULT CHARSET=utf8;

INSERT INTO system_forms_old VALUES
(1,"System.Accounting","System","Accounting",1),
(2,"System.Accounting.Purchases","System.Accounting","Purchases",1),
(3,"System.Accounting.Purchases.Bills","System.Accounting.Purchases","Bills",0),
(4,"System.Accounting.Purchases.BillPayments","System.Accounting.Purchases","Bill Payments",0);


DROP TABLE system_role_groups;

CREATE TABLE `system_role_groups` (
  `id` int(11) unsigned NOT NULL AUTO_INCREMENT,
  `name` varchar(250) DEFAULT NULL,
  `parent_id` int(11) DEFAULT NULL,
  `is_sys` tinyint(1) DEFAULT NULL,
  `create_date` int(11) unsigned zerofill DEFAULT NULL,
  `created_by_user_id` int(11) DEFAULT NULL,
  `modification_date` int(10) unsigned zerofill DEFAULT NULL,
  `modified_by_user_id` int(11) DEFAULT NULL,
  `deleted` tinyint(1) DEFAULT NULL,
  PRIMARY KEY (`id`)
) ENGINE=InnoDB AUTO_INCREMENT=36 DEFAULT CHARSET=utf8;

INSERT INTO system_role_groups VALUES
(4,"ERP system Supervisor",NULL,1,2147483647,12,1613848981,12,0),
(12,"Diplomatic Shop Cashier Roles",0,0,1573470375,12,1583005276,12,1),
(13,"Diplomatic Shop Admin Role",0,0,1573995216,12,1583005294,12,1),
(14,"Diplomatic Admin",0,0,1574853613,12,1574854334,12,1),
(15,"هازیر",0,0,1583004909,12,1583004915,12,1),
(16,"Khazir Scanner",0,0,1583004941,12,1595321687,12,1),
(17,"Company Roles",0,0,1583935179,12,1595321694,12,1),
(18,"Receptionists",0,0,1595063720,12,1595321699,12,1),
(19,"HR",0,0,1595321730,12,1613848940,12,1),
(20,"Reception",0,0,1595322689,12,1613848948,12,1),
(21,"Laboratory",0,0,1596708810,12,1613848955,12,1),
(22,"Radiology",0,0,1596708849,12,1613848961,12,1),
(23,"Accountant",0,0,1597137893,12,1613848968,12,1),
(24,"Administrator",0,0,1597145486,12,1597145508,12,1),
(25,"Administrator",0,0,1597145522,12,1613848974,12,1),
(26,"Emergency",0,0,1597476425,12,1613849003,12,1),
(27,"ICU",0,0,1597490495,12,1613849294,12,1),
(28,"Wards",0,0,1597491418,12,1613849302,12,1),
(29,"Physiotherapy",0,0,1598872631,12,1613849309,12,1),
(30,"Ward3 Role",28,0,1602148435,12,1602150044,12,1),
(31,"Inventory Roles",0,0,1606026630,12,1613849324,12,1),
(32,"Kiton Admin",0,0,1608640961,12,1613849336,12,0),
(33,"Cashier Roles",NULL,0,1617211578,639,1617215478,634,0),
(34,"Baghdad Cashier Roles",NULL,0,1617214926,634,1617214926,634,0),
(35,"Warehouse Roles",NULL,0,1617215418,634,1617215418,634,0);


DROP TABLE system_roles;

CREATE TABLE `system_roles` (
  `id` int(11) unsigned NOT NULL AUTO_INCREMENT,
  `name` varchar(250) DEFAULT NULL,
  `role_group_id` int(11) DEFAULT NULL,
  `is_sys` tinyint(1) DEFAULT NULL,
  `create_date` int(10) unsigned DEFAULT NULL,
  `created_by_user_id` int(11) DEFAULT NULL,
  `modification_date` int(11) unsigned DEFAULT NULL,
  `modified_by_user_id` int(11) DEFAULT NULL,
  `deleted` tinyint(1) DEFAULT NULL,
  PRIMARY KEY (`id`)
) ENGINE=InnoDB AUTO_INCREMENT=58 DEFAULT CHARSET=utf8;

INSERT INTO system_roles VALUES
(3,"Top Admin",4,1,4294967295,12,1613848981,12,0),
(28,"Khazir",0,0,1583004834,12,1583004852,12,1),
(29,"Khazir Users",16,0,1583004957,12,1595321687,12,1),
(30,"Khazir Admin",16,0,1583005020,12,1595321687,12,1),
(31,"Company User Roles",17,0,1583935201,12,1595321694,12,1),
(32,"Reception",18,0,1595063729,12,1595321699,12,1),
(33,"HR",19,0,1595321747,12,1613848940,12,1),
(34,"Reception",20,0,1595322705,12,1613848948,12,1),
(35,"Laboratory Role",21,0,1596708836,12,1613848955,12,1),
(36,"Radiology Role",22,0,1596708959,12,1613848961,12,1),
(37,"Accountant Role",23,0,1597138038,12,1613848968,12,1),
(38,"Saya Role",25,0,1597145750,12,1613848974,12,1),
(39,"Emergency Role",26,0,1597476448,12,1613849003,12,1),
(40,"ICU Role",27,0,1597490521,12,1613849294,12,1),
(41,"Ward5 Role",28,0,1597491428,12,1613849302,12,1),
(42,"Physiotherapy Role",29,0,1598872656,12,1613849309,12,1),
(43,"Ward4 Role",28,0,1599467379,12,1613849302,12,1),
(44,"Laboratory Technician Role",21,0,1600256783,12,1613848955,12,1),
(45,"Ward3 Role",28,0,1602148653,12,1613849302,12,1),
(46,"Ward3 Role",28,0,1602150018,12,1613849302,12,1),
(47,"Ward3 Role",28,0,1602150212,12,1613849302,12,1),
(48,"Inventory Role",31,0,1606026646,12,1613849324,12,1),
(49,"Kiton Admin",32,0,1608640978,12,1613849346,12,0),
(50,"Yahya Role",25,0,1609253461,12,1613848974,12,1),
(51,"Statistics Role",25,0,1609420446,12,1613848974,12,1),
(52,"Hemn Role",25,0,1610886777,12,1613848974,12,1),
(53,"Erbil Cashier Role",NULL,0,1617211562,639,1617211562,639,0),
(54,"Erbil Cashier",33,0,1617213270,639,1617213270,639,0),
(55,"Baghdad Cashier Role",34,0,1617214944,634,1617214944,634,0),
(56,"Erbil Warehouse Role",35,0,1617215435,634,1617215435,634,0),
(57,"Baghdad Warehouse Role",35,0,1617215455,634,1617215455,634,0);


DROP TABLE system_user_authorities;

CREATE TABLE `system_user_authorities` (
  `id` int(11) unsigned NOT NULL AUTO_INCREMENT,
  `user_id` int(11) DEFAULT NULL,
  `role_id` int(11) DEFAULT NULL,
  `auth_id` int(11) DEFAULT NULL,
  `value` varchar(250) DEFAULT NULL,
  `create_date` int(11) DEFAULT NULL,
  `created_by_user_id` int(11) DEFAULT NULL,
  `modification_date` int(11) DEFAULT NULL,
  `modified_by_user_id` int(11) DEFAULT NULL,
  `deleted` tinyint(1) DEFAULT NULL,
  PRIMARY KEY (`id`)
) ENGINE=InnoDB AUTO_INCREMENT=2210 DEFAULT CHARSET=utf8;

INSERT INTO system_user_authorities VALUES
(6,12,NULL,3,"T",1570331152,12,1570331152,12,0),
(7,12,NULL,4,2000,1570331152,12,1570331152,12,0),
(8,NULL,3,9,"T",1570568956,12,1570568956,12,0),
(9,NULL,3,10,"T",1570568956,12,1570568956,12,0),
(10,NULL,3,11,"T",1570568956,12,1570568956,12,0),
(11,NULL,3,12,"T",1570568956,12,1570568956,12,0),
(12,NULL,3,13,"T",1570568956,12,1570568956,12,0),
(13,NULL,3,14,"T",1570568956,12,1570568956,12,0),
(14,NULL,3,15,"T",1570568956,12,1570568956,12,0),
(15,NULL,3,16,"T",1570568956,12,1570568956,12,0),
(16,NULL,3,17,"T",1570568956,12,1570568956,12,0),
(17,NULL,3,18,"T",1570568956,12,1570568956,12,0),
(18,NULL,3,19,"T",1570568956,12,1570568956,12,0),
(19,NULL,3,20,"T",1570568956,12,1570568956,12,0),
(20,NULL,3,21,"T",1570568956,12,1570568956,12,0),
(21,NULL,3,22,"T",1570568956,12,1570568956,12,0),
(22,NULL,3,23,"T",1570568956,12,1570568956,12,0),
(23,NULL,3,24,"T",1570568956,12,1570568956,12,0),
(24,NULL,3,25,"T",1570568956,12,1570568956,12,0),
(25,NULL,3,26,"T",1570568956,12,1570568956,12,0),
(26,NULL,3,27,"T",1570568956,12,1570568956,12,0),
(27,NULL,3,28,"T",1570568956,12,1570568956,12,0),
(28,NULL,3,29,"T",1570568956,12,1570568956,12,0),
(29,NULL,3,30,"T",1570568956,12,1570568956,12,0),
(30,NULL,3,31,"T",1570568956,12,1570568956,12,0),
(31,NULL,3,32,"T",1570568956,12,1570568956,12,0),
(32,NULL,3,33,"T",1570568956,12,1570568956,12,0),
(33,NULL,3,34,"T",1570568956,12,1570568956,12,0),
(34,NULL,3,35,"T",1570568956,12,1570568956,12,0),
(35,NULL,3,36,"T",1570568956,12,1570568956,12,0),
(36,NULL,3,37,"T",1570568956,12,1570568956,12,0),
(37,NULL,3,38,"T",1570568956,12,1570568956,12,0),
(38,NULL,3,39,"T",1570568956,12,1570568956,12,0),
(39,NULL,3,40,"T",1570568956,12,1570568956,12,0),
(40,NULL,3,41,"T",1570568956,12,1570568956,12,0),
(41,NULL,3,42,"T",1570568956,12,1570568956,12,0),
(42,NULL,3,43,"T",1570568956,12,1570568956,12,0),
(43,NULL,3,44,"T",1570568956,12,1570568956,12,0),
(44,NULL,3,45,"T",1570568956,12,1570568956,12,0),
(45,NULL,3,46,"T",1570568956,12,1570568956,12,0),
(46,NULL,3,47,"T",1570568956,12,1570568956,12,0),
(47,NULL,3,48,"T",1570568956,12,1570568956,12,0),
(48,NULL,3,49,"T",1570568956,12,1570568956,12,0),
(49,NULL,3,50,"T",1570568956,12,1570568956,12,0),
(50,NULL,3,51,"T",1570568956,12,1570568956,12,0),
(51,NULL,3,52,"T",1570568956,12,1570568956,12,0),
(52,NULL,3,53,"T",1570568956,12,1570568956,12,0),
(53,NULL,3,54,"T",1570568956,12,1570568956,12,0),
(54,NULL,3,55,"T",1570568956,12,1570568956,12,0),
(55,NULL,3,56,"T",1570568956,12,1570568956,12,0),
(56,NULL,3,57,"T",1570568956,12,1570568956,12,0),
(57,NULL,3,58,"T",1570568956,12,1570568956,12,0),
(58,NULL,3,59,"T",1570568956,12,1570568956,12,0),
(59,NULL,3,60,"T",1570568956,12,1570568956,12,0),
(60,NULL,3,61,"T",1570568956,12,1570568956,12,0),
(61,NULL,3,62,"T",1570568956,12,1570568956,12,0),
(62,NULL,3,63,"T",1570568956,12,1570568956,12,0),
(63,NULL,3,64,"T",1570568956,12,1570568956,12,0),
(64,NULL,3,65,"T",1570568956,12,1570568956,12,0),
(65,NULL,3,66,"T",1570568956,12,1570568956,12,0),
(66,NULL,3,67,"T",1570568956,12,1570568956,12,0),
(67,NULL,3,68,"T",1570568956,12,1570568956,12,0),
(68,NULL,3,69,"T",1570568956,12,1570568956,12,0),
(69,NULL,3,70,"T",1570568956,12,1570568956,12,0),
(70,NULL,3,71,"T",1570568956,12,1570568956,12,0),
(71,NULL,3,72,"T",1570568956,12,1570568956,12,0),
(72,NULL,3,73,"T",1570568956,12,1570568956,12,0),
(73,NULL,3,74,"T",1570568956,12,1570568956,12,0),
(74,NULL,3,75,"T",1570568956,12,1570568956,12,0),
(75,NULL,3,76,"T",1570568956,12,1570568956,12,0),
(76,NULL,3,77,"T",1570568956,12,1570568956,12,0),
(77,NULL,3,78,"T",1570568956,12,1570568956,12,0),
(78,NULL,3,79,"T",1570568956,12,1570568956,12,0),
(79,NULL,3,80,"T",1570568956,12,1570568956,12,0),
(80,NULL,3,81,"T",1570568956,12,1570568956,12,0),
(81,NULL,3,82,"T",1570568956,12,1570568956,12,0),
(82,NULL,3,83,"T",1570568956,12,1570568956,12,0),
(83,NULL,3,84,"T",1570568956,12,1570568956,12,0),
(84,NULL,3,85,"T",1570568956,12,1570568956,12,0),
(85,NULL,3,86,"T",1570568956,12,1570568956,12,0),
(86,NULL,3,87,"T",1570568956,12,1570568956,12,0),
(87,NULL,3,88,"T",1570568956,12,1570568956,12,0),
(88,NULL,3,89,"T",1570568956,12,1570568956,12,0),
(89,NULL,3,90,"T",1570568956,12,1570568956,12,0),
(90,NULL,3,91,"T",1570568956,12,1570568956,12,0),
(91,NULL,3,92,"T",1570568956,12,1570568956,12,0),
(92,NULL,3,93,"T",1570568956,12,1570568956,12,0),
(93,NULL,3,94,"T",1570568956,12,1570568956,12,0),
(94,NULL,3,95,"T",1570568956,12,1570568956,12,0),
(95,NULL,3,96,"T",1570568956,12,1570568956,12,0),
(96,NULL,3,97,"T",1570568956,12,1570568956,12,0),
(97,NULL,3,98,"T",1570568956,12,1570568956,12,0),
(98,NULL,3,99,"T",1570568956,12,1570568956,12,0),
(99,NULL,3,100,"T",1570568956,12,1570568956,12,0),
(100,NULL,3,101,"T",1570568956,12,1570568956,12,0),
(101,NULL,3,102,"T",1570568956,12,1570568956,12,0),
(102,NULL,3,103,"T",1570568956,12,1570568956,12,0),
(103,NULL,3,104,"T",1570568956,12,1570568956,12,0),
(104,NULL,3,105,"T",1570568956,12,1570568956,12,0),
(105,NULL,3,106,"T",1570568956,12,1570568956,12,0),
(106,NULL,3,107,"T",1570568956,12,1570568956,12,0),
(107,NULL,3,108,"T",1570568956,12,1570568956,12,0),
(108,NULL,3,109,"T",1570568956,12,1570568956,12,0),
(109,NULL,3,110,"T",1570568956,12,1570568956,12,0),
(110,NULL,3,111,"T",1570568956,12,1570568956,12,0),
(111,NULL,3,112,"T",1570568956,12,1570568956,12,0),
(112,NULL,3,113,"T",1570568956,12,1570568956,12,0),
(113,NULL,3,114,"T",1570568956,12,1570568956,12,0),
(114,NULL,3,115,"T",1570568956,12,1570568956,12,0),
(115,NULL,3,116,"T",1570568956,12,1570568956,12,0),
(116,NULL,3,117,"T",1570568956,12,1570568956,12,0),
(117,NULL,3,118,"T",1570568956,12,1570568956,12,0),
(118,NULL,3,119,"T",1570568956,12,1570568956,12,0),
(119,NULL,3,120,"T",1570568956,12,1570568956,12,0),
(120,NULL,3,121,"T",1570568956,12,1570568956,12,0),
(121,NULL,3,122,"T",1570568956,12,1570568956,12,0),
(122,NULL,3,123,"T",1570568956,12,1570568956,12,0),
(123,NULL,3,124,"T",1570568956,12,1570568956,12,0),
(124,NULL,3,125,"T",1570568956,12,1570568956,12,0),
(125,NULL,3,126,"T",1570568956,12,1570568956,12,0),
(126,NULL,3,127,"T",1570568956,12,1570568956,12,0),
(127,NULL,3,128,"T",1570568956,12,1570568956,12,0),
(128,NULL,3,129,"T",1570568956,12,1570568956,12,0),
(129,NULL,3,130,"T",1570568956,12,1570568956,12,0),
(130,NULL,3,131,"T",1570568956,12,1570568956,12,0),
(131,NULL,3,132,"T",1570568956,12,1570568956,12,0),
(132,NULL,3,133,"T",1570568956,12,1570568956,12,0),
(133,NULL,3,134,"T",1570568956,12,1570568956,12,0),
(134,NULL,3,135,"T",1570568956,12,1570568956,12,0),
(135,NULL,3,136,"T",1570568956,12,1570568956,12,0),
(136,NULL,3,137,"T",1570568956,12,1570568956,12,0),
(137,NULL,3,138,"T",1570568956,12,1570568956,12,0),
(138,NULL,3,139,"T",1570568956,12,1570568956,12,0),
(139,NULL,3,140,"T",1570568956,12,1570568956,12,0),
(1460,12,NULL,144,"T",1571386731,12,1571386731,12,0),
(1462,12,NULL,147,"T",1572912129,12,1572912129,12,0),
(1463,12,NULL,148,1,1572934197,12,1572934197,12,0),
(1464,12,NULL,150,1,1572935962,12,1572935962,12,0),
(1469,NULL,3,151,"T",1573902691,12,1573902691,12,0),
(1608,12,NULL,151,"T",1574853004,12,1574853004,12,0),
(1609,602,NULL,158,"T",1583949431,12,1583949431,12,1),
(1610,602,NULL,159,"T",1583949431,12,1583949431,12,1),
(1611,602,NULL,162,"F",1583949431,12,1583949431,12,1),
(1612,602,NULL,160,"F",1583949509,12,1583949509,12,1),
(1613,602,NULL,161,"T",1583949509,12,1583949509,12,1),
(1614,106,NULL,158,"T",1583949794,12,1583949794,12,1),
(1615,106,NULL,159,"T",1583949794,12,1583949794,12,1),
(1616,106,NULL,160,"F",1583949794,12,1583949794,12,1),
(1617,106,NULL,161,"F",1583949794,12,1583949794,12,1),
(1618,106,NULL,162,"T",1583949794,12,1583949794,12,1),
(1619,107,NULL,158,"T",1583950567,12,1583950567,12,1),
(1620,107,NULL,159,"F",1583950567,12,1583950567,12,1),
(1621,107,NULL,160,"F",1583950567,12,1583950567,12,1),
(1622,107,NULL,161,"F",1583950567,12,1583950567,12,1),
(1623,107,NULL,162,"T",1583950567,12,1583950567,12,1),
(1624,106,NULL,164,"T",1583951790,12,1583951790,12,0),
(1625,106,NULL,165,"T",1583951790,12,1583951790,12,0),
(1626,106,NULL,166,"F",1583951790,12,1583951790,12,0),
(1627,106,NULL,167,"F",1583951790,12,1583951790,12,0),
(1628,106,NULL,168,"T",1583951790,12,1583951790,12,0),
(1629,107,NULL,164,"T",1583956392,12,1583956392,12,0),
(1630,107,NULL,165,"T",1583956392,12,1583956392,12,0),
(1631,107,NULL,166,"F",1583956392,12,1583956392,12,0),
(1632,107,NULL,167,"T",1583956392,12,1583956392,12,0),
(1633,107,NULL,168,"T",1583956392,12,1583956392,12,0),
(1634,602,NULL,164,"T",1583969585,12,1583969585,12,0),
(1635,602,NULL,165,"T",1583969585,12,1583969585,12,0),
(1636,602,NULL,166,"F",1583969585,12,1583969585,12,0),
(1637,602,NULL,167,"F",1583969585,12,1583969585,12,0),
(1638,602,NULL,168,"T",1583969585,12,1583969585,12,0),
(1639,NULL,35,190,"F",1596709715,12,1596709715,12,0),
(1640,NULL,35,189,"F",1596709715,12,1596709715,12,0),
(1641,NULL,35,185,2,1596709715,12,1596709715,12,0),
(1642,NULL,36,185,1,1596709965,12,1596709965,12,0),
(1643,NULL,36,190,"F",1596709965,12,1596709965,12,0),
(1644,NULL,36,189,"F",1596709965,12,1596709965,12,0),
(1645,NULL,35,148,12,1596711638,12,1596711638,12,0),
(1646,NULL,36,148,13,1596711650,12,1596711650,12,0),
(1647,608,NULL,148,12,1596718850,12,1596718850,12,0),
(1648,NULL,35,191,"T",1596881833,12,1596881833,12,0),
(1649,NULL,35,192,"T",1596881833,12,1596881833,12,0),
(1650,NULL,35,194,"T",1596881833,12,1596881833,12,0),
(1651,NULL,35,195,"T",1596881833,12,1596881833,12,0),
(1652,NULL,36,191,"T",1596881862,12,1596881862,12,0),
(1653,NULL,36,192,"T",1596881862,12,1596881862,12,0),
(1654,NULL,36,193,"T",1596881862,12,1596881862,12,0),
(1655,NULL,36,194,"T",1596881862,12,1596881862,12,0),
(1656,NULL,36,195,"T",1596881862,12,1596881862,12,0),
(1657,NULL,35,194,"T",1596881870,12,1596881870,12,1),
(1658,NULL,35,193,"T",1596881894,12,1596881894,12,0),
(1659,NULL,35,196,"T",1597126210,12,1597126210,12,1),
(1660,NULL,35,197,"F",1597126210,12,1597126210,12,1),
(1661,NULL,36,196,"T",1597126221,12,1597126221,12,1),
(1662,NULL,36,197,"F",1597126221,12,1597126221,12,1),
(1663,NULL,36,197,"F",1597128867,12,1597128867,12,1),
(1664,NULL,NULL,148,10,1597138391,12,1597138391,12,0),
(1665,NULL,37,148,10,1597138430,12,1597138430,12,0),
(1666,NULL,39,197,"F",1597477294,12,1597477294,12,0),
(1667,NULL,39,196,"T",1597477294,12,1597477294,12,0),
(1668,NULL,39,195,"T",1597477294,12,1597477294,12,0),
(1669,NULL,39,194,"T",1597477294,12,1597477294,12,0),
(1670,NULL,39,193,"F",1597477294,12,1597477294,12,0),
(1671,NULL,39,192,"F",1597477294,12,1597477294,12,0),
(1672,NULL,39,191,"F",1597477294,12,1597477294,12,0),
(1673,NULL,39,190,"F",1597477294,12,1597477294,12,0),
(1674,NULL,39,189,"F",1597477294,12,1597477294,12,0),
(1675,NULL,39,187,"T",1597477294,12,1597477294,12,0),
(1676,NULL,39,185,3,1597477294,12,1597477294,12,0),
(1677,NULL,39,148,14,1597477365,12,1597477365,12,0),
(1678,NULL,40,185,10,1597491002,12,1597491002,12,0),
(1679,NULL,40,187,"F",1597491002,12,1597491002,12,0),
(1680,NULL,40,189,"F",1597491002,12,1597491002,12,0),
(1681,NULL,40,190,"F",1597491002,12,1597491002,12,0),
(1682,NULL,40,191,"F",1597491002,12,1597491002,12,0),
(1683,NULL,40,192,"F",1597491002,12,1597491002,12,0),
(1684,NULL,40,193,"F",1597491002,12,1597491002,12,0),
(1685,NULL,40,194,"F",1597491002,12,1597491002,12,0),
(1686,NULL,40,195,"F",1597491002,12,1597491002,12,0),
(1687,NULL,40,196,"T",1597491002,12,1597491002,12,0),
(1688,NULL,40,197,"F",1597491002,12,1597491002,12,0),
(1689,NULL,40,148,10,1597491002,12,1597491002,12,0),
(1690,NULL,41,185,5,1597491637,12,1597491637,12,0),
(1691,NULL,41,187,"F",1597491637,12,1597491637,12,0),
(1692,NULL,41,189,"F",1597491637,12,1597491637,12,0),
(1693,NULL,41,190,"F",1597491637,12,1597491637,12,0),
(1694,NULL,41,191,"F",1597491637,12,1597491637,12,0),
(1695,NULL,41,192,"F",1597491637,12,1597491637,12,0),
(1696,NULL,41,193,"F",1597491637,12,1597491637,12,0),
(1697,NULL,41,194,"F",1597491637,12,1597491637,12,0),
(1698,NULL,41,195,"F",1597491637,12,1597491637,12,0),
(1699,NULL,41,196,"T",1597491637,12,1597491637,12,0),
(1700,NULL,41,197,"F",1597491637,12,1597491637,12,0),
(1701,NULL,41,148,10,1597491637,12,1597491637,12,0),
(1702,614,NULL,147,"T",1598166420,12,1598166420,12,1),
(1703,NULL,37,147,"T",1598166442,12,1598166442,12,0),
(1704,NULL,37,150,13,1598166623,12,1598166623,12,0),
(1705,NULL,42,148,10,1598872795,12,1598872795,12,0),
(1706,NULL,42,185,6,1598873928,12,1598873928,12,0),
(1707,NULL,42,187,"T",1598873928,12,1598873928,12,0),
(1708,NULL,42,189,"F",1598873928,12,1598873928,12,0),
(1709,NULL,42,190,"F",1598873928,12,1598873928,12,0),
(1710,NULL,42,191,"F",1598873928,12,1598873928,12,0),
(1711,NULL,42,192,"F",1598873928,12,1598873928,12,0),
(1712,NULL,42,193,"F",1598873928,12,1598873928,12,0),
(1713,NULL,42,195,"T",1598873928,12,1598873928,12,0),
(1714,NULL,42,194,"T",1598873928,12,1598873928,12,0),
(1715,NULL,42,196,"T",1598873928,12,1598873928,12,0),
(1716,NULL,42,197,"F",1598873928,12,1598873928,12,0),
(1717,NULL,42,198,"F",1598873928,12,1598873928,12,0),
(1718,NULL,43,185,4,1599467668,12,1599467668,12,0),
(1719,NULL,43,187,"F",1599467668,12,1599467668,12,0),
(1720,NULL,43,189,"F",1599467668,12,1599467668,12,0),
(1721,NULL,43,190,"F",1599467668,12,1599467668,12,0),
(1722,NULL,43,191,"F",1599467668,12,1599467668,12,0),
(1723,NULL,43,192,"F",1599467668,12,1599467668,12,0),
(1724,NULL,43,193,"F",1599467668,12,1599467668,12,0),
(1725,NULL,43,194,"F",1599467668,12,1599467668,12,0),
(1726,NULL,43,195,"F",1599467668,12,1599467668,12,0),
(1727,NULL,43,196,"T",1599467668,12,1599467668,12,0),
(1728,NULL,43,197,"F",1599467668,12,1599467668,12,0),
(1729,NULL,43,198,"T",1599467668,12,1599467668,12,0),
(1730,NULL,43,148,10,1599467699,12,1599467699,12,0),
(1731,NULL,44,185,2,1600257052,12,1600257052,12,0),
(1732,NULL,44,198,"F",1600257052,12,1600257052,12,0),
(1733,NULL,44,197,"F",1600257052,12,1600257052,12,0),
(1734,NULL,44,196,"F",1600257052,12,1600257052,12,0),
(1735,NULL,44,195,"F",1600257052,12,1600257052,12,0),
(1736,NULL,44,194,"F",1600257052,12,1600257052,12,0),
(1737,NULL,44,193,"F",1600257052,12,1600257052,12,0),
(1738,NULL,44,192,"F",1600257052,12,1600257052,12,0),
(1739,NULL,44,191,"F",1600257052,12,1600257052,12,0),
(1740,NULL,44,190,"F",1600257052,12,1600257052,12,0),
(1741,NULL,44,189,"F",1600257052,12,1600257052,12,0),
(1742,NULL,44,187,"F",1600257052,12,1600257052,12,0),
(1743,NULL,44,204,"F",1600257052,12,1600257052,12,0),
(1744,NULL,44,203,"F",1600257052,12,1600257052,12,0),
(1745,NULL,45,185,0,1602149485,12,1602149485,12,0),
(1746,NULL,45,187,"F",1602149485,12,1602149485,12,0),
(1747,NULL,45,189,"F",1602149485,12,1602149485,12,0),
(1748,NULL,45,190,"F",1602149485,12,1602149485,12,0),
(1749,NULL,45,191,"F",1602149485,12,1602149485,12,0),
(1750,NULL,45,192,"F",1602149485,12,1602149485,12,0),
(1751,NULL,45,195,"F",1602149485,12,1602149485,12,0),
(1752,NULL,45,194,"F",1602149485,12,1602149485,12,0),
(1753,NULL,45,193,"F",1602149485,12,1602149485,12,0),
(1754,NULL,47,185,15,1602150426,12,1602150426,12,0),
(1755,NULL,47,187,"F",1602150426,12,1602150426,12,0),
(1756,NULL,47,189,"F",1602150426,12,1602150426,12,0),
(1757,NULL,47,190,"F",1602150426,12,1602150426,12,0),
(1758,NULL,47,191,"F",1602150426,12,1602150426,12,0),
(1759,NULL,47,192,"F",1602150426,12,1602150426,12,0),
(1760,NULL,47,196,"T",1602150426,12,1602150426,12,0),
(1761,NULL,47,195,"F",1602150426,12,1602150426,12,0),
(1762,NULL,47,194,"F",1602150426,12,1602150426,12,0),
(1763,NULL,47,193,"F",1602150426,12,1602150426,12,0),
(1764,NULL,47,197,"T",1602150426,12,1602150426,12,0),
(1765,NULL,47,198,"F",1602150426,12,1602150426,12,0),
(1766,NULL,47,199,"T",1602150426,12,1602150426,12,0),
(1767,NULL,47,200,"F",1602150426,12,1602150426,12,0),
(1768,NULL,47,201,"T",1602150426,12,1602150426,12,0),
(1769,NULL,47,202,"T",1602150426,12,1602150426,12,0),
(1770,NULL,47,203,"F",1602150426,12,1602150426,12,0),
(1771,NULL,47,204,"F",1602150426,12,1602150426,12,0),
(1772,NULL,47,148,10,1602150426,12,1602150426,12,0),
(1773,NULL,35,196,"F",1605001321,12,1605001321,12,1),
(1774,NULL,36,201,"F",1605001370,12,1605001370,12,0),
(1775,NULL,35,197,"F",1605001528,12,1605001528,12,0),
(1776,NULL,35,202,"F",1605001528,12,1605001528,12,0),
(1777,NULL,36,197,"F",1605001624,12,1605001624,12,0),
(1778,NULL,36,202,"F",1605001674,12,1605001674,12,0),
(1779,NULL,3,203,"T",1605615165,12,1605615165,12,0),
(1780,NULL,3,220,"T",1605615176,12,1605615176,12,0),
(1781,NULL,37,220,"T",1605616889,12,1605616889,12,0),
(1782,NULL,3,218,"T",1605617814,12,1605617814,12,0),
(1783,NULL,34,218,"T",1605617842,12,1605617842,12,0),
(1784,NULL,37,9,"T",1605630127,12,1605630127,12,0),
(1785,NULL,37,10,"T",1605630127,12,1605630127,12,0),
(1786,NULL,37,11,"T",1605630127,12,1605630127,12,0),
(1787,NULL,37,12,"T",1605630127,12,1605630127,12,0),
(1788,NULL,37,13,"T",1605630127,12,1605630127,12,0),
(1789,NULL,37,14,"T",1605630127,12,1605630127,12,0),
(1790,NULL,37,15,"T",1605630127,12,1605630127,12,0),
(1791,NULL,37,16,"T",1605630127,12,1605630127,12,0),
(1792,NULL,37,17,"T",1605630127,12,1605630127,12,0),
(1793,NULL,37,18,"T",1605630127,12,1605630127,12,0),
(1794,NULL,37,19,"T",1605630127,12,1605630127,12,0),
(1795,NULL,37,20,"T",1605630127,12,1605630127,12,0),
(1796,NULL,37,21,"T",1605630127,12,1605630127,12,0),
(1797,NULL,37,22,"T",1605630127,12,1605630127,12,0),
(1798,NULL,37,23,"T",1605630127,12,1605630127,12,0),
(1799,NULL,37,24,"T",1605630127,12,1605630127,12,0),
(1800,NULL,37,25,"T",1605630127,12,1605630127,12,0),
(1801,NULL,37,26,"T",1605630127,12,1605630127,12,0),
(1802,NULL,37,27,"T",1605630127,12,1605630127,12,0),
(1803,NULL,37,28,"T",1605630127,12,1605630127,12,0),
(1804,NULL,37,29,"T",1605630127,12,1605630127,12,0),
(1805,NULL,37,30,"T",1605630127,12,1605630127,12,0),
(1806,NULL,37,31,"T",1605630127,12,1605630127,12,0),
(1807,NULL,37,32,"T",1605630127,12,1605630127,12,0),
(1808,NULL,37,33,"T",1605630127,12,1605630127,12,0),
(1809,NULL,37,34,"T",1605630127,12,1605630127,12,0),
(1810,NULL,37,35,"T",1605630127,12,1605630127,12,0),
(1811,NULL,37,36,"T",1605630127,12,1605630127,12,0),
(1812,NULL,37,37,"T",1605630127,12,1605630127,12,0),
(1813,NULL,37,38,"T",1605630127,12,1605630127,12,0),
(1814,NULL,37,39,"T",1605630127,12,1605630127,12,0),
(1815,NULL,37,40,"T",1605630127,12,1605630127,12,0),
(1816,NULL,37,41,"T",1605630127,12,1605630127,12,0),
(1817,NULL,37,42,"T",1605630127,12,1605630127,12,0),
(1818,NULL,37,43,"T",1605630127,12,1605630127,12,0),
(1819,NULL,37,44,"T",1605630127,12,1605630127,12,0),
(1820,NULL,37,45,"T",1605630127,12,1605630127,12,0),
(1821,NULL,37,46,"T",1605630127,12,1605630127,12,0),
(1822,NULL,37,47,"T",1605630127,12,1605630127,12,0),
(1823,NULL,37,48,"T",1605630127,12,1605630127,12,0),
(1824,NULL,37,49,"T",1605630127,12,1605630127,12,0),
(1825,NULL,37,50,"T",1605630127,12,1605630127,12,0),
(1826,NULL,37,51,"T",1605630127,12,1605630127,12,0),
(1827,NULL,37,52,"T",1605630127,12,1605630127,12,0),
(1828,NULL,37,53,"T",1605630127,12,1605630127,12,0),
(1829,NULL,37,54,"T",1605630127,12,1605630127,12,0),
(1830,NULL,37,55,"T",1605630127,12,1605630127,12,0),
(1831,NULL,37,56,"T",1605630127,12,1605630127,12,0),
(1832,NULL,37,57,"T",1605630127,12,1605630127,12,0),
(1833,NULL,37,58,"T",1605630127,12,1605630127,12,0),
(1834,NULL,37,59,"T",1605630127,12,1605630127,12,0),
(1835,NULL,37,60,"T",1605630127,12,1605630127,12,0),
(1836,NULL,37,61,"T",1605630127,12,1605630127,12,0),
(1837,NULL,37,62,"T",1605630127,12,1605630127,12,0),
(1838,NULL,37,63,"T",1605630127,12,1605630127,12,0),
(1839,NULL,37,64,"T",1605630127,12,1605630127,12,0),
(1840,NULL,37,65,"T",1605630127,12,1605630127,12,0),
(1841,NULL,37,66,"T",1605630127,12,1605630127,12,0),
(1842,NULL,37,67,"T",1605630127,12,1605630127,12,0),
(1843,NULL,37,68,"T",1605630127,12,1605630127,12,0),
(1844,NULL,37,69,"T",1605630127,12,1605630127,12,0),
(1845,NULL,37,70,"T",1605630127,12,1605630127,12,0),
(1846,NULL,37,71,"T",1605630127,12,1605630127,12,0),
(1847,NULL,37,72,"T",1605630127,12,1605630127,12,0),
(1848,NULL,37,73,"T",1605630127,12,1605630127,12,0),
(1849,NULL,37,74,"T",1605630127,12,1605630127,12,0),
(1850,NULL,37,75,"T",1605630127,12,1605630127,12,0),
(1851,NULL,37,76,"T",1605630127,12,1605630127,12,0),
(1852,NULL,37,77,"T",1605630127,12,1605630127,12,0),
(1853,NULL,37,78,"T",1605630127,12,1605630127,12,0),
(1854,NULL,37,79,"T",1605630127,12,1605630127,12,0),
(1855,NULL,37,80,"T",1605630127,12,1605630127,12,0),
(1856,NULL,37,81,"T",1605630127,12,1605630127,12,0),
(1857,NULL,37,82,"T",1605630127,12,1605630127,12,0),
(1858,NULL,37,83,"T",1605630127,12,1605630127,12,0),
(1859,NULL,37,84,"T",1605630127,12,1605630127,12,0),
(1860,NULL,37,85,"T",1605630127,12,1605630127,12,0),
(1861,NULL,37,86,"T",1605630127,12,1605630127,12,0),
(1862,NULL,37,87,"T",1605630127,12,1605630127,12,0),
(1863,NULL,37,88,"T",1605630127,12,1605630127,12,0),
(1864,NULL,37,89,"T",1605630127,12,1605630127,12,0),
(1865,NULL,37,90,"T",1605630127,12,1605630127,12,0),
(1866,NULL,37,91,"T",1605630127,12,1605630127,12,0),
(1867,NULL,37,92,"T",1605630127,12,1605630127,12,0),
(1868,NULL,37,93,"T",1605630127,12,1605630127,12,0),
(1869,NULL,37,94,"T",1605630127,12,1605630127,12,0),
(1870,NULL,37,95,"T",1605630127,12,1605630127,12,0),
(1871,NULL,37,96,"T",1605630127,12,1605630127,12,0),
(1872,NULL,37,97,"T",1605630127,12,1605630127,12,0),
(1873,NULL,37,98,"T",1605630127,12,1605630127,12,0),
(1874,NULL,37,99,"T",1605630127,12,1605630127,12,0),
(1875,NULL,37,100,"T",1605630127,12,1605630127,12,0),
(1876,NULL,37,101,"T",1605630127,12,1605630127,12,0),
(1877,NULL,37,102,"T",1605630127,12,1605630127,12,0),
(1878,NULL,37,103,"T",1605630127,12,1605630127,12,0),
(1879,NULL,37,104,"T",1605630127,12,1605630127,12,0),
(1880,NULL,37,105,"T",1605630127,12,1605630127,12,0),
(1881,NULL,37,106,"T",1605630127,12,1605630127,12,0),
(1882,NULL,37,107,"T",1605630127,12,1605630127,12,0),
(1883,NULL,37,108,"T",1605630127,12,1605630127,12,0),
(1884,NULL,37,109,"T",1605630127,12,1605630127,12,0),
(1885,NULL,37,110,"T",1605630127,12,1605630127,12,0),
(1886,NULL,37,111,"T",1605630127,12,1605630127,12,0),
(1887,NULL,37,112,"T",1605630127,12,1605630127,12,0),
(1888,NULL,37,113,"T",1605630127,12,1605630127,12,0),
(1889,NULL,37,114,"T",1605630127,12,1605630127,12,0),
(1890,NULL,37,115,"T",1605630127,12,1605630127,12,0),
(1891,NULL,37,116,"T",1605630127,12,1605630127,12,0),
(1892,NULL,37,117,"T",1605630127,12,1605630127,12,0),
(1893,NULL,37,118,"T",1605630127,12,1605630127,12,0),
(1894,NULL,37,119,"T",1605630127,12,1605630127,12,0),
(1895,NULL,37,120,"T",1605630127,12,1605630127,12,0),
(1896,NULL,37,121,"T",1605630127,12,1605630127,12,0),
(1897,NULL,37,122,"T",1605630127,12,1605630127,12,0),
(1898,NULL,37,123,"T",1605630127,12,1605630127,12,0),
(1899,NULL,37,124,"T",1605630127,12,1605630127,12,0),
(1900,NULL,37,125,"T",1605630127,12,1605630127,12,0),
(1901,NULL,37,126,"T",1605630127,12,1605630127,12,0),
(1902,NULL,37,127,"T",1605630127,12,1605630127,12,0),
(1903,NULL,37,128,"T",1605630127,12,1605630127,12,0),
(1904,NULL,37,129,"T",1605630127,12,1605630127,12,0),
(1905,NULL,37,130,"T",1605630127,12,1605630127,12,0),
(1906,NULL,37,131,"T",1605630127,12,1605630127,12,0),
(1907,NULL,37,132,"T",1605630127,12,1605630127,12,0),
(1908,NULL,37,133,"T",1605630127,12,1605630127,12,0),
(1909,NULL,37,134,"T",1605630127,12,1605630127,12,0),
(1910,NULL,37,135,"T",1605630127,12,1605630127,12,0),
(1911,NULL,37,136,"T",1605630127,12,1605630127,12,0),
(1912,NULL,37,137,"T",1605630127,12,1605630127,12,0),
(1913,NULL,37,138,"T",1605630127,12,1605630127,12,0),
(1914,NULL,37,139,"T",1605630127,12,1605630127,12,0),
(1915,NULL,37,140,"T",1605630127,12,1605630127,12,0),
(1916,NULL,37,144,"T",1605630127,12,1605630127,12,0),
(1917,NULL,3,3,"T",1605776095,12,1605776095,12,0),
(1918,NULL,48,150,13,1606026991,12,1606026991,12,0),
(1919,NULL,48,9,"T",1606027023,12,1606027023,12,0),
(1920,NULL,48,10,"T",1606027023,12,1606027023,12,0),
(1921,NULL,48,11,"T",1606027023,12,1606027023,12,0),
(1922,NULL,48,12,"T",1606027023,12,1606027023,12,0),
(1923,NULL,48,13,"T",1606027023,12,1606027023,12,0),
(1924,NULL,48,14,"T",1606027023,12,1606027023,12,0),
(1925,NULL,48,15,"T",1606027023,12,1606027023,12,0),
(1926,NULL,48,16,"T",1606027023,12,1606027023,12,0),
(1927,NULL,48,17,"T",1606027023,12,1606027023,12,0),
(1928,NULL,48,18,"T",1606027023,12,1606027023,12,0),
(1929,NULL,48,19,"T",1606027023,12,1606027023,12,0),
(1930,NULL,48,20,"T",1606027023,12,1606027023,12,0),
(1931,NULL,48,21,"T",1606027023,12,1606027023,12,0),
(1932,NULL,48,22,"T",1606027023,12,1606027023,12,0),
(1933,NULL,48,23,"T",1606027023,12,1606027023,12,0),
(1934,NULL,48,24,"T",1606027023,12,1606027023,12,0),
(1935,NULL,48,25,"T",1606027023,12,1606027023,12,0),
(1936,NULL,48,26,"T",1606027023,12,1606027023,12,0),
(1937,NULL,48,27,"T",1606027023,12,1606027023,12,0),
(1938,NULL,48,28,"T",1606027023,12,1606027023,12,0),
(1939,NULL,48,29,"T",1606027023,12,1606027023,12,0),
(1940,NULL,48,30,"T",1606027023,12,1606027023,12,0),
(1941,NULL,48,31,"T",1606027023,12,1606027023,12,0),
(1942,NULL,48,32,"T",1606027023,12,1606027023,12,0),
(1943,NULL,48,33,"T",1606027023,12,1606027023,12,0),
(1944,NULL,48,34,"T",1606027023,12,1606027023,12,0),
(1945,NULL,48,35,"T",1606027023,12,1606027023,12,0),
(1946,NULL,48,36,"T",1606027023,12,1606027023,12,0),
(1947,NULL,48,37,"T",1606027023,12,1606027023,12,0),
(1948,NULL,48,38,"T",1606027023,12,1606027023,12,0),
(1949,NULL,48,39,"T",1606027023,12,1606027023,12,0),
(1950,NULL,48,40,"T",1606027023,12,1606027023,12,0),
(1951,NULL,48,41,"T",1606027023,12,1606027023,12,0),
(1952,NULL,48,42,"T",1606027023,12,1606027023,12,0),
(1953,NULL,48,43,"T",1606027023,12,1606027023,12,0),
(1954,NULL,48,44,"T",1606027023,12,1606027023,12,0),
(1955,NULL,48,45,"T",1606027023,12,1606027023,12,0),
(1956,NULL,48,46,"T",1606027023,12,1606027023,12,0),
(1957,NULL,48,47,"T",1606027023,12,1606027023,12,0),
(1958,NULL,48,48,"T",1606027023,12,1606027023,12,0),
(1959,NULL,48,49,"T",1606027023,12,1606027023,12,0),
(1960,NULL,48,50,"T",1606027023,12,1606027023,12,0),
(1961,NULL,48,51,"T",1606027023,12,1606027023,12,0),
(1962,NULL,48,52,"T",1606027023,12,1606027023,12,0),
(1963,NULL,48,53,"T",1606027023,12,1606027023,12,0),
(1964,NULL,48,54,"T",1606027023,12,1606027023,12,0),
(1965,NULL,48,55,"T",1606027023,12,1606027023,12,0),
(1966,NULL,48,56,"T",1606027023,12,1606027023,12,0),
(1967,NULL,48,57,"T",1606027023,12,1606027023,12,0),
(1968,NULL,48,58,"T",1606027023,12,1606027023,12,0),
(1969,NULL,48,59,"T",1606027023,12,1606027023,12,0),
(1970,NULL,48,60,"T",1606027023,12,1606027023,12,0),
(1971,NULL,48,61,"T",1606027023,12,1606027023,12,0),
(1972,NULL,48,62,"T",1606027023,12,1606027023,12,0),
(1973,NULL,48,63,"T",1606027023,12,1606027023,12,0),
(1974,NULL,48,64,"T",1606027023,12,1606027023,12,0),
(1975,NULL,48,65,"T",1606027023,12,1606027023,12,0),
(1976,NULL,48,66,"T",1606027023,12,1606027023,12,0),
(1977,NULL,48,67,"T",1606027023,12,1606027023,12,0),
(1978,NULL,48,68,"T",1606027023,12,1606027023,12,0),
(1979,NULL,48,69,"T",1606027023,12,1606027023,12,0),
(1980,NULL,48,70,"T",1606027023,12,1606027023,12,0),
(1981,NULL,48,71,"T",1606027023,12,1606027023,12,0),
(1982,NULL,48,72,"T",1606027023,12,1606027023,12,0),
(1983,NULL,48,73,"T",1606027023,12,1606027023,12,0),
(1984,NULL,48,74,"T",1606027023,12,1606027023,12,0),
(1985,NULL,48,75,"T",1606027023,12,1606027023,12,0),
(1986,NULL,48,76,"T",1606027023,12,1606027023,12,0),
(1987,NULL,48,77,"T",1606027023,12,1606027023,12,0),
(1988,NULL,48,78,"T",1606027023,12,1606027023,12,0),
(1989,NULL,48,79,"T",1606027023,12,1606027023,12,0),
(1990,NULL,48,80,"T",1606027023,12,1606027023,12,0),
(1991,NULL,48,81,"T",1606027023,12,1606027023,12,0),
(1992,NULL,48,82,"T",1606027023,12,1606027023,12,0),
(1993,NULL,48,83,"T",1606027023,12,1606027023,12,0),
(1994,NULL,48,84,"T",1606027023,12,1606027023,12,0),
(1995,NULL,48,85,"T",1606027023,12,1606027023,12,0),
(1996,NULL,48,86,"T",1606027023,12,1606027023,12,0),
(1997,NULL,48,87,"T",1606027023,12,1606027023,12,0),
(1998,NULL,48,88,"T",1606027023,12,1606027023,12,0),
(1999,NULL,48,89,"T",1606027023,12,1606027023,12,0),
(2000,NULL,48,90,"T",1606027023,12,1606027023,12,0),
(2001,NULL,48,91,"T",1606027023,12,1606027023,12,0),
(2002,NULL,48,92,"T",1606027023,12,1606027023,12,0),
(2003,NULL,48,93,"T",1606027023,12,1606027023,12,0),
(2004,NULL,48,94,"T",1606027023,12,1606027023,12,0),
(2005,NULL,48,95,"T",1606027023,12,1606027023,12,0),
(2006,NULL,48,96,"T",1606027023,12,1606027023,12,0),
(2007,NULL,48,97,"T",1606027023,12,1606027023,12,0),
(2008,NULL,48,98,"T",1606027023,12,1606027023,12,0),
(2009,NULL,48,99,"T",1606027023,12,1606027023,12,0),
(2010,NULL,48,100,"T",1606027023,12,1606027023,12,0),
(2011,NULL,48,101,"T",1606027023,12,1606027023,12,0),
(2012,NULL,48,102,"T",1606027023,12,1606027023,12,0),
(2013,NULL,48,103,"T",1606027023,12,1606027023,12,0),
(2014,NULL,48,104,"T",1606027023,12,1606027023,12,0),
(2015,NULL,48,105,"T",1606027023,12,1606027023,12,0),
(2016,NULL,48,106,"T",1606027023,12,1606027023,12,0),
(2017,NULL,48,107,"T",1606027023,12,1606027023,12,0),
(2018,NULL,48,108,"T",1606027023,12,1606027023,12,0),
(2019,NULL,48,109,"T",1606027023,12,1606027023,12,0),
(2020,NULL,48,110,"T",1606027023,12,1606027023,12,0),
(2021,NULL,48,111,"T",1606027023,12,1606027023,12,0),
(2022,NULL,48,112,"T",1606027023,12,1606027023,12,0),
(2023,NULL,48,113,"T",1606027023,12,1606027023,12,0),
(2024,NULL,48,114,"T",1606027023,12,1606027023,12,0),
(2025,NULL,48,115,"T",1606027023,12,1606027023,12,0),
(2026,NULL,48,116,"T",1606027023,12,1606027023,12,0),
(2027,NULL,48,117,"T",1606027023,12,1606027023,12,0),
(2028,NULL,48,118,"T",1606027023,12,1606027023,12,0),
(2029,NULL,48,119,"T",1606027023,12,1606027023,12,0),
(2030,NULL,48,120,"T",1606027023,12,1606027023,12,0),
(2031,NULL,48,121,"T",1606027023,12,1606027023,12,0),
(2032,NULL,48,122,"T",1606027023,12,1606027023,12,0),
(2033,NULL,48,123,"T",1606027023,12,1606027023,12,0),
(2034,NULL,48,124,"T",1606027023,12,1606027023,12,0),
(2035,NULL,48,125,"T",1606027023,12,1606027023,12,0),
(2036,NULL,48,126,"T",1606027023,12,1606027023,12,0),
(2037,NULL,48,127,"T",1606027023,12,1606027023,12,0),
(2038,NULL,48,128,"T",1606027023,12,1606027023,12,0),
(2039,NULL,48,129,"T",1606027023,12,1606027023,12,0),
(2040,NULL,48,130,"T",1606027023,12,1606027023,12,0),
(2041,NULL,48,131,"T",1606027023,12,1606027023,12,0),
(2042,NULL,48,132,"T",1606027023,12,1606027023,12,0),
(2043,NULL,48,133,"T",1606027023,12,1606027023,12,0),
(2044,NULL,48,134,"T",1606027023,12,1606027023,12,0),
(2045,NULL,48,135,"T",1606027023,12,1606027023,12,0),
(2046,NULL,48,136,"T",1606027023,12,1606027023,12,0),
(2047,NULL,48,137,"T",1606027023,12,1606027023,12,0),
(2048,NULL,48,138,"T",1606027023,12,1606027023,12,0),
(2049,NULL,48,139,"T",1606027023,12,1606027023,12,0),
(2050,NULL,48,140,"T",1606027023,12,1606027023,12,0),
(2051,NULL,48,144,"T",1606027023,12,1606027023,12,0),
(2052,NULL,48,183,"T",1606027023,12,1606027023,12,0),
(2053,NULL,40,185,15,1606042092,12,1606042092,12,0),
(2054,NULL,37,203,"T",1607757634,12,1607757634,12,0),
(2055,NULL,51,224,"T",1609420598,12,1609420598,12,0),
(2056,NULL,51,225,"T",1609420598,12,1609420598,12,0),
(2057,NULL,51,226,"F",1609420616,12,1609420616,12,0),
(2058,NULL,51,222,"F",1609420616,12,1609420616,12,0),
(2059,634,NULL,9,"T",1613850193,12,1613850193,12,0),
(2060,634,NULL,10,"T",1613850193,12,1613850193,12,0),
(2061,634,NULL,11,"T",1613850193,12,1613850193,12,0),
(2062,634,NULL,12,"T",1613850193,12,1613850193,12,0),
(2063,634,NULL,13,"T",1613850193,12,1613850193,12,0),
(2064,634,NULL,14,"T",1613850193,12,1613850193,12,0),
(2065,634,NULL,15,"T",1613850193,12,1613850193,12,0),
(2066,634,NULL,16,"T",1613850193,12,1613850193,12,0),
(2067,634,NULL,17,"T",1613850193,12,1613850193,12,0),
(2068,634,NULL,18,"T",1613850193,12,1613850193,12,0),
(2069,634,NULL,19,"T",1613850193,12,1613850193,12,0),
(2070,634,NULL,20,"T",1613850193,12,1613850193,12,0),
(2071,634,NULL,21,"T",1613850193,12,1613850193,12,0),
(2072,634,NULL,22,"T",1613850193,12,1613850193,12,0),
(2073,634,NULL,23,"T",1613850193,12,1613850193,12,0),
(2074,634,NULL,24,"T",1613850193,12,1613850193,12,0),
(2075,634,NULL,25,"T",1613850193,12,1613850193,12,0),
(2076,634,NULL,26,"T",1613850193,12,1613850193,12,0),
(2077,634,NULL,27,"T",1613850193,12,1613850193,12,0),
(2078,634,NULL,28,"T",1613850193,12,1613850193,12,0),
(2079,634,NULL,29,"T",1613850193,12,1613850193,12,0),
(2080,634,NULL,30,"T",1613850193,12,1613850193,12,0),
(2081,634,NULL,31,"T",1613850193,12,1613850193,12,0),
(2082,634,NULL,32,"T",1613850193,12,1613850193,12,0),
(2083,634,NULL,33,"T",1613850193,12,1613850193,12,0),
(2084,634,NULL,34,"T",1613850193,12,1613850193,12,0),
(2085,634,NULL,35,"T",1613850193,12,1613850193,12,0),
(2086,634,NULL,36,"T",1613850193,12,1613850193,12,0),
(2087,634,NULL,37,"T",1613850193,12,1613850193,12,0),
(2088,634,NULL,38,"T",1613850193,12,1613850193,12,0),
(2089,634,NULL,39,"T",1613850193,12,1613850193,12,0),
(2090,634,NULL,40,"T",1613850193,12,1613850193,12,0),
(2091,634,NULL,41,"T",1613850193,12,1613850193,12,0),
(2092,634,NULL,42,"T",1613850193,12,1613850193,12,0),
(2093,634,NULL,43,"T",1613850193,12,1613850193,12,0),
(2094,634,NULL,44,"T",1613850193,12,1613850193,12,0),
(2095,634,NULL,45,"T",1613850193,12,1613850193,12,0),
(2096,634,NULL,46,"T",1613850193,12,1613850193,12,0),
(2097,634,NULL,47,"T",1613850193,12,1613850193,12,0),
(2098,634,NULL,48,"T",1613850193,12,1613850193,12,0),
(2099,634,NULL,49,"T",1613850193,12,1613850193,12,0),
(2100,634,NULL,50,"T",1613850193,12,1613850193,12,0),
(2101,634,NULL,51,"T",1613850193,12,1613850193,12,0),
(2102,634,NULL,52,"T",1613850193,12,1613850193,12,0),
(2103,634,NULL,53,"T",1613850193,12,1613850193,12,0),
(2104,634,NULL,54,"T",1613850193,12,1613850193,12,0),
(2105,634,NULL,55,"T",1613850193,12,1613850193,12,0),
(2106,634,NULL,56,"T",1613850193,12,1613850193,12,0),
(2107,634,NULL,57,"T",1613850193,12,1613850193,12,0),
(2108,634,NULL,58,"T",1613850193,12,1613850193,12,0),
(2109,634,NULL,59,"T",1613850193,12,1613850193,12,0),
(2110,634,NULL,60,"T",1613850193,12,1613850193,12,0),
(2111,634,NULL,61,"T",1613850193,12,1613850193,12,0),
(2112,634,NULL,62,"T",1613850193,12,1613850193,12,0),
(2113,634,NULL,63,"T",1613850193,12,1613850193,12,0),
(2114,634,NULL,64,"T",1613850193,12,1613850193,12,0),
(2115,634,NULL,65,"T",1613850193,12,1613850193,12,0),
(2116,634,NULL,66,"T",1613850193,12,1613850193,12,0),
(2117,634,NULL,67,"T",1613850193,12,1613850193,12,0),
(2118,634,NULL,68,"T",1613850193,12,1613850193,12,0),
(2119,634,NULL,69,"T",1613850193,12,1613850193,12,0),
(2120,634,NULL,70,"T",1613850193,12,1613850193,12,0),
(2121,634,NULL,71,"T",1613850193,12,1613850193,12,0),
(2122,634,NULL,72,"T",1613850193,12,1613850193,12,0),
(2123,634,NULL,73,"T",1613850193,12,1613850193,12,0),
(2124,634,NULL,74,"T",1613850193,12,1613850193,12,0),
(2125,634,NULL,75,"T",1613850193,12,1613850193,12,0),
(2126,634,NULL,76,"T",1613850193,12,1613850193,12,0),
(2127,634,NULL,77,"T",1613850193,12,1613850193,12,0),
(2128,634,NULL,78,"T",1613850193,12,1613850193,12,0),
(2129,634,NULL,79,"T",1613850193,12,1613850193,12,0),
(2130,634,NULL,80,"T",1613850193,12,1613850193,12,0),
(2131,634,NULL,81,"T",1613850193,12,1613850193,12,0),
(2132,634,NULL,82,"T",1613850193,12,1613850193,12,0),
(2133,634,NULL,83,"T",1613850193,12,1613850193,12,0),
(2134,634,NULL,84,"T",1613850193,12,1613850193,12,0),
(2135,634,NULL,85,"T",1613850193,12,1613850193,12,0),
(2136,634,NULL,86,"T",1613850193,12,1613850193,12,0),
(2137,634,NULL,87,"T",1613850193,12,1613850193,12,0),
(2138,634,NULL,88,"T",1613850193,12,1613850193,12,0),
(2139,634,NULL,89,"T",1613850193,12,1613850193,12,0),
(2140,634,NULL,90,"T",1613850193,12,1613850193,12,0),
(2141,634,NULL,91,"T",1613850193,12,1613850193,12,0),
(2142,634,NULL,92,"T",1613850193,12,1613850193,12,0),
(2143,634,NULL,93,"T",1613850193,12,1613850193,12,0),
(2144,634,NULL,94,"T",1613850193,12,1613850193,12,0),
(2145,634,NULL,95,"T",1613850193,12,1613850193,12,0),
(2146,634,NULL,96,"T",1613850193,12,1613850193,12,0),
(2147,634,NULL,97,"T",1613850193,12,1613850193,12,0),
(2148,634,NULL,98,"T",1613850193,12,1613850193,12,0),
(2149,634,NULL,99,"T",1613850193,12,1613850193,12,0),
(2150,634,NULL,100,"T",1613850193,12,1613850193,12,0),
(2151,634,NULL,101,"T",1613850193,12,1613850193,12,0),
(2152,634,NULL,102,"T",1613850193,12,1613850193,12,0),
(2153,634,NULL,103,"T",1613850193,12,1613850193,12,0),
(2154,634,NULL,104,"T",1613850193,12,1613850193,12,0),
(2155,634,NULL,105,"T",1613850193,12,1613850193,12,0),
(2156,634,NULL,106,"T",1613850193,12,1613850193,12,0),
(2157,634,NULL,107,"T",1613850193,12,1613850193,12,0),
(2158,634,NULL,108,"T",1613850193,12,1613850193,12,0),
(2159,634,NULL,109,"T",1613850193,12,1613850193,12,0),
(2160,634,NULL,110,"T",1613850193,12,1613850193,12,0),
(2161,634,NULL,111,"T",1613850193,12,1613850193,12,0),
(2162,634,NULL,112,"T",1613850193,12,1613850193,12,0),
(2163,634,NULL,113,"T",1613850193,12,1613850193,12,0),
(2164,634,NULL,114,"T",1613850193,12,1613850193,12,0),
(2165,634,NULL,115,"T",1613850193,12,1613850193,12,0),
(2166,634,NULL,116,"T",1613850193,12,1613850193,12,0),
(2167,634,NULL,117,"T",1613850193,12,1613850193,12,0),
(2168,634,NULL,118,"T",1613850193,12,1613850193,12,0),
(2169,634,NULL,119,"T",1613850193,12,1613850193,12,0),
(2170,634,NULL,120,"T",1613850193,12,1613850193,12,0),
(2171,634,NULL,121,"T",1613850193,12,1613850193,12,0),
(2172,634,NULL,122,"T",1613850193,12,1613850193,12,0),
(2173,634,NULL,123,"T",1613850193,12,1613850193,12,0),
(2174,634,NULL,124,"T",1613850193,12,1613850193,12,0),
(2175,634,NULL,125,"T",1613850193,12,1613850193,12,0),
(2176,634,NULL,126,"T",1613850193,12,1613850193,12,0),
(2177,634,NULL,127,"T",1613850193,12,1613850193,12,0),
(2178,634,NULL,128,"T",1613850193,12,1613850193,12,0),
(2179,634,NULL,129,"T",1613850193,12,1613850193,12,0),
(2180,634,NULL,130,"T",1613850193,12,1613850193,12,0),
(2181,634,NULL,131,"T",1613850193,12,1613850193,12,0),
(2182,634,NULL,132,"T",1613850193,12,1613850193,12,0),
(2183,634,NULL,133,"T",1613850193,12,1613850193,12,0),
(2184,634,NULL,134,"T",1613850193,12,1613850193,12,0),
(2185,634,NULL,135,"T",1613850193,12,1613850193,12,0),
(2186,634,NULL,136,"T",1613850193,12,1613850193,12,0),
(2187,634,NULL,137,"T",1613850193,12,1613850193,12,0),
(2188,634,NULL,138,"T",1613850193,12,1613850193,12,0),
(2189,634,NULL,139,"T",1613850193,12,1613850193,12,0),
(2190,634,NULL,140,"T",1613850193,12,1613850193,12,0),
(2191,634,NULL,144,"T",1613850193,12,1613850193,12,0),
(2192,634,NULL,150,14,1613850193,12,1613850193,12,0),
(2193,634,NULL,148,10,1613850193,12,1613850193,12,0),
(2194,634,NULL,151,"T",1617209576,634,1617209576,634,0),
(2195,639,NULL,148,10,1617213768,639,1617213768,639,0),
(2196,639,NULL,151,"T",1617213768,639,1617213768,639,0),
(2197,639,NULL,147,"T",1617213768,639,1617213768,639,0),
(2198,639,NULL,150,14,1617213768,639,1617213768,639,0),
(2199,NULL,54,150,14,1617214658,639,1617214658,639,0),
(2200,NULL,54,148,10,1617214658,639,1617214658,639,0),
(2201,NULL,54,151,"T",1617214658,639,1617214658,639,0),
(2202,NULL,55,150,16,1617215289,634,1617215289,634,0),
(2203,NULL,55,148,12,1617215289,634,1617215289,634,0),
(2204,NULL,55,151,"T",1617215289,634,1617215289,634,0),
(2205,NULL,55,147,"T",1617215289,634,1617215289,634,0),
(2206,NULL,57,148,12,1617215719,634,1617215719,634,0),
(2207,NULL,57,150,16,1617215719,634,1617215719,634,0),
(2208,NULL,56,150,14,1617215952,634,1617215952,634,0),
(2209,NULL,56,148,10,1617215952,634,1617215952,634,0);


DROP TABLE system_user_data;

CREATE TABLE `system_user_data` (
  `id` int(11) unsigned NOT NULL AUTO_INCREMENT,
  `user_id` int(11) DEFAULT NULL,
  `role_id` int(11) DEFAULT NULL,
  `auth_id` int(11) DEFAULT NULL,
  `data_id` int(11) DEFAULT NULL,
  `create_date` int(11) DEFAULT NULL,
  `created_by_user_id` int(11) DEFAULT NULL,
  `modification_date` int(11) DEFAULT NULL,
  `modified_by_user_id` int(11) DEFAULT NULL,
  `deleted` tinyint(1) DEFAULT NULL,
  PRIMARY KEY (`id`)
) ENGINE=InnoDB AUTO_INCREMENT=120 DEFAULT CHARSET=utf8;

INSERT INTO system_user_data VALUES
(9,12,NULL,3,9,1570375544,12,1570375544,12,1),
(10,12,NULL,3,10,1570375544,12,1570375544,12,1),
(12,12,NULL,6,9,1571157434,12,1571157434,12,0),
(13,12,NULL,6,10,1571157434,12,1571157434,12,1),
(14,12,NULL,6,11,1571157434,12,1571157434,12,0),
(15,12,NULL,6,12,1571157434,12,1571157434,12,1),
(16,12,NULL,6,13,1571157434,12,1571157434,12,0),
(17,12,NULL,6,14,1571157434,12,1571157434,12,0),
(18,12,NULL,6,15,1571157434,12,1571157434,12,0),
(19,12,NULL,6,16,1571157434,12,1571157434,12,0),
(20,12,NULL,6,17,1571157434,12,1571157434,12,0),
(21,12,NULL,6,18,1571157434,12,1571157434,12,0),
(22,12,NULL,141,1,1571157434,12,1571157434,12,0),
(23,12,NULL,141,2,1571157434,12,1571157434,12,0),
(24,12,NULL,141,3,1571157434,12,1571157434,12,0),
(25,12,NULL,141,4,1571157434,12,1571157434,12,0),
(26,12,NULL,141,7,1571157434,12,1571157434,12,0),
(27,12,NULL,141,8,1571157434,12,1571157434,12,0),
(28,12,NULL,141,9,1571157434,12,1571157434,12,0),
(29,12,NULL,142,1,1571160254,12,1571160254,12,1),
(38,12,NULL,6,12,1571919238,12,1571919238,12,0),
(40,NULL,3,146,1,1572813291,12,1572813291,12,1),
(61,100,NULL,156,100,1583008574,12,1583008574,12,0),
(62,101,NULL,156,101,1583008582,12,1583008582,12,0),
(63,102,NULL,156,102,1583008587,12,1583008587,12,0),
(64,103,NULL,156,103,1583008592,12,1583008592,12,0),
(65,104,NULL,156,100,1583008602,12,1583008602,12,0),
(66,104,NULL,156,101,1583008602,12,1583008602,12,0),
(67,104,NULL,156,102,1583008602,12,1583008602,12,0),
(68,104,NULL,156,103,1583008602,12,1583008602,12,0),
(69,104,NULL,156,104,1583008602,12,1583008602,12,0),
(70,NULL,31,155,3,1583935277,12,1583935277,12,1),
(71,107,NULL,155,1,1583937768,12,1583937768,12,0),
(72,106,NULL,155,1,1583937890,12,1583937890,12,1),
(73,106,NULL,155,3,1583949900,12,1583949900,12,0),
(74,602,NULL,155,3,1583969595,12,1583969595,12,0),
(75,610,NULL,146,12,1596711932,12,1596711932,12,0),
(76,609,NULL,146,12,1596711947,12,1596711947,12,0),
(77,608,NULL,146,12,1596711954,12,1596711954,12,0),
(78,NULL,35,186,2,1596883092,12,1596883092,12,1),
(79,NULL,36,186,1,1596883146,12,1596883146,12,1),
(80,NULL,36,186,2,1597130208,12,1597130208,12,1),
(81,NULL,35,186,1,1597130217,12,1597130217,12,1),
(82,NULL,39,186,3,1597477897,12,1597477897,12,1),
(83,NULL,40,186,10,1597491392,12,1597491392,12,1),
(84,NULL,41,186,5,1597491677,12,1597491677,12,1),
(85,NULL,42,186,6,1598872819,12,1598872819,12,0),
(86,NULL,43,186,4,1599467728,12,1599467728,12,1),
(87,NULL,43,186,8,1599468367,12,1599468367,12,1),
(88,NULL,43,186,9,1599468367,12,1599468367,12,1),
(89,NULL,34,217,3,1605617178,12,1605617178,12,0),
(90,NULL,34,217,4,1605617178,12,1605617178,12,0),
(91,NULL,34,217,5,1605617178,12,1605617178,12,0),
(92,NULL,34,217,6,1605617178,12,1605617178,12,0),
(93,NULL,34,217,7,1605617178,12,1605617178,12,0),
(94,NULL,34,217,1,1605617528,12,1605617528,12,0),
(95,NULL,34,217,2,1605617528,12,1605617528,12,0),
(96,NULL,3,217,1,1605617790,12,1605617790,12,0),
(97,NULL,3,217,2,1605617790,12,1605617790,12,0),
(98,NULL,3,217,3,1605617790,12,1605617790,12,0),
(99,NULL,3,217,4,1605617790,12,1605617790,12,0),
(100,NULL,3,217,5,1605617790,12,1605617790,12,0),
(101,NULL,3,217,6,1605617790,12,1605617790,12,0),
(102,NULL,3,217,7,1605617790,12,1605617790,12,0),
(103,NULL,41,217,7,1605690760,12,1605690760,12,0),
(104,NULL,40,217,5,1605695057,12,1605695057,12,0),
(105,626,NULL,217,6,1605767066,12,1605767066,12,0),
(106,NULL,40,217,5,1606042026,12,1606042026,12,1),
(107,NULL,43,217,6,1608122354,12,1608122354,12,0),
(108,NULL,43,186,4,1608122354,12,1608122354,12,0),
(109,NULL,43,186,8,1608122354,12,1608122354,12,0),
(110,NULL,43,186,9,1608122354,12,1608122354,12,0),
(111,NULL,36,227,2,1609226409,12,1609226409,12,1),
(112,NULL,36,227,9,1609226409,12,1609226409,12,1),
(113,NULL,36,227,14,1609230248,12,1609230248,12,1),
(114,NULL,36,227,15,1609230248,12,1609230248,12,1),
(115,NULL,36,227,16,1609230248,12,1609230248,12,1),
(116,NULL,36,227,17,1609230248,12,1609230248,12,1),
(117,NULL,36,227,2,1609245844,12,1609245844,12,0),
(118,NULL,35,227,1,1609253440,12,1609253440,12,0),
(119,NULL,47,186,15,1612009558,12,1612009558,12,0);


DROP TABLE system_user_forms;

CREATE TABLE `system_user_forms` (
  `id` int(11) unsigned NOT NULL AUTO_INCREMENT,
  `user_id` int(11) DEFAULT NULL,
  `role_id` int(11) DEFAULT NULL,
  `form_id` int(11) DEFAULT NULL,
  `create_date` int(11) DEFAULT NULL,
  `created_by_user_id` int(11) DEFAULT NULL,
  `modification_date` int(11) DEFAULT NULL,
  `modified_by_user_id` int(11) DEFAULT NULL,
  `can_add` tinyint(1) DEFAULT 0,
  `can_edit` tinyint(1) DEFAULT 0,
  `can_delete` tinyint(1) DEFAULT 0,
  `deleted` tinyint(1) DEFAULT NULL,
  PRIMARY KEY (`id`)
) ENGINE=InnoDB AUTO_INCREMENT=1205 DEFAULT CHARSET=utf8;

INSERT INTO system_user_forms VALUES
(15,NULL,3,3,1570156879,12,1570156879,12,1,1,1,0),
(16,NULL,3,30,1570156879,12,1570156879,12,1,1,1,0),
(17,NULL,3,11,1570156879,12,1570156879,12,1,1,1,1),
(18,NULL,3,10,1570156879,12,1570156879,12,1,1,1,1),
(19,NULL,3,44,1570156879,12,1570156879,12,1,1,1,0),
(20,NULL,3,79,1570156879,12,1570156879,12,1,1,1,0),
(21,NULL,3,2,1570156879,12,1570156879,12,1,1,1,0),
(22,NULL,3,19,1570156879,12,1570156879,12,1,1,1,0),
(23,NULL,3,39,1570156879,12,1570156879,12,1,1,1,0),
(24,NULL,3,20,1570156879,12,1570156879,12,1,1,1,0),
(25,NULL,3,131,1570156879,12,1570156879,12,1,1,1,1),
(26,NULL,3,17,1570156879,12,1570156879,12,1,1,1,0),
(27,NULL,3,16,1570156879,12,1570156879,12,1,1,1,1),
(28,NULL,3,35,1570156879,12,1570156879,12,1,1,1,1),
(29,NULL,3,37,1570156879,12,1570156879,12,1,1,1,0),
(30,NULL,3,84,1570156879,12,1570156879,12,1,1,1,1),
(31,NULL,3,27,1570156879,12,1570156879,12,1,1,1,0),
(32,NULL,3,137,1570156879,12,1570156879,12,1,1,1,0),
(33,NULL,3,144,1570156879,12,1570156879,12,1,1,1,0),
(34,NULL,3,142,1570156879,12,1570156879,12,1,1,1,0),
(35,NULL,3,90,1570156879,12,1570156879,12,1,1,1,0),
(36,NULL,3,134,1570156879,12,1570156879,12,1,1,1,0),
(37,NULL,3,132,1570156879,12,1570156879,12,1,1,1,0),
(38,NULL,3,91,1570156879,12,1570156879,12,1,1,1,0),
(39,NULL,3,143,1570156879,12,1570156879,12,1,1,1,0),
(40,NULL,3,94,1570156879,12,1570156879,12,1,1,1,0),
(41,NULL,3,145,1570156879,12,1570156879,12,1,1,1,0),
(42,NULL,3,92,1570156879,12,1570156879,12,1,1,1,0),
(43,NULL,3,87,1570156879,12,1570156879,12,1,1,1,0),
(44,NULL,3,88,1570156879,12,1570156879,12,1,1,1,0),
(45,NULL,3,104,1570156879,12,1570156879,12,1,1,1,1),
(46,NULL,3,24,1570156879,12,1570156879,12,1,1,1,1),
(47,NULL,3,110,1570156879,12,1570156879,12,1,1,1,0),
(48,NULL,3,148,1570156879,12,1570156879,12,1,1,1,0),
(49,NULL,3,52,1570156879,12,1570156879,12,1,1,1,0),
(50,NULL,3,53,1570156879,12,1570156879,12,1,1,1,0),
(51,NULL,3,78,1570156879,12,1570156879,12,1,1,1,0),
(52,NULL,3,76,1570156879,12,1570156879,12,1,1,1,0),
(53,NULL,3,136,1570156879,12,1570156879,12,1,1,1,0),
(54,NULL,3,89,1570156879,12,1570156879,12,1,1,1,0),
(55,NULL,3,50,1570156879,12,1570156879,12,1,1,1,0),
(56,NULL,3,58,1570156879,12,1570156879,12,1,1,1,0),
(57,NULL,3,56,1570156879,12,1570156879,12,1,1,1,0),
(58,NULL,3,54,1570156879,12,1570156879,12,1,1,1,0),
(59,NULL,3,120,1570156879,12,1570156879,12,1,1,1,0),
(60,NULL,3,130,1570156879,12,1570156879,12,1,1,1,0),
(61,NULL,3,59,1570156879,12,1570156879,12,1,1,1,0),
(62,NULL,3,98,1570156879,12,1570156879,12,1,1,1,0),
(63,NULL,3,47,1570156879,12,1570156879,12,1,1,1,0),
(64,NULL,3,72,1570156879,12,1570156879,12,1,1,1,0),
(65,NULL,3,68,1570156879,12,1570156879,12,1,1,1,0),
(66,NULL,3,69,1570156879,12,1570156879,12,1,1,1,0),
(67,NULL,3,66,1570156879,12,1570156879,12,1,1,1,0),
(68,NULL,3,60,1570156879,12,1570156879,12,1,1,1,0),
(69,NULL,3,65,1570156879,12,1570156879,12,1,1,1,0),
(70,NULL,3,62,1570156879,12,1570156879,12,1,1,1,0),
(71,NULL,3,63,1570156879,12,1570156879,12,1,1,1,0),
(72,NULL,3,73,1570156879,12,1570156879,12,1,1,1,0),
(73,NULL,3,71,1570156879,12,1570156879,12,1,1,1,0),
(74,NULL,3,70,1570156879,12,1570156879,12,1,1,1,0),
(75,NULL,3,25,1570156879,12,1570156879,12,1,1,1,0),
(76,NULL,3,26,1570156879,12,1570156879,12,1,1,1,0),
(77,NULL,3,6,1570156879,12,1570156879,12,1,1,1,0),
(78,NULL,3,112,1570156879,12,1570156879,12,1,1,1,0),
(79,NULL,3,36,1570156879,12,1570156879,12,1,1,1,0),
(80,NULL,3,18,1570156879,12,1570156879,12,1,1,1,0),
(81,NULL,3,124,1570156879,12,1570156879,12,1,1,1,0),
(82,NULL,3,122,1570156879,12,1570156879,12,1,1,1,0),
(83,NULL,3,43,1570156879,12,1570156879,12,1,1,1,0),
(84,NULL,3,41,1570156879,12,1570156879,12,1,1,1,0),
(85,NULL,3,42,1570156879,12,1570156879,12,1,1,1,0),
(86,NULL,3,93,1570156879,12,1570156879,12,1,1,1,0),
(87,NULL,3,32,1570156879,12,1570156879,12,1,1,1,1),
(88,NULL,3,33,1570156879,12,1570156879,12,1,1,1,1),
(89,NULL,3,133,1570156879,12,1570156879,12,1,1,1,0),
(90,NULL,3,128,1570156879,12,1570156879,12,1,1,1,0),
(91,NULL,3,146,1570156879,12,1570156879,12,1,1,1,0),
(92,NULL,3,108,1570156879,12,1570156879,12,1,1,1,0),
(93,NULL,3,135,1570156879,12,1570156879,12,1,1,1,0),
(94,NULL,3,109,1570156879,12,1570156879,12,1,1,1,0),
(95,NULL,3,147,1570156879,12,1570156879,12,1,1,1,0),
(96,NULL,3,97,1570156879,12,1570156879,12,1,1,1,0),
(97,NULL,3,101,1570156879,12,1570156879,12,1,1,1,0),
(98,NULL,3,96,1570156879,12,1570156879,12,1,1,1,0),
(99,NULL,3,99,1570156879,12,1570156879,12,1,1,1,0),
(100,NULL,3,106,1570156879,12,1570156879,12,1,1,1,0),
(101,NULL,3,22,1570156879,12,1570156879,12,1,1,1,0),
(102,NULL,3,81,1570156879,12,1570156879,12,1,1,1,0),
(103,NULL,3,82,1570156879,12,1570156879,12,1,1,1,0),
(104,NULL,3,23,1570156879,12,1570156879,12,1,1,1,1),
(105,NULL,3,111,1570156879,12,1570156879,12,1,1,1,0),
(106,NULL,3,126,1570156879,12,1570156879,12,1,1,1,0),
(107,NULL,3,125,1570156879,12,1570156879,12,1,1,1,0),
(108,NULL,3,138,1570156879,12,1570156879,12,1,1,1,0),
(109,NULL,3,57,1570457745,12,1570457745,12,0,0,0,0),
(110,NULL,3,7,1570457745,12,1570457745,12,0,0,0,1),
(111,NULL,3,12,1570457745,12,1570457745,12,0,0,0,0),
(112,NULL,3,15,1570457745,12,1570457745,12,0,0,0,1),
(113,NULL,3,139,1570457745,12,1570457745,12,0,0,0,1),
(114,NULL,3,86,1570457745,12,1570457745,12,0,0,0,0),
(115,NULL,3,103,1570457745,12,1570457745,12,0,0,0,1),
(116,NULL,3,45,1570457745,12,1570457745,12,0,0,0,0),
(117,NULL,3,51,1570457745,12,1570457745,12,0,0,0,0),
(118,NULL,3,75,1570457745,12,1570457745,12,0,0,0,1),
(119,NULL,3,46,1570457745,12,1570457745,12,0,0,0,0),
(120,NULL,3,48,1570457745,12,1570457745,12,0,0,0,0),
(121,NULL,3,49,1570457745,12,1570457745,12,0,0,0,0),
(122,NULL,3,61,1570457745,12,1570457745,12,0,0,0,0),
(123,NULL,3,64,1570457745,12,1570457745,12,0,0,0,0),
(124,NULL,3,77,1570457745,12,1570457745,12,0,0,0,0),
(125,NULL,3,121,1570457745,12,1570457745,12,0,0,0,1),
(126,NULL,3,40,1570457745,12,1570457745,12,0,0,0,0),
(127,NULL,3,31,1570457745,12,1570457745,12,0,0,0,1),
(128,NULL,3,107,1570457745,12,1570457745,12,1,1,1,1),
(129,NULL,3,83,1570457745,12,1570457745,12,0,0,0,0),
(130,NULL,3,80,1570457745,12,1570457745,12,0,0,0,0),
(131,NULL,3,129,1570457745,12,1570457745,12,0,0,0,1),
(132,NULL,3,149,1570490141,12,1570490141,12,1,1,1,0),
(133,NULL,3,150,1570496494,12,1570496494,12,1,1,1,0),
(134,NULL,3,14,1570561459,12,1570561459,12,1,1,1,0),
(135,NULL,3,13,1570561459,12,1570561459,12,1,1,1,0),
(323,NULL,3,1,1570903673,12,1570903673,12,1,1,1,0),
(324,NULL,3,25,1570903673,12,1570903673,12,1,1,1,0),
(325,NULL,3,26,1570903673,12,1570903673,12,1,1,1,0),
(326,NULL,3,141,1570920853,12,1570920853,12,1,1,1,0),
(341,NULL,3,151,1571238126,12,1571238126,12,1,1,1,0),
(398,NULL,3,152,1571695910,12,1571695910,12,1,1,1,0),
(399,NULL,3,154,1571695910,12,1571695910,12,1,1,1,0),
(400,NULL,3,153,1571695910,12,1571695910,12,1,1,1,0),
(401,NULL,3,155,1571695910,12,1571695910,12,1,1,1,0),
(402,NULL,3,156,1571905408,12,1571905408,12,1,1,1,0),
(404,NULL,3,158,1572464834,12,1572464834,12,1,1,1,0),
(405,NULL,3,21,1572653897,12,1572653897,12,1,1,1,0),
(406,NULL,3,28,1572803760,12,1572803760,12,1,1,1,0),
(407,NULL,3,159,1572912113,12,1572912113,12,1,1,1,0),
(408,NULL,3,160,1572912113,12,1572912113,12,1,1,1,0),
(409,NULL,3,161,1572995038,12,1572995038,12,1,1,1,0),
(410,NULL,3,163,1573200485,12,1573200485,12,1,1,1,0),
(411,NULL,3,162,1573254692,12,1573254692,12,1,1,1,0),
(412,NULL,3,164,1573303331,12,1573303331,12,1,1,1,1),
(413,NULL,3,165,1573303331,12,1573303331,12,1,1,1,0),
(414,NULL,3,140,1573303636,12,1573303636,12,1,1,1,0),
(415,NULL,3,166,1573353789,12,1573353789,12,1,1,1,0),
(418,NULL,3,167,1573589939,12,1573589939,12,1,1,1,0),
(420,NULL,3,169,1573716113,12,1573716113,12,1,1,1,0),
(421,NULL,3,163,1573716113,12,1573716113,12,1,1,1,0),
(422,NULL,3,170,1573716113,12,1573716113,12,1,1,1,0),
(423,NULL,3,28,1573716113,12,1573716113,12,1,1,1,0),
(459,NULL,3,165,1574164751,12,1574164751,12,1,1,1,0),
(496,NULL,3,175,1575979230,12,1575979230,12,1,1,1,0),
(499,NULL,3,183,1580841591,12,1580841591,12,1,1,1,1),
(500,NULL,3,185,1580841591,12,1580841591,12,1,1,1,1),
(501,NULL,3,186,1580841591,12,1580841591,12,1,1,1,1),
(502,NULL,3,184,1580841591,12,1580841591,12,1,1,1,1),
(503,NULL,3,187,1580841591,12,1580841591,12,1,1,1,1),
(504,NULL,3,181,1580841651,12,1580841651,12,1,1,1,0),
(505,NULL,3,188,1581170152,12,1581170152,12,1,1,1,1),
(506,NULL,3,189,1581170152,12,1581170152,12,1,1,1,1),
(507,NULL,3,190,1581717874,12,1581717874,12,1,1,1,1),
(508,NULL,3,171,1582537438,12,1582537438,12,1,1,1,1),
(509,NULL,3,173,1582537438,12,1582537438,12,1,1,1,1),
(510,NULL,3,174,1582537438,12,1582537438,12,1,1,1,1),
(511,NULL,3,172,1582537438,12,1582537438,12,1,1,1,1),
(512,NULL,3,191,1582628718,12,1582628718,12,1,1,1,1),
(513,NULL,3,192,1582899446,12,1582899446,12,1,1,1,1),
(514,NULL,29,183,1583007291,12,1583007291,12,1,1,1,0),
(515,NULL,29,192,1583007291,12,1583007291,12,1,1,1,0),
(516,NULL,29,191,1583007291,12,1583007291,12,1,1,1,1),
(517,NULL,29,188,1583007291,12,1583007291,12,1,1,1,0),
(518,NULL,29,189,1583007291,12,1583007291,12,1,1,1,0),
(519,NULL,29,157,1583007291,12,1583007291,12,1,1,1,0),
(520,NULL,29,83,1583008785,12,1583008785,12,1,1,1,0),
(521,NULL,29,150,1583008785,12,1583008785,12,1,1,1,0),
(522,NULL,3,193,1583514591,12,1583514591,12,1,1,1,1),
(523,NULL,31,183,1583935259,12,1583935259,12,1,1,1,0),
(524,NULL,31,191,1583935259,12,1583935259,12,1,1,1,0),
(525,NULL,31,157,1583935259,12,1583935259,12,1,1,1,0),
(526,NULL,31,83,1583935259,12,1583935259,12,1,1,1,0),
(527,NULL,31,150,1583935259,12,1583935259,12,1,1,1,0),
(528,107,NULL,187,1583945613,12,1583945613,12,0,0,0,0),
(529,106,NULL,187,1583968248,12,1583968248,12,0,0,0,0),
(530,602,NULL,187,1583969630,12,1583969630,12,0,0,0,0),
(531,NULL,3,178,1584318862,12,1584318862,12,1,1,1,0),
(532,NULL,3,179,1584318862,12,1584318862,12,1,1,1,0),
(533,NULL,3,194,1584369226,12,1584369226,12,1,1,1,1),
(534,NULL,3,195,1584930550,12,1584930550,12,1,1,1,1),
(535,NULL,3,196,1584930550,12,1584930550,12,1,1,1,1),
(536,NULL,3,195,1585436751,12,1585436751,12,1,1,1,1),
(537,NULL,3,196,1585436751,12,1585436751,12,1,1,1,1),
(538,NULL,3,197,1585436751,12,1585436751,12,1,1,1,1),
(539,NULL,3,198,1585436751,12,1585436751,12,1,1,1,1),
(540,NULL,3,195,1585438263,12,1585438263,12,1,1,1,1),
(541,NULL,3,197,1585438263,12,1585438263,12,1,1,1,1),
(542,NULL,3,196,1585438263,12,1585438263,12,1,1,1,1),
(543,NULL,3,198,1585438263,12,1585438263,12,1,1,1,1),
(544,NULL,3,199,1585438277,12,1585438277,12,1,1,1,1),
(545,NULL,3,176,1594426108,12,1594426108,12,1,1,1,0),
(546,NULL,32,3,1595063808,12,1595063808,12,1,1,1,0),
(547,NULL,32,131,1595063808,12,1595063808,12,1,1,1,0),
(548,NULL,32,17,1595063808,12,1595063808,12,1,1,1,0),
(549,NULL,32,156,1595063808,12,1595063808,12,1,1,1,0),
(550,NULL,32,16,1595063808,12,1595063808,12,1,1,1,0),
(551,NULL,32,35,1595063808,12,1595063808,12,1,1,1,0),
(552,NULL,32,37,1595063808,12,1595063808,12,1,1,1,0),
(553,NULL,32,84,1595063808,12,1595063808,12,1,1,1,0),
(554,NULL,32,27,1595063808,12,1595063808,12,1,1,1,0),
(555,NULL,32,19,1595063808,12,1595063808,12,1,1,1,1),
(556,NULL,33,157,1595321987,12,1595321987,12,1,1,1,0),
(557,NULL,33,45,1595321987,12,1595321987,12,1,1,1,0),
(558,NULL,33,148,1595321987,12,1595321987,12,1,1,1,0),
(559,NULL,33,52,1595321987,12,1595321987,12,1,1,1,0),
(560,NULL,33,53,1595321987,12,1595321987,12,1,1,1,0),
(561,NULL,33,51,1595321987,12,1595321987,12,1,1,1,0),
(562,NULL,33,136,1595321987,12,1595321987,12,1,1,1,0),
(563,NULL,33,46,1595321987,12,1595321987,12,1,1,1,0),
(564,NULL,33,89,1595321987,12,1595321987,12,1,1,1,0),
(565,NULL,33,50,1595321987,12,1595321987,12,1,1,1,0),
(566,NULL,33,48,1595321987,12,1595321987,12,1,1,1,0),
(567,NULL,33,58,1595321987,12,1595321987,12,1,1,1,0),
(568,NULL,33,56,1595321987,12,1595321987,12,1,1,1,0),
(569,NULL,33,54,1595321987,12,1595321987,12,1,1,1,0),
(570,NULL,33,120,1595321987,12,1595321987,12,1,1,1,0),
(571,NULL,33,130,1595321987,12,1595321987,12,1,1,1,0),
(572,NULL,33,49,1595321987,12,1595321987,12,1,1,1,0),
(573,NULL,33,59,1595321987,12,1595321987,12,1,1,1,0),
(574,NULL,33,98,1595321987,12,1595321987,12,1,1,1,0),
(575,NULL,33,47,1595321987,12,1595321987,12,1,1,1,0),
(576,NULL,33,61,1595321987,12,1595321987,12,1,1,1,0),
(577,NULL,33,72,1595321987,12,1595321987,12,1,1,1,0),
(578,NULL,33,68,1595321987,12,1595321987,12,1,1,1,0),
(579,NULL,33,69,1595321987,12,1595321987,12,1,1,1,0),
(580,NULL,33,64,1595321987,12,1595321987,12,1,1,1,0),
(581,NULL,33,66,1595321987,12,1595321987,12,1,1,1,0),
(582,NULL,33,60,1595321987,12,1595321987,12,1,1,1,0),
(583,NULL,33,65,1595321987,12,1595321987,12,1,1,1,0),
(584,NULL,33,62,1595321987,12,1595321987,12,1,1,1,0),
(585,NULL,33,63,1595321987,12,1595321987,12,1,1,1,0),
(586,NULL,33,73,1595321987,12,1595321987,12,1,1,1,0),
(587,NULL,33,71,1595321987,12,1595321987,12,1,1,1,0),
(588,NULL,33,70,1595321987,12,1595321987,12,1,1,1,0),
(589,NULL,33,182,1595321987,12,1595321987,12,1,1,1,0),
(590,NULL,33,86,1595321987,12,1595321987,12,1,1,1,0),
(591,NULL,33,144,1595321987,12,1595321987,12,1,1,1,0),
(592,NULL,33,176,1595321987,12,1595321987,12,1,1,1,0),
(593,NULL,33,142,1595321987,12,1595321987,12,1,1,1,0),
(594,NULL,33,90,1595321987,12,1595321987,12,1,1,1,0),
(595,NULL,33,134,1595321987,12,1595321987,12,1,1,1,0),
(596,NULL,33,177,1595321987,12,1595321987,12,1,1,1,0),
(597,NULL,33,132,1595321987,12,1595321987,12,1,1,1,0),
(598,NULL,33,91,1595321987,12,1595321987,12,1,1,1,0),
(599,NULL,33,143,1595321987,12,1595321987,12,1,1,1,0),
(600,NULL,33,94,1595321987,12,1595321987,12,1,1,1,0),
(601,NULL,33,145,1595321987,12,1595321987,12,1,1,1,0),
(602,NULL,33,92,1595321987,12,1595321987,12,1,1,1,0),
(603,NULL,33,87,1595321987,12,1595321987,12,1,1,1,0),
(604,NULL,33,88,1595321987,12,1595321987,12,1,1,1,0),
(605,NULL,33,86,1595322352,12,1595322352,12,1,1,1,0),
(606,NULL,33,144,1595322352,12,1595322352,12,1,1,1,0),
(607,NULL,33,176,1595322352,12,1595322352,12,1,1,1,0),
(608,NULL,33,142,1595322352,12,1595322352,12,1,1,1,0),
(609,NULL,33,90,1595322352,12,1595322352,12,1,1,1,0),
(610,NULL,33,134,1595322352,12,1595322352,12,1,1,1,0),
(611,NULL,33,177,1595322352,12,1595322352,12,1,1,1,0),
(612,NULL,33,132,1595322352,12,1595322352,12,1,1,1,0),
(613,NULL,33,91,1595322352,12,1595322352,12,1,1,1,0),
(614,NULL,33,143,1595322352,12,1595322352,12,1,1,1,0),
(615,NULL,33,94,1595322352,12,1595322352,12,1,1,1,0),
(616,NULL,33,145,1595322352,12,1595322352,12,1,1,1,0),
(617,NULL,33,92,1595322352,12,1595322352,12,1,1,1,0),
(618,NULL,33,87,1595322352,12,1595322352,12,1,1,1,0),
(619,NULL,33,88,1595322352,12,1595322352,12,1,1,1,0),
(620,NULL,33,83,1595322580,12,1595322580,12,1,1,1,0),
(621,NULL,33,150,1595322580,12,1595322580,12,1,1,1,0),
(622,NULL,34,157,1595322779,12,1595322779,12,1,1,1,0),
(623,NULL,34,83,1595322779,12,1595322779,12,1,1,1,0),
(624,NULL,34,150,1595322779,12,1595322779,12,1,1,1,0),
(625,12,NULL,200,1595662246,12,1595662246,12,1,1,1,0),
(626,NULL,3,200,1595662307,12,1595662307,12,1,1,1,0),
(627,NULL,3,201,1595662307,12,1595662307,12,1,1,1,0),
(628,NULL,3,206,1595662307,12,1595662307,12,1,1,1,0),
(629,NULL,3,207,1595662307,12,1595662307,12,1,1,1,0),
(630,NULL,3,208,1595662307,12,1595662307,12,1,1,1,0),
(631,NULL,3,210,1595662307,12,1595662307,12,1,1,1,0),
(632,NULL,3,209,1595662307,12,1595662307,12,1,1,1,0),
(633,NULL,3,202,1595662307,12,1595662307,12,1,1,1,0),
(634,NULL,3,203,1595662307,12,1595662307,12,1,1,1,0),
(635,NULL,3,205,1595662307,12,1595662307,12,1,1,1,0),
(636,NULL,3,204,1595662307,12,1595662307,12,1,1,1,0),
(637,NULL,3,201,1596030414,12,1596030414,12,1,1,1,0),
(638,NULL,3,206,1596030414,12,1596030414,12,1,1,1,0),
(639,NULL,3,207,1596030414,12,1596030414,12,1,1,1,0),
(640,NULL,3,213,1596030414,12,1596030414,12,1,1,1,0),
(641,NULL,3,208,1596030414,12,1596030414,12,1,1,1,0),
(642,NULL,3,210,1596030414,12,1596030414,12,1,1,1,0),
(643,NULL,3,212,1596030414,12,1596030414,12,1,1,1,0),
(644,NULL,3,211,1596030414,12,1596030414,12,1,1,1,0),
(645,NULL,3,209,1596030414,12,1596030414,12,1,1,1,0),
(646,NULL,3,202,1596030414,12,1596030414,12,1,1,1,0),
(647,NULL,3,203,1596030414,12,1596030414,12,1,1,1,0),
(648,NULL,3,205,1596030414,12,1596030414,12,1,1,1,0),
(649,NULL,3,204,1596030414,12,1596030414,12,1,1,1,0),
(650,12,NULL,217,1596537826,12,1596537826,12,1,1,1,0),
(651,12,NULL,214,1596537826,12,1596537826,12,1,1,1,0),
(652,12,NULL,215,1596537826,12,1596537826,12,1,1,1,0),
(653,12,NULL,206,1596537826,12,1596537826,12,1,1,1,0),
(654,12,NULL,216,1596537826,12,1596537826,12,1,1,1,0),
(655,NULL,34,203,1596704096,12,1596704096,12,1,1,0,0),
(656,NULL,34,204,1596704096,12,1596704096,12,1,1,1,1),
(657,NULL,34,205,1596704096,12,1596704096,12,1,1,1,1),
(658,NULL,34,202,1596704096,12,1596704096,12,1,1,0,1),
(659,NULL,34,201,1596704412,12,1596704412,12,1,1,1,0),
(660,NULL,34,200,1596704519,12,1596704519,12,1,1,1,0),
(661,NULL,35,201,1596709482,12,1596709482,12,1,1,1,0),
(662,NULL,35,214,1596709482,12,1596709482,12,1,1,1,1),
(663,NULL,35,215,1596709482,12,1596709482,12,1,1,1,1),
(664,NULL,35,206,1596709482,12,1596709482,12,1,1,1,0),
(665,NULL,35,203,1596709482,12,1596709482,12,1,1,0,1),
(666,NULL,35,205,1596709482,12,1596709482,12,1,1,1,0),
(667,NULL,35,204,1596709482,12,1596709482,12,1,1,1,0),
(668,NULL,35,157,1596709514,12,1596709514,12,1,1,1,0),
(669,NULL,35,200,1596709514,12,1596709514,12,1,1,1,0),
(670,NULL,36,200,1596709923,12,1596709923,12,1,1,1,0),
(671,NULL,36,157,1596709923,12,1596709923,12,1,1,1,0),
(672,NULL,36,201,1596709923,12,1596709923,12,1,1,1,0),
(673,NULL,36,215,1596709923,12,1596709923,12,1,1,1,1),
(674,NULL,36,206,1596709923,12,1596709923,12,1,1,1,0),
(675,NULL,36,207,1596709923,12,1596709923,12,1,1,1,1),
(676,NULL,36,202,1596709923,12,1596709923,12,1,1,1,0),
(677,NULL,36,203,1596709923,12,1596709923,12,1,1,1,0),
(678,NULL,36,205,1596709923,12,1596709923,12,1,1,1,0),
(679,NULL,36,204,1596709923,12,1596709923,12,1,1,1,0),
(680,NULL,35,83,1596710984,12,1596710984,12,1,1,1,0),
(681,NULL,35,150,1596710984,12,1596710984,12,1,1,1,0),
(682,NULL,36,83,1596711031,12,1596711031,12,1,1,1,0),
(683,NULL,36,150,1596711031,12,1596711031,12,1,1,1,0),
(684,12,NULL,218,1596890911,12,1596890911,12,1,1,1,0),
(685,12,NULL,216,1596890911,12,1596890911,12,1,1,1,0),
(686,NULL,34,202,1597136784,12,1597136784,12,1,1,1,0),
(687,NULL,37,157,1597138155,12,1597138155,12,1,1,1,0),
(688,NULL,37,200,1597138155,12,1597138155,12,1,1,1,0),
(689,NULL,37,201,1597138155,12,1597138155,12,1,1,1,0),
(690,NULL,37,217,1597138155,12,1597138155,12,1,1,1,0),
(691,NULL,37,214,1597138155,12,1597138155,12,1,1,1,0),
(692,NULL,37,215,1597138155,12,1597138155,12,1,1,1,0),
(693,NULL,37,206,1597138155,12,1597138155,12,1,1,1,0),
(694,NULL,37,208,1597138155,12,1597138155,12,1,1,1,0),
(695,NULL,37,210,1597138155,12,1597138155,12,1,1,1,0),
(696,NULL,37,212,1597138155,12,1597138155,12,1,1,1,0),
(697,NULL,37,211,1597138155,12,1597138155,12,1,1,1,0),
(698,NULL,37,209,1597138155,12,1597138155,12,1,1,1,0),
(699,NULL,37,202,1597138155,12,1597138155,12,1,1,1,0),
(700,NULL,37,218,1597138155,12,1597138155,12,1,1,1,0),
(701,NULL,37,216,1597138155,12,1597138155,12,1,1,1,0),
(702,NULL,37,203,1597138155,12,1597138155,12,1,1,1,0),
(703,NULL,37,205,1597138155,12,1597138155,12,1,1,1,0),
(704,NULL,37,204,1597138155,12,1597138155,12,1,1,1,0),
(705,NULL,37,57,1597138155,12,1597138155,12,1,1,1,0),
(706,NULL,37,3,1597138155,12,1597138155,12,1,1,1,0),
(707,NULL,37,169,1597138155,12,1597138155,12,1,1,1,0),
(708,NULL,37,163,1597138155,12,1597138155,12,1,1,1,1),
(709,NULL,37,170,1597138155,12,1597138155,12,1,1,1,1),
(710,NULL,37,181,1597138155,12,1597138155,12,1,1,1,1),
(711,NULL,37,28,1597138155,12,1597138155,12,1,1,1,0),
(712,NULL,37,30,1597138155,12,1597138155,12,1,1,1,0),
(713,NULL,37,7,1597138155,12,1597138155,12,1,1,1,1),
(714,NULL,37,11,1597138155,12,1597138155,12,1,1,1,1),
(715,NULL,37,10,1597138155,12,1597138155,12,1,1,1,1),
(716,NULL,37,44,1597138155,12,1597138155,12,1,1,1,0),
(717,NULL,37,79,1597138155,12,1597138155,12,1,1,1,0),
(718,NULL,37,2,1597138155,12,1597138155,12,1,1,1,0),
(719,NULL,37,195,1597138155,12,1597138155,12,1,1,1,1),
(720,NULL,37,197,1597138155,12,1597138155,12,1,1,1,1),
(721,NULL,37,196,1597138155,12,1597138155,12,1,1,1,1),
(722,NULL,37,198,1597138155,12,1597138155,12,1,1,1,1),
(723,NULL,37,179,1597138155,12,1597138155,12,1,1,1,0),
(724,NULL,37,19,1597138155,12,1597138155,12,1,1,1,0),
(725,NULL,37,151,1597138155,12,1597138155,12,1,1,1,0),
(726,NULL,37,39,1597138155,12,1597138155,12,1,1,1,0),
(727,NULL,37,199,1597138155,12,1597138155,12,1,1,1,1),
(728,NULL,37,164,1597138155,12,1597138155,12,1,1,1,1),
(729,NULL,37,20,1597138155,12,1597138155,12,1,1,1,0),
(730,NULL,37,178,1597138155,12,1597138155,12,1,1,1,0),
(731,NULL,37,38,1597138155,12,1597138155,12,1,1,1,1),
(732,NULL,37,29,1597138155,12,1597138155,12,1,1,1,0),
(733,NULL,37,34,1597138155,12,1597138155,12,1,1,1,0),
(734,NULL,37,12,1597138155,12,1597138155,12,1,1,1,0),
(735,NULL,37,152,1597138155,12,1597138155,12,1,1,1,0),
(736,NULL,37,14,1597138155,12,1597138155,12,1,1,1,0),
(737,NULL,37,13,1597138155,12,1597138155,12,1,1,1,0),
(738,NULL,37,153,1597138155,12,1597138155,12,1,1,1,0),
(739,NULL,37,165,1597138155,12,1597138155,12,1,1,1,0),
(740,NULL,37,171,1597138155,12,1597138155,12,1,1,1,1),
(741,NULL,37,173,1597138155,12,1597138155,12,1,1,1,1),
(742,NULL,37,174,1597138155,12,1597138155,12,1,1,1,1),
(743,NULL,37,172,1597138155,12,1597138155,12,1,1,1,1),
(744,NULL,37,21,1597138155,12,1597138155,12,1,1,1,0),
(745,NULL,37,15,1597138155,12,1597138155,12,1,1,1,1),
(746,NULL,37,154,1597138155,12,1597138155,12,1,1,1,1),
(747,NULL,37,155,1597138155,12,1597138155,12,1,1,1,1),
(748,NULL,37,131,1597138155,12,1597138155,12,1,1,1,0),
(749,NULL,37,17,1597138155,12,1597138155,12,1,1,1,0),
(750,NULL,37,156,1597138155,12,1597138155,12,1,1,1,1),
(751,NULL,37,16,1597138155,12,1597138155,12,1,1,1,1),
(752,NULL,37,35,1597138155,12,1597138155,12,1,1,1,1),
(753,NULL,37,37,1597138155,12,1597138155,12,1,1,1,0),
(754,NULL,37,84,1597138155,12,1597138155,12,1,1,1,0),
(755,NULL,37,27,1597138155,12,1597138155,12,1,1,1,0),
(756,NULL,37,83,1597138474,12,1597138474,12,1,1,1,0),
(757,NULL,37,150,1597138474,12,1597138474,12,1,1,1,0),
(758,NULL,38,157,1597146199,12,1597146199,12,1,1,1,0),
(759,NULL,38,200,1597146199,12,1597146199,12,1,1,1,0),
(760,NULL,38,201,1597146199,12,1597146199,12,1,1,1,0),
(761,NULL,38,207,1597146199,12,1597146199,12,1,1,1,0),
(762,NULL,38,208,1597146199,12,1597146199,12,1,1,1,0),
(763,NULL,38,212,1597146199,12,1597146199,12,1,1,1,0),
(764,NULL,38,202,1597146199,12,1597146199,12,1,1,1,0),
(765,NULL,38,205,1597146199,12,1597146199,12,1,1,1,0),
(766,NULL,38,204,1597146199,12,1597146199,12,1,1,1,0),
(767,NULL,38,150,1597146474,12,1597146474,12,1,1,1,1),
(768,NULL,38,83,1597146589,12,1597146589,12,1,1,1,0),
(769,NULL,38,150,1597146589,12,1597146589,12,1,1,1,0),
(770,NULL,3,221,1597474754,12,1597474754,12,1,1,1,0),
(771,NULL,3,222,1597474754,12,1597474754,12,1,1,1,0),
(772,NULL,3,223,1597474754,12,1597474754,12,1,1,1,0),
(773,NULL,3,219,1597474754,12,1597474754,12,1,1,1,1),
(774,NULL,3,215,1597474939,12,1597474939,12,1,1,1,0),
(775,NULL,3,217,1597474939,12,1597474939,12,1,1,1,0),
(776,NULL,3,218,1597474939,12,1597474939,12,1,1,1,0),
(777,NULL,3,220,1597474939,12,1597474939,12,1,1,1,1),
(778,NULL,3,219,1597474939,12,1597474939,12,1,1,1,0),
(779,NULL,3,216,1597474939,12,1597474939,12,1,1,1,0),
(780,NULL,39,157,1597476701,12,1597476701,12,1,1,1,0),
(781,NULL,39,200,1597476701,12,1597476701,12,1,1,1,0),
(782,NULL,39,83,1597476701,12,1597476701,12,1,1,1,0),
(783,NULL,39,150,1597476701,12,1597476701,12,1,1,1,0),
(784,NULL,39,201,1597476701,12,1597476701,12,1,1,1,0),
(785,NULL,39,206,1597476701,12,1597476701,12,1,1,1,0),
(786,NULL,39,205,1597476701,12,1597476701,12,1,1,1,0),
(787,NULL,39,204,1597476701,12,1597476701,12,1,1,1,0),
(788,NULL,35,202,1597479007,12,1597479007,12,1,1,1,0),
(789,NULL,40,157,1597490834,12,1597490834,12,1,1,1,0),
(790,NULL,40,200,1597490834,12,1597490834,12,1,1,1,0),
(791,NULL,40,201,1597490834,12,1597490834,12,1,1,1,0),
(792,NULL,40,206,1597490834,12,1597490834,12,1,1,1,0),
(793,NULL,40,202,1597490834,12,1597490834,12,1,1,1,0),
(794,NULL,40,205,1597490834,12,1597490834,12,1,1,1,0),
(795,NULL,40,204,1597490834,12,1597490834,12,1,1,1,0),
(796,NULL,40,83,1597490834,12,1597490834,12,1,1,1,0),
(797,NULL,40,150,1597490834,12,1597490834,12,1,1,1,0),
(798,NULL,41,201,1597491498,12,1597491498,12,1,1,1,0),
(799,NULL,41,206,1597491498,12,1597491498,12,1,1,1,0),
(800,NULL,41,202,1597491498,12,1597491498,12,1,1,1,0),
(801,NULL,41,205,1597491498,12,1597491498,12,1,1,1,0),
(802,NULL,41,204,1597491498,12,1597491498,12,1,1,1,0),
(803,NULL,41,157,1597491498,12,1597491498,12,1,1,1,0),
(804,NULL,41,200,1597491498,12,1597491498,12,1,1,1,0),
(805,NULL,41,83,1597491498,12,1597491498,12,1,1,1,0),
(806,NULL,41,150,1597491498,12,1597491498,12,1,1,1,0),
(807,NULL,3,8,1598165298,12,1598165298,12,1,1,1,0),
(808,NULL,3,224,1598165298,12,1598165298,12,1,1,1,0),
(809,NULL,3,225,1598165298,12,1598165298,12,1,1,1,0),
(810,NULL,3,21,1598165298,12,1598165298,12,1,1,1,0),
(811,NULL,37,8,1598173683,12,1598173683,12,1,1,1,0),
(812,NULL,37,224,1598173683,12,1598173683,12,1,1,1,0),
(813,NULL,37,225,1598173683,12,1598173683,12,1,1,1,0),
(814,NULL,37,21,1598173683,12,1598173683,12,1,1,1,0),
(815,NULL,37,215,1598175531,12,1598175531,12,1,1,1,0),
(816,NULL,37,217,1598175531,12,1598175531,12,1,1,1,0),
(817,NULL,37,218,1598175531,12,1598175531,12,1,1,1,0),
(818,NULL,37,220,1598175531,12,1598175531,12,1,1,1,0),
(819,NULL,37,219,1598175531,12,1598175531,12,1,1,1,0),
(820,NULL,37,216,1598175531,12,1598175531,12,1,1,1,0),
(821,NULL,34,201,1598346325,12,1598346325,12,1,1,1,0),
(822,NULL,34,204,1598346325,12,1598346325,12,1,1,1,0),
(823,NULL,42,157,1598872735,12,1598872735,12,1,1,1,0),
(824,NULL,42,200,1598872735,12,1598872735,12,1,1,1,0),
(825,NULL,42,201,1598872735,12,1598872735,12,1,1,1,0),
(826,NULL,42,206,1598872735,12,1598872735,12,1,1,1,0),
(827,NULL,42,202,1598872735,12,1598872735,12,1,1,1,0),
(828,NULL,42,205,1598872735,12,1598872735,12,1,1,1,0),
(829,NULL,42,204,1598872735,12,1598872735,12,1,1,1,0),
(830,NULL,42,83,1598872735,12,1598872735,12,1,1,1,0),
(831,NULL,42,150,1598872735,12,1598872735,12,1,1,1,0),
(832,NULL,43,157,1599467452,12,1599467452,12,1,1,1,0),
(833,NULL,43,200,1599467452,12,1599467452,12,1,1,1,0),
(834,NULL,43,83,1599467452,12,1599467452,12,1,1,1,0),
(835,NULL,43,150,1599467452,12,1599467452,12,1,1,1,0),
(836,NULL,43,201,1599467452,12,1599467452,12,1,1,1,0),
(837,NULL,43,206,1599467452,12,1599467452,12,1,1,1,1),
(838,NULL,43,202,1599467452,12,1599467452,12,1,1,1,0),
(839,NULL,43,205,1599467452,12,1599467452,12,1,1,1,0),
(840,NULL,43,204,1599467452,12,1599467452,12,1,1,1,0),
(841,NULL,3,226,1599471868,12,1599471868,12,1,1,1,0),
(842,NULL,3,228,1599471868,12,1599471868,12,1,1,1,0),
(843,NULL,3,236,1599471868,12,1599471868,12,1,1,1,0),
(844,NULL,3,234,1599471868,12,1599471868,12,1,1,1,0),
(845,NULL,3,231,1599471868,12,1599471868,12,1,1,1,0),
(846,NULL,3,229,1599471868,12,1599471868,12,1,1,1,0),
(847,NULL,3,232,1599471868,12,1599471868,12,1,1,1,0),
(848,NULL,3,235,1599471868,12,1599471868,12,1,1,1,0),
(849,NULL,3,230,1599471868,12,1599471868,12,1,1,1,0),
(850,NULL,3,233,1599471868,12,1599471868,12,1,1,1,0),
(851,NULL,3,227,1599475888,12,1599475888,12,1,1,1,0),
(852,NULL,44,157,1600256891,12,1600256891,12,1,1,1,0),
(853,NULL,44,200,1600256891,12,1600256891,12,1,1,1,0),
(854,NULL,44,227,1600256891,12,1600256891,12,1,1,1,0),
(855,NULL,44,202,1600256891,12,1600256891,12,1,1,1,0),
(856,NULL,44,201,1600256891,12,1600256891,12,1,1,1,0),
(857,NULL,44,205,1600256891,12,1600256891,12,1,1,1,0),
(858,NULL,44,204,1600256891,12,1600256891,12,1,1,1,0),
(859,NULL,44,226,1600257339,12,1600257339,12,1,1,1,0),
(860,NULL,44,201,1600259171,12,1600259171,12,1,1,1,0),
(861,NULL,44,207,1600259171,12,1600259171,12,1,1,1,0),
(862,NULL,44,208,1600259171,12,1600259171,12,1,1,1,0),
(863,NULL,44,228,1600259212,12,1600259212,12,1,1,1,0),
(864,NULL,44,234,1600259212,12,1600259212,12,1,1,1,0),
(865,NULL,44,231,1600259212,12,1600259212,12,1,1,1,0),
(866,NULL,44,229,1600259212,12,1600259212,12,1,1,1,0),
(867,NULL,44,232,1600259212,12,1600259212,12,1,1,1,0),
(868,NULL,44,230,1600259212,12,1600259212,12,1,1,1,0),
(869,NULL,44,233,1600259212,12,1600259212,12,1,1,1,0),
(870,NULL,3,237,1601449334,12,1601449334,12,1,1,1,0),
(871,NULL,45,201,1602149104,12,1602149104,12,1,1,1,0),
(872,NULL,45,206,1602149104,12,1602149104,12,1,1,1,0),
(873,NULL,45,202,1602149104,12,1602149104,12,1,1,1,0),
(874,NULL,45,205,1602149104,12,1602149104,12,1,1,1,0),
(875,NULL,45,204,1602149104,12,1602149104,12,1,1,1,0),
(876,NULL,45,157,1602149104,12,1602149104,12,1,1,1,0),
(877,NULL,45,200,1602149104,12,1602149104,12,1,1,1,0),
(878,NULL,45,83,1602149104,12,1602149104,12,1,1,1,0),
(879,NULL,45,150,1602149104,12,1602149104,12,1,1,1,0),
(880,NULL,47,157,1602150276,12,1602150276,12,1,1,1,0),
(881,NULL,47,200,1602150276,12,1602150276,12,1,1,1,0),
(882,NULL,47,83,1602150276,12,1602150276,12,1,1,1,0),
(883,NULL,47,150,1602150276,12,1602150276,12,1,1,1,0),
(884,NULL,47,201,1602150276,12,1602150276,12,1,1,1,0),
(885,NULL,47,202,1602150276,12,1602150276,12,1,1,1,0),
(886,NULL,47,205,1602150276,12,1602150276,12,1,1,1,0),
(887,NULL,47,204,1602150276,12,1602150276,12,1,1,1,0),
(888,632,NULL,237,1603721174,12,1603721174,12,1,1,1,0),
(889,NULL,3,245,1605342540,12,1605342540,12,1,1,1,0),
(890,NULL,3,248,1605342540,12,1605342540,12,1,1,1,0),
(891,NULL,3,249,1605342540,12,1605342540,12,1,1,1,0),
(892,NULL,3,242,1605342540,12,1605342540,12,1,1,1,0),
(893,NULL,3,246,1605342540,12,1605342540,12,1,1,1,0),
(894,NULL,3,243,1605342540,12,1605342540,12,1,1,1,0),
(895,NULL,3,218,1605342610,12,1605342610,12,1,1,1,1),
(896,NULL,3,250,1605342610,12,1605342610,12,1,1,1,0),
(897,NULL,34,249,1605617143,12,1605617143,12,1,1,1,0),
(898,NULL,37,221,1605678698,12,1605678698,12,1,1,1,0),
(899,NULL,37,223,1605678698,12,1605678698,12,1,1,1,0),
(900,NULL,41,249,1605690770,12,1605690770,12,1,1,1,0),
(901,NULL,41,245,1605694200,12,1605694200,12,1,1,1,0),
(902,NULL,40,249,1605695047,12,1605695047,12,1,1,1,0),
(903,NULL,37,218,1605704616,12,1605704616,12,1,1,1,0),
(904,NULL,37,250,1605704616,12,1605704616,12,1,1,1,0),
(905,626,NULL,249,1605767094,12,1605767094,12,1,1,1,0),
(906,626,NULL,245,1605767217,12,1605767217,12,1,1,1,0),
(907,626,NULL,248,1605767295,12,1605767295,12,1,1,1,1),
(908,NULL,48,157,1606026901,12,1606026901,12,1,1,1,0),
(909,NULL,48,200,1606026901,12,1606026901,12,1,1,1,0),
(910,NULL,48,150,1606026901,12,1606026901,12,1,1,1,0),
(911,NULL,48,83,1606026901,12,1606026901,12,1,1,1,0),
(912,NULL,48,77,1606026901,12,1606026901,12,1,1,1,0),
(913,NULL,48,159,1606026901,12,1606026901,12,1,1,1,0),
(914,NULL,48,25,1606026901,12,1606026901,12,1,1,1,0),
(915,NULL,48,158,1606026901,12,1606026901,12,1,1,1,0),
(916,NULL,48,175,1606026901,12,1606026901,12,1,1,1,0),
(917,NULL,48,244,1606026901,12,1606026901,12,1,1,1,0),
(918,NULL,48,161,1606026901,12,1606026901,12,1,1,1,0),
(919,NULL,48,160,1606026901,12,1606026901,12,1,1,1,0),
(920,NULL,48,26,1606026901,12,1606026901,12,1,1,1,0),
(921,NULL,48,180,1606026901,12,1606026901,12,1,1,1,0),
(922,NULL,48,6,1606026901,12,1606026901,12,1,1,1,0),
(923,NULL,48,112,1606026901,12,1606026901,12,1,1,1,0),
(924,NULL,48,1,1606026901,12,1606026901,12,1,1,1,0),
(925,NULL,48,36,1606026901,12,1606026901,12,1,1,1,0),
(926,NULL,48,140,1606026901,12,1606026901,12,1,1,1,0),
(927,NULL,48,162,1606026901,12,1606026901,12,1,1,1,0),
(928,NULL,48,166,1606026901,12,1606026901,12,1,1,1,0),
(929,NULL,48,167,1606026901,12,1606026901,12,1,1,1,0),
(930,NULL,48,57,1606026901,12,1606026901,12,1,1,1,0),
(931,NULL,48,169,1606026901,12,1606026901,12,1,1,1,0),
(932,NULL,48,238,1606026901,12,1606026901,12,1,1,1,0),
(933,NULL,48,170,1606026901,12,1606026901,12,1,1,1,0),
(934,NULL,48,2,1606026901,12,1606026901,12,1,1,1,0),
(935,NULL,48,34,1606026901,12,1606026901,12,1,1,1,0),
(936,NULL,48,12,1606026901,12,1606026901,12,1,1,1,0),
(937,NULL,48,152,1606026901,12,1606026901,12,1,1,1,0),
(938,NULL,48,153,1606026901,12,1606026901,12,1,1,1,0),
(939,NULL,48,171,1606026901,12,1606026901,12,1,1,1,0),
(940,NULL,48,173,1606026901,12,1606026901,12,1,1,1,0),
(941,NULL,48,174,1606026901,12,1606026901,12,1,1,1,0),
(942,NULL,48,172,1606026901,12,1606026901,12,1,1,1,0),
(943,NULL,48,15,1606026901,12,1606026901,12,1,1,1,0),
(944,NULL,48,156,1606026901,12,1606026901,12,1,1,1,0),
(945,NULL,48,152,1606028356,12,1606028356,12,1,1,1,1),
(946,NULL,48,153,1606028356,12,1606028356,12,1,1,1,1),
(947,NULL,48,13,1606028463,12,1606028463,12,1,1,1,0),
(948,NULL,40,245,1606041835,12,1606041835,12,1,1,1,0),
(949,617,NULL,245,1606545039,12,1606545039,12,1,1,1,0),
(950,617,NULL,202,1606545039,12,1606545039,12,1,1,1,0),
(951,617,NULL,248,1606545039,12,1606545039,12,1,1,1,0),
(952,NULL,3,220,1608564926,12,1608564926,12,1,1,1,0),
(953,NULL,49,201,1608643280,12,1608643280,12,1,1,1,1),
(954,NULL,49,207,1608643280,12,1608643280,12,1,1,1,1),
(955,NULL,49,208,1608643280,12,1608643280,12,1,1,1,1),
(956,NULL,49,245,1608643280,12,1608643280,12,1,1,1,1),
(957,NULL,49,248,1608643280,12,1608643280,12,1,1,1,1),
(958,NULL,49,249,1608643280,12,1608643280,12,1,1,1,1),
(959,NULL,49,205,1608643280,12,1608643280,12,1,1,1,1),
(960,NULL,49,204,1608643280,12,1608643280,12,1,1,1,1),
(961,NULL,49,202,1608643280,12,1608643280,12,1,1,1,1),
(962,NULL,49,83,1608643280,12,1608643280,12,1,1,1,1),
(963,NULL,49,150,1608643280,12,1608643280,12,1,1,1,1),
(964,NULL,49,200,1608643280,12,1608643280,12,1,1,1,1),
(965,NULL,49,157,1608643280,12,1608643280,12,1,1,1,1),
(966,634,NULL,201,1608644105,12,1608644105,12,1,1,1,1),
(967,634,NULL,205,1608644105,12,1608644105,12,1,1,1,1),
(968,634,NULL,204,1608644105,12,1608644105,12,1,1,1,1),
(969,12,NULL,131,1609086655,12,1609086655,12,1,1,1,0),
(970,12,NULL,252,1609227117,12,1609227117,12,1,1,1,1),
(971,12,NULL,253,1609227117,12,1609227117,12,1,1,1,0),
(972,NULL,3,253,1609227184,12,1609227184,12,1,1,1,0),
(973,NULL,3,252,1609227184,12,1609227184,12,1,1,1,0),
(974,NULL,50,201,1609253527,12,1609253527,12,1,1,1,0),
(975,NULL,50,221,1609253527,12,1609253527,12,1,1,1,0),
(976,NULL,50,252,1609253527,12,1609253527,12,1,1,1,0),
(977,NULL,50,253,1609253527,12,1609253527,12,1,1,1,0),
(978,NULL,50,222,1609253527,12,1609253527,12,1,1,1,0),
(979,NULL,50,157,1609253545,12,1609253545,12,1,1,1,0),
(980,NULL,50,200,1609253545,12,1609253545,12,1,1,1,0),
(981,NULL,3,251,1609255515,12,1609255515,12,1,1,1,0),
(982,NULL,37,251,1609255526,12,1609255526,12,1,1,1,0),
(983,NULL,3,15,1609404720,12,1609404720,12,1,1,1,0),
(984,NULL,3,17,1609404720,12,1609404720,12,1,1,1,0),
(985,NULL,3,16,1609404720,12,1609404720,12,1,1,1,0),
(986,NULL,37,15,1609404761,12,1609404761,12,1,1,1,0),
(987,NULL,37,154,1609404761,12,1609404761,12,1,1,1,0),
(988,NULL,37,155,1609404761,12,1609404761,12,1,1,1,0),
(989,NULL,37,17,1609404761,12,1609404761,12,1,1,1,0),
(990,NULL,37,16,1609404761,12,1609404761,12,1,1,1,0),
(991,NULL,38,221,1609411913,12,1609411913,12,1,1,1,0),
(992,NULL,38,222,1609411913,12,1609411913,12,1,1,1,0),
(993,NULL,38,252,1609411913,12,1609411913,12,1,1,1,0),
(994,NULL,38,223,1609411913,12,1609411913,12,1,1,1,0),
(995,NULL,38,253,1609411913,12,1609411913,12,1,1,1,0),
(996,NULL,51,201,1609420565,12,1609420565,12,1,1,1,0),
(997,NULL,51,221,1609420565,12,1609420565,12,1,1,1,0),
(998,NULL,51,252,1609420565,12,1609420565,12,1,1,1,0),
(999,NULL,51,222,1609420565,12,1609420565,12,1,1,1,0),
(1000,NULL,NULL,157,1609420656,12,1609420656,12,1,1,1,0),
(1001,NULL,NULL,200,1609420656,12,1609420656,12,1,1,1,0),
(1002,NULL,51,157,1609420867,12,1609420867,12,1,1,1,0),
(1003,NULL,51,200,1609420867,12,1609420867,12,1,1,1,0),
(1004,NULL,3,255,1609675379,12,1609675379,12,1,1,1,0),
(1005,NULL,3,254,1609675379,12,1609675379,12,1,1,1,0),
(1006,NULL,3,256,1609675379,12,1609675379,12,1,1,1,0),
(1007,NULL,52,57,1610887194,12,1610887194,12,1,1,1,0),
(1008,NULL,52,8,1610887194,12,1610887194,12,1,1,1,0),
(1009,NULL,52,21,1610887194,12,1610887194,12,1,1,0,0),
(1010,NULL,52,201,1610887194,12,1610887194,12,1,1,1,0),
(1011,NULL,52,221,1610887194,12,1610887194,12,1,1,1,0),
(1012,NULL,52,222,1610887194,12,1610887194,12,1,1,1,0),
(1013,NULL,52,252,1610887194,12,1610887194,12,1,1,1,0),
(1014,NULL,52,223,1610887194,12,1610887194,12,1,1,1,0),
(1015,NULL,52,253,1610887194,12,1610887194,12,1,1,1,0),
(1016,NULL,52,226,1610887194,12,1610887194,12,1,1,1,0),
(1017,NULL,52,237,1610887194,12,1610887194,12,1,1,1,0),
(1018,NULL,NULL,157,1610887525,12,1610887525,12,1,1,1,0),
(1019,NULL,NULL,200,1610887525,12,1610887525,12,1,1,1,0),
(1020,NULL,NULL,226,1610887525,12,1610887525,12,1,1,1,0),
(1021,NULL,52,226,1610887666,12,1610887666,12,1,1,1,0),
(1022,NULL,52,201,1610887666,12,1610887666,12,1,1,1,0),
(1023,NULL,52,200,1610887734,12,1610887734,12,1,1,1,0),
(1024,NULL,52,157,1610887747,12,1610887747,12,1,1,1,0),
(1025,NULL,37,222,1612362582,12,1612362582,12,1,1,1,0),
(1026,NULL,3,259,1612862653,12,1612862653,12,1,1,1,0),
(1027,NULL,3,261,1613361704,12,1613361704,12,1,1,1,0),
(1028,NULL,3,262,1613361704,12,1613361704,12,1,1,1,0),
(1029,NULL,3,260,1613366492,12,1613366492,12,1,1,1,0),
(1030,12,NULL,257,1613380911,12,1613380911,12,1,1,1,0),
(1031,NULL,3,258,1613453331,12,1613453331,12,1,1,1,0),
(1032,NULL,49,57,1613849481,12,1613849481,12,1,1,1,0),
(1033,NULL,49,251,1613849481,12,1613849481,12,1,1,1,0),
(1034,NULL,49,3,1613849481,12,1613849481,12,1,1,1,0),
(1035,NULL,49,169,1613849481,12,1613849481,12,1,1,1,0),
(1036,NULL,49,238,1613849481,12,1613849481,12,1,1,1,0),
(1037,NULL,49,170,1613849481,12,1613849481,12,1,1,1,0),
(1038,NULL,49,181,1613849481,12,1613849481,12,1,1,1,0),
(1039,NULL,49,28,1613849481,12,1613849481,12,1,1,1,0),
(1040,NULL,49,44,1613849481,12,1613849481,12,1,1,1,0),
(1041,NULL,49,79,1613849481,12,1613849481,12,1,1,1,0),
(1042,NULL,49,2,1613849481,12,1613849481,12,1,1,1,0),
(1043,NULL,49,179,1613849481,12,1613849481,12,1,1,1,0),
(1044,NULL,49,19,1613849481,12,1613849481,12,1,1,1,0),
(1045,NULL,49,151,1613849481,12,1613849481,12,1,1,1,0),
(1046,NULL,49,131,1613849481,12,1613849481,12,1,1,1,0),
(1047,NULL,49,39,1613849481,12,1613849481,12,1,1,1,0),
(1048,NULL,49,178,1613849481,12,1613849481,12,1,1,1,0),
(1049,NULL,49,258,1613849481,12,1613849481,12,1,1,1,0),
(1050,NULL,49,38,1613849481,12,1613849481,12,1,1,1,0),
(1051,NULL,49,29,1613849481,12,1613849481,12,1,1,1,0),
(1052,NULL,49,34,1613849481,12,1613849481,12,1,1,1,0),
(1053,NULL,49,12,1613849481,12,1613849481,12,1,1,1,0),
(1054,NULL,49,152,1613849481,12,1613849481,12,1,1,1,0),
(1055,NULL,49,14,1613849481,12,1613849481,12,1,1,1,0),
(1056,NULL,49,13,1613849481,12,1613849481,12,1,1,1,0),
(1057,NULL,49,153,1613849481,12,1613849481,12,1,1,1,0),
(1058,NULL,49,171,1613849481,12,1613849481,12,1,1,1,0),
(1059,NULL,49,173,1613849481,12,1613849481,12,1,1,1,0),
(1060,NULL,49,174,1613849481,12,1613849481,12,1,1,1,0),
(1061,NULL,49,172,1613849481,12,1613849481,12,1,1,1,0),
(1062,NULL,49,8,1613849481,12,1613849481,12,1,1,1,0),
(1063,NULL,49,15,1613849481,12,1613849481,12,1,1,1,0),
(1064,NULL,49,154,1613849481,12,1613849481,12,1,1,1,0),
(1065,NULL,49,155,1613849481,12,1613849481,12,1,1,1,0),
(1066,NULL,49,17,1613849481,12,1613849481,12,1,1,1,0),
(1067,NULL,49,156,1613849481,12,1613849481,12,1,1,1,0),
(1068,NULL,49,16,1613849481,12,1613849481,12,1,1,1,0),
(1069,NULL,49,35,1613849481,12,1613849481,12,1,1,1,0),
(1070,NULL,49,37,1613849481,12,1613849481,12,1,1,1,0),
(1071,NULL,49,84,1613849481,12,1613849481,12,1,1,1,0),
(1072,NULL,49,27,1613849481,12,1613849481,12,1,1,1,0),
(1073,NULL,49,157,1613849554,12,1613849554,12,1,1,1,0),
(1074,NULL,49,24,1613849554,12,1613849554,12,1,1,1,1),
(1075,NULL,49,83,1613849554,12,1613849554,12,1,1,1,0),
(1076,NULL,49,22,1613849554,12,1613849554,12,1,1,1,0),
(1077,NULL,49,150,1613849554,12,1613849554,12,1,1,1,0),
(1078,NULL,49,194,1613849554,12,1613849554,12,1,1,1,0),
(1079,NULL,49,149,1613849554,12,1613849554,12,1,1,1,0),
(1080,NULL,49,77,1613849554,12,1613849554,12,1,1,1,0),
(1081,NULL,49,255,1613849554,12,1613849554,12,1,1,1,0),
(1082,NULL,49,159,1613849554,12,1613849554,12,1,1,1,0),
(1083,NULL,49,25,1613849554,12,1613849554,12,1,1,1,0),
(1084,NULL,49,158,1613849554,12,1613849554,12,1,1,1,0),
(1085,NULL,49,175,1613849554,12,1613849554,12,1,1,1,0),
(1086,NULL,49,244,1613849554,12,1613849554,12,1,1,1,0),
(1087,NULL,49,254,1613849554,12,1613849554,12,1,1,1,0),
(1088,NULL,49,161,1613849554,12,1613849554,12,1,1,1,0),
(1089,NULL,49,256,1613849554,12,1613849554,12,1,1,1,0),
(1090,NULL,49,160,1613849554,12,1613849554,12,1,1,1,0),
(1091,NULL,49,26,1613849554,12,1613849554,12,1,1,1,0),
(1092,NULL,49,180,1613849554,12,1613849554,12,1,1,1,0),
(1093,NULL,49,112,1613849554,12,1613849554,12,1,1,1,0),
(1094,NULL,49,141,1613849554,12,1613849554,12,1,1,1,0),
(1095,NULL,49,260,1613849554,12,1613849554,12,1,1,1,0),
(1096,NULL,49,36,1613849554,12,1613849554,12,1,1,1,0),
(1097,NULL,49,140,1613849554,12,1613849554,12,1,1,1,0),
(1098,NULL,49,18,1613849554,12,1613849554,12,1,1,1,1),
(1099,NULL,49,162,1613849554,12,1613849554,12,1,1,1,0),
(1100,NULL,49,166,1613849554,12,1613849554,12,1,1,1,0),
(1101,NULL,49,167,1613849554,12,1613849554,12,1,1,1,0),
(1102,634,NULL,24,1614173870,12,1614173870,12,1,1,1,1),
(1103,NULL,49,200,1614173945,12,1614173945,12,1,1,1,0),
(1104,NULL,3,244,1614715887,12,1614715887,12,1,1,1,0),
(1105,NULL,3,24,1615108414,12,1615108414,12,1,1,1,0),
(1106,NULL,49,24,1617210288,634,1617210288,634,1,1,1,0),
(1107,NULL,54,157,1617214587,639,1617214587,639,1,1,1,0),
(1108,NULL,54,200,1617214587,639,1617214587,639,1,1,1,0),
(1109,NULL,54,57,1617214587,639,1617214587,639,1,1,1,0),
(1110,NULL,54,258,1617214587,639,1617214587,639,1,1,1,0),
(1111,NULL,54,171,1617214587,639,1617214587,639,1,1,1,0),
(1112,NULL,54,173,1617214587,639,1617214587,639,1,1,1,0),
(1113,NULL,54,174,1617214587,639,1617214587,639,1,1,1,0),
(1114,NULL,54,172,1617214587,639,1617214587,639,1,1,1,0),
(1115,NULL,54,15,1617214587,639,1617214587,639,1,1,1,0),
(1116,NULL,54,154,1617214587,639,1617214587,639,1,1,1,0),
(1117,NULL,54,155,1617214587,639,1617214587,639,1,1,1,0),
(1118,NULL,54,17,1617214587,639,1617214587,639,1,1,1,0),
(1119,NULL,54,16,1617214587,639,1617214587,639,1,1,1,0),
(1120,NULL,54,35,1617214587,639,1617214587,639,1,1,1,0),
(1121,NULL,54,83,1617214587,639,1617214587,639,1,1,1,0),
(1122,NULL,54,150,1617214587,639,1617214587,639,1,1,1,0),
(1123,NULL,55,57,1617215045,634,1617215045,634,1,1,1,0),
(1124,NULL,55,2,1617215045,634,1617215045,634,1,1,1,0),
(1125,NULL,55,258,1617215045,634,1617215045,634,1,1,1,0),
(1126,NULL,55,38,1617215045,634,1617215045,634,1,1,1,0),
(1127,NULL,55,171,1617215045,634,1617215045,634,1,1,1,0),
(1128,NULL,55,173,1617215045,634,1617215045,634,1,1,1,0),
(1129,NULL,55,174,1617215045,634,1617215045,634,1,1,1,0),
(1130,NULL,55,172,1617215045,634,1617215045,634,1,1,1,0),
(1131,NULL,55,15,1617215045,634,1617215045,634,1,1,1,0),
(1132,NULL,55,154,1617215045,634,1617215045,634,1,1,1,0),
(1133,NULL,55,155,1617215045,634,1617215045,634,1,1,1,0),
(1134,NULL,55,17,1617215045,634,1617215045,634,1,1,1,0),
(1135,NULL,55,16,1617215045,634,1617215045,634,1,1,1,0),
(1136,NULL,55,35,1617215045,634,1617215045,634,1,1,1,0),
(1137,NULL,55,157,1617215045,634,1617215045,634,1,1,1,0),
(1138,NULL,55,200,1617215045,634,1617215045,634,1,1,1,0),
(1139,NULL,55,83,1617215045,634,1617215045,634,1,1,1,0),
(1140,NULL,55,150,1617215045,634,1617215045,634,1,1,1,0),
(1141,NULL,57,77,1617215659,634,1617215659,634,1,1,1,0),
(1142,NULL,57,255,1617215659,634,1617215659,634,1,1,1,0),
(1143,NULL,57,159,1617215659,634,1617215659,634,1,1,1,0),
(1144,NULL,57,25,1617215659,634,1617215659,634,1,1,1,0),
(1145,NULL,57,158,1617215659,634,1617215659,634,1,1,1,0),
(1146,NULL,57,175,1617215659,634,1617215659,634,1,1,1,0),
(1147,NULL,57,244,1617215659,634,1617215659,634,1,1,1,0),
(1148,NULL,57,254,1617215659,634,1617215659,634,1,1,1,0),
(1149,NULL,57,161,1617215659,634,1617215659,634,1,1,1,0),
(1150,NULL,57,256,1617215659,634,1617215659,634,1,1,1,0),
(1151,NULL,57,160,1617215659,634,1617215659,634,1,1,1,0),
(1152,NULL,57,26,1617215659,634,1617215659,634,1,1,1,0),
(1153,NULL,57,180,1617215659,634,1617215659,634,1,1,1,0),
(1154,NULL,57,6,1617215659,634,1617215659,634,1,1,1,0),
(1155,NULL,57,112,1617215659,634,1617215659,634,1,1,1,0),
(1156,NULL,57,141,1617215659,634,1617215659,634,1,1,1,0),
(1157,NULL,57,1,1617215659,634,1617215659,634,1,1,1,0),
(1158,NULL,57,260,1617215659,634,1617215659,634,1,1,1,0),
(1159,NULL,57,36,1617215659,634,1617215659,634,1,1,1,0),
(1160,NULL,57,140,1617215659,634,1617215659,634,1,1,1,0),
(1161,NULL,57,18,1617215659,634,1617215659,634,1,1,1,0),
(1162,NULL,57,162,1617215659,634,1617215659,634,1,1,1,0),
(1163,NULL,57,166,1617215659,634,1617215659,634,1,1,1,0),
(1164,NULL,57,167,1617215659,634,1617215659,634,1,1,1,0),
(1165,NULL,57,157,1617215659,634,1617215659,634,1,1,1,0),
(1166,NULL,57,200,1617215659,634,1617215659,634,1,1,1,0),
(1167,NULL,57,57,1617215659,634,1617215659,634,1,1,1,0),
(1168,NULL,57,169,1617215659,634,1617215659,634,1,1,1,0),
(1169,NULL,57,170,1617215659,634,1617215659,634,1,1,1,0),
(1170,NULL,56,57,1617215930,634,1617215930,634,1,1,1,0),
(1171,NULL,56,169,1617215930,634,1617215930,634,1,1,1,0),
(1172,NULL,56,170,1617215930,634,1617215930,634,1,1,1,0),
(1173,NULL,56,157,1617215930,634,1617215930,634,1,1,1,0),
(1174,NULL,56,200,1617215930,634,1617215930,634,1,1,1,0),
(1175,NULL,56,77,1617215930,634,1617215930,634,1,1,1,0),
(1176,NULL,56,255,1617215930,634,1617215930,634,1,1,1,0),
(1177,NULL,56,159,1617215930,634,1617215930,634,1,1,1,0),
(1178,NULL,56,25,1617215930,634,1617215930,634,1,1,1,0),
(1179,NULL,56,158,1617215930,634,1617215930,634,1,1,1,0),
(1180,NULL,56,175,1617215930,634,1617215930,634,1,1,1,0),
(1181,NULL,56,244,1617215930,634,1617215930,634,1,1,1,0),
(1182,NULL,56,254,1617215930,634,1617215930,634,1,1,1,0),
(1183,NULL,56,161,1617215930,634,1617215930,634,1,1,1,0),
(1184,NULL,56,256,1617215930,634,1617215930,634,1,1,1,0),
(1185,NULL,56,160,1617215930,634,1617215930,634,1,1,1,0),
(1186,NULL,56,26,1617215930,634,1617215930,634,1,1,1,0),
(1187,NULL,56,180,1617215930,634,1617215930,634,1,1,1,0),
(1188,NULL,56,6,1617215930,634,1617215930,634,1,1,1,0),
(1189,NULL,56,112,1617215930,634,1617215930,634,1,1,1,0),
(1190,NULL,56,141,1617215930,634,1617215930,634,1,1,1,0),
(1191,NULL,56,1,1617215930,634,1617215930,634,1,1,1,0),
(1192,NULL,56,260,1617215930,634,1617215930,634,1,1,1,0),
(1193,NULL,56,36,1617215930,634,1617215930,634,1,1,1,0),
(1194,NULL,56,140,1617215930,634,1617215930,634,1,1,1,0),
(1195,NULL,56,18,1617215930,634,1617215930,634,1,1,1,0),
(1196,NULL,56,162,1617215930,634,1617215930,634,1,1,1,0),
(1197,NULL,56,166,1617215930,634,1617215930,634,1,1,1,0),
(1198,NULL,56,167,1617215930,634,1617215930,634,1,1,1,0),
(1199,NULL,56,83,1617215930,634,1617215930,634,1,1,1,0),
(1200,NULL,56,150,1617215930,634,1617215930,634,1,1,1,0),
(1201,NULL,57,83,1617215983,634,1617215983,634,1,1,1,0),
(1202,NULL,57,150,1617215983,634,1617215983,634,1,1,1,0),
(1203,12,NULL,271,1617590438,12,1617590438,12,1,1,1,0),
(1204,NULL,3,194,1620166643,12,1620166643,12,1,1,1,0);


DROP TABLE system_user_groups;

CREATE TABLE `system_user_groups` (
  `id` int(11) unsigned NOT NULL AUTO_INCREMENT,
  `name` varchar(250) DEFAULT NULL,
  `parent_id` int(11) DEFAULT NULL,
  `create_date` int(10) unsigned zerofill DEFAULT NULL,
  `created_by_user_id` int(11) DEFAULT NULL,
  `modification_date` int(10) unsigned zerofill DEFAULT NULL,
  `modified_by_user_id` int(11) DEFAULT NULL,
  `deleted` tinyint(1) DEFAULT 0,
  PRIMARY KEY (`id`)
) ENGINE=InnoDB AUTO_INCREMENT=53 DEFAULT CHARSET=utf8;

INSERT INTO system_user_groups VALUES
(1,"ERP system Admin",NULL,NULL,NULL,1570825507,12,0),
(35,"Khazir Users",0,1583005989,12,1595322118,12,1),
(36,"Company Users",0,1583934914,12,1595322114,12,1),
(37,"receptionists",0,1595063467,12,1595322107,12,1),
(38,"HR",0,1595322131,12,1613848772,12,1),
(39,"Reception Users",0,1595322887,12,1613848781,12,1),
(40,"Laboratory Users",0,1596710479,12,1613848787,12,1),
(41,"Radiology Users",0,1596710496,12,1613848794,12,1),
(42,"Accountant users",0,1597138521,12,1613848807,12,1),
(43,"Administrator",0,1597146648,12,1613848813,12,1),
(44,"Emergency users",0,1597477425,12,1613848820,12,1),
(45,"ICU Users",0,1597491022,12,1613848826,12,1),
(46,"Ward Users",45,1597491706,12,1613848832,12,1),
(47,"Physiotherapy users",0,1598872856,12,1613848840,12,1),
(48,"Inventory Users",0,1606027044,12,1613848848,12,1),
(49,"Kiton Admin",0,1608643379,12,1613848871,12,0),
(50,"Erbil Cashiers",NULL,1617214687,639,1617214687,639,0),
(51,"Baghdad Cashiers",NULL,1617215310,634,1617215310,634,0),
(52,"Warehouse Users",NULL,1617216014,634,1617216014,634,0);


DROP TABLE system_user_roles;

CREATE TABLE `system_user_roles` (
  `id` int(11) unsigned NOT NULL AUTO_INCREMENT,
  `user_id` int(11) DEFAULT NULL,
  `role_id` int(11) DEFAULT NULL,
  `create_date` int(11) DEFAULT NULL,
  `created_by_user_id` int(11) DEFAULT NULL,
  `modification_date` int(11) DEFAULT NULL,
  `modified_by_user_id` int(11) DEFAULT NULL,
  `deleted` tinyint(1) DEFAULT NULL,
  PRIMARY KEY (`id`)
) ENGINE=InnoDB AUTO_INCREMENT=92 DEFAULT CHARSET=utf8;

INSERT INTO system_user_roles VALUES
(1,12,3,2147483647,12,1569971959,12,0),
(38,100,29,1583008624,12,1583008624,12,0),
(39,101,29,1583008624,12,1583008624,12,0),
(40,102,29,1583008624,12,1583008624,12,0),
(41,103,29,1583008624,12,1583008624,12,0),
(42,104,29,1583008624,12,1583008624,12,0),
(43,105,29,1583008624,12,1583008624,12,0),
(44,106,31,1583935325,12,1583935325,12,0),
(45,107,31,1583937759,12,1583937759,12,0),
(46,602,31,1583969604,12,1583969604,12,0),
(47,604,33,1595322242,12,1595322242,12,0),
(48,605,34,1595323037,12,1595323037,12,0),
(49,606,34,1595323086,12,1595323086,12,0),
(50,607,34,1595323132,12,1595323132,12,0),
(51,610,35,1596711101,12,1596711101,12,0),
(52,609,35,1596711107,12,1596711107,12,0),
(53,608,35,1596711111,12,1596711111,12,0),
(54,613,36,1596711122,12,1596711122,12,0),
(55,612,36,1596711128,12,1596711128,12,0),
(56,611,36,1596711133,12,1596711133,12,0),
(57,614,37,1597138626,12,1597138626,12,0),
(58,615,37,1597139255,12,1597139255,12,0),
(59,616,37,1597139410,12,1597139410,12,0),
(60,617,38,1597146812,12,1597146812,12,0),
(61,620,39,1597477667,12,1597477667,12,0),
(62,619,39,1597477677,12,1597477677,12,0),
(63,618,39,1597477691,12,1597477691,12,0),
(64,621,40,1597491304,12,1597491304,12,0),
(65,624,41,1597491896,12,1597491896,12,0),
(66,623,41,1597491902,12,1597491902,12,0),
(67,622,41,1597491907,12,1597491907,12,0),
(68,625,42,1598873052,12,1598873052,12,0),
(69,626,43,1599467874,12,1599467874,12,0),
(70,627,44,1600257214,12,1600257214,12,0),
(71,629,44,1600257585,12,1600257585,12,0),
(72,628,44,1600257635,12,1600257635,12,0),
(73,631,47,1602150539,12,1602150539,12,0),
(74,632,44,1603721035,12,1603721035,12,0),
(75,633,48,1606027121,12,1606027121,12,0),
(76,12,3,1608225439,12,1608225439,12,1),
(77,634,49,1608643456,12,1608643456,12,1),
(78,12,3,1608730208,12,1608730208,12,1),
(79,635,50,1609253613,12,1609253613,12,0),
(80,636,51,1609420779,12,1609420779,12,0),
(81,637,52,1610887279,12,1610887279,12,0),
(82,636,48,1612253980,12,1612253980,12,0),
(83,638,37,1612360398,12,1612360398,12,0),
(84,634,49,1613849583,12,1613849583,12,0),
(85,639,49,1617210082,634,1617210082,634,0),
(86,640,54,1617214772,639,1617214772,639,0),
(87,642,55,1617215352,634,1617215352,634,0),
(88,644,56,1617216059,634,1617216059,634,0),
(89,645,57,1617216093,634,1617216093,634,0),
(90,641,54,1620124002,12,1620124002,12,0),
(91,643,55,1620124034,12,1620124034,12,0);


DROP TABLE terminals;

CREATE TABLE `terminals` (
  `TerminalId` int(10) NOT NULL AUTO_INCREMENT,
  `TerminalName` varchar(250) NOT NULL,
  `SerialOrEthernet` enum('0','1') NOT NULL DEFAULT '1' COMMENT '1 for Ethernet 0 for Serial',
  `TerminalNo` int(11) NOT NULL,
  `SerialPort` varchar(10) DEFAULT NULL,
  `Baud` int(11) DEFAULT NULL,
  `Port` int(11) DEFAULT NULL,
  `Ip` varchar(250) DEFAULT NULL,
  `Deleted` bit(1) NOT NULL DEFAULT b'0',
  `CreatedByUserId` int(11) NOT NULL,
  `CreateDate` datetime NOT NULL DEFAULT current_timestamp(),
  `ModifiedByUserId` int(11) DEFAULT NULL,
  `ModificationDate` datetime DEFAULT NULL,
  PRIMARY KEY (`TerminalId`)
) ENGINE=InnoDB DEFAULT CHARSET=utf8;

DROP TABLE transactioncurrencyrates;

CREATE TABLE `transactioncurrencyrates` (
  `TransactionCurrencyRateId` bigint(20) NOT NULL AUTO_INCREMENT,
  `TransactionId` bigint(20) DEFAULT NULL,
  `CurrencyRateId` bigint(20) DEFAULT NULL,
  PRIMARY KEY (`TransactionCurrencyRateId`),
  KEY `FK_TransactionCurrencyRates_CurrencyRates` (`CurrencyRateId`),
  KEY `FK_TransactionCurrencyRates_Transactions` (`TransactionId`)
) ENGINE=InnoDB AUTO_INCREMENT=7 DEFAULT CHARSET=utf8;

INSERT INTO transactioncurrencyrates VALUES
(1,18,NULL),
(2,20,NULL),
(3,21,NULL);


DROP TABLE transactionitems;

CREATE TABLE `transactionitems` (
  `TransactionItemId` bigint(20) NOT NULL AUTO_INCREMENT,
  `TransactionId` bigint(20) DEFAULT NULL,
  `TransactionTypeId` bigint(20) DEFAULT NULL,
  `ContactId` bigint(20) DEFAULT NULL,
  `AccountId` bigint(20) DEFAULT NULL,
  `Debit` decimal(19,4) DEFAULT 0.0000,
  `Credit` decimal(19,4) DEFAULT 0.0000,
  `CurrencyId` bigint(20) DEFAULT NULL,
  `CurrencyRateId` bigint(20) DEFAULT NULL,
  `ExchangeRate` decimal(18,14) DEFAULT NULL,
  `Description` varchar(500) DEFAULT NULL,
  `TransactionDate` datetime DEFAULT NULL,
  `Posted` tinyint(1) DEFAULT 0,
  `Deleted` tinyint(1) DEFAULT 0,
  PRIMARY KEY (`TransactionItemId`),
  KEY `FK_TransactionItems_Contacts` (`ContactId`),
  KEY `FK_TransactionItems_Accounts` (`AccountId`),
  KEY `FK_TransactionItems_Currencies` (`CurrencyId`),
  KEY `FK_TransactionItems_CurrencyRates` (`CurrencyRateId`),
  KEY `FK_TransactionItems_Transactions` (`TransactionId`),
  KEY `FK_TransactionItems_TransactionTypes` (`TransactionTypeId`)
) ENGINE=InnoDB AUTO_INCREMENT=943 DEFAULT CHARSET=utf8;

INSERT INTO transactionitems VALUES
(3,2,7,1,1,0,2230,2,NULL,1,NULL,"2021-03-07 00:00:00",0,0),
(4,2,7,1,20,2230,0,2,NULL,1,NULL,"2021-03-07 00:00:00",0,0),
(5,3,7,1,1,0,105,2,NULL,1,NULL,"2021-03-11 00:00:00",0,0),
(6,3,7,1,20,105,0,2,NULL,1,NULL,"2021-03-11 00:00:00",0,0),
(7,4,9,NULL,20,0,1,2,NULL,1,NULL,"2021-03-11 17:00:53",0,0),
(8,4,9,NULL,20,1,0,2,NULL,1,NULL,"2021-03-11 17:00:53",0,0),
(9,4,9,NULL,20,0,1,2,NULL,1,NULL,"2021-03-11 17:00:53",0,0),
(10,4,9,NULL,20,1,0,2,NULL,1,NULL,"2021-03-11 17:00:53",0,0),
(11,4,9,NULL,20,0,1,2,NULL,1,NULL,"2021-03-11 17:00:53",0,0),
(12,4,9,NULL,20,1,0,2,NULL,1,NULL,"2021-03-11 17:00:53",0,0),
(21,7,5,1,123,0,1270,2,NULL,1,NULL,"2021-03-11 00:00:00",0,0),
(22,7,5,1,61,1,0,2,NULL,1,NULL,"2021-03-11 00:00:00",0,0),
(23,7,5,1,2,1270,0,2,NULL,1,NULL,"2021-03-11 00:00:00",0,0),
(24,7,5,1,NULL,0,1,2,NULL,1,NULL,"2021-03-11 00:00:00",0,0),
(25,8,5,2,123,0,1270,2,NULL,1,NULL,"2021-03-11 00:00:00",0,0),
(26,8,5,2,61,1,0,2,NULL,1,NULL,"2021-03-11 00:00:00",0,0),
(27,8,5,2,2,1270,0,2,NULL,1,NULL,"2021-03-11 00:00:00",0,0),
(28,8,5,2,NULL,0,1,2,NULL,1,NULL,"2021-03-11 00:00:00",0,0),
(29,9,9,NULL,20,0,1,2,NULL,1,NULL,"2021-03-11 22:10:47",0,0),
(30,9,9,NULL,20,1,0,2,NULL,1,NULL,"2021-03-11 22:10:47",0,0),
(31,9,9,NULL,20,0,1,2,NULL,1,NULL,"2021-03-11 22:10:47",0,0),
(32,9,9,NULL,20,1,0,2,NULL,1,NULL,"2021-03-11 22:10:47",0,0),
(33,9,9,NULL,20,0,1,2,NULL,1,NULL,"2021-03-11 22:10:47",0,0),
(34,9,9,NULL,20,1,0,2,NULL,1,NULL,"2021-03-11 22:10:47",0,0),
(35,9,9,NULL,20,0,1,2,NULL,1,NULL,"2021-03-11 22:10:47",0,0),
(36,9,9,NULL,20,1,0,2,NULL,1,NULL,"2021-03-11 22:10:47",0,0),
(37,9,9,NULL,20,0,1,2,NULL,1,NULL,"2021-03-11 22:10:47",0,0),
(38,9,9,NULL,20,1,0,2,NULL,1,NULL,"2021-03-11 22:10:47",0,0),
(39,9,9,NULL,20,0,1,2,NULL,1,NULL,"2021-03-11 22:10:47",0,0),
(40,9,9,NULL,20,1,0,2,NULL,1,NULL,"2021-03-11 22:10:47",0,0),
(41,9,9,NULL,20,0,1,2,NULL,1,NULL,"2021-03-11 22:10:47",0,0),
(42,9,9,NULL,20,1,0,2,NULL,1,NULL,"2021-03-11 22:10:47",0,0),
(43,9,9,NULL,20,0,1,2,NULL,1,NULL,"2021-03-11 22:10:47",0,0),
(44,9,9,NULL,20,1,0,2,NULL,1,NULL,"2021-03-11 22:10:47",0,0),
(45,9,9,NULL,20,0,1,2,NULL,1,NULL,"2021-03-11 22:10:47",0,0),
(46,9,9,NULL,20,1,0,2,NULL,1,NULL,"2021-03-11 22:10:47",0,0),
(47,9,9,NULL,20,0,1,2,NULL,1,NULL,"2021-03-11 22:10:47",0,0),
(48,9,9,NULL,20,1,0,2,NULL,1,NULL,"2021-03-11 22:10:47",0,0),
(49,9,9,NULL,20,0,1,2,NULL,1,NULL,"2021-03-11 22:10:47",0,0),
(50,9,9,NULL,20,1,0,2,NULL,1,NULL,"2021-03-11 22:10:47",0,0),
(51,9,9,NULL,20,0,1,2,NULL,1,NULL,"2021-03-11 22:10:47",0,0),
(52,9,9,NULL,20,1,0,2,NULL,1,NULL,"2021-03-11 22:10:47",0,0),
(53,9,9,NULL,20,0,1,2,NULL,1,NULL,"2021-03-11 22:10:47",0,0),
(54,9,9,NULL,20,1,0,2,NULL,1,NULL,"2021-03-11 22:10:47",0,0),
(55,9,9,NULL,20,0,1,2,NULL,1,NULL,"2021-03-11 22:10:47",0,0),
(56,9,9,NULL,20,1,0,2,NULL,1,NULL,"2021-03-11 22:10:47",0,0),
(57,9,9,NULL,20,0,1,2,NULL,1,NULL,"2021-03-11 22:10:47",0,0),
(58,9,9,NULL,20,1,0,2,NULL,1,NULL,"2021-03-11 22:10:47",0,0),
(59,9,9,NULL,20,0,1,2,NULL,1,NULL,"2021-03-11 22:10:47",0,0),
(60,9,9,NULL,20,1,0,2,NULL,1,NULL,"2021-03-11 22:10:47",0,0),
(61,9,9,NULL,20,0,1,2,NULL,1,NULL,"2021-03-11 22:10:47",0,0),
(62,9,9,NULL,20,1,0,2,NULL,1,NULL,"2021-03-11 22:10:47",0,0),
(63,9,9,NULL,20,0,1,2,NULL,1,NULL,"2021-03-11 22:10:47",0,0),
(64,9,9,NULL,20,1,0,2,NULL,1,NULL,"2021-03-11 22:10:47",0,0),
(65,9,9,NULL,20,0,1,2,NULL,1,NULL,"2021-03-11 22:10:47",0,0),
(66,9,9,NULL,20,1,0,2,NULL,1,NULL,"2021-03-11 22:10:47",0,0),
(67,9,9,NULL,20,0,1,2,NULL,1,NULL,"2021-03-11 22:10:47",0,0),
(68,9,9,NULL,20,1,0,2,NULL,1,NULL,"2021-03-11 22:10:47",0,0),
(69,9,9,NULL,20,0,1,2,NULL,1,NULL,"2021-03-11 22:10:47",0,0),
(70,9,9,NULL,20,1,0,2,NULL,1,NULL,"2021-03-11 22:10:47",0,0),
(71,9,9,NULL,20,0,1,2,NULL,1,NULL,"2021-03-11 22:10:47",0,0),
(72,9,9,NULL,20,1,0,2,NULL,1,NULL,"2021-03-11 22:10:47",0,0),
(73,9,9,NULL,20,0,1,2,NULL,1,NULL,"2021-03-11 22:10:47",0,0),
(74,9,9,NULL,20,1,0,2,NULL,1,NULL,"2021-03-11 22:10:47",0,0),
(75,9,9,NULL,20,0,1,2,NULL,1,NULL,"2021-03-11 22:10:47",0,0),
(76,9,9,NULL,20,1,0,2,NULL,1,NULL,"2021-03-11 22:10:47",0,0),
(77,9,9,NULL,20,0,1,2,NULL,1,NULL,"2021-03-11 22:10:47",0,0),
(78,9,9,NULL,20,1,0,2,NULL,1,NULL,"2021-03-11 22:10:47",0,0),
(79,9,9,NULL,20,0,1,2,NULL,1,NULL,"2021-03-11 22:10:47",0,0),
(80,9,9,NULL,20,1,0,2,NULL,1,NULL,"2021-03-11 22:10:47",0,0),
(81,9,9,NULL,20,0,1,2,NULL,1,NULL,"2021-03-11 22:10:47",0,0),
(82,9,9,NULL,20,1,0,2,NULL,1,NULL,"2021-03-11 22:10:47",0,0),
(83,9,9,NULL,20,0,1,2,NULL,1,NULL,"2021-03-11 22:10:47",0,0),
(84,9,9,NULL,20,1,0,2,NULL,1,NULL,"2021-03-11 22:10:47",0,0),
(85,9,9,NULL,20,0,1,2,NULL,1,NULL,"2021-03-11 22:10:47",0,0),
(86,9,9,NULL,20,1,0,2,NULL,1,NULL,"2021-03-11 22:10:47",0,0),
(87,9,9,NULL,20,0,1,2,NULL,1,NULL,"2021-03-11 22:10:47",0,0),
(88,9,9,NULL,20,1,0,2,NULL,1,NULL,"2021-03-11 22:10:47",0,0),
(89,9,9,NULL,20,0,1,2,NULL,1,NULL,"2021-03-11 22:10:47",0,0),
(90,9,9,NULL,20,1,0,2,NULL,1,NULL,"2021-03-11 22:10:47",0,0),
(91,9,9,NULL,20,0,1,2,NULL,1,NULL,"2021-03-11 22:10:47",0,0),
(92,9,9,NULL,20,1,0,2,NULL,1,NULL,"2021-03-11 22:10:47",0,0),
(93,9,9,NULL,20,0,1,2,NULL,1,NULL,"2021-03-11 22:10:47",0,0),
(94,9,9,NULL,20,1,0,2,NULL,1,NULL,"2021-03-11 22:10:47",0,0),
(95,9,9,NULL,20,0,1,2,NULL,1,NULL,"2021-03-11 22:10:47",0,0),
(96,9,9,NULL,20,1,0,2,NULL,1,NULL,"2021-03-11 22:10:47",0,0),
(97,9,9,NULL,20,0,1,2,NULL,1,NULL,"2021-03-11 22:10:47",0,0),
(98,9,9,NULL,20,1,0,2,NULL,1,NULL,"2021-03-11 22:10:47",0,0),
(99,9,9,NULL,20,0,1,2,NULL,1,NULL,"2021-03-11 22:10:47",0,0),
(100,9,9,NULL,20,1,0,2,NULL,1,NULL,"2021-03-11 22:10:47",0,0),
(101,9,9,NULL,20,0,1,2,NULL,1,NULL,"2021-03-11 22:10:47",0,0),
(102,9,9,NULL,20,1,0,2,NULL,1,NULL,"2021-03-11 22:10:47",0,0),
(103,9,9,NULL,20,0,1,2,NULL,1,NULL,"2021-03-11 22:10:47",0,0),
(104,9,9,NULL,20,1,0,2,NULL,1,NULL,"2021-03-11 22:10:47",0,0),
(105,9,9,NULL,20,0,1,2,NULL,1,NULL,"2021-03-11 22:10:47",0,0),
(106,9,9,NULL,20,1,0,2,NULL,1,NULL,"2021-03-11 22:10:47",0,0),
(107,9,9,NULL,20,0,1,2,NULL,1,NULL,"2021-03-11 22:10:47",0,0),
(108,9,9,NULL,20,1,0,2,NULL,1,NULL,"2021-03-11 22:10:47",0,0),
(109,9,9,NULL,20,0,1,2,NULL,1,NULL,"2021-03-11 22:10:47",0,0),
(110,9,9,NULL,20,1,0,2,NULL,1,NULL,"2021-03-11 22:10:47",0,0),
(111,9,9,NULL,20,0,1,2,NULL,1,NULL,"2021-03-11 22:10:47",0,0),
(112,9,9,NULL,20,1,0,2,NULL,1,NULL,"2021-03-11 22:10:47",0,0),
(113,9,9,NULL,20,0,1,2,NULL,1,NULL,"2021-03-11 22:10:47",0,0),
(114,9,9,NULL,20,1,0,2,NULL,1,NULL,"2021-03-11 22:10:47",0,0),
(115,9,9,NULL,20,0,1,2,NULL,1,NULL,"2021-03-11 22:10:47",0,0),
(116,9,9,NULL,20,1,0,2,NULL,1,NULL,"2021-03-11 22:10:47",0,0),
(117,9,9,NULL,20,0,1,2,NULL,1,NULL,"2021-03-11 22:10:47",0,0),
(118,9,9,NULL,20,1,0,2,NULL,1,NULL,"2021-03-11 22:10:47",0,0),
(119,9,9,NULL,20,0,1,2,NULL,1,NULL,"2021-03-11 22:10:47",0,0),
(120,9,9,NULL,20,1,0,2,NULL,1,NULL,"2021-03-11 22:10:47",0,0),
(121,9,9,NULL,20,0,1,2,NULL,1,NULL,"2021-03-11 22:10:47",0,0),
(122,9,9,NULL,20,1,0,2,NULL,1,NULL,"2021-03-11 22:10:47",0,0),
(123,9,9,NULL,20,0,1,2,NULL,1,NULL,"2021-03-11 22:10:47",0,0),
(124,9,9,NULL,20,1,0,2,NULL,1,NULL,"2021-03-11 22:10:47",0,0),
(125,9,9,NULL,20,0,1,2,NULL,1,NULL,"2021-03-11 22:10:47",0,0),
(126,9,9,NULL,20,1,0,2,NULL,1,NULL,"2021-03-11 22:10:47",0,0),
(127,9,9,NULL,20,0,1,2,NULL,1,NULL,"2021-03-11 22:10:47",0,0),
(128,9,9,NULL,20,1,0,2,NULL,1,NULL,"2021-03-11 22:10:47",0,0),
(129,9,9,NULL,20,0,1,2,NULL,1,NULL,"2021-03-11 22:10:47",0,0),
(130,9,9,NULL,20,1,0,2,NULL,1,NULL,"2021-03-11 22:10:47",0,0),
(131,9,9,NULL,20,0,1,2,NULL,1,NULL,"2021-03-11 22:10:47",0,0),
(132,9,9,NULL,20,1,0,2,NULL,1,NULL,"2021-03-11 22:10:47",0,0),
(133,9,9,NULL,20,0,1,2,NULL,1,NULL,"2021-03-11 22:10:47",0,0),
(134,9,9,NULL,20,1,0,2,NULL,1,NULL,"2021-03-11 22:10:47",0,0),
(135,9,9,NULL,20,0,1,2,NULL,1,NULL,"2021-03-11 22:10:47",0,0),
(136,9,9,NULL,20,1,0,2,NULL,1,NULL,"2021-03-11 22:10:47",0,0),
(137,9,9,NULL,20,0,1,2,NULL,1,NULL,"2021-03-11 22:10:47",0,0),
(138,9,9,NULL,20,1,0,2,NULL,1,NULL,"2021-03-11 22:10:47",0,0),
(139,9,9,NULL,20,0,1,2,NULL,1,NULL,"2021-03-11 22:10:47",0,0),
(140,9,9,NULL,20,1,0,2,NULL,1,NULL,"2021-03-11 22:10:47",0,0),
(141,9,9,NULL,20,0,1,2,NULL,1,NULL,"2021-03-11 22:10:47",0,0),
(142,9,9,NULL,20,1,0,2,NULL,1,NULL,"2021-03-11 22:10:47",0,0),
(143,9,9,NULL,20,0,1,2,NULL,1,NULL,"2021-03-11 22:10:47",0,0),
(144,9,9,NULL,20,1,0,2,NULL,1,NULL,"2021-03-11 22:10:47",0,0),
(145,9,9,NULL,20,0,1,2,NULL,1,NULL,"2021-03-11 22:10:47",0,0),
(146,9,9,NULL,20,1,0,2,NULL,1,NULL,"2021-03-11 22:10:47",0,0),
(147,9,9,NULL,20,0,1,2,NULL,1,NULL,"2021-03-11 22:10:47",0,0),
(148,9,9,NULL,20,1,0,2,NULL,1,NULL,"2021-03-11 22:10:47",0,0),
(149,9,9,NULL,20,0,1,2,NULL,1,NULL,"2021-03-11 22:10:47",0,0),
(150,9,9,NULL,20,1,0,2,NULL,1,NULL,"2021-03-11 22:10:47",0,0),
(151,9,9,NULL,20,0,1,2,NULL,1,NULL,"2021-03-11 22:10:47",0,0),
(152,9,9,NULL,20,1,0,2,NULL,1,NULL,"2021-03-11 22:10:47",0,0),
(153,9,9,NULL,20,0,1,2,NULL,1,NULL,"2021-03-11 22:10:47",0,0),
(154,9,9,NULL,20,1,0,2,NULL,1,NULL,"2021-03-11 22:10:47",0,0),
(155,9,9,NULL,20,0,1,2,NULL,1,NULL,"2021-03-11 22:10:47",0,0),
(156,9,9,NULL,20,1,0,2,NULL,1,NULL,"2021-03-11 22:10:47",0,0),
(157,9,9,NULL,20,0,1,2,NULL,1,NULL,"2021-03-11 22:10:47",0,0),
(158,9,9,NULL,20,1,0,2,NULL,1,NULL,"2021-03-11 22:10:47",0,0),
(159,9,9,NULL,20,0,1,2,NULL,1,NULL,"2021-03-11 22:10:47",0,0),
(160,9,9,NULL,20,1,0,2,NULL,1,NULL,"2021-03-11 22:10:47",0,0),
(161,9,9,NULL,20,0,1,2,NULL,1,NULL,"2021-03-11 22:10:47",0,0),
(162,9,9,NULL,20,1,0,2,NULL,1,NULL,"2021-03-11 22:10:47",0,0),
(163,9,9,NULL,20,0,1,2,NULL,1,NULL,"2021-03-11 22:10:47",0,0),
(164,9,9,NULL,20,1,0,2,NULL,1,NULL,"2021-03-11 22:10:47",0,0),
(165,9,9,NULL,20,0,1,2,NULL,1,NULL,"2021-03-11 22:10:47",0,0),
(166,9,9,NULL,20,1,0,2,NULL,1,NULL,"2021-03-11 22:10:47",0,0),
(167,9,9,NULL,20,0,1,2,NULL,1,NULL,"2021-03-11 22:10:47",0,0),
(168,9,9,NULL,20,1,0,2,NULL,1,NULL,"2021-03-11 22:10:47",0,0),
(169,9,9,NULL,20,0,1,2,NULL,1,NULL,"2021-03-11 22:10:47",0,0),
(170,9,9,NULL,20,1,0,2,NULL,1,NULL,"2021-03-11 22:10:47",0,0),
(171,9,9,NULL,20,0,1,2,NULL,1,NULL,"2021-03-11 22:10:47",0,0),
(172,9,9,NULL,20,1,0,2,NULL,1,NULL,"2021-03-11 22:10:47",0,0),
(173,9,9,NULL,20,0,1,2,NULL,1,NULL,"2021-03-11 22:10:47",0,0),
(174,9,9,NULL,20,1,0,2,NULL,1,NULL,"2021-03-11 22:10:47",0,0),
(175,9,9,NULL,20,0,1,2,NULL,1,NULL,"2021-03-11 22:10:47",0,0),
(176,9,9,NULL,20,1,0,2,NULL,1,NULL,"2021-03-11 22:10:47",0,0),
(177,9,9,NULL,20,0,1,2,NULL,1,NULL,"2021-03-11 22:10:47",0,0),
(178,9,9,NULL,20,1,0,2,NULL,1,NULL,"2021-03-11 22:10:47",0,0),
(179,9,9,NULL,20,0,1,2,NULL,1,NULL,"2021-03-11 22:10:47",0,0),
(180,9,9,NULL,20,1,0,2,NULL,1,NULL,"2021-03-11 22:10:47",0,0),
(181,9,9,NULL,20,0,1,2,NULL,1,NULL,"2021-03-11 22:10:47",0,0),
(182,9,9,NULL,20,1,0,2,NULL,1,NULL,"2021-03-11 22:10:47",0,0),
(183,9,9,NULL,20,0,1,2,NULL,1,NULL,"2021-03-11 22:10:47",0,0),
(184,9,9,NULL,20,1,0,2,NULL,1,NULL,"2021-03-11 22:10:47",0,0),
(185,9,9,NULL,20,0,1,2,NULL,1,NULL,"2021-03-11 22:10:47",0,0),
(186,9,9,NULL,20,1,0,2,NULL,1,NULL,"2021-03-11 22:10:47",0,0),
(187,9,9,NULL,20,0,1,2,NULL,1,NULL,"2021-03-11 22:10:47",0,0),
(188,9,9,NULL,20,1,0,2,NULL,1,NULL,"2021-03-11 22:10:47",0,0),
(189,9,9,NULL,20,0,1,2,NULL,1,NULL,"2021-03-11 22:10:47",0,0),
(190,9,9,NULL,20,1,0,2,NULL,1,NULL,"2021-03-11 22:10:47",0,0),
(191,9,9,NULL,20,0,1,2,NULL,1,NULL,"2021-03-11 22:10:47",0,0),
(192,9,9,NULL,20,1,0,2,NULL,1,NULL,"2021-03-11 22:10:47",0,0),
(193,9,9,NULL,20,0,1,2,NULL,1,NULL,"2021-03-11 22:10:47",0,0),
(194,9,9,NULL,20,1,0,2,NULL,1,NULL,"2021-03-11 22:10:47",0,0),
(195,9,9,NULL,20,0,1,2,NULL,1,NULL,"2021-03-11 22:10:47",0,0),
(196,9,9,NULL,20,1,0,2,NULL,1,NULL,"2021-03-11 22:10:47",0,0),
(197,9,9,NULL,20,0,1,2,NULL,1,NULL,"2021-03-11 22:10:47",0,0),
(198,9,9,NULL,20,1,0,2,NULL,1,NULL,"2021-03-11 22:10:47",0,0),
(199,9,9,NULL,20,0,1,2,NULL,1,NULL,"2021-03-11 22:10:47",0,0),
(200,9,9,NULL,20,1,0,2,NULL,1,NULL,"2021-03-11 22:10:47",0,0),
(201,9,9,NULL,20,0,1,2,NULL,1,NULL,"2021-03-11 22:10:47",0,0),
(202,9,9,NULL,20,1,0,2,NULL,1,NULL,"2021-03-11 22:10:47",0,0),
(203,9,9,NULL,20,0,1,2,NULL,1,NULL,"2021-03-11 22:10:47",0,0),
(204,9,9,NULL,20,1,0,2,NULL,1,NULL,"2021-03-11 22:10:47",0,0),
(205,9,9,NULL,20,0,1,2,NULL,1,NULL,"2021-03-11 22:10:47",0,0),
(206,9,9,NULL,20,1,0,2,NULL,1,NULL,"2021-03-11 22:10:47",0,0),
(207,9,9,NULL,20,0,1,2,NULL,1,NULL,"2021-03-11 22:10:47",0,0),
(208,9,9,NULL,20,1,0,2,NULL,1,NULL,"2021-03-11 22:10:47",0,0),
(209,9,9,NULL,20,0,1,2,NULL,1,NULL,"2021-03-11 22:10:47",0,0),
(210,9,9,NULL,20,1,0,2,NULL,1,NULL,"2021-03-11 22:10:47",0,0),
(211,9,9,NULL,20,0,1,2,NULL,1,NULL,"2021-03-11 22:10:47",0,0),
(212,9,9,NULL,20,1,0,2,NULL,1,NULL,"2021-03-11 22:10:47",0,0),
(213,9,9,NULL,20,0,1,2,NULL,1,NULL,"2021-03-11 22:10:47",0,0),
(214,9,9,NULL,20,1,0,2,NULL,1,NULL,"2021-03-11 22:10:47",0,0),
(215,9,9,NULL,20,0,1,2,NULL,1,NULL,"2021-03-11 22:10:47",0,0),
(216,9,9,NULL,20,1,0,2,NULL,1,NULL,"2021-03-11 22:10:47",0,0),
(217,9,9,NULL,20,0,1,2,NULL,1,NULL,"2021-03-11 22:10:47",0,0),
(218,9,9,NULL,20,1,0,2,NULL,1,NULL,"2021-03-11 22:10:47",0,0),
(219,9,9,NULL,20,0,1,2,NULL,1,NULL,"2021-03-11 22:10:47",0,0),
(220,9,9,NULL,20,1,0,2,NULL,1,NULL,"2021-03-11 22:10:47",0,0),
(221,9,9,NULL,20,0,1,2,NULL,1,NULL,"2021-03-11 22:10:47",0,0),
(222,9,9,NULL,20,1,0,2,NULL,1,NULL,"2021-03-11 22:10:47",0,0),
(223,9,9,NULL,20,0,1,2,NULL,1,NULL,"2021-03-11 22:10:47",0,0),
(224,9,9,NULL,20,1,0,2,NULL,1,NULL,"2021-03-11 22:10:47",0,0),
(225,9,9,NULL,20,0,1,2,NULL,1,NULL,"2021-03-11 22:10:47",0,0),
(226,9,9,NULL,20,1,0,2,NULL,1,NULL,"2021-03-11 22:10:47",0,0),
(227,9,9,NULL,20,0,1,2,NULL,1,NULL,"2021-03-11 22:10:47",0,0),
(228,9,9,NULL,20,1,0,2,NULL,1,NULL,"2021-03-11 22:10:47",0,0),
(229,9,9,NULL,20,0,1,2,NULL,1,NULL,"2021-03-11 22:10:47",0,0),
(230,9,9,NULL,20,1,0,2,NULL,1,NULL,"2021-03-11 22:10:47",0,0),
(231,9,9,NULL,20,0,1,2,NULL,1,NULL,"2021-03-11 22:10:47",0,0),
(232,9,9,NULL,20,1,0,2,NULL,1,NULL,"2021-03-11 22:10:47",0,0),
(233,9,9,NULL,20,0,1,2,NULL,1,NULL,"2021-03-11 22:10:47",0,0),
(234,9,9,NULL,20,1,0,2,NULL,1,NULL,"2021-03-11 22:10:47",0,0),
(235,9,9,NULL,20,0,1,2,NULL,1,NULL,"2021-03-11 22:10:47",0,0),
(236,9,9,NULL,20,1,0,2,NULL,1,NULL,"2021-03-11 22:10:47",0,0),
(237,10,5,3,123,0,1090,2,NULL,1,NULL,"2021-03-14 00:00:00",0,0),
(238,10,5,3,61,1,0,2,NULL,1,NULL,"2021-03-14 00:00:00",0,0),
(239,10,5,3,123,0,1090,2,NULL,1,NULL,"2021-03-14 00:00:00",0,0),
(240,10,5,3,61,1,0,2,NULL,1,NULL,"2021-03-14 00:00:00",0,0),
(241,10,5,3,2,2180,0,2,NULL,1,NULL,"2021-03-14 00:00:00",0,0),
(242,10,5,3,NULL,0,2,2,NULL,1,NULL,"2021-03-14 00:00:00",0,0),
(243,11,9,NULL,20,0,1,2,NULL,1,NULL,"2021-03-30 12:12:52",0,0),
(244,11,9,NULL,20,1,0,2,NULL,1,NULL,"2021-03-30 12:12:52",0,0),
(245,11,9,NULL,20,0,1,2,NULL,1,NULL,"2021-03-30 12:12:52",0,0),
(246,11,9,NULL,20,1,0,2,NULL,1,NULL,"2021-03-30 12:12:52",0,0),
(247,12,5,4,123,0,792,2,NULL,1,NULL,"2021-03-30 00:00:00",0,0),
(248,12,5,4,61,1,0,2,NULL,1,NULL,"2021-03-30 00:00:00",0,0),
(249,12,5,4,123,0,944,2,NULL,1,NULL,"2021-03-30 00:00:00",0,0),
(250,12,5,4,61,1,0,2,NULL,1,NULL,"2021-03-30 00:00:00",0,0),
(251,12,5,4,123,0,2485,2,NULL,1,NULL,"2021-03-30 00:00:00",0,0),
(252,12,5,4,61,1,0,2,NULL,1,NULL,"2021-03-30 00:00:00",0,0),
(253,12,5,4,123,0,1680,2,NULL,1,NULL,"2021-03-30 00:00:00",0,0),
(254,12,5,4,61,1,0,2,NULL,1,NULL,"2021-03-30 00:00:00",0,0),
(255,12,5,4,2,5901,0,2,NULL,1,NULL,"2021-03-30 00:00:00",0,0),
(256,12,5,4,NULL,0,4,2,NULL,1,NULL,"2021-03-30 00:00:00",0,0),
(257,13,5,5,123,0,1190,2,NULL,1,NULL,"2021-03-31 00:00:00",0,0),
(258,13,5,5,61,1,0,2,NULL,1,NULL,"2021-03-31 00:00:00",0,0),
(259,13,5,5,2,1050,0,2,NULL,1,NULL,"2021-03-31 00:00:00",0,0),
(260,13,5,5,NULL,0,1,2,NULL,1,NULL,"2021-03-31 00:00:00",0,0),
(261,13,NULL,NULL,96,140,0,2,NULL,1,"Sale discount","2021-03-31 00:00:00",0,0),
(271,14,5,5,123,0,8850,2,NULL,1,NULL,"2021-03-31 00:00:00",0,0),
(272,14,5,5,61,1,0,2,NULL,1,NULL,"2021-03-31 00:00:00",0,0),
(273,14,5,5,2,8800,0,2,NULL,1,NULL,"2021-03-31 00:00:00",0,0),
(274,14,5,5,NULL,0,1,2,NULL,1,NULL,"2021-03-31 00:00:00",0,0),
(275,14,NULL,NULL,96,50,0,2,NULL,1,"Sale discount","2021-03-31 00:00:00",0,0),
(276,15,5,6,123,0,990,2,NULL,1,NULL,"2021-03-31 00:00:00",0,0),
(277,15,5,6,61,1,0,2,NULL,1,NULL,"2021-03-31 00:00:00",0,0),
(278,15,5,6,2,990,0,2,NULL,1,NULL,"2021-03-31 00:00:00",0,0),
(279,15,5,6,NULL,0,1,2,NULL,1,NULL,"2021-03-31 00:00:00",0,0),
(280,18,5,1,123,0,750,1,NULL,1450,NULL,"2021-03-31 00:00:00",0,0),
(281,18,5,1,61,1,0,1,NULL,1450,NULL,"2021-03-31 00:00:00",0,0),
(282,18,5,1,2,750,0,1,NULL,1450,NULL,"2021-03-31 00:00:00",0,0),
(283,18,5,1,NULL,0,1,1,NULL,1450,NULL,"2021-03-31 00:00:00",0,0),
(284,20,5,1,123,0,750,1,NULL,1450,NULL,"2021-03-31 00:00:00",0,0),
(285,20,5,1,61,1,0,1,NULL,1450,NULL,"2021-03-31 00:00:00",0,0),
(286,20,5,1,2,750,0,1,NULL,1450,NULL,"2021-03-31 00:00:00",0,0),
(287,20,5,1,NULL,0,1,1,NULL,1450,NULL,"2021-03-31 00:00:00",0,0),
(288,21,3,1,2,0,750,1,NULL,1450,NULL,"2021-03-31 00:00:00",0,0),
(289,21,3,1,NULL,750,0,1,NULL,1450,"POS Payment","2021-03-31 00:00:00",0,0),
(290,22,5,1,123,0,1180,2,NULL,1,NULL,"2021-04-05 00:00:00",0,0),
(291,22,5,1,61,1,0,2,NULL,1,NULL,"2021-04-05 00:00:00",0,0),
(292,22,5,1,2,1180,0,2,NULL,1,NULL,"2021-04-05 00:00:00",0,0),
(293,22,5,1,NULL,0,1,2,NULL,1,NULL,"2021-04-05 00:00:00",0,0),
(294,23,3,1,2,0,1180,2,NULL,1,NULL,"2021-04-05 00:00:00",0,0),
(295,23,3,1,33,1180,0,2,NULL,1,"POS Payment","2021-04-05 00:00:00",0,0),
(296,24,5,1,123,0,8850,2,NULL,1,NULL,"2021-04-06 00:00:00",0,0),
(297,24,5,1,61,1,0,2,NULL,1,NULL,"2021-04-06 00:00:00",0,0),
(298,24,5,1,2,8850,0,2,NULL,1,NULL,"2021-04-06 00:00:00",0,0),
(299,24,5,1,NULL,0,1,2,NULL,1,NULL,"2021-04-06 00:00:00",0,0),
(300,25,3,1,2,0,8850,2,NULL,1,NULL,"2021-04-06 00:00:00",0,0),
(301,25,3,1,33,8850,0,2,NULL,1,"POS Payment","2021-04-06 00:00:00",0,0),
(302,26,25,1,NULL,8850,0,2,NULL,1,NULL,"2021-04-06 00:00:00",0,0),
(303,26,25,1,NULL,0,1,2,NULL,1,NULL,"2021-04-06 00:00:00",0,0),
(304,26,25,1,2,0,8850,2,NULL,1,NULL,"2021-04-06 00:00:00",0,0),
(305,26,25,1,NULL,1,0,2,NULL,1,NULL,"2021-04-06 00:00:00",0,0),
(306,27,26,1,2,8850,0,2,NULL,1,NULL,"2021-04-06 00:00:00",0,0),
(307,27,26,1,33,0,8850,2,NULL,1,"POS Return Payment","2021-04-06 00:00:00",0,0),
(308,28,5,7,123,0,8850,2,NULL,1,NULL,"2021-04-11 00:00:00",0,0),
(309,28,5,7,61,1,0,2,NULL,1,NULL,"2021-04-11 00:00:00",0,0),
(310,28,5,7,123,0,8850,2,NULL,1,NULL,"2021-04-11 00:00:00",0,0),
(311,28,5,7,61,1,0,2,NULL,1,NULL,"2021-04-11 00:00:00",0,0),
(312,28,5,7,2,15930,0,2,NULL,1,NULL,"2021-04-11 00:00:00",0,0),
(313,28,5,7,NULL,0,2,2,NULL,1,NULL,"2021-04-11 00:00:00",0,0),
(314,28,NULL,NULL,96,1770,0,2,NULL,1,"Sale discount","2021-04-11 00:00:00",0,0),
(315,29,3,7,2,0,15930,2,NULL,1,NULL,"2021-04-11 00:00:00",0,0),
(316,29,3,7,33,15930,0,2,NULL,1,"POS Payment","2021-04-11 00:00:00",0,0),
(317,30,25,1,NULL,8850,0,2,NULL,1,NULL,"2021-04-11 00:00:00",0,0),
(318,30,25,1,NULL,0,1,2,NULL,1,NULL,"2021-04-11 00:00:00",0,0),
(319,30,25,1,2,0,8850,2,NULL,1,NULL,"2021-04-11 00:00:00",0,0),
(320,30,25,1,NULL,1,0,2,NULL,1,NULL,"2021-04-11 00:00:00",0,0),
(321,31,26,1,2,8850,0,2,NULL,1,NULL,"2021-04-11 00:00:00",0,0),
(322,31,26,1,33,0,8850,2,NULL,1,"POS Return Payment","2021-04-11 00:00:00",0,0),
(323,32,5,7,123,0,8850,2,NULL,1,NULL,"2021-04-11 00:00:00",0,0),
(324,32,5,7,61,1,0,2,NULL,1,NULL,"2021-04-11 00:00:00",0,0),
(325,32,5,7,2,8850,0,2,NULL,1,NULL,"2021-04-11 00:00:00",0,0),
(326,32,5,7,NULL,0,1,2,NULL,1,NULL,"2021-04-11 00:00:00",0,0),
(327,33,7,1,1,0,3,2,NULL,1,NULL,"2021-04-11 00:00:00",0,0),
(328,33,7,1,20,3,0,2,NULL,1,NULL,"2021-04-11 00:00:00",0,0),
(329,34,5,4,123,0,1180,2,NULL,1,NULL,"2021-04-11 00:00:00",0,0),
(330,34,5,4,61,1,0,2,NULL,1,NULL,"2021-04-11 00:00:00",0,0),
(331,34,5,4,123,0,630,2,NULL,1,NULL,"2021-04-11 00:00:00",0,0),
(332,34,5,4,61,1,0,2,NULL,1,NULL,"2021-04-11 00:00:00",0,0),
(333,34,5,4,123,0,3550,2,NULL,1,NULL,"2021-04-11 00:00:00",0,0),
(334,34,5,4,61,1,0,2,NULL,1,NULL,"2021-04-11 00:00:00",0,0),
(335,34,5,4,123,0,2400,2,NULL,1,NULL,"2021-04-11 00:00:00",0,0),
(336,34,5,4,61,1,0,2,NULL,1,NULL,"2021-04-11 00:00:00",0,0),
(337,34,5,4,2,7760,0,2,NULL,1,NULL,"2021-04-11 00:00:00",0,0),
(338,34,5,4,NULL,0,4,2,NULL,1,NULL,"2021-04-11 00:00:00",0,0),
(339,35,25,4,NULL,1180,0,2,NULL,1,NULL,"2021-04-11 00:00:00",0,0),
(340,35,25,4,NULL,0,1,2,NULL,1,NULL,"2021-04-11 00:00:00",0,0),
(341,35,25,4,NULL,630,0,2,NULL,1,NULL,"2021-04-11 00:00:00",0,0),
(342,35,25,4,NULL,0,1,2,NULL,1,NULL,"2021-04-11 00:00:00",0,0),
(343,35,25,4,NULL,3550,0,2,NULL,1,NULL,"2021-04-11 00:00:00",0,0),
(344,35,25,4,NULL,0,1,2,NULL,1,NULL,"2021-04-11 00:00:00",0,0),
(345,35,25,4,NULL,2400,0,2,NULL,1,NULL,"2021-04-11 00:00:00",0,0),
(346,35,25,4,NULL,0,1,2,NULL,1,NULL,"2021-04-11 00:00:00",0,0),
(347,35,25,4,2,0,7760,2,NULL,1,NULL,"2021-04-11 00:00:00",0,0),
(348,35,25,4,NULL,4,0,2,NULL,1,NULL,"2021-04-11 00:00:00",0,0),
(349,36,26,4,2,7760,0,2,NULL,1,NULL,"2021-04-11 00:00:00",0,0),
(350,36,26,4,33,0,7760,2,NULL,1,"POS Return Payment","2021-04-11 00:00:00",0,0),
(351,37,5,4,123,0,2400,2,NULL,1,NULL,"2021-04-11 00:00:00",0,0),
(352,37,5,4,61,1,0,2,NULL,1,NULL,"2021-04-11 00:00:00",0,0),
(353,37,5,4,123,0,3550,2,NULL,1,NULL,"2021-04-11 00:00:00",0,0),
(354,37,5,4,61,1,0,2,NULL,1,NULL,"2021-04-11 00:00:00",0,0),
(355,37,5,4,123,0,630,2,NULL,1,NULL,"2021-04-11 00:00:00",0,0),
(356,37,5,4,61,1,0,2,NULL,1,NULL,"2021-04-11 00:00:00",0,0),
(357,37,5,4,123,0,1180,2,NULL,1,NULL,"2021-04-11 00:00:00",0,0),
(358,37,5,4,61,1,0,2,NULL,1,NULL,"2021-04-11 00:00:00",0,0),
(359,37,5,4,2,6208,0,2,NULL,1,NULL,"2021-04-11 00:00:00",0,0),
(360,37,5,4,NULL,0,4,2,NULL,1,NULL,"2021-04-11 00:00:00",0,0),
(361,37,NULL,NULL,96,1552,0,2,NULL,1,"Sale discount","2021-04-11 00:00:00",0,0),
(362,38,3,4,2,0,6208,2,NULL,1,NULL,"2021-04-11 00:00:00",0,0),
(363,38,3,4,33,6208,0,2,NULL,1,"POS Payment","2021-04-11 00:00:00",0,0),
(364,39,25,4,NULL,2400,0,2,NULL,1,NULL,"2021-04-11 00:00:00",0,0),
(365,39,25,4,NULL,0,1,2,NULL,1,NULL,"2021-04-11 00:00:00",0,0),
(366,39,25,4,NULL,3550,0,2,NULL,1,NULL,"2021-04-11 00:00:00",0,0),
(367,39,25,4,NULL,0,1,2,NULL,1,NULL,"2021-04-11 00:00:00",0,0),
(368,39,25,4,NULL,630,0,2,NULL,1,NULL,"2021-04-11 00:00:00",0,0),
(369,39,25,4,NULL,0,1,2,NULL,1,NULL,"2021-04-11 00:00:00",0,0),
(370,39,25,4,NULL,1180,0,2,NULL,1,NULL,"2021-04-11 00:00:00",0,0),
(371,39,25,4,NULL,0,1,2,NULL,1,NULL,"2021-04-11 00:00:00",0,0),
(372,39,25,4,2,0,7760,2,NULL,1,NULL,"2021-04-11 00:00:00",0,0),
(373,39,25,4,NULL,4,0,2,NULL,1,NULL,"2021-04-11 00:00:00",0,0),
(374,40,26,4,2,7760,0,2,NULL,1,NULL,"2021-04-11 00:00:00",0,0),
(375,40,26,4,33,0,7760,2,NULL,1,"POS Return Payment","2021-04-11 00:00:00",0,0),
(376,41,5,4,123,0,1180,2,NULL,1,NULL,"2021-04-11 00:00:00",0,0),
(377,41,5,4,61,1,0,2,NULL,1,NULL,"2021-04-11 00:00:00",0,0),
(378,41,5,4,123,0,630,2,NULL,1,NULL,"2021-04-11 00:00:00",0,0),
(379,41,5,4,61,1,0,2,NULL,1,NULL,"2021-04-11 00:00:00",0,0),
(380,41,5,4,123,0,3550,2,NULL,1,NULL,"2021-04-11 00:00:00",0,0),
(381,41,5,4,61,1,0,2,NULL,1,NULL,"2021-04-11 00:00:00",0,0),
(382,41,5,4,123,0,2400,2,NULL,1,NULL,"2021-04-11 00:00:00",0,0),
(383,41,5,4,61,1,0,2,NULL,1,NULL,"2021-04-11 00:00:00",0,0),
(384,41,5,4,2,6208,0,2,NULL,1,NULL,"2021-04-11 00:00:00",0,0),
(385,41,5,4,NULL,0,4,2,NULL,1,NULL,"2021-04-11 00:00:00",0,0),
(386,41,NULL,NULL,96,1552,0,2,NULL,1,"Sale discount","2021-04-11 00:00:00",0,0),
(387,42,25,4,NULL,1180,0,2,NULL,1,NULL,"2021-04-11 00:00:00",0,0),
(388,42,25,4,NULL,0,1,2,NULL,1,NULL,"2021-04-11 00:00:00",0,0),
(389,42,25,4,NULL,630,0,2,NULL,1,NULL,"2021-04-11 00:00:00",0,0),
(390,42,25,4,NULL,0,1,2,NULL,1,NULL,"2021-04-11 00:00:00",0,0),
(391,42,25,4,NULL,2400,0,2,NULL,1,NULL,"2021-04-11 00:00:00",0,0),
(392,42,25,4,NULL,0,1,2,NULL,1,NULL,"2021-04-11 00:00:00",0,0),
(393,42,25,4,NULL,3550,0,2,NULL,1,NULL,"2021-04-11 00:00:00",0,0),
(394,42,25,4,NULL,0,1,2,NULL,1,NULL,"2021-04-11 00:00:00",0,0),
(395,42,25,4,2,0,7760,2,NULL,1,NULL,"2021-04-11 00:00:00",0,0),
(396,42,25,4,NULL,4,0,2,NULL,1,NULL,"2021-04-11 00:00:00",0,0),
(397,43,26,4,2,7760,0,2,NULL,1,NULL,"2021-04-11 00:00:00",0,0),
(398,43,26,4,33,0,7760,2,NULL,1,"POS Return Payment","2021-04-11 00:00:00",0,0),
(399,44,5,4,123,0,2840,2,NULL,1,NULL,"2021-04-11 00:00:00",0,0),
(400,44,5,4,61,1,0,2,NULL,1,NULL,"2021-04-11 00:00:00",0,0),
(401,44,5,4,123,0,1920,2,NULL,1,NULL,"2021-04-11 00:00:00",0,0),
(402,44,5,4,61,1,0,2,NULL,1,NULL,"2021-04-11 00:00:00",0,0),
(403,44,5,4,123,0,504,2,NULL,1,NULL,"2021-04-11 00:00:00",0,0),
(404,44,5,4,61,1,0,2,NULL,1,NULL,"2021-04-11 00:00:00",0,0),
(405,44,5,4,123,0,944,2,NULL,1,NULL,"2021-04-11 00:00:00",0,0),
(406,44,5,4,61,1,0,2,NULL,1,NULL,"2021-04-11 00:00:00",0,0),
(407,44,5,4,2,6208,0,2,NULL,1,NULL,"2021-04-11 00:00:00",0,0),
(408,44,5,4,NULL,0,4,2,NULL,1,NULL,"2021-04-11 00:00:00",0,0),
(409,45,7,1,1,0,1,2,NULL,1,NULL,"2021-04-11 00:00:00",0,0),
(410,45,7,1,20,1,0,2,NULL,1,NULL,"2021-04-11 00:00:00",0,0),
(411,46,7,1,1,0,15,2,NULL,1,NULL,"2021-04-11 00:00:00",0,0),
(412,46,7,1,20,15,0,2,NULL,1,NULL,"2021-04-11 00:00:00",0,0),
(419,47,5,8,123,0,485,2,NULL,1,NULL,"2021-04-11 00:00:00",0,0),
(420,47,5,8,61,1,0,2,NULL,1,NULL,"2021-04-11 00:00:00",0,0),
(421,47,5,8,2,485,0,2,NULL,1,NULL,"2021-04-11 00:00:00",0,0),
(422,47,5,8,NULL,0,1,2,NULL,1,NULL,"2021-04-11 00:00:00",0,0),
(423,48,25,5,NULL,1190,0,2,NULL,1,NULL,"2021-04-12 00:00:00",0,0),
(424,48,25,5,NULL,0,1,2,NULL,1,NULL,"2021-04-12 00:00:00",0,0),
(425,48,25,5,2,0,1190,2,NULL,1,NULL,"2021-04-12 00:00:00",0,0),
(426,48,25,5,NULL,1,0,2,NULL,1,NULL,"2021-04-12 00:00:00",0,0),
(427,49,26,5,2,1190,0,2,NULL,1,NULL,"2021-04-12 00:00:00",0,0),
(428,49,26,5,33,0,1190,2,NULL,1,"POS Return Payment","2021-04-12 00:00:00",0,0),
(429,50,7,1,1,0,1,2,NULL,1,NULL,"2021-04-12 00:00:00",0,0),
(430,50,7,1,20,1,0,2,NULL,1,NULL,"2021-04-12 00:00:00",0,0),
(431,51,9,NULL,20,0,1,2,NULL,1,NULL,"2021-04-12 13:41:12",0,0),
(432,51,9,NULL,20,1,0,2,NULL,1,NULL,"2021-04-12 13:41:12",0,0),
(433,52,5,5,123,0,952,2,NULL,1,NULL,"2021-04-12 00:00:00",0,0),
(434,52,5,5,61,1,0,2,NULL,1,NULL,"2021-04-12 00:00:00",0,0),
(435,52,5,5,123,0,469,2,NULL,1,NULL,"2021-04-12 00:00:00",0,0),
(436,52,5,5,61,1,0,2,NULL,1,NULL,"2021-04-12 00:00:00",0,0),
(437,52,5,5,2,1400,0,2,NULL,1,NULL,"2021-04-12 00:00:00",0,0),
(438,52,5,5,NULL,0,2,2,NULL,1,NULL,"2021-04-12 00:00:00",0,0),
(439,52,NULL,NULL,96,21,0,2,NULL,1,"Sale discount","2021-04-12 00:00:00",0,0),
(440,53,7,1,1,0,9,2,NULL,1,NULL,"2021-04-12 00:00:00",0,0),
(441,53,7,1,20,9,0,2,NULL,1,NULL,"2021-04-12 00:00:00",0,0),
(442,54,7,1,1,0,27,2,NULL,1,NULL,"2021-04-12 00:00:00",0,0),
(443,54,7,1,20,27,0,2,NULL,1,NULL,"2021-04-12 00:00:00",0,0),
(444,55,5,9,123,0,260,2,NULL,1,NULL,"2021-04-12 00:00:00",0,0),
(445,55,5,9,61,1,0,2,NULL,1,NULL,"2021-04-12 00:00:00",0,0),
(446,55,5,9,123,0,240,2,NULL,1,NULL,"2021-04-12 00:00:00",0,0),
(447,55,5,9,61,1,0,2,NULL,1,NULL,"2021-04-12 00:00:00",0,0),
(448,55,5,9,123,0,240,2,NULL,1,NULL,"2021-04-12 00:00:00",0,0),
(449,55,5,9,61,1,0,2,NULL,1,NULL,"2021-04-12 00:00:00",0,0),
(450,55,5,9,123,0,240,2,NULL,1,NULL,"2021-04-12 00:00:00",0,0),
(451,55,5,9,61,1,0,2,NULL,1,NULL,"2021-04-12 00:00:00",0,0),
(452,55,5,9,123,0,240,2,NULL,1,NULL,"2021-04-12 00:00:00",0,0),
(453,55,5,9,61,1,0,2,NULL,1,NULL,"2021-04-12 00:00:00",0,0),
(454,55,5,9,123,0,240,2,NULL,1,NULL,"2021-04-12 00:00:00",0,0),
(455,55,5,9,61,1,0,2,NULL,1,NULL,"2021-04-12 00:00:00",0,0),
(456,55,5,9,123,0,240,2,NULL,1,NULL,"2021-04-12 00:00:00",0,0),
(457,55,5,9,61,1,0,2,NULL,1,NULL,"2021-04-12 00:00:00",0,0),
(458,55,5,9,123,0,240,2,NULL,1,NULL,"2021-04-12 00:00:00",0,0),
(459,55,5,9,61,1,0,2,NULL,1,NULL,"2021-04-12 00:00:00",0,0),
(460,55,5,9,123,0,240,2,NULL,1,NULL,"2021-04-12 00:00:00",0,0),
(461,55,5,9,61,1,0,2,NULL,1,NULL,"2021-04-12 00:00:00",0,0),
(462,55,5,9,123,0,240,2,NULL,1,NULL,"2021-04-12 00:00:00",0,0),
(463,55,5,9,61,1,0,2,NULL,1,NULL,"2021-04-12 00:00:00",0,0),
(464,55,5,9,123,0,240,2,NULL,1,NULL,"2021-04-12 00:00:00",0,0),
(465,55,5,9,61,1,0,2,NULL,1,NULL,"2021-04-12 00:00:00",0,0),
(466,55,5,9,123,0,260,2,NULL,1,NULL,"2021-04-12 00:00:00",0,0),
(467,55,5,9,61,1,0,2,NULL,1,NULL,"2021-04-12 00:00:00",0,0),
(468,55,5,9,123,0,260,2,NULL,1,NULL,"2021-04-12 00:00:00",0,0),
(469,55,5,9,61,1,0,2,NULL,1,NULL,"2021-04-12 00:00:00",0,0),
(470,55,5,9,123,0,260,2,NULL,1,NULL,"2021-04-12 00:00:00",0,0),
(471,55,5,9,61,1,0,2,NULL,1,NULL,"2021-04-12 00:00:00",0,0),
(472,55,5,9,123,0,260,2,NULL,1,NULL,"2021-04-12 00:00:00",0,0),
(473,55,5,9,61,1,0,2,NULL,1,NULL,"2021-04-12 00:00:00",0,0),
(474,55,5,9,123,0,260,2,NULL,1,NULL,"2021-04-12 00:00:00",0,0),
(475,55,5,9,61,1,0,2,NULL,1,NULL,"2021-04-12 00:00:00",0,0),
(476,55,5,9,123,0,260,2,NULL,1,NULL,"2021-04-12 00:00:00",0,0),
(477,55,5,9,61,1,0,2,NULL,1,NULL,"2021-04-12 00:00:00",0,0),
(478,55,5,9,123,0,260,2,NULL,1,NULL,"2021-04-12 00:00:00",0,0),
(479,55,5,9,61,1,0,2,NULL,1,NULL,"2021-04-12 00:00:00",0,0),
(480,55,5,9,123,0,260,2,NULL,1,NULL,"2021-04-12 00:00:00",0,0),
(481,55,5,9,61,1,0,2,NULL,1,NULL,"2021-04-12 00:00:00",0,0),
(482,55,5,9,123,0,260,2,NULL,1,NULL,"2021-04-12 00:00:00",0,0),
(483,55,5,9,61,1,0,2,NULL,1,NULL,"2021-04-12 00:00:00",0,0),
(484,55,5,9,123,0,6995,2,NULL,1,NULL,"2021-04-12 00:00:00",0,0),
(485,55,5,9,61,1,0,2,NULL,1,NULL,"2021-04-12 00:00:00",0,0),
(486,55,5,9,123,0,5445,2,NULL,1,NULL,"2021-04-12 00:00:00",0,0),
(487,55,5,9,61,1,0,2,NULL,1,NULL,"2021-04-12 00:00:00",0,0),
(488,55,5,9,123,0,5585,2,NULL,1,NULL,"2021-04-12 00:00:00",0,0),
(489,55,5,9,61,1,0,2,NULL,1,NULL,"2021-04-12 00:00:00",0,0),
(490,55,5,9,123,0,6900,2,NULL,1,NULL,"2021-04-12 00:00:00",0,0),
(491,55,5,9,61,1,0,2,NULL,1,NULL,"2021-04-12 00:00:00",0,0),
(492,55,5,9,123,0,4600,2,NULL,1,NULL,"2021-04-12 00:00:00",0,0),
(493,55,5,9,61,1,0,2,NULL,1,NULL,"2021-04-12 00:00:00",0,0),
(494,55,5,9,123,0,4700,2,NULL,1,NULL,"2021-04-12 00:00:00",0,0),
(495,55,5,9,61,1,0,2,NULL,1,NULL,"2021-04-12 00:00:00",0,0),
(496,55,5,9,123,0,540,2,NULL,1,NULL,"2021-04-12 00:00:00",0,0),
(497,55,5,9,61,1,0,2,NULL,1,NULL,"2021-04-12 00:00:00",0,0),
(498,55,5,9,2,39765,0,2,NULL,1,NULL,"2021-04-12 00:00:00",0,0),
(499,55,5,9,NULL,0,27,2,NULL,1,NULL,"2021-04-12 00:00:00",0,0),
(500,56,7,1,1,0,1,2,NULL,1,NULL,"2021-04-14 00:00:00",0,0),
(501,56,7,1,20,1,0,2,NULL,1,NULL,"2021-04-14 00:00:00",0,0),
(502,57,5,10,123,0,472.5,2,NULL,1,NULL,"2021-04-14 00:00:00",0,0),
(503,57,5,10,61,1,0,2,NULL,1,NULL,"2021-04-14 00:00:00",0,0),
(504,57,5,10,123,0,502.5,2,NULL,1,NULL,"2021-04-14 00:00:00",0,0),
(505,57,5,10,61,1,0,2,NULL,1,NULL,"2021-04-14 00:00:00",0,0),
(506,57,5,10,123,0,363.75,2,NULL,1,NULL,"2021-04-14 00:00:00",0,0),
(507,57,5,10,61,1,0,2,NULL,1,NULL,"2021-04-14 00:00:00",0,0),
(508,57,5,10,123,0,363.75,2,NULL,1,NULL,"2021-04-14 00:00:00",0,0),
(509,57,5,10,61,1,0,2,NULL,1,NULL,"2021-04-14 00:00:00",0,0),
(510,57,5,10,123,0,363.75,2,NULL,1,NULL,"2021-04-14 00:00:00",0,0),
(511,57,5,10,61,1,0,2,NULL,1,NULL,"2021-04-14 00:00:00",0,0),
(512,57,5,10,123,0,1087.5,2,NULL,1,NULL,"2021-04-14 00:00:00",0,0),
(513,57,5,10,61,1,0,2,NULL,1,NULL,"2021-04-14 00:00:00",0,0),
(514,57,5,10,123,0,652.5,2,NULL,1,NULL,"2021-04-14 00:00:00",0,0),
(515,57,5,10,61,1,0,2,NULL,1,NULL,"2021-04-14 00:00:00",0,0),
(516,57,5,10,123,0,652.5,2,NULL,1,NULL,"2021-04-14 00:00:00",0,0),
(517,57,5,10,61,1,0,2,NULL,1,NULL,"2021-04-14 00:00:00",0,0),
(518,57,5,10,123,0,592.5,2,NULL,1,NULL,"2021-04-14 00:00:00",0,0),
(519,57,5,10,61,1,0,2,NULL,1,NULL,"2021-04-14 00:00:00",0,0),
(520,57,5,10,123,0,592.5,2,NULL,1,NULL,"2021-04-14 00:00:00",0,0),
(521,57,5,10,61,1,0,2,NULL,1,NULL,"2021-04-14 00:00:00",0,0),
(522,57,5,10,123,0,592.5,2,NULL,1,NULL,"2021-04-14 00:00:00",0,0),
(523,57,5,10,61,1,0,2,NULL,1,NULL,"2021-04-14 00:00:00",0,0),
(524,57,5,10,2,6200,0,2,NULL,1,NULL,"2021-04-14 00:00:00",0,0),
(525,57,5,10,NULL,0,11,2,NULL,1,NULL,"2021-04-14 00:00:00",0,0),
(526,57,NULL,NULL,96,36.25,0,2,NULL,1,"Sale discount","2021-04-14 00:00:00",0,0),
(527,58,25,10,NULL,790,0,2,NULL,1,NULL,"2021-04-14 00:00:00",0,0),
(528,58,25,10,NULL,0,1,2,NULL,1,NULL,"2021-04-14 00:00:00",0,0),
(529,58,25,10,NULL,1450,0,2,NULL,1,NULL,"2021-04-14 00:00:00",0,0),
(530,58,25,10,NULL,0,1,2,NULL,1,NULL,"2021-04-14 00:00:00",0,0),
(531,58,25,10,NULL,630,0,2,NULL,1,NULL,"2021-04-14 00:00:00",0,0),
(532,58,25,10,NULL,0,1,2,NULL,1,NULL,"2021-04-14 00:00:00",0,0),
(533,58,25,10,NULL,670,0,2,NULL,1,NULL,"2021-04-14 00:00:00",0,0),
(534,58,25,10,NULL,0,1,2,NULL,1,NULL,"2021-04-14 00:00:00",0,0),
(535,58,25,10,NULL,485,0,2,NULL,1,NULL,"2021-04-14 00:00:00",0,0),
(536,58,25,10,NULL,0,1,2,NULL,1,NULL,"2021-04-14 00:00:00",0,0),
(537,58,25,10,NULL,485,0,2,NULL,1,NULL,"2021-04-14 00:00:00",0,0),
(538,58,25,10,NULL,0,1,2,NULL,1,NULL,"2021-04-14 00:00:00",0,0),
(539,58,25,10,NULL,485,0,2,NULL,1,NULL,"2021-04-14 00:00:00",0,0),
(540,58,25,10,NULL,0,1,2,NULL,1,NULL,"2021-04-14 00:00:00",0,0),
(541,58,25,10,NULL,790,0,2,NULL,1,NULL,"2021-04-14 00:00:00",0,0),
(542,58,25,10,NULL,0,1,2,NULL,1,NULL,"2021-04-14 00:00:00",0,0),
(543,58,25,10,NULL,790,0,2,NULL,1,NULL,"2021-04-14 00:00:00",0,0),
(544,58,25,10,NULL,0,1,2,NULL,1,NULL,"2021-04-14 00:00:00",0,0),
(545,58,25,10,NULL,870,0,2,NULL,1,NULL,"2021-04-14 00:00:00",0,0),
(546,58,25,10,NULL,0,1,2,NULL,1,NULL,"2021-04-14 00:00:00",0,0),
(547,58,25,10,NULL,870,0,2,NULL,1,NULL,"2021-04-14 00:00:00",0,0),
(548,58,25,10,NULL,0,1,2,NULL,1,NULL,"2021-04-14 00:00:00",0,0),
(549,58,25,10,2,0,8315,2,NULL,1,NULL,"2021-04-14 00:00:00",0,0),
(550,58,25,10,NULL,11,0,2,NULL,1,NULL,"2021-04-14 00:00:00",0,0),
(551,59,26,10,2,8315,0,2,NULL,1,NULL,"2021-04-14 00:00:00",0,0),
(552,59,26,10,33,0,8315,2,NULL,1,"POS Return Payment","2021-04-14 00:00:00",0,0),
(553,60,25,10,NULL,790,0,2,NULL,1,NULL,"2021-04-14 00:00:00",0,0),
(554,60,25,10,NULL,0,1,2,NULL,1,NULL,"2021-04-14 00:00:00",0,0),
(555,60,25,10,2,0,790,2,NULL,1,NULL,"2021-04-14 00:00:00",0,0),
(556,60,25,10,NULL,1,0,2,NULL,1,NULL,"2021-04-14 00:00:00",0,0),
(557,61,26,10,2,790,0,2,NULL,1,NULL,"2021-04-14 00:00:00",0,0),
(558,61,26,10,33,0,790,2,NULL,1,"POS Return Payment","2021-04-14 00:00:00",0,0),
(559,62,5,10,123,0,790,2,NULL,1,NULL,"2021-04-14 00:00:00",0,0),
(560,62,5,10,61,1,0,2,NULL,1,NULL,"2021-04-14 00:00:00",0,0),
(561,62,5,10,123,0,1450,2,NULL,1,NULL,"2021-04-14 00:00:00",0,0),
(562,62,5,10,61,1,0,2,NULL,1,NULL,"2021-04-14 00:00:00",0,0),
(563,62,5,10,123,0,630,2,NULL,1,NULL,"2021-04-14 00:00:00",0,0),
(564,62,5,10,61,1,0,2,NULL,1,NULL,"2021-04-14 00:00:00",0,0),
(565,62,5,10,123,0,670,2,NULL,1,NULL,"2021-04-14 00:00:00",0,0),
(566,62,5,10,61,1,0,2,NULL,1,NULL,"2021-04-14 00:00:00",0,0),
(567,62,5,10,123,0,485,2,NULL,1,NULL,"2021-04-14 00:00:00",0,0),
(568,62,5,10,61,1,0,2,NULL,1,NULL,"2021-04-14 00:00:00",0,0),
(569,62,5,10,123,0,485,2,NULL,1,NULL,"2021-04-14 00:00:00",0,0),
(570,62,5,10,61,1,0,2,NULL,1,NULL,"2021-04-14 00:00:00",0,0),
(571,62,5,10,123,0,485,2,NULL,1,NULL,"2021-04-14 00:00:00",0,0),
(572,62,5,10,61,1,0,2,NULL,1,NULL,"2021-04-14 00:00:00",0,0),
(573,62,5,10,123,0,790,2,NULL,1,NULL,"2021-04-14 00:00:00",0,0),
(574,62,5,10,61,1,0,2,NULL,1,NULL,"2021-04-14 00:00:00",0,0),
(575,62,5,10,123,0,790,2,NULL,1,NULL,"2021-04-14 00:00:00",0,0),
(576,62,5,10,61,1,0,2,NULL,1,NULL,"2021-04-14 00:00:00",0,0),
(577,62,5,10,123,0,870,2,NULL,1,NULL,"2021-04-14 00:00:00",0,0),
(578,62,5,10,61,1,0,2,NULL,1,NULL,"2021-04-14 00:00:00",0,0),
(579,62,5,10,123,0,870,2,NULL,1,NULL,"2021-04-14 00:00:00",0,0),
(580,62,5,10,61,1,0,2,NULL,1,NULL,"2021-04-14 00:00:00",0,0),
(581,62,5,10,2,6236.25,0,2,NULL,1,NULL,"2021-04-14 00:00:00",0,0),
(582,62,5,10,NULL,0,11,2,NULL,1,NULL,"2021-04-14 00:00:00",0,0),
(583,62,NULL,NULL,96,2078.75,0,2,NULL,1,"Sale discount","2021-04-14 00:00:00",0,0),
(584,63,7,1,1,0,1,2,NULL,1,NULL,"2021-04-14 00:00:00",0,0),
(585,63,7,1,20,1,0,2,NULL,1,NULL,"2021-04-14 00:00:00",0,0),
(586,64,5,11,123,0,740,2,NULL,1,NULL,"2021-04-14 00:00:00",0,0),
(587,64,5,11,61,1,0,2,NULL,1,NULL,"2021-04-14 00:00:00",0,0),
(588,64,5,11,2,740,0,2,NULL,1,NULL,"2021-04-14 00:00:00",0,0),
(589,64,5,11,NULL,0,1,2,NULL,1,NULL,"2021-04-14 00:00:00",0,0),
(590,65,7,1,1,0,3,2,NULL,1,NULL,"2021-04-14 00:00:00",0,0),
(591,65,7,1,20,3,0,2,NULL,1,NULL,"2021-04-14 00:00:00",0,0),
(592,66,7,1,1,0,110360.4,2,NULL,1,NULL,"2021-04-20 00:00:00",0,0),
(593,66,7,1,20,110360.4,0,2,NULL,1,NULL,"2021-04-20 00:00:00",0,0),
(594,67,9,NULL,20,0,258,2,NULL,1,NULL,"2021-04-22 20:57:46",0,0),
(595,67,9,NULL,20,258,0,2,NULL,1,NULL,"2021-04-22 20:57:46",0,0),
(596,67,9,NULL,20,0,405.6,2,NULL,1,NULL,"2021-04-22 20:57:46",0,0),
(597,67,9,NULL,20,405.6,0,2,NULL,1,NULL,"2021-04-22 20:57:46",0,0),
(598,67,9,NULL,20,0,492,2,NULL,1,NULL,"2021-04-22 20:57:46",0,0),
(599,67,9,NULL,20,492,0,2,NULL,1,NULL,"2021-04-22 20:57:46",0,0),
(600,68,9,NULL,20,0,1,2,NULL,1,NULL,"2021-03-29 19:16:43",0,0),
(601,68,9,NULL,20,1,0,2,NULL,1,NULL,"2021-03-29 19:16:43",0,0),
(602,68,9,NULL,20,0,1,2,NULL,1,NULL,"2021-03-29 19:16:43",0,0),
(603,68,9,NULL,20,1,0,2,NULL,1,NULL,"2021-03-29 19:16:43",0,0),
(604,68,9,NULL,20,0,1,2,NULL,1,NULL,"2021-03-29 19:16:43",0,0),
(605,68,9,NULL,20,1,0,2,NULL,1,NULL,"2021-03-29 19:16:43",0,0),
(606,68,9,NULL,20,0,1,2,NULL,1,NULL,"2021-03-29 19:16:43",0,0),
(607,68,9,NULL,20,1,0,2,NULL,1,NULL,"2021-03-29 19:16:43",0,0),
(608,68,9,NULL,20,0,1,2,NULL,1,NULL,"2021-03-29 19:16:43",0,0),
(609,68,9,NULL,20,1,0,2,NULL,1,NULL,"2021-03-29 19:16:43",0,0),
(610,68,9,NULL,20,0,1,2,NULL,1,NULL,"2021-03-29 19:16:43",0,0),
(611,68,9,NULL,20,1,0,2,NULL,1,NULL,"2021-03-29 19:16:43",0,0),
(612,68,9,NULL,20,0,1,2,NULL,1,NULL,"2021-03-29 19:16:43",0,0),
(613,68,9,NULL,20,1,0,2,NULL,1,NULL,"2021-03-29 19:16:43",0,0),
(614,68,9,NULL,20,0,1,2,NULL,1,NULL,"2021-03-29 19:16:43",0,0),
(615,68,9,NULL,20,1,0,2,NULL,1,NULL,"2021-03-29 19:16:43",0,0),
(616,68,9,NULL,20,0,1,2,NULL,1,NULL,"2021-03-29 19:16:43",0,0),
(617,68,9,NULL,20,1,0,2,NULL,1,NULL,"2021-03-29 19:16:43",0,0),
(618,68,9,NULL,20,0,1,2,NULL,1,NULL,"2021-03-29 19:16:43",0,0),
(619,68,9,NULL,20,1,0,2,NULL,1,NULL,"2021-03-29 19:16:43",0,0),
(620,68,9,NULL,20,0,1,2,NULL,1,NULL,"2021-03-29 19:16:43",0,0),
(621,68,9,NULL,20,1,0,2,NULL,1,NULL,"2021-03-29 19:16:43",0,0),
(622,68,9,NULL,20,0,1,2,NULL,1,NULL,"2021-03-29 19:16:43",0,0),
(623,68,9,NULL,20,1,0,2,NULL,1,NULL,"2021-03-29 19:16:43",0,0),
(624,68,9,NULL,20,0,1,2,NULL,1,NULL,"2021-03-29 19:16:43",0,0),
(625,68,9,NULL,20,1,0,2,NULL,1,NULL,"2021-03-29 19:16:43",0,0),
(626,68,9,NULL,20,0,1,2,NULL,1,NULL,"2021-03-29 19:16:43",0,0),
(627,68,9,NULL,20,1,0,2,NULL,1,NULL,"2021-03-29 19:16:43",0,0),
(628,68,9,NULL,20,0,1,2,NULL,1,NULL,"2021-03-29 19:16:43",0,0),
(629,68,9,NULL,20,1,0,2,NULL,1,NULL,"2021-03-29 19:16:43",0,0),
(630,68,9,NULL,20,0,1,2,NULL,1,NULL,"2021-03-29 19:16:43",0,0),
(631,68,9,NULL,20,1,0,2,NULL,1,NULL,"2021-03-29 19:16:43",0,0),
(632,68,9,NULL,20,0,1,2,NULL,1,NULL,"2021-03-29 19:16:43",0,0),
(633,68,9,NULL,20,1,0,2,NULL,1,NULL,"2021-03-29 19:16:43",0,0),
(634,68,9,NULL,20,0,1,2,NULL,1,NULL,"2021-03-29 19:16:43",0,0),
(635,68,9,NULL,20,1,0,2,NULL,1,NULL,"2021-03-29 19:16:43",0,0),
(636,68,9,NULL,20,0,1,2,NULL,1,NULL,"2021-03-29 19:16:43",0,0),
(637,68,9,NULL,20,1,0,2,NULL,1,NULL,"2021-03-29 19:16:43",0,0),
(638,68,9,NULL,20,0,1,2,NULL,1,NULL,"2021-03-29 19:16:43",0,0),
(639,68,9,NULL,20,1,0,2,NULL,1,NULL,"2021-03-29 19:16:43",0,0),
(640,68,9,NULL,20,0,1,2,NULL,1,NULL,"2021-03-29 19:16:43",0,0),
(641,68,9,NULL,20,1,0,2,NULL,1,NULL,"2021-03-29 19:16:43",0,0),
(642,68,9,NULL,20,0,1,2,NULL,1,NULL,"2021-03-29 19:16:43",0,0),
(643,68,9,NULL,20,1,0,2,NULL,1,NULL,"2021-03-29 19:16:43",0,0),
(644,68,9,NULL,20,0,1,2,NULL,1,NULL,"2021-03-29 19:16:43",0,0),
(645,68,9,NULL,20,1,0,2,NULL,1,NULL,"2021-03-29 19:16:43",0,0),
(646,68,9,NULL,20,0,1,2,NULL,1,NULL,"2021-03-29 19:16:43",0,0),
(647,68,9,NULL,20,1,0,2,NULL,1,NULL,"2021-03-29 19:16:43",0,0),
(648,68,9,NULL,20,0,1,2,NULL,1,NULL,"2021-03-29 19:16:43",0,0),
(649,68,9,NULL,20,1,0,2,NULL,1,NULL,"2021-03-29 19:16:43",0,0),
(650,68,9,NULL,20,0,1,2,NULL,1,NULL,"2021-03-29 19:16:43",0,0),
(651,68,9,NULL,20,1,0,2,NULL,1,NULL,"2021-03-29 19:16:43",0,0),
(652,68,9,NULL,20,0,1,2,NULL,1,NULL,"2021-03-29 19:16:43",0,0),
(653,68,9,NULL,20,1,0,2,NULL,1,NULL,"2021-03-29 19:16:43",0,0),
(654,68,9,NULL,20,0,1,2,NULL,1,NULL,"2021-03-29 19:16:43",0,0),
(655,68,9,NULL,20,1,0,2,NULL,1,NULL,"2021-03-29 19:16:43",0,0),
(656,68,9,NULL,20,0,1,2,NULL,1,NULL,"2021-03-29 19:16:43",0,0),
(657,68,9,NULL,20,1,0,2,NULL,1,NULL,"2021-03-29 19:16:43",0,0),
(658,68,9,NULL,20,0,1,2,NULL,1,NULL,"2021-03-29 19:16:43",0,0),
(659,68,9,NULL,20,1,0,2,NULL,1,NULL,"2021-03-29 19:16:43",0,0),
(660,68,9,NULL,20,0,1,2,NULL,1,NULL,"2021-03-29 19:16:43",0,0),
(661,68,9,NULL,20,1,0,2,NULL,1,NULL,"2021-03-29 19:16:43",0,0),
(662,68,9,NULL,20,0,1,2,NULL,1,NULL,"2021-03-29 19:16:43",0,0),
(663,68,9,NULL,20,1,0,2,NULL,1,NULL,"2021-03-29 19:16:43",0,0),
(664,68,9,NULL,20,0,1,2,NULL,1,NULL,"2021-03-29 19:16:43",0,0),
(665,68,9,NULL,20,1,0,2,NULL,1,NULL,"2021-03-29 19:16:43",0,0),
(675,71,9,NULL,20,0,1,2,NULL,1,NULL,"2021-04-22 23:39:35",0,0),
(676,71,9,NULL,20,1,0,2,NULL,1,NULL,"2021-04-22 23:39:35",0,0),
(677,71,9,NULL,20,0,1,2,NULL,1,NULL,"2021-04-22 23:39:35",0,0),
(678,71,9,NULL,20,1,0,2,NULL,1,NULL,"2021-04-22 23:39:35",0,0),
(679,71,9,NULL,20,0,1,2,NULL,1,NULL,"2021-04-22 23:39:35",0,0),
(680,71,9,NULL,20,1,0,2,NULL,1,NULL,"2021-04-22 23:39:35",0,0),
(681,71,9,NULL,20,0,1,2,NULL,1,NULL,"2021-04-22 23:39:35",0,0),
(682,71,9,NULL,20,1,0,2,NULL,1,NULL,"2021-04-22 23:39:35",0,0),
(683,71,9,NULL,20,0,1,2,NULL,1,NULL,"2021-04-22 23:39:35",0,0),
(684,71,9,NULL,20,1,0,2,NULL,1,NULL,"2021-04-22 23:39:35",0,0),
(685,72,5,5,123,0,2691,2,NULL,1,NULL,"2021-04-22 00:00:00",0,0),
(686,72,5,5,61,1,0,2,NULL,1,NULL,"2021-04-22 00:00:00",0,0),
(687,72,5,5,123,0,388,2,NULL,1,NULL,"2021-04-22 00:00:00",0,0),
(688,72,5,5,61,1,0,2,NULL,1,NULL,"2021-04-22 00:00:00",0,0),
(689,72,5,5,123,0,388,2,NULL,1,NULL,"2021-04-22 00:00:00",0,0),
(690,72,5,5,61,1,0,2,NULL,1,NULL,"2021-04-22 00:00:00",0,0),
(691,72,5,5,123,0,0,2,NULL,1,NULL,"2021-04-22 00:00:00",0,0),
(692,72,5,5,61,1,0,2,NULL,1,NULL,"2021-04-22 00:00:00",0,0),
(693,72,5,5,123,0,0,2,NULL,1,NULL,"2021-04-22 00:00:00",0,0),
(694,72,5,5,61,1,0,2,NULL,1,NULL,"2021-04-22 00:00:00",0,0),
(695,72,5,5,2,3467,0,2,NULL,1,NULL,"2021-04-22 00:00:00",0,0),
(696,72,5,5,NULL,0,5,2,NULL,1,NULL,"2021-04-22 00:00:00",0,0),
(703,76,7,1,1,0,1,2,NULL,1,NULL,"2021-04-26 00:00:00",0,0),
(704,76,7,1,20,1,0,2,NULL,1,NULL,"2021-04-26 00:00:00",0,0),
(705,77,5,10,123,0,1190,2,NULL,1,NULL,"2021-04-26 00:00:00",0,0),
(706,77,5,10,61,1,0,2,NULL,1,NULL,"2021-04-26 00:00:00",0,0),
(707,77,5,10,2,1190,0,2,NULL,1,NULL,"2021-04-26 00:00:00",0,0),
(708,77,5,10,NULL,0,1,2,NULL,1,NULL,"2021-04-26 00:00:00",0,0),
(709,78,7,1,1,0,2326.6,2,NULL,1,NULL,"2021-04-26 00:00:00",0,0),
(710,78,7,1,20,2326.6,0,2,NULL,1,NULL,"2021-04-26 00:00:00",0,0),
(711,79,5,10,123,0,485,2,NULL,1,NULL,"2021-04-26 00:00:00",0,0),
(712,79,5,10,61,1,0,2,NULL,1,NULL,"2021-04-26 00:00:00",0,0),
(713,79,5,10,123,0,6690,2,NULL,1,NULL,"2021-04-26 00:00:00",0,0),
(714,79,5,10,61,2325.6,0,2,NULL,1,NULL,"2021-04-26 00:00:00",0,0),
(715,79,5,10,2,5381.25,0,2,NULL,1,NULL,"2021-04-26 00:00:00",0,0),
(716,79,5,10,NULL,0,2326.6,2,NULL,1,NULL,"2021-04-26 00:00:00",0,0),
(717,79,NULL,NULL,96,1793.75,0,2,NULL,1,"Sale discount","2021-04-26 00:00:00",0,0),
(718,80,7,1,1,0,1,2,NULL,1,NULL,"2021-04-26 00:00:00",0,0),
(719,80,7,1,20,1,0,2,NULL,1,NULL,"2021-04-26 00:00:00",0,0),
(720,81,7,1,1,0,10510.2,2,NULL,1,NULL,"2021-04-27 00:00:00",0,0),
(721,81,7,1,20,10510.2,0,2,NULL,1,NULL,"2021-04-27 00:00:00",0,0),
(726,83,7,1,1,0,3833.8,2,NULL,1,NULL,"2021-04-27 00:00:00",0,0),
(727,83,7,1,20,3833.8,0,2,NULL,1,NULL,"2021-04-27 00:00:00",0,0),
(764,69,5,5,123,0,944,2,NULL,1,NULL,"2021-04-22 00:00:00",0,0),
(765,69,5,5,61,405.6,0,2,NULL,1,NULL,"2021-04-22 00:00:00",0,0),
(766,69,5,5,123,0,628,2,NULL,1,NULL,"2021-04-22 00:00:00",0,0),
(767,69,5,5,61,258,0,2,NULL,1,NULL,"2021-04-22 00:00:00",0,0),
(768,69,5,5,123,0,1160,2,NULL,1,NULL,"2021-04-22 00:00:00",0,0),
(769,69,5,5,61,492,0,2,NULL,1,NULL,"2021-04-22 00:00:00",0,0),
(770,69,5,5,2,2730,0,2,NULL,1,NULL,"2021-04-22 00:00:00",0,0),
(771,69,5,5,NULL,0,1155.6,2,NULL,1,NULL,"2021-04-22 00:00:00",0,0),
(772,69,NULL,NULL,96,2,0,2,NULL,1,"Sale discount","2021-04-22 00:00:00",0,0),
(773,86,7,1,1,0,0,2,NULL,1,NULL,"2021-04-27 00:00:00",0,0),
(774,86,7,1,20,0,0,2,NULL,1,NULL,"2021-04-27 00:00:00",0,0),
(775,87,7,1,1,0,350.4,2,NULL,1,NULL,"2021-04-27 00:00:00",0,0),
(776,87,7,1,20,350.4,0,2,NULL,1,NULL,"2021-04-27 00:00:00",0,0),
(789,94,7,1,1,0,2326.6,2,NULL,1,NULL,"2021-04-28 00:00:00",0,0),
(790,94,7,1,20,2326.6,0,2,NULL,1,NULL,"2021-04-28 00:00:00",0,0),
(791,95,9,NULL,20,0,5,2,NULL,1,NULL,"2021-04-27 23:00:29",0,0),
(792,95,9,NULL,20,5,0,2,NULL,1,NULL,"2021-04-27 23:00:29",0,0),
(793,96,9,NULL,20,0,2325.6,2,NULL,1,NULL,"2021-04-29 14:49:57",0,0),
(794,96,9,NULL,20,2325.6,0,2,NULL,1,NULL,"2021-04-29 14:49:57",0,0),
(795,96,9,NULL,20,0,1,2,NULL,1,NULL,"2021-04-29 14:49:57",0,0),
(796,96,9,NULL,20,1,0,2,NULL,1,NULL,"2021-04-29 14:49:57",0,0),
(797,97,5,10,123,0,5017.5,2,NULL,1,NULL,"2021-04-29 00:00:00",0,0),
(798,97,5,10,61,2325.6,0,2,NULL,1,NULL,"2021-04-29 00:00:00",0,0),
(799,97,5,10,123,0,363.75,2,NULL,1,NULL,"2021-04-29 00:00:00",0,0),
(800,97,5,10,61,1,0,2,NULL,1,NULL,"2021-04-29 00:00:00",0,0),
(801,97,5,10,2,5381.25,0,2,NULL,1,NULL,"2021-04-29 00:00:00",0,0),
(802,97,5,10,NULL,0,2326.6,2,NULL,1,NULL,"2021-04-29 00:00:00",0,0),
(803,84,5,13,123,0,388,2,NULL,1,NULL,"2021-04-27 00:00:00",0,0),
(804,84,5,13,61,169.2,0,2,NULL,1,NULL,"2021-04-27 00:00:00",0,0),
(805,84,5,13,123,0,388,2,NULL,1,NULL,"2021-04-27 00:00:00",0,0),
(806,84,5,13,61,169.2,0,2,NULL,1,NULL,"2021-04-27 00:00:00",0,0),
(807,84,5,13,123,0,388,2,NULL,1,NULL,"2021-04-27 00:00:00",0,0),
(808,84,5,13,61,169.2,0,2,NULL,1,NULL,"2021-04-27 00:00:00",0,0),
(809,84,5,13,123,0,388,2,NULL,1,NULL,"2021-04-27 00:00:00",0,0),
(810,84,5,13,61,169.2,0,2,NULL,1,NULL,"2021-04-27 00:00:00",0,0),
(811,84,5,13,2,1552,0,2,NULL,1,NULL,"2021-04-27 00:00:00",0,0),
(812,84,5,13,NULL,0,676.8,2,NULL,1,NULL,"2021-04-27 00:00:00",0,0),
(813,85,5,12,123,0,976,2,NULL,1,NULL,"2021-04-27 00:00:00",0,0),
(814,85,5,12,61,1,0,2,NULL,1,NULL,"2021-04-27 00:00:00",0,0),
(815,85,5,12,123,0,808,2,NULL,1,NULL,"2021-04-27 00:00:00",0,0),
(816,85,5,12,61,1,0,2,NULL,1,NULL,"2021-04-27 00:00:00",0,0),
(817,85,5,12,123,0,548,2,NULL,1,NULL,"2021-04-27 00:00:00",0,0),
(818,85,5,12,61,240,0,2,NULL,1,NULL,"2021-04-27 00:00:00",0,0),
(819,85,5,12,2,2332,0,2,NULL,1,NULL,"2021-04-27 00:00:00",0,0),
(820,85,5,12,NULL,0,242,2,NULL,1,NULL,"2021-04-27 00:00:00",0,0),
(821,98,7,1,1,0,2,2,NULL,1,NULL,"2021-04-29 00:00:00",0,0),
(822,98,7,1,20,2,0,2,NULL,1,NULL,"2021-04-29 00:00:00",0,0),
(823,99,9,NULL,20,0,1,2,NULL,1,NULL,"2021-04-29 16:02:22",0,0),
(824,99,9,NULL,20,1,0,2,NULL,1,NULL,"2021-04-29 16:02:22",0,0),
(825,99,9,NULL,20,0,1,2,NULL,1,NULL,"2021-04-29 16:02:22",0,0),
(826,99,9,NULL,20,1,0,2,NULL,1,NULL,"2021-04-29 16:02:22",0,0),
(833,100,5,14,123,0,705,2,NULL,1,NULL,"2021-04-29 00:00:00",0,0),
(834,100,5,14,61,1,0,2,NULL,1,NULL,"2021-04-29 00:00:00",0,0),
(835,100,5,14,123,0,742.5,2,NULL,1,NULL,"2021-04-29 00:00:00",0,0),
(836,100,5,14,61,1,0,2,NULL,1,NULL,"2021-04-29 00:00:00",0,0),
(837,100,5,14,2,1447.5,0,2,NULL,1,NULL,"2021-04-29 00:00:00",0,0),
(838,100,5,14,NULL,0,2,2,NULL,1,NULL,"2021-04-29 00:00:00",0,0),
(839,101,3,14,2,0,1447.5,2,NULL,1,NULL,"2021-04-29 00:00:00",0,0),
(840,101,3,14,33,1447.5,0,2,NULL,1,"payment from himself","2021-04-29 00:00:00",0,0),
(841,102,7,1,1,0,2,2,NULL,1,NULL,"2021-04-29 00:00:00",0,0),
(842,102,7,1,20,2,0,2,NULL,1,NULL,"2021-04-29 00:00:00",0,0),
(843,103,9,NULL,20,0,1,2,NULL,1,NULL,"2021-04-29 16:25:34",0,0),
(844,103,9,NULL,20,1,0,2,NULL,1,NULL,"2021-04-29 16:25:34",0,0),
(845,103,9,NULL,20,0,1,2,NULL,1,NULL,"2021-04-29 16:25:34",0,0),
(846,103,9,NULL,20,1,0,2,NULL,1,NULL,"2021-04-29 16:25:34",0,0),
(847,82,5,8,123,0,1290,2,NULL,1,NULL,"2021-04-27 00:00:00",0,0),
(848,82,5,8,61,1,0,2,NULL,1,NULL,"2021-04-27 00:00:00",0,0),
(849,82,5,8,2,1290,0,2,NULL,1,NULL,"2021-04-27 00:00:00",0,0),
(850,82,5,8,NULL,0,1,2,NULL,1,NULL,"2021-04-27 00:00:00",0,0),
(851,104,7,1,1,0,4,2,NULL,1,NULL,"2021-04-30 00:00:00",0,0),
(852,104,7,1,20,4,0,2,NULL,1,NULL,"2021-04-30 00:00:00",0,0),
(853,105,5,15,123,0,0,2,NULL,1,NULL,"2021-04-30 00:00:00",0,0),
(854,105,5,15,61,1,0,2,NULL,1,NULL,"2021-04-30 00:00:00",0,0),
(855,105,5,15,123,0,192,2,NULL,1,NULL,"2021-04-30 00:00:00",0,0),
(856,105,5,15,61,1,0,2,NULL,1,NULL,"2021-04-30 00:00:00",0,0),
(857,105,5,15,123,0,576,2,NULL,1,NULL,"2021-04-30 00:00:00",0,0),
(858,105,5,15,61,1,0,2,NULL,1,NULL,"2021-04-30 00:00:00",0,0),
(859,105,5,15,123,0,4788,2,NULL,1,NULL,"2021-04-30 00:00:00",0,0),
(860,105,5,15,61,1,0,2,NULL,1,NULL,"2021-04-30 00:00:00",0,0),
(861,105,5,15,2,5556,0,2,NULL,1,NULL,"2021-04-30 00:00:00",0,0),
(862,105,5,15,NULL,0,4,2,NULL,1,NULL,"2021-04-30 00:00:00",0,0),
(863,106,7,1,1,0,1,2,NULL,1,NULL,"2021-05-02 00:00:00",0,0),
(864,106,7,1,20,1,0,2,NULL,1,NULL,"2021-05-02 00:00:00",0,0),
(865,107,5,16,123,0,100,2,NULL,1,NULL,"2021-05-02 00:00:00",0,0),
(866,107,5,16,61,1,0,2,NULL,1,NULL,"2021-05-02 00:00:00",0,0),
(867,107,5,16,2,100,0,2,NULL,1,NULL,"2021-05-02 00:00:00",0,0),
(868,107,5,16,NULL,0,1,2,NULL,1,NULL,"2021-05-02 00:00:00",0,0),
(869,108,3,16,2,0,100,2,NULL,1,NULL,"2021-05-02 00:00:00",0,0),
(870,108,3,16,33,100,0,2,NULL,1,"SO-000090","2021-05-02 00:00:00",0,0),
(871,109,7,1,1,0,825.2,2,NULL,1,NULL,"2021-05-03 00:00:00",0,0),
(872,109,7,1,20,825.2,0,2,NULL,1,NULL,"2021-05-03 00:00:00",0,0),
(875,111,5,1,123,0,985,2,NULL,1,NULL,"2021-05-04 00:00:00",0,0),
(876,111,5,1,61,1,0,2,NULL,1,NULL,"2021-05-04 00:00:00",0,0),
(877,111,5,1,2,985,0,2,NULL,1,NULL,"2021-05-04 00:00:00",0,0),
(878,111,5,1,NULL,0,1,2,NULL,1,NULL,"2021-05-04 00:00:00",0,0),
(879,112,3,1,2,0,985,2,NULL,1,NULL,"2021-05-04 00:00:00",0,0),
(880,112,3,1,33,985,0,2,NULL,1,"POS Payment","2021-05-04 00:00:00",0,0),
(881,113,5,1,123,0,2500,2,NULL,1,NULL,"2021-05-04 00:00:00",0,0),
(882,113,5,1,61,1,0,2,NULL,1,NULL,"2021-05-04 00:00:00",0,0),
(883,113,5,1,2,2500,0,2,NULL,1,NULL,"2021-05-04 00:00:00",0,0),
(884,113,5,1,NULL,0,1,2,NULL,1,NULL,"2021-05-04 00:00:00",0,0),
(885,114,3,1,2,0,2500,2,NULL,1,NULL,"2021-05-04 00:00:00",0,0),
(886,114,3,1,33,2500,0,2,NULL,1,"POS Payment","2021-05-04 00:00:00",0,0),
(887,115,3,15,2,0,556,2,NULL,1,NULL,"2021-05-04 00:00:00",0,1),
(888,115,3,15,33,556,0,2,NULL,1,"testtttttttttttt","2021-05-04 00:00:00",0,1),
(889,116,25,1,NULL,985,0,2,NULL,1,NULL,"2021-05-04 00:00:00",0,1),
(890,116,25,1,NULL,0,1,2,NULL,1,NULL,"2021-05-04 00:00:00",0,1),
(891,116,25,1,2,0,985,2,NULL,1,NULL,"2021-05-04 00:00:00",0,1),
(892,116,25,1,NULL,1,0,2,NULL,1,NULL,"2021-05-04 00:00:00",0,1),
(893,117,26,1,2,985,0,2,NULL,1,NULL,"2021-05-04 00:00:00",0,0),
(894,117,26,1,33,0,985,2,NULL,1,"POS Return Payment","2021-05-04 00:00:00",0,0),
(895,118,5,16,123,0,985,2,NULL,1,NULL,"2021-05-04 00:00:00",0,0),
(896,118,5,16,61,1,0,2,NULL,1,NULL,"2021-05-04 00:00:00",0,0),
(897,118,5,16,2,985,0,2,NULL,1,NULL,"2021-05-04 00:00:00",0,0),
(898,118,5,16,NULL,0,1,2,NULL,1,NULL,"2021-05-04 00:00:00",0,0),
(899,119,25,1,NULL,985,0,2,NULL,1,NULL,"2021-05-04 00:00:00",0,1),
(900,119,25,1,NULL,0,1,2,NULL,1,NULL,"2021-05-04 00:00:00",0,1),
(901,119,25,1,2,0,985,2,NULL,1,NULL,"2021-05-04 00:00:00",0,1),
(902,119,25,1,NULL,1,0,2,NULL,1,NULL,"2021-05-04 00:00:00",0,1),
(903,120,26,1,2,985,0,2,NULL,1,NULL,"2021-05-04 00:00:00",0,0),
(904,120,26,1,33,0,985,2,NULL,1,"POS Return Payment","2021-05-04 00:00:00",0,0),
(905,121,25,16,NULL,985,0,2,NULL,1,NULL,"2021-05-04 00:00:00",0,0),
(906,121,25,16,NULL,0,1,2,NULL,1,NULL,"2021-05-04 00:00:00",0,0),
(907,121,25,16,2,0,985,2,NULL,1,NULL,"2021-05-04 00:00:00",0,0),
(908,121,25,16,NULL,1,0,2,NULL,1,NULL,"2021-05-04 00:00:00",0,0),
(909,122,26,16,2,985,0,2,NULL,1,NULL,"2021-05-04 00:00:00",0,0),
(910,122,26,16,33,0,985,2,NULL,1,"POS Return Payment","2021-05-04 00:00:00",0,0),
(911,123,9,NULL,20,0,405.6,2,NULL,1,NULL,"2021-05-03 17:46:57",0,0),
(912,123,9,NULL,20,405.6,0,2,NULL,1,NULL,"2021-05-03 17:46:57",0,0),
(913,123,9,NULL,20,0,405.6,2,NULL,1,NULL,"2021-05-03 17:46:57",0,0),
(914,123,9,NULL,20,405.6,0,2,NULL,1,NULL,"2021-05-03 17:46:57",0,0),
(915,123,9,NULL,20,0,1,2,NULL,1,NULL,"2021-05-03 17:46:57",0,0),
(916,123,9,NULL,20,1,0,2,NULL,1,NULL,"2021-05-03 17:46:57",0,0),
(917,123,9,NULL,20,0,1,2,NULL,1,NULL,"2021-05-03 17:46:57",0,0),
(918,123,9,NULL,20,1,0,2,NULL,1,NULL,"2021-05-03 17:46:57",0,0),
(919,123,9,NULL,20,0,1,2,NULL,1,NULL,"2021-05-03 17:46:57",0,0),
(920,123,9,NULL,20,1,0,2,NULL,1,NULL,"2021-05-03 17:46:57",0,0),
(921,123,9,NULL,20,0,1,2,NULL,1,NULL,"2021-05-03 17:46:57",0,0),
(922,123,9,NULL,20,1,0,2,NULL,1,NULL,"2021-05-03 17:46:57",0,0),
(923,123,9,NULL,20,0,1,2,NULL,1,NULL,"2021-05-03 17:46:57",0,0),
(924,123,9,NULL,20,1,0,2,NULL,1,NULL,"2021-05-03 17:46:57",0,0),
(925,123,9,NULL,20,0,1,2,NULL,1,NULL,"2021-05-03 17:46:57",0,0),
(926,123,9,NULL,20,1,0,2,NULL,1,NULL,"2021-05-03 17:46:57",0,0),
(927,123,9,NULL,20,0,1,2,NULL,1,NULL,"2021-05-03 17:46:57",0,0),
(928,123,9,NULL,20,1,0,2,NULL,1,NULL,"2021-05-03 17:46:57",0,0),
(929,123,9,NULL,20,0,1,2,NULL,1,NULL,"2021-05-03 17:46:57",0,0),
(930,123,9,NULL,20,1,0,2,NULL,1,NULL,"2021-05-03 17:46:57",0,0),
(931,123,9,NULL,20,0,1,2,NULL,1,NULL,"2021-05-03 17:46:57",0,0),
(932,123,9,NULL,20,1,0,2,NULL,1,NULL,"2021-05-03 17:46:57",0,0),
(933,123,9,NULL,20,0,1,2,NULL,1,NULL,"2021-05-03 17:46:57",0,0),
(934,123,9,NULL,20,1,0,2,NULL,1,NULL,"2021-05-03 17:46:57",0,0),
(935,123,9,NULL,20,0,1,2,NULL,1,NULL,"2021-05-03 17:46:57",0,0),
(936,123,9,NULL,20,1,0,2,NULL,1,NULL,"2021-05-03 17:46:57",0,0),
(937,123,9,NULL,20,0,1,2,NULL,1,NULL,"2021-05-03 17:46:57",0,0),
(938,123,9,NULL,20,1,0,2,NULL,1,NULL,"2021-05-03 17:46:57",0,0),
(939,123,9,NULL,20,0,1,2,NULL,1,NULL,"2021-05-03 17:46:57",0,0),
(940,123,9,NULL,20,1,0,2,NULL,1,NULL,"2021-05-03 17:46:57",0,0),
(941,123,9,NULL,20,0,1,2,NULL,1,NULL,"2021-05-03 17:46:57",0,0),
(942,123,9,NULL,20,1,0,2,NULL,1,NULL,"2021-05-03 17:46:57",0,0);


DROP TABLE transactionmethods;

CREATE TABLE `transactionmethods` (
  `TransactionMethodId` bigint(20) NOT NULL AUTO_INCREMENT,
  `Name` varchar(500) DEFAULT NULL,
  PRIMARY KEY (`TransactionMethodId`)
) ENGINE=InnoDB AUTO_INCREMENT=4 DEFAULT CHARSET=utf8;

INSERT INTO transactionmethods VALUES
(1,"Normal"),
(2,"Recurring"),
(3,"Installment");


DROP TABLE transactions;

CREATE TABLE `transactions` (
  `TransactionId` bigint(20) NOT NULL AUTO_INCREMENT,
  `CashierTransactionId` bigint(20) DEFAULT 0,
  `TransactionTypeId` bigint(20) DEFAULT NULL COMMENT '7  for purchase',
  `TransactionMethodId` bigint(20) DEFAULT NULL COMMENT 'Normal for purchase',
  `ContactId` bigint(20) DEFAULT NULL,
  `CurrencyId` bigint(20) DEFAULT NULL,
  `ExchangeRate` decimal(18,14) DEFAULT 1.00000000000000 COMMENT 'Exchange rate to base currency',
  `BaseAmount` decimal(19,4) DEFAULT 0.0000 COMMENT 'Total amount in selected base currency',
  `Amount` decimal(19,4) DEFAULT 0.0000 COMMENT 'Total amount in selected currency',
  `DiscountType` tinyint(1) DEFAULT 1,
  `Discount` decimal(19,4) DEFAULT 0.0000 COMMENT 'purchase expense amounts',
  `BaseDiscountAmount` decimal(19,4) DEFAULT 0.0000 COMMENT 'purchase expense amounts',
  `DiscountAmount` decimal(19,4) DEFAULT 0.0000 COMMENT 'purchase expense amounts',
  `BaseStockAmount` decimal(19,4) DEFAULT 0.0000 COMMENT 'Purchase total stock base price',
  `StockAmount` decimal(19,4) DEFAULT 0.0000 COMMENT 'Purchase total stock base price',
  `BaseExtraMoney` decimal(19,4) DEFAULT 0.0000 COMMENT 'purchase expense amounts',
  `ExtraMoney` decimal(19,4) DEFAULT 0.0000 COMMENT 'purchase expense amounts',
  `ARTotal` decimal(19,4) DEFAULT NULL,
  `ARRemaining` decimal(19,4) DEFAULT NULL,
  `ARStatus` tinyint(1) DEFAULT NULL,
  `APTotal` decimal(19,4) DEFAULT NULL COMMENT 'here',
  `APRemaining` decimal(19,4) DEFAULT NULL COMMENT 'here',
  `APStatus` int(1) DEFAULT 0 COMMENT '0: unpaid\n1:partialy Paid\n2: fully Paid',
  `ARRealizedGain` decimal(19,4) DEFAULT NULL,
  `APRealizedGain` decimal(19,4) DEFAULT NULL,
  `RecurringStep` int(11) DEFAULT NULL,
  `RecurringPeriodType` int(11) DEFAULT NULL,
  `RecurringDueDateMargin` int(11) DEFAULT NULL,
  `RecurringStopMargin` int(11) DEFAULT NULL,
  `RecurringStopDate` datetime DEFAULT NULL,
  `PaidForTransactionId` bigint(20) DEFAULT NULL,
  `IsATemplate` tinyint(1) DEFAULT NULL,
  `TemplateTransactionId` bigint(20) DEFAULT NULL,
  `RecurringStopped` tinyint(1) DEFAULT NULL,
  `RecurringEarlyCreation` int(11) DEFAULT NULL,
  `RecurringStopOnUnpaidTransactions` tinyint(1) DEFAULT NULL,
  `TransactionNo` bigint(20) DEFAULT NULL,
  `TransactionNoPrefix` varchar(50) DEFAULT NULL,
  `TransactionSubTypeId` bigint(20) DEFAULT NULL,
  `SafeId` bigint(20) DEFAULT NULL,
  `SecondSafeId` bigint(20) DEFAULT NULL,
  `BankAccountId` bigint(20) DEFAULT NULL,
  `SecondBankAccountId` bigint(20) DEFAULT NULL,
  `Posted` tinyint(1) DEFAULT 0 COMMENT '0 for now',
  `Attachments` varchar(128) DEFAULT '',
  `DocumentReference` varchar(128) DEFAULT NULL COMMENT '*',
  `ParentTransaction` int(11) DEFAULT NULL,
  `Narration` text DEFAULT NULL COMMENT '*',
  `Notes` text DEFAULT NULL,
  `Status` tinyint(1) DEFAULT 0 COMMENT '0: pending; 1:accepted, 2:rejected',
  `UserId` bigint(20) DEFAULT NULL,
  `TransactionDate` date DEFAULT NULL,
  `DueDate` date DEFAULT NULL,
  `CreateDate` datetime DEFAULT NULL,
  `ModificationDate` datetime DEFAULT NULL,
  `CreatedByUserId` bigint(20) DEFAULT NULL,
  `ModifiedByUserId` bigint(20) DEFAULT NULL,
  `Deleted` tinyint(1) DEFAULT 0,
  PRIMARY KEY (`TransactionId`),
  KEY `FK_Transactions_Contacts` (`ContactId`),
  KEY `FK_Transactions_Currencies` (`CurrencyId`),
  KEY `FK_Transactions_PaidForTransaction` (`PaidForTransactionId`),
  KEY `FK_Transactions_TransactionMethods` (`TransactionMethodId`),
  KEY `FK_Transactions_TransactionSubTypes` (`TransactionSubTypeId`),
  KEY `FK_Transactions_TransactionTypes` (`TransactionTypeId`),
  KEY `FK_Transaction_Safe_idx` (`SafeId`),
  KEY `FK_Transaction_Safe2_idx` (`SecondSafeId`),
  KEY `FK_Transaction_Bank_account_idx` (`BankAccountId`),
  KEY `FK_Transaction_Second_Bank_Account_idx` (`SecondBankAccountId`)
) ENGINE=InnoDB AUTO_INCREMENT=124 DEFAULT CHARSET=utf8;

INSERT INTO transactions VALUES
(2,0,7,1,1,2,1,2230,2230,1,0,0,0,2230,2230,0,0,NULL,NULL,NULL,2230,2230,0,NULL,NULL,NULL,NULL,NULL,NULL,NULL,NULL,NULL,NULL,NULL,NULL,NULL,2230,NULL,NULL,NULL,NULL,NULL,NULL,0,NULL,1,NULL,NULL,NULL,-1,634,"2021-03-07","2021-03-31",NULL,NULL,634,NULL,0),
(3,0,7,1,1,2,1,105,105,1,0,0,0,105,105,0,0,NULL,NULL,NULL,105,105,0,NULL,NULL,NULL,NULL,NULL,NULL,NULL,NULL,NULL,NULL,NULL,NULL,NULL,105,NULL,NULL,NULL,NULL,NULL,NULL,0,NULL,5454,NULL,NULL,NULL,-1,634,"2021-03-11","2021-03-31",NULL,NULL,634,NULL,0),
(4,0,9,1,NULL,2,1,3,3,1,0,0,0,0,0,0,0,NULL,NULL,NULL,NULL,NULL,0,NULL,NULL,NULL,NULL,NULL,NULL,NULL,NULL,NULL,NULL,NULL,NULL,NULL,3,NULL,NULL,NULL,NULL,NULL,NULL,0,NULL,NULL,NULL,NULL,NULL,2,634,"2021-03-11",NULL,NULL,NULL,634,NULL,0),
(7,0,5,1,1,2,1,1270,1270,1,0,0,NULL,0,0,0,0,1270,1270,0,NULL,NULL,0,NULL,NULL,NULL,NULL,NULL,NULL,NULL,NULL,NULL,NULL,NULL,NULL,NULL,1,NULL,NULL,NULL,NULL,NULL,NULL,0,NULL,NULL,NULL,NULL,NULL,0,12,"2021-03-11","2021-03-11",NULL,NULL,12,NULL,0),
(8,0,5,1,2,2,1,1270,1270,1,0,0,NULL,0,0,0,0,1270,1270,0,NULL,NULL,0,NULL,NULL,NULL,NULL,NULL,NULL,NULL,NULL,NULL,NULL,NULL,NULL,NULL,1,NULL,NULL,NULL,NULL,NULL,NULL,0,NULL,NULL,NULL,NULL,NULL,0,12,"2021-03-11","2021-03-11",NULL,NULL,12,NULL,0),
(9,0,9,1,NULL,2,1,104,104,1,0,0,0,0,0,0,0,NULL,NULL,NULL,NULL,NULL,0,NULL,NULL,NULL,NULL,NULL,NULL,NULL,NULL,NULL,NULL,NULL,NULL,NULL,104,NULL,NULL,NULL,NULL,NULL,NULL,0,NULL,NULL,NULL,NULL,NULL,2,634,"2021-03-11",NULL,NULL,NULL,634,NULL,0),
(10,0,5,1,3,2,1,2180,2180,1,0,0,NULL,0,0,0,0,2180,2180,0,NULL,NULL,0,NULL,NULL,NULL,NULL,NULL,NULL,NULL,NULL,NULL,NULL,NULL,NULL,NULL,2,NULL,NULL,NULL,NULL,NULL,NULL,0,NULL,NULL,NULL,NULL,NULL,0,634,"2021-03-14","2021-03-14",NULL,NULL,634,NULL,0),
(11,0,9,1,NULL,2,1,2,2,1,0,0,0,0,0,0,0,NULL,NULL,NULL,NULL,NULL,0,NULL,NULL,NULL,NULL,NULL,NULL,NULL,NULL,NULL,NULL,NULL,NULL,NULL,2,NULL,NULL,NULL,NULL,NULL,NULL,0,NULL,NULL,NULL,NULL,NULL,2,634,"2021-03-30",NULL,NULL,NULL,634,NULL,0),
(12,0,5,1,4,2,1,5901,5901,1,0,0,NULL,0,0,0,0,5901,5901,0,NULL,NULL,0,NULL,NULL,NULL,NULL,NULL,NULL,NULL,NULL,NULL,NULL,NULL,NULL,NULL,4,NULL,NULL,NULL,NULL,NULL,NULL,0,NULL,NULL,NULL,NULL,NULL,0,634,"2021-03-30","2021-03-30",NULL,NULL,634,NULL,0),
(13,0,5,1,5,2,1,1050,1050,1,0,140,NULL,0,0,0,0,1050,1050,0,NULL,NULL,0,NULL,NULL,NULL,NULL,NULL,NULL,NULL,NULL,NULL,NULL,NULL,NULL,NULL,1,NULL,NULL,NULL,NULL,NULL,NULL,0,NULL,NULL,NULL,NULL,NULL,0,634,"2021-03-31","2021-03-31",NULL,NULL,634,NULL,0),
(14,0,5,1,5,2,1,8800,8800,1,50,50,50,0,0,0,0,8800,8800,0,NULL,NULL,0,NULL,NULL,NULL,NULL,NULL,NULL,NULL,NULL,NULL,NULL,NULL,NULL,NULL,1,NULL,NULL,NULL,NULL,NULL,NULL,0,NULL,NULL,NULL,NULL,NULL,0,634,"2021-03-31","2021-03-31",NULL,"2021-03-31 19:26:01",634,634,0),
(15,0,5,1,6,2,1,990,990,1,0,0,NULL,0,0,0,0,990,990,0,NULL,NULL,0,NULL,NULL,NULL,NULL,NULL,NULL,NULL,NULL,NULL,NULL,NULL,NULL,NULL,1,NULL,NULL,NULL,NULL,NULL,NULL,0,NULL,NULL,NULL,NULL,NULL,0,639,"2021-03-31","2021-03-31",NULL,NULL,639,NULL,0),
(18,0,5,1,1,1,1450,750,1087500,1,0,0,NULL,0,0,0,0,750,750,0,NULL,NULL,0,NULL,NULL,NULL,NULL,NULL,NULL,NULL,NULL,NULL,NULL,NULL,NULL,NULL,1,NULL,NULL,NULL,NULL,NULL,NULL,0,NULL,NULL,NULL,NULL,NULL,0,12,"2021-03-31","2021-03-31",NULL,NULL,640,NULL,0),
(20,0,5,1,1,1,1450,750,1087500,1,0,0,NULL,0,0,0,0,750,0,2,NULL,NULL,0,NULL,NULL,NULL,NULL,NULL,NULL,NULL,NULL,NULL,NULL,NULL,NULL,NULL,1,NULL,NULL,NULL,NULL,NULL,NULL,0,NULL,NULL,NULL,NULL,NULL,0,12,"2021-03-31","2021-03-31",NULL,NULL,NULL,NULL,0),
(21,0,3,1,1,1,1450,750,1087500,1,0,0,0,0,0,0,0,NULL,NULL,NULL,NULL,NULL,0,NULL,NULL,NULL,NULL,NULL,NULL,NULL,NULL,NULL,NULL,NULL,NULL,NULL,NULL,NULL,NULL,1,NULL,NULL,NULL,0,NULL,17,NULL,NULL,"POS Payment",0,12,"2021-03-31",NULL,NULL,NULL,640,NULL,0),
(22,0,5,1,1,2,1,1180,1180,1,0,0,NULL,0,0,0,0,1180,0,2,NULL,NULL,0,NULL,NULL,NULL,NULL,NULL,NULL,NULL,NULL,NULL,NULL,NULL,NULL,NULL,1,NULL,NULL,NULL,NULL,NULL,NULL,0,NULL,NULL,NULL,NULL,NULL,0,640,"2021-04-05","2021-04-05",NULL,NULL,NULL,NULL,0),
(23,0,3,1,1,2,1,1180,1180,1,0,0,0,0,0,0,0,NULL,NULL,NULL,NULL,NULL,0,NULL,NULL,NULL,NULL,NULL,NULL,NULL,NULL,NULL,NULL,NULL,NULL,NULL,NULL,NULL,NULL,10,NULL,NULL,NULL,0,NULL,18,NULL,NULL,"POS Payment",0,640,"2021-04-05",NULL,NULL,NULL,640,NULL,0),
(24,0,5,1,1,2,1,8850,8850,1,0,0,NULL,0,0,0,0,8850,0,2,NULL,NULL,0,NULL,NULL,NULL,NULL,NULL,NULL,NULL,NULL,NULL,NULL,NULL,NULL,NULL,1,NULL,NULL,NULL,NULL,NULL,NULL,0,NULL,NULL,NULL,NULL,NULL,0,640,"2021-04-06","2021-04-06",NULL,NULL,NULL,NULL,0),
(25,0,3,1,1,2,1,8850,8850,1,0,0,0,0,0,0,0,NULL,NULL,NULL,NULL,NULL,0,NULL,NULL,NULL,NULL,NULL,NULL,NULL,NULL,NULL,NULL,NULL,NULL,NULL,NULL,NULL,NULL,10,NULL,NULL,NULL,0,NULL,19,NULL,NULL,"POS Payment",0,640,"2021-04-06",NULL,NULL,NULL,634,NULL,0),
(26,0,25,1,1,2,1,-8850,-8850,1,0,0,0,0,0,0,0,NULL,NULL,NULL,8850,0,2,NULL,NULL,NULL,NULL,NULL,NULL,NULL,NULL,NULL,NULL,NULL,NULL,NULL,1,NULL,NULL,NULL,NULL,NULL,NULL,0,NULL,NULL,NULL,"Return",NULL,0,634,"2021-04-06","2021-04-06",NULL,NULL,NULL,NULL,0),
(27,0,26,1,1,2,1,8850,8850,1,0,0,0,0,0,0,0,NULL,NULL,NULL,NULL,NULL,0,NULL,NULL,NULL,NULL,NULL,NULL,NULL,NULL,NULL,NULL,NULL,NULL,NULL,NULL,NULL,NULL,10,NULL,NULL,NULL,0,NULL,NULL,NULL,NULL,"POS Return Payment",0,634,"2021-04-06",NULL,NULL,NULL,634,NULL,0),
(28,0,5,1,7,2,1,15930,15930,1,0,1770,NULL,0,0,0,0,15930,0,2,NULL,NULL,0,NULL,NULL,NULL,NULL,NULL,NULL,NULL,NULL,NULL,NULL,NULL,NULL,NULL,2,NULL,NULL,NULL,NULL,NULL,NULL,0,NULL,NULL,NULL,NULL,NULL,0,640,"2021-04-11","2021-04-11",NULL,NULL,NULL,NULL,0),
(29,0,3,1,7,2,1,15930,15930,1,0,0,0,0,0,0,0,NULL,NULL,NULL,NULL,NULL,0,NULL,NULL,NULL,NULL,NULL,NULL,NULL,NULL,NULL,NULL,NULL,NULL,NULL,NULL,NULL,NULL,10,NULL,NULL,NULL,0,NULL,21,NULL,NULL,"POS Payment",0,640,"2021-04-11",NULL,NULL,NULL,640,NULL,0),
(30,0,25,1,1,2,1,-8850,-8850,1,0,0,0,0,0,0,0,NULL,NULL,NULL,8850,0,2,NULL,NULL,NULL,NULL,NULL,NULL,NULL,NULL,NULL,NULL,NULL,NULL,NULL,1,NULL,NULL,NULL,NULL,NULL,NULL,0,NULL,NULL,NULL,"Return",NULL,0,640,"2021-04-11","2021-04-11",NULL,NULL,NULL,NULL,0),
(31,0,26,1,1,2,1,8850,8850,1,0,0,0,0,0,0,0,NULL,NULL,NULL,NULL,NULL,0,NULL,NULL,NULL,NULL,NULL,NULL,NULL,NULL,NULL,NULL,NULL,NULL,NULL,NULL,NULL,NULL,10,NULL,NULL,NULL,0,NULL,NULL,NULL,NULL,"POS Return Payment",0,640,"2021-04-11",NULL,NULL,NULL,640,NULL,0),
(32,0,5,1,7,2,1,8850,8850,1,0,0,NULL,0,0,0,0,8850,8850,0,NULL,NULL,0,NULL,NULL,NULL,NULL,NULL,NULL,NULL,NULL,NULL,NULL,NULL,NULL,NULL,1,NULL,NULL,NULL,NULL,NULL,NULL,0,NULL,NULL,NULL,NULL,NULL,0,640,"2021-04-11","2021-04-11",NULL,NULL,NULL,NULL,0),
(33,0,7,1,1,2,1,3,3,1,0,0,0,3,3,0,0,NULL,NULL,NULL,3,3,0,NULL,NULL,NULL,NULL,NULL,NULL,NULL,NULL,NULL,NULL,NULL,NULL,NULL,3,NULL,NULL,NULL,NULL,NULL,NULL,0,NULL,"SDASD",NULL,"PURCHASING",NULL,-1,634,"2021-04-11","2021-04-30",NULL,NULL,634,NULL,0),
(34,0,5,1,4,2,1,7760,7760,1,0,0,NULL,0,0,0,0,7760,7760,0,NULL,NULL,0,NULL,NULL,NULL,NULL,NULL,NULL,NULL,NULL,NULL,NULL,NULL,NULL,NULL,4,NULL,NULL,NULL,NULL,NULL,NULL,0,NULL,NULL,NULL,NULL,NULL,0,634,"2021-04-11","2021-04-11",NULL,NULL,640,NULL,0),
(35,0,25,1,4,2,1,-7760,-7760,1,0,0,0,0,0,0,0,NULL,NULL,NULL,7760,0,2,NULL,NULL,NULL,NULL,NULL,NULL,NULL,NULL,NULL,NULL,NULL,NULL,NULL,4,NULL,NULL,NULL,NULL,NULL,NULL,0,NULL,NULL,NULL,"Return",NULL,0,634,"2021-04-11","2021-04-11",NULL,NULL,NULL,NULL,0),
(36,0,26,1,4,2,1,7760,7760,1,0,0,0,0,0,0,0,NULL,NULL,NULL,NULL,NULL,0,NULL,NULL,NULL,NULL,NULL,NULL,NULL,NULL,NULL,NULL,NULL,NULL,NULL,NULL,NULL,NULL,10,NULL,NULL,NULL,0,NULL,NULL,NULL,NULL,"POS Return Payment",0,634,"2021-04-11",NULL,NULL,NULL,NULL,NULL,0),
(37,0,5,1,4,2,1,6208,6208,1,0,1552,NULL,0,0,0,0,6208,0,2,NULL,NULL,0,NULL,NULL,NULL,NULL,NULL,NULL,NULL,NULL,NULL,NULL,NULL,NULL,NULL,4,NULL,NULL,NULL,NULL,NULL,NULL,0,NULL,NULL,NULL,NULL,NULL,0,634,"2021-04-11","2021-04-11",NULL,NULL,NULL,NULL,0),
(38,0,3,1,4,2,1,6208,6208,1,0,0,0,0,0,0,0,NULL,NULL,NULL,NULL,NULL,0,NULL,NULL,NULL,NULL,NULL,NULL,NULL,NULL,NULL,NULL,NULL,NULL,NULL,NULL,NULL,NULL,10,NULL,NULL,NULL,0,NULL,27,NULL,NULL,"POS Payment",0,634,"2021-04-11",NULL,NULL,NULL,640,NULL,0),
(39,0,25,1,4,2,1,-7760,-7760,1,0,0,0,0,0,0,0,NULL,NULL,NULL,7760,0,2,NULL,NULL,NULL,NULL,NULL,NULL,NULL,NULL,NULL,NULL,NULL,NULL,NULL,4,NULL,NULL,NULL,NULL,NULL,NULL,0,NULL,NULL,NULL,"Return",NULL,0,634,"2021-04-11","2021-04-11",NULL,NULL,NULL,NULL,0),
(40,0,26,1,4,2,1,7760,7760,1,0,0,0,0,0,0,0,NULL,NULL,NULL,NULL,NULL,0,NULL,NULL,NULL,NULL,NULL,NULL,NULL,NULL,NULL,NULL,NULL,NULL,NULL,NULL,NULL,NULL,10,NULL,NULL,NULL,0,NULL,NULL,NULL,NULL,"POS Return Payment",0,634,"2021-04-11",NULL,NULL,NULL,NULL,NULL,0),
(41,0,5,1,4,2,1,6208,6208,1,0,1552,NULL,0,0,0,0,6208,6208,0,NULL,NULL,0,NULL,NULL,NULL,NULL,NULL,NULL,NULL,NULL,NULL,NULL,NULL,NULL,NULL,4,NULL,NULL,NULL,NULL,NULL,NULL,0,NULL,NULL,NULL,NULL,NULL,0,640,"2021-04-11","2021-04-11",NULL,NULL,640,NULL,0),
(42,0,25,1,4,2,1,-7760,-7760,1,0,0,0,0,0,0,0,NULL,NULL,NULL,7760,0,2,NULL,NULL,NULL,NULL,NULL,NULL,NULL,NULL,NULL,NULL,NULL,NULL,NULL,4,NULL,NULL,NULL,NULL,NULL,NULL,0,NULL,NULL,NULL,"Return",NULL,0,640,"2021-04-11","2021-04-11",NULL,NULL,NULL,NULL,0),
(43,0,26,1,4,2,1,7760,7760,1,0,0,0,0,0,0,0,NULL,NULL,NULL,NULL,NULL,0,NULL,NULL,NULL,NULL,NULL,NULL,NULL,NULL,NULL,NULL,NULL,NULL,NULL,NULL,NULL,NULL,10,NULL,NULL,NULL,0,NULL,NULL,NULL,NULL,"POS Return Payment",0,640,"2021-04-11",NULL,NULL,NULL,640,NULL,0),
(44,0,5,1,4,2,1,6208,6208,1,0,0,NULL,0,0,0,0,6208,6208,0,NULL,NULL,0,NULL,NULL,NULL,NULL,NULL,NULL,NULL,NULL,NULL,NULL,NULL,NULL,NULL,4,NULL,NULL,NULL,NULL,NULL,NULL,0,NULL,NULL,NULL,NULL,NULL,0,640,"2021-04-11","2021-04-11",NULL,NULL,NULL,NULL,0),
(45,0,7,1,1,2,1,1,1,1,0,0,0,1,1,0,0,NULL,NULL,NULL,1,1,0,NULL,NULL,NULL,NULL,NULL,NULL,NULL,NULL,NULL,NULL,NULL,NULL,NULL,1,NULL,NULL,NULL,NULL,NULL,NULL,0,NULL,2523423,NULL,NULL,NULL,-1,634,"2021-04-11","2021-04-30",NULL,NULL,634,NULL,0),
(46,0,7,1,1,2,1,15,15,1,0,0,0,15,15,0,0,NULL,NULL,NULL,15,15,0,NULL,NULL,NULL,NULL,NULL,NULL,NULL,NULL,NULL,NULL,NULL,NULL,NULL,1,NULL,NULL,NULL,NULL,NULL,NULL,0,NULL,871363876,NULL,NULL,NULL,-1,634,"2021-04-11","2021-04-30",NULL,NULL,640,NULL,0),
(47,0,5,1,8,2,1,485,485,1,0,0,0,0,0,0,0,485,485,0,NULL,NULL,0,NULL,NULL,NULL,NULL,NULL,NULL,NULL,NULL,NULL,NULL,NULL,NULL,NULL,1,NULL,NULL,NULL,NULL,NULL,NULL,0,NULL,NULL,NULL,NULL,NULL,0,640,"2021-04-11","2021-04-11",NULL,"2021-04-11 18:26:21",NULL,639,0),
(48,0,25,1,5,2,1,-1190,-1190,1,0,0,0,0,0,0,0,NULL,NULL,NULL,1190,0,2,NULL,NULL,NULL,NULL,NULL,NULL,NULL,NULL,NULL,NULL,NULL,NULL,NULL,1,NULL,NULL,NULL,NULL,NULL,NULL,0,NULL,NULL,NULL,"Return",NULL,0,640,"2021-04-12","2021-04-12",NULL,NULL,642,NULL,0),
(49,0,26,1,5,2,1,1190,1190,1,0,0,0,0,0,0,0,NULL,NULL,NULL,NULL,NULL,0,NULL,NULL,NULL,NULL,NULL,NULL,NULL,NULL,NULL,NULL,NULL,NULL,NULL,NULL,NULL,NULL,10,NULL,NULL,NULL,0,NULL,NULL,NULL,NULL,"POS Return Payment",0,640,"2021-04-12",NULL,NULL,NULL,NULL,NULL,0),
(50,0,7,1,1,2,1,1,1,1,0,0,0,1,1,0,0,NULL,NULL,NULL,1,1,0,NULL,NULL,NULL,NULL,NULL,NULL,NULL,NULL,NULL,NULL,NULL,NULL,NULL,1,NULL,NULL,NULL,NULL,NULL,NULL,0,NULL,"SALE TO SERGEI",NULL,NULL,NULL,-1,634,"2021-04-12","2021-04-30",NULL,NULL,634,NULL,0),
(51,0,9,1,NULL,2,1,1,1,1,0,0,0,0,0,0,0,NULL,NULL,NULL,NULL,NULL,0,NULL,NULL,NULL,NULL,NULL,NULL,NULL,NULL,NULL,NULL,NULL,NULL,NULL,1,NULL,NULL,NULL,NULL,NULL,NULL,0,NULL,NULL,NULL,NULL,NULL,2,634,"2021-04-12",NULL,NULL,NULL,634,NULL,0),
(52,0,5,1,5,2,1,1400,1400,1,0,21,NULL,0,0,0,0,1400,1400,0,NULL,NULL,0,NULL,NULL,NULL,NULL,NULL,NULL,NULL,NULL,NULL,NULL,NULL,NULL,NULL,2,NULL,NULL,NULL,NULL,NULL,NULL,0,NULL,NULL,NULL,NULL,NULL,0,640,"2021-04-12","2021-04-12",NULL,NULL,NULL,NULL,0),
(53,0,7,1,1,2,1,9,9,1,0,0,0,9,9,0,0,NULL,NULL,NULL,9,9,0,NULL,NULL,NULL,NULL,NULL,NULL,NULL,NULL,NULL,NULL,NULL,NULL,NULL,9,NULL,NULL,NULL,NULL,NULL,NULL,0,NULL,"GHAFUR1234",NULL,NULL,NULL,-1,634,"2021-04-12","2021-04-30",NULL,NULL,640,NULL,0),
(54,0,7,1,1,2,1,27,27,1,0,0,0,27,27,0,0,NULL,NULL,NULL,27,27,0,NULL,NULL,NULL,NULL,NULL,NULL,NULL,NULL,NULL,NULL,NULL,NULL,NULL,9,NULL,NULL,NULL,NULL,NULL,NULL,0,NULL,"BAGHDAD TRANSFER",NULL,NULL,NULL,-1,634,"2021-04-12","2021-04-30",NULL,NULL,634,NULL,0),
(55,0,5,1,9,2,1,39765,39765,1,0,0,NULL,0,0,0,0,39765,39765,0,NULL,NULL,0,NULL,NULL,NULL,NULL,NULL,NULL,NULL,NULL,NULL,NULL,NULL,NULL,NULL,27,NULL,NULL,NULL,NULL,NULL,NULL,0,NULL,NULL,NULL,NULL,NULL,0,640,"2021-04-12","2021-04-12",NULL,NULL,NULL,NULL,0),
(56,0,7,1,1,2,1,1,1,1,0,0,0,1,1,0,0,NULL,NULL,NULL,1,1,0,NULL,NULL,NULL,NULL,NULL,NULL,NULL,NULL,NULL,NULL,NULL,NULL,NULL,1,NULL,NULL,NULL,NULL,NULL,NULL,0,NULL,"HGDF4256",NULL,NULL,NULL,-1,634,"2021-04-14","2021-04-30",NULL,NULL,640,NULL,0),
(57,0,5,1,10,2,1,6200,6200,1,0,36.25,NULL,0,0,0,0,6200,6200,0,NULL,NULL,0,NULL,NULL,NULL,NULL,NULL,NULL,NULL,NULL,NULL,NULL,NULL,NULL,NULL,11,NULL,NULL,NULL,NULL,NULL,NULL,0,NULL,NULL,NULL,NULL,NULL,0,640,"2021-04-14","2021-04-14",NULL,NULL,NULL,NULL,0),
(58,0,25,1,10,2,1,-8315,-8315,1,0,0,0,0,0,0,0,NULL,NULL,NULL,8315,0,2,NULL,NULL,NULL,NULL,NULL,NULL,NULL,NULL,NULL,NULL,NULL,NULL,NULL,11,NULL,NULL,NULL,NULL,NULL,NULL,0,NULL,NULL,NULL,"Return",NULL,0,640,"2021-04-14","2021-04-14",NULL,NULL,NULL,NULL,0),
(59,0,26,1,10,2,1,8315,8315,1,0,0,0,0,0,0,0,NULL,NULL,NULL,NULL,NULL,0,NULL,NULL,NULL,NULL,NULL,NULL,NULL,NULL,NULL,NULL,NULL,NULL,NULL,NULL,NULL,NULL,10,NULL,NULL,NULL,0,NULL,NULL,NULL,NULL,"POS Return Payment",0,640,"2021-04-14",NULL,NULL,NULL,NULL,NULL,0),
(60,0,25,1,10,2,1,-790,-790,1,0,0,0,0,0,0,0,NULL,NULL,NULL,790,0,2,NULL,NULL,NULL,NULL,NULL,NULL,NULL,NULL,NULL,NULL,NULL,NULL,NULL,1,NULL,NULL,NULL,NULL,NULL,NULL,0,NULL,NULL,NULL,"Return",NULL,0,640,"2021-04-14","2021-04-14",NULL,NULL,NULL,NULL,0),
(61,0,26,1,10,2,1,790,790,1,0,0,0,0,0,0,0,NULL,NULL,NULL,NULL,NULL,0,NULL,NULL,NULL,NULL,NULL,NULL,NULL,NULL,NULL,NULL,NULL,NULL,NULL,NULL,NULL,NULL,10,NULL,NULL,NULL,0,NULL,NULL,NULL,NULL,"POS Return Payment",0,640,"2021-04-14",NULL,NULL,NULL,634,NULL,0),
(62,0,5,1,10,2,1,6236.25,6236.25,1,0,2078.75,NULL,0,0,0,0,6236.25,6236.25,0,NULL,NULL,0,NULL,NULL,NULL,NULL,NULL,NULL,NULL,NULL,NULL,NULL,NULL,NULL,NULL,11,NULL,NULL,NULL,NULL,NULL,NULL,0,NULL,NULL,NULL,NULL,NULL,0,640,"2021-04-14","2021-04-14",NULL,NULL,NULL,NULL,0),
(63,0,7,1,1,2,1,1,1,1,0,0,0,1,1,0,0,NULL,NULL,NULL,1,1,0,NULL,NULL,NULL,NULL,NULL,NULL,NULL,NULL,NULL,NULL,NULL,NULL,NULL,1,NULL,NULL,NULL,NULL,NULL,NULL,0,NULL,124124,NULL,NULL,NULL,-1,634,"2021-04-14","2021-04-30",NULL,NULL,640,NULL,0),
(64,0,5,1,11,2,1,740,740,1,0,0,NULL,0,0,0,0,740,740,0,NULL,NULL,0,NULL,NULL,NULL,NULL,NULL,NULL,NULL,NULL,NULL,NULL,NULL,NULL,NULL,1,NULL,NULL,NULL,NULL,NULL,NULL,0,NULL,NULL,NULL,NULL,NULL,0,642,"2021-04-14","2021-04-14",NULL,NULL,NULL,NULL,0),
(65,0,7,1,1,2,1,3,3,1,0,0,0,3,3,0,0,NULL,NULL,NULL,3,3,0,NULL,NULL,NULL,NULL,NULL,NULL,NULL,NULL,NULL,NULL,NULL,NULL,NULL,3,NULL,NULL,NULL,NULL,NULL,NULL,0,NULL,213123,NULL,NULL,NULL,-1,634,"2021-04-14","2021-04-30",NULL,NULL,634,NULL,0),
(66,0,7,1,1,2,1,110360.4,110360.4,1,0,0,0,110360.4,110360.4,0,0,NULL,NULL,NULL,110360.4,110360.4,0,NULL,NULL,NULL,NULL,NULL,NULL,NULL,NULL,NULL,NULL,NULL,NULL,NULL,169,NULL,NULL,NULL,NULL,NULL,NULL,0,NULL,90118626,NULL,NULL,NULL,-1,634,"2021-04-20","2021-04-30",NULL,NULL,640,NULL,0),
(67,0,9,1,NULL,2,1,1155.6,1155.6,1,0,0,0,0,0,0,0,NULL,NULL,NULL,NULL,NULL,0,NULL,NULL,NULL,NULL,NULL,NULL,NULL,NULL,NULL,NULL,NULL,NULL,NULL,3,NULL,NULL,NULL,NULL,NULL,NULL,0,NULL,NULL,NULL,"SALE SERGERI 21.APR.21",NULL,2,644,"2021-04-22",NULL,NULL,NULL,644,NULL,0),
(68,0,9,1,NULL,2,1,33,33,1,0,0,0,0,0,0,0,NULL,NULL,NULL,NULL,NULL,0,NULL,NULL,NULL,NULL,NULL,NULL,NULL,NULL,NULL,NULL,NULL,NULL,NULL,33,NULL,NULL,NULL,NULL,NULL,NULL,0,NULL,NULL,NULL,NULL,NULL,2,644,"2021-03-29",NULL,NULL,NULL,640,NULL,0),
(69,0,5,1,5,2,1,2730,2730,1,2,2,2,0,0,0,0,2730,2730,0,NULL,NULL,0,NULL,NULL,NULL,NULL,NULL,NULL,NULL,NULL,NULL,NULL,NULL,NULL,NULL,3,NULL,NULL,NULL,NULL,NULL,NULL,0,NULL,NULL,NULL,NULL,NULL,0,640,"2021-04-22","2021-04-22",NULL,"2021-04-27 16:46:03",640,640,0),
(70,0,9,1,NULL,2,1,0,0,1,0,0,0,0,0,0,0,NULL,NULL,NULL,NULL,NULL,0,NULL,NULL,NULL,NULL,NULL,NULL,NULL,NULL,NULL,NULL,NULL,NULL,NULL,0,NULL,NULL,NULL,NULL,NULL,NULL,0,NULL,NULL,NULL,NULL,NULL,2,634,"2021-04-22",NULL,NULL,NULL,634,NULL,0),
(71,0,9,1,NULL,2,1,5,5,1,0,0,0,0,0,0,0,NULL,NULL,NULL,NULL,NULL,0,NULL,NULL,NULL,NULL,NULL,NULL,NULL,NULL,NULL,NULL,NULL,NULL,NULL,5,NULL,NULL,NULL,NULL,NULL,NULL,0,NULL,NULL,NULL,"SERGEI INVOICE",NULL,2,644,"2021-04-22",NULL,NULL,NULL,644,NULL,0),
(72,0,5,1,5,2,1,3467,3467,1,0,0,NULL,0,0,0,0,3467,3467,0,NULL,NULL,0,NULL,NULL,NULL,NULL,NULL,NULL,NULL,NULL,NULL,NULL,NULL,NULL,NULL,5,NULL,NULL,NULL,NULL,NULL,NULL,0,NULL,NULL,NULL,NULL,NULL,0,640,"2021-04-22","2021-04-22",NULL,NULL,NULL,NULL,0),
(76,0,7,1,1,2,1,1,1,1,0,0,0,1,1,0,0,NULL,NULL,NULL,1,1,0,NULL,NULL,NULL,NULL,NULL,NULL,NULL,NULL,NULL,NULL,NULL,NULL,NULL,1,NULL,NULL,NULL,NULL,NULL,NULL,0,"purchases/1619435090.jpg",85465,NULL,NULL,NULL,-1,634,"2021-04-26","2021-04-30",NULL,NULL,634,NULL,0),
(77,0,5,1,10,2,1,1190,1190,1,0,0,NULL,0,0,0,0,1190,1190,0,NULL,NULL,0,NULL,NULL,NULL,NULL,NULL,NULL,NULL,NULL,NULL,NULL,NULL,NULL,NULL,1,NULL,NULL,NULL,NULL,NULL,NULL,0,NULL,NULL,NULL,NULL,NULL,0,634,"2021-04-26","2021-04-26",NULL,NULL,NULL,NULL,0),
(78,0,7,1,1,2,1,2326.6,2326.6,1,0,0,0,2326.6,2326.6,0,0,NULL,NULL,NULL,2326.6,2326.6,0,NULL,NULL,NULL,NULL,NULL,NULL,NULL,NULL,NULL,NULL,NULL,NULL,NULL,2,NULL,NULL,NULL,NULL,NULL,NULL,0,NULL,"GHAFUR BILL",NULL,NULL,NULL,-1,639,"2021-04-26","2021-04-30",NULL,NULL,639,NULL,0),
(79,0,5,1,10,2,1,5381.25,5381.25,1,0,1793.75,NULL,0,0,0,0,5381.25,5381.25,0,NULL,NULL,0,NULL,NULL,NULL,NULL,NULL,NULL,NULL,NULL,NULL,NULL,NULL,NULL,NULL,2,NULL,NULL,NULL,NULL,NULL,NULL,0,NULL,NULL,NULL,NULL,NULL,0,640,"2021-04-26","2021-04-26",NULL,NULL,NULL,NULL,0),
(80,0,7,1,1,2,1,1,1,1,0,0,0,1,1,0,0,NULL,NULL,NULL,1,1,0,NULL,NULL,NULL,NULL,NULL,NULL,NULL,NULL,NULL,NULL,NULL,NULL,NULL,1,NULL,NULL,NULL,NULL,NULL,NULL,0,NULL,"RAGHIB SALE",NULL,NULL,NULL,-1,639,"2021-04-26","2021-04-30",NULL,NULL,639,NULL,0),
(81,0,7,1,1,2,1,10510.2,10510.2,1,0,0,0,10510.2,10510.2,0,0,NULL,NULL,NULL,10510.2,10510.2,0,NULL,NULL,NULL,NULL,NULL,NULL,NULL,NULL,NULL,NULL,NULL,NULL,NULL,40,NULL,NULL,NULL,NULL,NULL,NULL,0,NULL,"BAGHDAD TRANSFER ITEMS APRIL",NULL,NULL,NULL,-1,639,"2021-04-27","2021-04-30",NULL,NULL,640,NULL,0),
(82,0,5,1,8,2,1,1290,1290,1,0,0,0,0,0,0,0,1290,1290,0,NULL,NULL,0,NULL,NULL,NULL,NULL,NULL,NULL,NULL,NULL,NULL,NULL,NULL,NULL,NULL,1,NULL,NULL,NULL,NULL,NULL,NULL,0,NULL,NULL,NULL,NULL,NULL,0,640,"2021-04-27","2021-04-27",NULL,"2021-04-29 16:32:34",NULL,640,0),
(83,0,7,1,1,2,1,3833.8,3833.8,1,0,0,0,3833.8,3833.8,0,0,NULL,NULL,NULL,3833.8,3833.8,0,NULL,NULL,NULL,NULL,NULL,NULL,NULL,NULL,NULL,NULL,NULL,NULL,NULL,16,NULL,NULL,NULL,NULL,NULL,NULL,0,NULL,"PURCHESING SS21 MUHAMD +ABDULA KHOSHNAW.",NULL,NULL,NULL,-1,639,"2021-04-27","2021-04-30",NULL,NULL,639,NULL,0),
(84,0,5,1,13,2,1,1552,1552,1,0,0,0,0,0,0,0,1552,1552,0,NULL,NULL,0,NULL,NULL,NULL,NULL,NULL,NULL,NULL,NULL,NULL,NULL,NULL,NULL,NULL,4,NULL,NULL,NULL,NULL,NULL,NULL,0,NULL,NULL,NULL,NULL,NULL,0,640,"2021-04-27","2021-04-27",NULL,"2021-04-29 15:40:32",640,640,0),
(85,0,5,1,12,2,1,2332,2332,1,0,0,0,0,0,0,0,2332,2332,0,NULL,NULL,0,NULL,NULL,NULL,NULL,NULL,NULL,NULL,NULL,NULL,NULL,NULL,NULL,NULL,3,NULL,NULL,NULL,NULL,NULL,NULL,0,NULL,NULL,NULL,NULL,NULL,0,640,"2021-04-27","2021-04-27",NULL,"2021-04-29 15:49:10",NULL,640,0),
(86,0,7,1,1,2,1,0,0,1,0,0,0,0,0,0,0,NULL,NULL,NULL,0,0,0,NULL,NULL,NULL,NULL,NULL,NULL,NULL,NULL,NULL,NULL,NULL,NULL,NULL,0,NULL,NULL,NULL,NULL,NULL,NULL,0,NULL,"BAGHDAD 123",NULL,NULL,NULL,-1,639,"2021-04-27","2021-04-30",NULL,NULL,639,NULL,0),
(87,0,7,1,1,2,1,350.4,350.4,1,0,0,0,350.4,350.4,0,0,NULL,NULL,NULL,350.4,350.4,0,NULL,NULL,NULL,NULL,NULL,NULL,NULL,NULL,NULL,NULL,NULL,NULL,NULL,14,NULL,NULL,NULL,NULL,NULL,NULL,0,NULL,"BAGHDAD SHOW ROMM",NULL,NULL,NULL,-1,639,"2021-04-27","2021-04-30",NULL,NULL,639,NULL,0),
(94,0,7,1,1,2,1,2326.6,2326.6,1,0,0,0,2326.6,2326.6,0,0,NULL,NULL,NULL,2326.6,2326.6,0,NULL,NULL,NULL,NULL,NULL,NULL,NULL,NULL,NULL,NULL,NULL,NULL,NULL,2,NULL,NULL,NULL,NULL,NULL,NULL,0,NULL,"PURCHASING FROM GHAFUR KHOSHNAW.",NULL,NULL,NULL,-1,639,"2021-04-28","2021-04-30",NULL,NULL,641,NULL,0),
(95,0,9,1,NULL,2,1,5,5,1,0,0,0,0,0,0,0,NULL,NULL,NULL,NULL,NULL,0,NULL,NULL,NULL,NULL,NULL,NULL,NULL,NULL,NULL,NULL,NULL,NULL,NULL,1,NULL,NULL,NULL,NULL,NULL,NULL,0,NULL,NULL,NULL,NULL,NULL,2,644,"2021-04-27",NULL,NULL,NULL,644,NULL,0),
(96,0,9,1,NULL,2,1,2326.6,2326.6,1,0,0,0,0,0,0,0,NULL,NULL,NULL,NULL,NULL,0,NULL,NULL,NULL,NULL,NULL,NULL,NULL,NULL,NULL,NULL,NULL,NULL,NULL,2,NULL,NULL,NULL,NULL,NULL,NULL,0,NULL,NULL,NULL,NULL,NULL,2,644,"2021-04-29",NULL,NULL,NULL,641,NULL,0),
(97,0,5,1,10,2,1,5381.25,5381.25,1,0,0,NULL,0,0,0,0,5381.25,5381.25,0,NULL,NULL,0,NULL,NULL,NULL,NULL,NULL,NULL,NULL,NULL,NULL,NULL,NULL,NULL,NULL,2,NULL,NULL,NULL,NULL,NULL,NULL,0,NULL,NULL,NULL,NULL,NULL,0,640,"2021-04-29","2021-04-29",NULL,NULL,NULL,NULL,0),
(98,0,7,1,1,2,1,2,2,1,0,0,0,2,2,0,0,NULL,NULL,NULL,2,2,0,NULL,NULL,NULL,NULL,NULL,NULL,NULL,NULL,NULL,NULL,NULL,NULL,NULL,2,NULL,NULL,NULL,NULL,NULL,NULL,0,NULL,"Abu Ali SALE",NULL,NULL,NULL,-1,639,"2021-04-29","2021-04-30",NULL,NULL,639,NULL,0),
(99,0,9,1,NULL,2,1,2,2,1,0,0,0,0,0,0,0,NULL,NULL,NULL,NULL,NULL,0,NULL,NULL,NULL,NULL,NULL,NULL,NULL,NULL,NULL,NULL,NULL,NULL,NULL,2,NULL,NULL,NULL,NULL,NULL,NULL,0,NULL,NULL,NULL,NULL,NULL,2,639,"2021-04-29",NULL,NULL,NULL,639,NULL,0),
(100,0,5,1,14,2,1,1447.5,1447.5,1,0,0,0,0,0,0,0,1447.5,0,2,NULL,NULL,0,NULL,NULL,NULL,NULL,NULL,NULL,NULL,NULL,NULL,NULL,NULL,NULL,NULL,2,NULL,NULL,NULL,NULL,NULL,NULL,0,NULL,NULL,NULL,NULL,NULL,0,640,"2021-04-29","2021-04-29",NULL,"2021-04-29 16:06:51",NULL,640,0),
(101,0,3,1,14,2,1,1447.5,1447.5,1,0,0,0,0,0,0,0,NULL,NULL,NULL,NULL,NULL,0,NULL,NULL,NULL,NULL,NULL,NULL,NULL,NULL,NULL,NULL,NULL,NULL,NULL,NULL,NULL,NULL,10,NULL,NULL,NULL,0,NULL,"Abu Ali",NULL,NULL,"payment from himself",0,NULL,"2021-04-29",NULL,"2021-04-29 16:11:34",NULL,640,NULL,0),
(102,0,7,1,1,2,1,2,2,1,0,0,0,2,2,0,0,NULL,NULL,NULL,2,2,0,NULL,NULL,NULL,NULL,NULL,NULL,NULL,NULL,NULL,NULL,NULL,NULL,NULL,2,NULL,NULL,NULL,NULL,NULL,NULL,0,NULL,"raghib invoice",NULL,NULL,NULL,-1,639,"2021-04-29","2021-04-30",NULL,NULL,639,NULL,0),
(103,0,9,1,NULL,2,1,2,2,1,0,0,0,0,0,0,0,NULL,NULL,NULL,NULL,NULL,0,NULL,NULL,NULL,NULL,NULL,NULL,NULL,NULL,NULL,NULL,NULL,NULL,NULL,2,NULL,NULL,NULL,NULL,NULL,NULL,0,NULL,NULL,NULL,NULL,NULL,2,639,"2021-04-29",NULL,NULL,NULL,639,NULL,0),
(104,0,7,1,1,2,1,4,4,1,0,0,0,4,4,0,0,NULL,NULL,NULL,4,4,0,NULL,NULL,NULL,NULL,NULL,NULL,NULL,NULL,NULL,NULL,NULL,NULL,NULL,4,NULL,NULL,NULL,NULL,NULL,NULL,0,NULL,"SABRI OZEL ",NULL,NULL,NULL,-1,639,"2021-04-30","2021-05-05",NULL,NULL,639,NULL,0),
(105,0,5,1,15,2,1,5556,5556,1,0,0,NULL,0,0,0,0,5556,5556,1,NULL,NULL,0,NULL,NULL,NULL,NULL,NULL,NULL,NULL,NULL,NULL,NULL,NULL,NULL,NULL,4,NULL,NULL,NULL,NULL,NULL,NULL,0,NULL,NULL,NULL,NULL,NULL,0,640,"2021-04-30","2021-04-30",NULL,NULL,NULL,NULL,0),
(106,0,7,1,1,2,1,1,1,1,0,0,0,1,1,0,0,NULL,NULL,NULL,1,1,0,NULL,NULL,NULL,NULL,NULL,NULL,NULL,NULL,NULL,NULL,NULL,NULL,NULL,1,NULL,NULL,NULL,NULL,NULL,NULL,0,NULL,"FDFDFDFDF",NULL,NULL,NULL,-1,639,"2021-05-02","2021-05-31",NULL,NULL,639,NULL,0),
(107,0,5,1,16,2,1,100,100,1,0,0,NULL,0,0,0,0,100,0,2,NULL,NULL,0,NULL,NULL,NULL,NULL,NULL,NULL,NULL,NULL,NULL,NULL,NULL,NULL,NULL,1,NULL,NULL,NULL,NULL,NULL,NULL,0,NULL,NULL,NULL,NULL,NULL,0,640,"2021-05-02","2021-05-02",NULL,NULL,NULL,NULL,0),
(108,0,3,1,16,2,1,100,100,1,0,0,0,0,0,0,0,NULL,NULL,NULL,NULL,NULL,0,NULL,NULL,NULL,NULL,NULL,NULL,NULL,NULL,NULL,NULL,NULL,NULL,NULL,NULL,NULL,NULL,12,NULL,NULL,NULL,0,NULL,"SO-000090",NULL,NULL,"SO-000090",0,NULL,"2021-05-02",NULL,"2021-05-02 21:19:20",NULL,640,NULL,0),
(109,0,7,1,1,2,1,825.2,825.2,1,0,0,0,825.2,825.2,0,0,NULL,NULL,NULL,825.2,825.2,0,NULL,NULL,NULL,NULL,NULL,NULL,NULL,NULL,NULL,NULL,NULL,NULL,NULL,16,NULL,NULL,NULL,NULL,NULL,NULL,0,NULL,"BAGHDAD TRANSFER ITEM ",NULL,NULL,NULL,-1,639,"2021-05-03","2021-05-31",NULL,NULL,639,NULL,0),
(111,0,5,1,1,2,1,985,985,1,0,0,NULL,0,0,0,0,985,0,2,NULL,NULL,0,NULL,NULL,NULL,NULL,NULL,NULL,NULL,NULL,NULL,NULL,NULL,NULL,NULL,1,NULL,NULL,NULL,NULL,NULL,NULL,0,NULL,NULL,NULL,NULL,NULL,0,641,"2021-05-04","2021-05-04",NULL,NULL,NULL,NULL,0),
(112,0,3,1,1,2,1,985,985,1,0,0,0,0,0,0,0,NULL,NULL,NULL,NULL,NULL,0,NULL,NULL,NULL,NULL,NULL,NULL,NULL,NULL,NULL,NULL,NULL,NULL,NULL,NULL,NULL,NULL,10,NULL,NULL,NULL,0,NULL,93,NULL,NULL,"POS Payment",0,641,"2021-05-04",NULL,NULL,NULL,NULL,NULL,0),
(113,0,5,1,1,2,1,2500,2500,1,0,0,NULL,0,0,0,0,2500,0,2,NULL,NULL,0,NULL,NULL,NULL,NULL,NULL,NULL,NULL,NULL,NULL,NULL,NULL,NULL,NULL,1,NULL,NULL,NULL,NULL,NULL,NULL,0,NULL,NULL,NULL,NULL,NULL,0,641,"2021-05-04","2021-05-04",NULL,NULL,NULL,NULL,0),
(114,0,3,1,1,2,1,2500,2500,1,0,0,0,0,0,0,0,NULL,NULL,NULL,NULL,NULL,0,NULL,NULL,NULL,NULL,NULL,NULL,NULL,NULL,NULL,NULL,NULL,NULL,NULL,NULL,NULL,NULL,10,NULL,NULL,NULL,0,NULL,94,NULL,NULL,"POS Payment",0,641,"2021-05-04",NULL,NULL,NULL,NULL,NULL,0),
(115,0,3,1,15,2,1,556,556,1,0,0,0,0,0,0,0,NULL,NULL,NULL,NULL,NULL,0,NULL,NULL,NULL,NULL,NULL,NULL,NULL,NULL,NULL,NULL,NULL,NULL,NULL,NULL,NULL,NULL,10,NULL,NULL,NULL,0,NULL,1321,NULL,NULL,"testtttttttttttt",0,NULL,"2021-05-04",NULL,"2021-05-04 14:06:46",NULL,641,NULL,1),
(116,0,25,1,1,2,1,-985,-985,1,0,0,0,0,0,0,0,NULL,NULL,NULL,985,0,2,NULL,NULL,NULL,NULL,NULL,NULL,NULL,NULL,NULL,NULL,NULL,NULL,NULL,1,NULL,NULL,NULL,NULL,NULL,NULL,0,NULL,NULL,NULL,"Return",NULL,0,641,"2021-05-04","2021-05-04",NULL,"2021-05-04 00:00:00",NULL,639,1),
(117,0,26,1,1,2,1,985,985,1,0,0,0,0,0,0,0,NULL,NULL,NULL,NULL,NULL,0,NULL,NULL,NULL,NULL,NULL,NULL,NULL,NULL,NULL,NULL,NULL,NULL,NULL,NULL,NULL,NULL,10,NULL,NULL,NULL,0,NULL,NULL,NULL,NULL,"POS Return Payment",0,641,"2021-05-04",NULL,NULL,NULL,NULL,NULL,0),
(118,0,5,1,16,2,1,985,985,1,0,0,NULL,0,0,0,0,985,985,0,NULL,NULL,0,NULL,NULL,NULL,NULL,NULL,NULL,NULL,NULL,NULL,NULL,NULL,NULL,NULL,1,NULL,NULL,NULL,NULL,NULL,NULL,0,NULL,NULL,NULL,NULL,NULL,0,641,"2021-05-04","2021-05-04",NULL,NULL,NULL,NULL,0),
(119,0,25,1,1,2,1,-985,-985,1,0,0,0,0,0,0,0,NULL,NULL,NULL,985,0,2,NULL,NULL,NULL,NULL,NULL,NULL,NULL,NULL,NULL,NULL,NULL,NULL,NULL,1,NULL,NULL,NULL,NULL,NULL,NULL,0,NULL,NULL,NULL,"Return",NULL,0,641,"2021-05-04","2021-05-04",NULL,"2021-05-04 00:00:00",NULL,639,1),
(120,0,26,1,1,2,1,985,985,1,0,0,0,0,0,0,0,NULL,NULL,NULL,NULL,NULL,0,NULL,NULL,NULL,NULL,NULL,NULL,NULL,NULL,NULL,NULL,NULL,NULL,NULL,NULL,NULL,NULL,10,NULL,NULL,NULL,0,NULL,NULL,NULL,NULL,"POS Return Payment",0,641,"2021-05-04",NULL,NULL,NULL,NULL,NULL,0),
(121,0,25,1,16,2,1,-985,-985,1,0,0,0,0,0,0,0,NULL,NULL,NULL,985,0,2,NULL,NULL,NULL,NULL,NULL,NULL,NULL,NULL,NULL,NULL,NULL,NULL,NULL,1,NULL,NULL,NULL,NULL,NULL,NULL,0,NULL,NULL,NULL,"Return",NULL,0,641,"2021-05-04","2021-05-04",NULL,NULL,NULL,NULL,0),
(122,0,26,1,16,2,1,985,985,1,0,0,0,0,0,0,0,NULL,NULL,NULL,NULL,NULL,0,NULL,NULL,NULL,NULL,NULL,NULL,NULL,NULL,NULL,NULL,NULL,NULL,NULL,NULL,NULL,NULL,10,NULL,NULL,NULL,0,NULL,NULL,NULL,NULL,"POS Return Payment",0,641,"2021-05-04",NULL,NULL,NULL,NULL,NULL,0),
(123,0,9,1,NULL,2,1,825.2,825.2,1,0,0,0,0,0,0,0,NULL,NULL,NULL,NULL,NULL,0,NULL,NULL,NULL,NULL,NULL,NULL,NULL,NULL,NULL,NULL,NULL,NULL,NULL,16,NULL,NULL,NULL,NULL,NULL,NULL,0,NULL,NULL,NULL,NULL,NULL,2,639,"2021-05-03",NULL,NULL,NULL,639,NULL,0);


DROP TABLE transactionsubtypes;

CREATE TABLE `transactionsubtypes` (
  `TransactionSubTypeId` bigint(20) NOT NULL AUTO_INCREMENT,
  `Name` varchar(500) DEFAULT NULL,
  PRIMARY KEY (`TransactionSubTypeId`)
) ENGINE=InnoDB AUTO_INCREMENT=10006 DEFAULT CHARSET=utf8;

INSERT INTO transactionsubtypes VALUES
(1,"MonthlySubscription"),
(2,"DailySubscription"),
(10002,"Salary"),
(10003,"PurchaseToExpenseAccount"),
(10004,"Inventory"),
(10005,"SaleToRevenueAccount");


DROP TABLE transactiontypes;

CREATE TABLE `transactiontypes` (
  `TransactionTypeId` bigint(20) NOT NULL AUTO_INCREMENT,
  `Name` varchar(500) DEFAULT NULL,
  `comment` varchar(300) DEFAULT NULL,
  `AccountingRelated` tinyint(1) DEFAULT 0,
  PRIMARY KEY (`TransactionTypeId`)
) ENGINE=InnoDB AUTO_INCREMENT=34 DEFAULT CHARSET=utf8;

INSERT INTO transactiontypes VALUES
(1,"Invest",NULL,0),
(2,"Withdraw",NULL,0),
(3,"Receive Payment",NULL,1),
(4,"Make Payment",NULL,1),
(5,"Sales",NULL,0),
(6,"Manual Journal Entry",NULL,1),
(7,"Purchase Receipt",NULL,0),
(8,"Expense",NULL,0),
(9,"Inventory Transfer",NULL,0),
(10,"Inventory Item Assembly",NULL,0),
(11,"Depreciation",NULL,0),
(12,"Fixed Asset Disposal",NULL,0),
(13,"Receive Advanced Payment",NULL,0),
(14,"Pay Refund Payment",NULL,0),
(15,"Production",NULL,0),
(16,"Slitting Order",NULL,0),
(17,"Starting Inventory",NULL,0),
(18,"Starting Balance",NULL,0),
(19,"Receive Payment Without Invoice","It was Contact Balance",0),
(20,"Expense Payment",NULL,0),
(21,"Sales Discount",NULL,0),
(22,"Inventory Adjustment",NULL,0),
(23,"Advanced Payment",NULL,0),
(24,"Applied Advanced Payment",NULL,0),
(25,"Sales Return",NULL,0),
(26,"Refund",NULL,0),
(27,"Opening Journal",NULL,1),
(28,"Damage",NULL,0),
(29,"Batch purchase payment","Batch purchase payment",0),
(30,"Batch sale payment","Batch sale payment",0),
(31,"Cash Transfer","cashier collection transfer between safes",0),
(32,"Progress payment","Progress payment",0),
(33,"Inventory item Consumption","Inventory item Consumption",0);


DROP TABLE unit_classes;

CREATE TABLE `unit_classes` (
  `unit_id` bigint(20) NOT NULL AUTO_INCREMENT,
  `name` varchar(30) NOT NULL,
  `abbr` varchar(10) DEFAULT NULL,
  `notes` varchar(60) DEFAULT NULL,
  `created` int(11) NOT NULL,
  `modified` int(11) NOT NULL,
  `deleted` tinyint(1) NOT NULL DEFAULT 0,
  PRIMARY KEY (`unit_id`),
  UNIQUE KEY `name` (`name`),
  UNIQUE KEY `abbr` (`abbr`)
) ENGINE=InnoDB AUTO_INCREMENT=7 DEFAULT CHARSET=utf8;

INSERT INTO unit_classes VALUES
(1,"Quantity","QTY","quantity based unit  or piece",1564747453,1564963822,0),
(2,"Weight","WGT",NULL,1564747453,1564747453,0),
(3,"Length","LNG",NULL,1564747510,1564747510,0),
(4,"Time","TIM",NULL,1564747576,1564747576,0),
(5,"Volume","VLM",NULL,1564747634,1564747634,0),
(6,"Set","ST","set to sheet",1564887187,1564887187,1);


DROP TABLE unit_of_measures;

CREATE TABLE `unit_of_measures` (
  `uom_id` bigint(20) NOT NULL AUTO_INCREMENT,
  `unit_id` bigint(20) NOT NULL COMMENT 'unit class id',
  `name` varchar(30) NOT NULL,
  `abbr` varchar(10) DEFAULT NULL,
  `notes` varchar(60) DEFAULT NULL,
  `created` int(11) NOT NULL,
  `modified` int(11) NOT NULL,
  `deleted` tinyint(1) NOT NULL DEFAULT 0,
  PRIMARY KEY (`uom_id`)
) ENGINE=InnoDB AUTO_INCREMENT=8 DEFAULT CHARSET=utf8;

INSERT INTO unit_of_measures VALUES
(1,1,"Piece","Pcs","Pieces",1564758562,1564877676,0),
(2,1,"Carton","Ctn","Cartons",1564758562,1564758562,1),
(3,1,"Mastercase","Mc","Master Cases",1564758664,1564758664,1),
(4,1,"Promotion","Pro","Promotion",1564758664,1564758664,1),
(5,1,"Pieces","Pcs",NULL,1606027489,1606027489,0),
(6,1,"Box","Box",NULL,1606027500,1606027500,0),
(7,1,"Cartoon","Crt",NULL,1606027515,1606027515,0);


DROP TABLE units;

CREATE TABLE `units` (
  `id` bigint(20) NOT NULL AUTO_INCREMENT,
  `name` varchar(500) DEFAULT NULL,
  `notes` varchar(255) DEFAULT NULL,
  `created` int(11) NOT NULL,
  `created_by` int(20) NOT NULL,
  `modified` int(11) DEFAULT NULL,
  `modified_by` int(20) DEFAULT NULL,
  `deleted` tinyint(1) NOT NULL DEFAULT 0,
  PRIMARY KEY (`id`)
) ENGINE=InnoDB AUTO_INCREMENT=14 DEFAULT CHARSET=utf8;

INSERT INTO units VALUES
(1,"Pcs",NULL,0,0,NULL,NULL,0),
(2,"Cartoon",NULL,0,0,NULL,NULL,0),
(3,"Package",NULL,0,0,NULL,NULL,0),
(4,"Bottle",NULL,0,0,NULL,NULL,0),
(5,"Meter",NULL,0,0,NULL,NULL,0),
(6,"Kg",NULL,0,0,NULL,NULL,0),
(7,"gr",NULL,0,0,NULL,NULL,0),
(8,"man",NULL,0,0,NULL,NULL,0),
(9,"Box","Boxes that contain items",1585007761,12,1585073318,12,0),
(10,"Another PCS",NULL,1585068525,12,NULL,NULL,1),
(11,"Another PCS",NULL,1585073335,12,NULL,NULL,0),
(12,"Month","The month of service, salary, etc.",1585352438,12,NULL,NULL,0),
(13,"Visit",NULL,1605687165,614,NULL,NULL,0);


DROP TABLE userpermession;

CREATE TABLE `userpermession` (
  `userpermessionId` int(11) NOT NULL AUTO_INCREMENT,
  `userId` int(11) DEFAULT NULL,
  `permessionId` int(11) DEFAULT NULL,
  PRIMARY KEY (`userpermessionId`),
  KEY `permessionId_idx` (`permessionId`),
  KEY `userId_idx` (`userId`)
) ENGINE=InnoDB AUTO_INCREMENT=69 DEFAULT CHARSET=utf8;

INSERT INTO userpermession VALUES
(30,12,9),
(46,22,23),
(48,24,22),
(49,25,25),
(50,26,9),
(51,27,26),
(52,23,21),
(53,23,27),
(54,30,28),
(58,32,28),
(59,33,28),
(60,34,28),
(61,35,28),
(62,36,28),
(63,31,28),
(64,37,21),
(65,38,21),
(66,21,30),
(67,40,30),
(68,41,26);


DROP TABLE users;

CREATE TABLE `users` (
  `userId` int(11) NOT NULL AUTO_INCREMENT,
  `userName` varchar(45) DEFAULT NULL,
  `userPassword` varchar(125) DEFAULT NULL,
  `Deleted` tinyint(1) DEFAULT 0,
  `userProfile` varchar(250) DEFAULT NULL,
  `userNickname` varchar(45) DEFAULT NULL,
  `userLocation` varchar(45) DEFAULT 'Iraq, Erbil',
  `HrEmpId` int(11) NOT NULL DEFAULT 0,
  `defualtPage` varchar(256) DEFAULT NULL,
  `user_group_id` int(11) DEFAULT NULL,
  `zone_id` int(11) DEFAULT NULL,
  `pass_renewal_date` date DEFAULT NULL,
  `expire_date` date DEFAULT NULL,
  `create_date` int(11) DEFAULT NULL,
  `created_by_user_id` int(11) DEFAULT NULL,
  `modification_date` int(11) DEFAULT NULL,
  `modified_by_user_id` int(11) DEFAULT NULL,
  PRIMARY KEY (`userId`)
) ENGINE=InnoDB AUTO_INCREMENT=646 DEFAULT CHARSET=utf8;

INSERT INTO users VALUES
(12,"admin","03ccadad98b0635188310bc09222bb90f308a90e",0,"users/1571436394.png","Admin","admin",0,"start",1,1,NULL,NULL,NULL,NULL,1617590522,12),
(100,"noman","7c4a8d09ca3762af61e59520943dc26494f8941b",1,"users/blank_profile.png","نعمان احمد نعمان",1,0,"scanner-pos",35,NULL,NULL,NULL,1583006354,12,1595322118,12),
(101,"furat","a50e1bdc929b752ef45cdae0bfef785f7f08a47a",1,"users/blank_profile.png","فرات دهام محمد",1,0,"scanner-pos",35,NULL,NULL,NULL,1583006428,12,1595322118,12),
(102,"rekar","9fa113be62edf886ffd8545d6cb9f01ca7750a1f",1,"users/blank_profile.png","ڕێکار اوغس صالح",1,0,"scanner-pos",35,NULL,NULL,NULL,1583006688,12,1595322118,12),
(103,"ghzai","4fa87eac15303eea51a46e7468beeb7a40fde788",1,"users/blank_profile.png","غازی عمر جاسم",1,0,"scanner-pos",35,NULL,NULL,NULL,1583006735,12,1595322118,12),
(104,"hoshang","7e8ffbd34d4f7587544aae66a27d8b94712d0154",1,"users/blank_profile.png","هۆشەنگ سلیمان اسماعیل",1,0,"scanner-reports",35,NULL,NULL,NULL,1583006806,12,1595322118,12),
(105,"check","af813f460e1eef0e58bf7a56f30103cdc50aadae",1,"users/blank_profile.png","Khazir check",1,0,"scanner-check",35,NULL,NULL,NULL,1583006962,12,1595322118,12),
(107,"gov","677a9194963577c5ca38c56ef50a23535f292a39",1,"users/blank_profile.png","gov",-1,0,"scanner-master-reports",36,NULL,NULL,NULL,1583937750,12,1595322114,12),
(201,"jameel","0d85d75307337d0f215c8d53ae09acbcb728de03",1,"users/blank_profile.png","جميل جلال فقى",2,0,"scanner-pos",35,NULL,NULL,NULL,1583539898,12,1595322118,12),
(202,"ayad","8edc7b121de371168ec17b0d0c67e88eb0b25f99",1,"users/blank_profile.png","ایاد جلال عثمان",2,0,"scanner-pos",35,NULL,NULL,NULL,1583539964,12,1595322118,12),
(203,"suleman","e7de6e708794eee5e5985fbe146e5c62188af627",1,"users/blank_profile.png","سلیمان سالم عبدالوهاب",2,0,"scanner-pos",35,NULL,NULL,NULL,1583540068,12,1595322118,12),
(204,"goran","3acd0be86de7dcccdbf91b20f94a68cea535922d",1,"users/blank_profile.png","گۆران عدنان حسین",2,0,"scanner-pos",35,NULL,NULL,NULL,1583540105,12,1595322118,12),
(205,"yusif","dd5fef9c1c1da1394d6d34b248c51be2ad740840",1,"users/blank_profile.png","یوسف ابوبکر پیرداود",2,0,"scanner-reports",35,NULL,NULL,NULL,1583540231,12,1595322118,12),
(206,"karwan","7c4a8d09ca3762af61e59520943dc26494f8941b",1,"users/blank_profile.png","هوشنک احمد قاسم",2,0,"scanner-pos",35,NULL,NULL,NULL,1583581187,12,1595322118,12),
(301,"karwan","7c4a8d09ca3762af61e59520943dc26494f8941b",1,"users/blank_profile.png","کاروان محمد شریف",3,0,"scanner-pos",35,NULL,NULL,NULL,1583581187,12,1595322118,12),
(302,"mevan","7c4a8d09ca3762af61e59520943dc26494f8941b",1,"users/blank_profile.png","مێڤان محمد شریف طه",3,0,"scanner-pos",35,NULL,NULL,NULL,1583581187,12,1595322118,12),
(303,"mohammed","7c4a8d09ca3762af61e59520943dc26494f8941b",1,"users/blank_profile.png","محمد وحید رحۆ",3,0,"scanner-pos",35,NULL,NULL,NULL,1583581187,12,1595322118,12),
(304,"ahmad","7c4a8d09ca3762af61e59520943dc26494f8941b",1,"users/blank_profile.png","احمد هەینی",3,0,"scanner-pos",35,NULL,NULL,NULL,1583581187,12,1595322118,12),
(305,"rkeng","7c4a8d09ca3762af61e59520943dc26494f8941b",1,"users/blank_profile.png","ڕەوەژ - کۆژین",3,0,"scanner-pos",35,NULL,NULL,NULL,1583581187,12,1595322118,12),
(602,"falah","139bca89306e7160aa083d82629913949f00dff1",1,"users/blank_profile.png","Falah",-1,0,"scanner-master-reports",36,NULL,NULL,NULL,1583362247,12,1595322114,12),
(603,"dfsdg","92429d82a41e930486c6de5ebda9602d55c39986",1,"users/blank_profile.png","sdfasdf","asdfasd",3,"NULL",37,NULL,NULL,NULL,1595063640,12,1595322107,12),
(604,"hr","8cb2237d0679ca88db6464eac60da96345513964",1,"users/blank_profile.png","HR","Erbil",0,"hr-employee-list",38,NULL,NULL,NULL,1595322219,12,1613848772,12),
(605,"rec1","618dcdfb0cd9ae4481164961c4796dd8e3930c8d",1,"users/blank_profile.png","REC1","Erbil",0,"health/reception",39,NULL,NULL,NULL,1595323002,12,1613848781,12),
(606,"rec2","8cb2237d0679ca88db6464eac60da96345513964",1,"users/blank_profile.png","REC2","Erbil",0,"health/reception",39,NULL,NULL,NULL,1595323070,12,1613848781,12),
(607,"rec3","8cb2237d0679ca88db6464eac60da96345513964",1,"users/blank_profile.png","REC3","Erbil",0,"health/reception",39,NULL,NULL,NULL,1595323118,12,1613848781,12),
(608,"lab1","204d1b68ca70c70e17417076588df954f47da0da",1,"users/blank_profile.png","LAB1","Arzheen",0,"health/visits",40,NULL,NULL,NULL,1596710550,12,1613848787,12),
(609,"lab2","7110eda4d09e062aa5e4a390b0a572ac0d2c0220",1,"users/blank_profile.png","LAB2","Arzheen",0,"health/visits",40,NULL,NULL,NULL,1596710588,12,1613848787,12),
(610,"lab3","8cb2237d0679ca88db6464eac60da96345513964",1,"users/blank_profile.png","LAB3","Arzheen",0,"health/visits",40,NULL,NULL,NULL,1596710616,12,1613848787,12),
(611,"rad1","204d1b68ca70c70e17417076588df954f47da0da",1,"users/blank_profile.png","RAD1","Arzheen",0,"health/visits",41,NULL,NULL,NULL,1596710677,12,1613848794,12),
(612,"rad2","7110eda4d09e062aa5e4a390b0a572ac0d2c0220",1,"users/blank_profile.png","RAD2","Arzheen",0,"health/visits",41,NULL,NULL,NULL,1596710704,12,1613848794,12),
(613,"rad3","8cb2237d0679ca88db6464eac60da96345513964",1,"users/blank_profile.png","RAD3","Arzheen",0,"health/visits",41,NULL,NULL,NULL,1596710743,12,1613848794,12),
(614,"acc1","8cb2237d0679ca88db6464eac60da96345513964",1,"users/blank_profile.png","ACC1","Arzheen",0,"health/visits",42,NULL,NULL,NULL,1597138594,12,1613848807,12),
(615,"acc2","21069e4d4faf535a594d13fa2b28ff17717bf47b",1,"users/blank_profile.png","ACC2","Arzheen",0,"health/visits",42,NULL,NULL,NULL,1597139237,12,1613848807,12),
(616,"acc3","8cb2237d0679ca88db6464eac60da96345513964",1,"users/blank_profile.png","ACC3","Arzheen",0,"health/visits",42,NULL,NULL,NULL,1597139322,12,1613848807,12),
(617,"saya","3a3bf0a3594d42200b46db538dd7cb8b7de1bd34",1,"users/blank_profile.png","SAYA","Arzheen",0,"health/visits",43,NULL,NULL,NULL,1597146722,12,1613848813,12),
(618,"emg1","8cb2237d0679ca88db6464eac60da96345513964",1,"users/blank_profile.png","EMG1","Arzheen",0,"health/visits",44,NULL,NULL,NULL,1597477541,12,1613848820,12),
(619,"emg2","8cb2237d0679ca88db6464eac60da96345513964",1,"users/blank_profile.png","EMG2","Arzheen",0,"health/visits",44,NULL,NULL,NULL,1597477580,12,1613848820,12),
(620,"emg3","8cb2237d0679ca88db6464eac60da96345513964",1,"users/blank_profile.png","EMG3","Arzheen",0,"health/visits",44,NULL,NULL,NULL,1597477634,12,1613848820,12),
(621,"icu1","8cb2237d0679ca88db6464eac60da96345513964",1,"users/blank_profile.png","ICU","Arzheen",0,"health/visits",45,NULL,NULL,NULL,1597491073,12,1613848826,12),
(622,"5w1","8cb2237d0679ca88db6464eac60da96345513964",1,"users/blank_profile.png","5W1","Arzheen",0,"health/visits",46,NULL,NULL,NULL,1597491816,12,1613848832,12),
(623,"5w2","8cb2237d0679ca88db6464eac60da96345513964",1,"users/blank_profile.png","5W2","Arzheen",0,"health/visits",46,NULL,NULL,NULL,1597491844,12,1613848832,12),
(624,"5w3","8cb2237d0679ca88db6464eac60da96345513964",1,"users/blank_profile.png","5W3","Arzheen",0,"health/visits",46,NULL,NULL,NULL,1597491873,12,1613848832,12),
(625,"physio","8cb2237d0679ca88db6464eac60da96345513964",1,"users/blank_profile.png","Physiotherapy","Arzheen",0,"health/visits",47,NULL,NULL,NULL,1598872947,12,1613848840,12),
(626,"4w1","8cb2237d0679ca88db6464eac60da96345513964",1,"users/blank_profile.png","4W1","Arzheen",0,"health/visits",46,NULL,NULL,NULL,1599467810,12,1613848832,12),
(627,"l1","8cb2237d0679ca88db6464eac60da96345513964",1,"users/blank_profile.png","Lab Technician 1","Arzheen",0,"lab/requests",40,NULL,NULL,NULL,1600257144,12,1613848787,12),
(628,"l2","8cb2237d0679ca88db6464eac60da96345513964",1,"users/blank_profile.png","Lab Technician 2","Arzheen",0,"lab/requests",40,NULL,NULL,NULL,1600257520,12,1613848787,12),
(629,"l3","8cb2237d0679ca88db6464eac60da96345513964",1,"users/blank_profile.png","Lab Technician 3","Arzheen",0,"lab/requests",40,NULL,NULL,NULL,1600257570,12,1613848787,12),
(630,"3w1","8cb2237d0679ca88db6464eac60da96345513964",1,"users/blank_profile.png","3W1","erbil",0,"health/patients",46,NULL,NULL,NULL,1602149698,12,1613848832,12),
(631,"3w1","8cb2237d0679ca88db6464eac60da96345513964",1,"users/blank_profile.png","3W1","Arzheen",0,"health/visits",46,NULL,NULL,NULL,1602150495,12,1613848832,12),
(632,"Bran","8cb2237d0679ca88db6464eac60da96345513964",1,"users/blank_profile.png","Bran","Arzheen",0,"lab/lab-reports",40,NULL,NULL,NULL,1603720639,12,1613848787,12),
(633,"shara","8cb2237d0679ca88db6464eac60da96345513964",1,"users/blank_profile.png","Shara Luqman","Erbil",0,"inventory/items",48,NULL,NULL,NULL,1606027102,12,1613848848,12),
(634,"bahzad","fb878fb96d546b270f647bc73dad06c8a332f722",0,"users/1617466084.jpg","Bahzad","Erbil, Iraq",0,"accounting/management-reports",49,1,NULL,NULL,1608643443,12,1620127076,639),
(635,"yahya","8cb2237d0679ca88db6464eac60da96345513964",1,"users/blank_profile.png","Yahya Zakarya","Erbil, Iraq",0,"health/radiology-report",43,NULL,NULL,NULL,1609253582,12,1613848813,12),
(636,"safini","7c4a8d09ca3762af61e59520943dc26494f8941b",1,"users/blank_profile.png","Muhammad Othman","Erbil, Iraq",0,"accounting/inventory-reports",43,NULL,NULL,NULL,1609420745,12,1613848813,12),
(637,"hemn","8cb2237d0679ca88db6464eac60da96345513964",1,"users/blank_profile.png","Hemn Burhan","Erbil, Iraq",0,"accounting/safes",43,NULL,NULL,NULL,1610887260,12,1613848813,12),
(638,"acc4","8cb2237d0679ca88db6464eac60da96345513964",1,"users/blank_profile.png","ACC4","Erbil, Iraq",0,"health/visits",42,NULL,NULL,NULL,1612360383,12,1613848807,12),
(639,"mahmood","8cb2237d0679ca88db6464eac60da96345513964",0,"users/blank_profile.png","Mahmood","Erbil, Iraq",0,"core/dashboard",49,1,NULL,NULL,1617210067,634,1620127060,639),
(640,"MAYAR1","4cb0ea28df03a6b916c560ad39b02df11552a346",1,"users/blank_profile.png","MAYAR1","Erbil, Iraq",0,"accounting/maxpos-item-disc-unpaid",50,1,NULL,NULL,1617214750,639,1619520124,639),
(641,"MAYAR","8cb2237d0679ca88db6464eac60da96345513964",0,"users/blank_profile.png","MAYAR","Erbil, Iraq",0,"accounting/maxpos-item-disc-unpaid",50,1,NULL,NULL,1617214849,634,1620125228,634),
(642,"bc1","8cb2237d0679ca88db6464eac60da96345513964",0,"users/blank_profile.png","BC1","Erbil, Iraq",0,"accounting/maxpos-item-disc-unpaid",51,2,NULL,NULL,1617215339,634,1617590547,12),
(643,"bc2","8cb2237d0679ca88db6464eac60da96345513964",0,"users/blank_profile.png","BC2","Baghdad, Iraq",0,"accounting/maxpos-item-disc-unpaid",51,2,NULL,NULL,1617215384,634,1617590536,12),
(644,"ew","4cb0ea28df03a6b916c560ad39b02df11552a346",0,"users/blank_profile.png","EW","Erbil, Iraq",0,"accounting/inventory-reports",52,NULL,NULL,NULL,1617216045,634,1619520157,639),
(645,"bw","8cb2237d0679ca88db6464eac60da96345513964",0,"users/blank_profile.png","BW","Baghdad, Iraq",0,"accounting/inventory-reports",52,NULL,NULL,NULL,1617216083,634,1617216083,634);


DROP TABLE workflow_items;

CREATE TABLE `workflow_items` (
  `workflow_item_id` int(11) NOT NULL AUTO_INCREMENT,
  `table_name` varchar(500) DEFAULT NULL,
  `step` int(11) DEFAULT NULL,
  `next_step` int(11) DEFAULT NULL,
  `job_title_id` int(11) DEFAULT NULL,
  `flow_code` varchar(500) DEFAULT NULL,
  `flow_description` varchar(500) DEFAULT NULL,
  PRIMARY KEY (`workflow_item_id`)
) ENGINE=InnoDB DEFAULT CHARSET=utf8;

DROP TABLE zones;

CREATE TABLE `zones` (
  `id` bigint(20) NOT NULL AUTO_INCREMENT,
  `name` varchar(256) NOT NULL,
  `code` varchar(64) NOT NULL,
  `title` varchar(128) DEFAULT NULL,
  `title_ku` varchar(128) DEFAULT NULL,
  `address` varchar(128) DEFAULT NULL,
  `address_ku` varchar(128) DEFAULT NULL,
  `phones` varchar(128) DEFAULT NULL COMMENT 'Comma separated',
  `emails` varchar(256) DEFAULT NULL COMMENT 'Comma separated',
  `website` varchar(128) DEFAULT NULL,
  `logo` varchar(256) DEFAULT NULL,
  `logo_bw` varchar(256) DEFAULT NULL COMMENT 'Black and white',
  `created` int(11) DEFAULT NULL,
  `created_by` bigint(20) DEFAULT NULL,
  `modified` int(11) DEFAULT NULL,
  `modified_by` bigint(20) DEFAULT NULL,
  `deleted` tinyint(1) NOT NULL DEFAULT 0,
  PRIMARY KEY (`id`)
) ENGINE=InnoDB AUTO_INCREMENT=3 DEFAULT CHARSET=utf8;

INSERT INTO zones VALUES
(1,"Erbil Office","ERLO","Kiton-Iraqi",NULL,"Gulan Park World Trade Center, Gulan St, Erbil",NULL,"+964 (0) 750 521 0007","customer@kiton-iraq.com","www.kiton.it",NULL,NULL,1617584445,12,1617625679,12,0),
(2,"Baghdad Office","BGDO","Kiton-Iraqi",NULL,"Mansura  St, Baghdad",NULL,"+964 (0) 000 00 0000","customer@kiton-iraq.com","www.kiton.it",NULL,NULL,1617584606,12,1617584843,12,0);


